74.7.227.35 - - [10/Mar/2026:22:33:54 -0700] "GET /?fileloc=//lib64/liblve.so.0&path=//lib64 HTTP/1.1" 200 2249 "http://mail.rgardensoap.com/?path=//lib64" "Mozilla/5.0 AppleWebKit/537.36 (KHTML, like Gecko; compatible; GPTBot/1.3; +https://openai.com/gptbot)" 467 **0/467026**
74.7.241.54 - - [10/Mar/2026:22:33:54 -0700] "GET /fizzy-bath-bombs.html?fileloc=//bin/perl5.26.3&path=//bin HTTP/1.1" 200 2248 "http://www.rgardensoap.com/fizzy-bath-bombs.html?path=//bin" "Mozilla/5.0 AppleWebKit/537.36 (KHTML, like Gecko; compatible; GPTBot/1.3; +https://openai.com/gptbot)" 493 **0/493129**
74.7.227.150 - - [10/Mar/2026:22:33:54 -0700] "GET /blog/?fileloc=//proc/net/dev_mcast&path=//proc/net HTTP/1.1" 200 2258 "http://rgardensoap.com/blog/?path=//proc/net" "Mozilla/5.0 AppleWebKit/537.36 (KHTML, like Gecko; compatible; GPTBot/1.3; +https://openai.com/gptbot)" 467 **0/467820**
74.7.227.35 - - [10/Mar/2026:22:33:54 -0700] "GET /?fileloc=//lib64/libpam.so.0&path=//lib64 HTTP/1.1" 200 2250 "http://mail.rgardensoap.com/?path=//lib64" "Mozilla/5.0 AppleWebKit/537.36 (KHTML, like Gecko; compatible; GPTBot/1.3; +https://openai.com/gptbot)" 457 **0/457681**
74.7.227.150 - - [10/Mar/2026:22:33:54 -0700] "GET /blog/?path=//proc/net/netfilter HTTP/1.1" 200 2314 "http://rgardensoap.com/blog/?path=//proc/net" "Mozilla/5.0 AppleWebKit/537.36 (KHTML, like Gecko; compatible; GPTBot/1.3; +https://openai.com/gptbot)" 480 **0/480746**
74.7.241.54 - - [10/Mar/2026:22:33:54 -0700] "GET /fizzy-bath-bombs.html?fileloc=//bin/top&path=//bin HTTP/1.1" 200 2244 "http://www.rgardensoap.com/fizzy-bath-bombs.html?path=//bin" "Mozilla/5.0 AppleWebKit/537.36 (KHTML, like Gecko; compatible; GPTBot/1.3; +https://openai.com/gptbot)" 514 **0/514352**
74.7.227.35 - - [10/Mar/2026:22:33:55 -0700] "GET /?fileloc=//lib64/libcdt.so.5&path=//lib64 HTTP/1.1" 200 2250 "http://mail.rgardensoap.com/?path=//lib64" "Mozilla/5.0 AppleWebKit/537.36 (KHTML, like Gecko; compatible; GPTBot/1.3; +https://openai.com/gptbot)" 455 **0/455673**
74.7.227.150 - - [10/Mar/2026:22:33:55 -0700] "GET /wp?path=//root HTTP/1.1" 200 2292 "http://rgardensoap.com/wp?path=/" "Mozilla/5.0 AppleWebKit/537.36 (KHTML, like Gecko; compatible; GPTBot/1.3; +https://openai.com/gptbot)" 443 **0/443235**
74.7.241.54 - - [10/Mar/2026:22:33:55 -0700] "GET /fizzy-bath-bombs.html?fileloc=//bin/git&path=//bin HTTP/1.1" 200 2245 "http://www.rgardensoap.com/fizzy-bath-bombs.html?path=//bin" "Mozilla/5.0 AppleWebKit/537.36 (KHTML, like Gecko; compatible; GPTBot/1.3; +https://openai.com/gptbot)" 694 **0/694432**
74.7.227.35 - - [10/Mar/2026:22:33:56 -0700] "GET /?fileloc=//lib64/libmcpp.so.0&path=//lib64 HTTP/1.1" 200 2250 "http://mail.rgardensoap.com/?path=//lib64" "Mozilla/5.0 AppleWebKit/537.36 (KHTML, like Gecko; compatible; GPTBot/1.3; +https://openai.com/gptbot)" 551 **0/551643**
74.7.227.150 - - [10/Mar/2026:22:33:56 -0700] "GET /wp?path=//proc HTTP/1.1" 200 4070 "http://rgardensoap.com/wp?path=/" "Mozilla/5.0 AppleWebKit/537.36 (KHTML, like Gecko; compatible; GPTBot/1.3; +https://openai.com/gptbot)" 521 **0/521100**
74.7.241.54 - - [10/Mar/2026:22:33:56 -0700] "GET /fizzy-bath-bombs.html?fileloc=//bin/man&path=//bin HTTP/1.1" 200 2244 "http://www.rgardensoap.com/fizzy-bath-bombs.html?path=//bin" "Mozilla/5.0 AppleWebKit/537.36 (KHTML, like Gecko; compatible; GPTBot/1.3; +https://openai.com/gptbot)" 466 **0/466747**
74.7.227.35 - - [10/Mar/2026:22:33:56 -0700] "GET /?fileloc=//lib64/libtspi.so.1&path=//lib64 HTTP/1.1" 200 2250 "http://mail.rgardensoap.com/?path=//lib64" "Mozilla/5.0 AppleWebKit/537.36 (KHTML, like Gecko; compatible; GPTBot/1.3; +https://openai.com/gptbot)" 454 **0/454595**
74.7.227.150 - - [10/Mar/2026:22:33:56 -0700] "GET /blog?path=//lib64/pkcs11 HTTP/1.1" 200 2576 "http://rgardensoap.com/blog?path=//lib64" "Mozilla/5.0 AppleWebKit/537.36 (KHTML, like Gecko; compatible; GPTBot/1.3; +https://openai.com/gptbot)" 452 **0/452634**
74.7.241.54 - - [10/Mar/2026:22:33:57 -0700] "GET /fizzy-bath-bombs.html?fileloc=//bin/pic&path=//bin HTTP/1.1" 200 2244 "http://www.rgardensoap.com/fizzy-bath-bombs.html?path=//bin" "Mozilla/5.0 AppleWebKit/537.36 (KHTML, like Gecko; compatible; GPTBot/1.3; +https://openai.com/gptbot)" 512 **0/512853**
74.7.227.35 - - [10/Mar/2026:22:33:57 -0700] "GET /?fileloc=//lib64/libedit.so.0&path=//lib64 HTTP/1.1" 200 2250 "http://mail.rgardensoap.com/?path=//lib64" "Mozilla/5.0 AppleWebKit/537.36 (KHTML, like Gecko; compatible; GPTBot/1.3; +https://openai.com/gptbot)" 548 **0/548741**
74.7.227.150 - - [10/Mar/2026:22:33:57 -0700] "GET /blog/?path=//etc/pam.d HTTP/1.1" 200 2960 "http://rgardensoap.com/blog/?path=//etc" "Mozilla/5.0 AppleWebKit/537.36 (KHTML, like Gecko; compatible; GPTBot/1.3; +https://openai.com/gptbot)" 554 **0/554834**
74.7.241.54 - - [10/Mar/2026:22:33:57 -0700] "GET /fizzy-bath-bombs.html?fileloc=//bin/col&path=//bin HTTP/1.1" 200 2244 "http://www.rgardensoap.com/fizzy-bath-bombs.html?path=//bin" "Mozilla/5.0 AppleWebKit/537.36 (KHTML, like Gecko; compatible; GPTBot/1.3; +https://openai.com/gptbot)" 558 **0/558016**
74.7.227.150 - - [10/Mar/2026:22:33:58 -0700] "GET /blog/?path=//usr/lib64/tcl8.6/Tix8.4.3 HTTP/1.1" 200 4543 "http://rgardensoap.com/blog/?path=//usr/lib64/tcl8.6" "Mozilla/5.0 AppleWebKit/537.36 (KHTML, like Gecko; compatible; GPTBot/1.3; +https://openai.com/gptbot)" 494 **0/494824**
74.7.227.35 - - [10/Mar/2026:22:33:58 -0700] "GET /?fileloc=//lib64/libbpf.so.0&path=//lib64 HTTP/1.1" 200 2250 "http://mail.rgardensoap.com/?path=//lib64" "Mozilla/5.0 AppleWebKit/537.36 (KHTML, like Gecko; compatible; GPTBot/1.3; +https://openai.com/gptbot)" 643 **0/643543**
74.7.241.54 - - [10/Mar/2026:22:33:58 -0700] "GET /fizzy-bath-bombs.html?fileloc=//bin/tac&path=//bin HTTP/1.1" 200 2244 "http://www.rgardensoap.com/fizzy-bath-bombs.html?path=//bin" "Mozilla/5.0 AppleWebKit/537.36 (KHTML, like Gecko; compatible; GPTBot/1.3; +https://openai.com/gptbot)" 513 **0/513201**
74.7.227.150 - - [10/Mar/2026:22:33:58 -0700] "GET /wp?path=//lib64/gtk-2.0 HTTP/1.1" 200 2596 "http://rgardensoap.com/wp?path=//lib64" "Mozilla/5.0 AppleWebKit/537.36 (KHTML, like Gecko; compatible; GPTBot/1.3; +https://openai.com/gptbot)" 602 **0/602234**
74.7.227.35 - - [10/Mar/2026:22:33:58 -0700] "GET /?fileloc=//lib64/libmpfr.so.4&path=//lib64 HTTP/1.1" 200 2250 "http://mail.rgardensoap.com/?path=//lib64" "Mozilla/5.0 AppleWebKit/537.36 (KHTML, like Gecko; compatible; GPTBot/1.3; +https://openai.com/gptbot)" 507 **0/507782**
74.7.241.54 - - [10/Mar/2026:22:33:59 -0700] "GET /fizzy-bath-bombs.html?fileloc=//bin/tty&path=//bin HTTP/1.1" 200 2245 "http://www.rgardensoap.com/fizzy-bath-bombs.html?path=//bin" "Mozilla/5.0 AppleWebKit/537.36 (KHTML, like Gecko; compatible; GPTBot/1.3; +https://openai.com/gptbot)" 555 **0/555412**
74.7.227.150 - - [10/Mar/2026:22:33:59 -0700] "GET /blog?path=//usr/lib64 HTTP/1.1" 200 33747 "http://rgardensoap.com/blog?path=//usr" "Mozilla/5.0 AppleWebKit/537.36 (KHTML, like Gecko; compatible; GPTBot/1.3; +https://openai.com/gptbot)" 568 **0/568312**
74.7.227.35 - - [10/Mar/2026:22:33:59 -0700] "GET /?fileloc=//lib64/libxslt.so.1&path=//lib64 HTTP/1.1" 200 2250 "http://mail.rgardensoap.com/?path=//lib64" "Mozilla/5.0 AppleWebKit/537.36 (KHTML, like Gecko; compatible; GPTBot/1.3; +https://openai.com/gptbot)" 516 **0/516186**
74.7.241.54 - - [10/Mar/2026:22:33:59 -0700] "GET /fizzy-bath-bombs.html?fileloc=//bin/cat&path=//bin HTTP/1.1" 200 2244 "http://www.rgardensoap.com/fizzy-bath-bombs.html?path=//bin" "Mozilla/5.0 AppleWebKit/537.36 (KHTML, like Gecko; compatible; GPTBot/1.3; +https://openai.com/gptbot)" 572 **0/572442**
74.7.227.150 - - [10/Mar/2026:22:34:00 -0700] "GET /blog?path=//lib64/lua/5.3 HTTP/1.1" 200 2316 "http://rgardensoap.com/blog?path=//lib64/lua" "Mozilla/5.0 AppleWebKit/537.36 (KHTML, like Gecko; compatible; GPTBot/1.3; +https://openai.com/gptbot)" 520 **0/520101**
74.7.227.35 - - [10/Mar/2026:22:34:00 -0700] "GET /?fileloc=//lib64/libdl.so&path=//lib64 HTTP/1.1" 200 2248 "http://mail.rgardensoap.com/?path=//lib64" "Mozilla/5.0 AppleWebKit/537.36 (KHTML, like Gecko; compatible; GPTBot/1.3; +https://openai.com/gptbot)" 494 **0/494818**
74.7.241.54 - - [10/Mar/2026:22:34:00 -0700] "GET /fizzy-bath-bombs.html?fileloc=//bin/ssh&path=//bin HTTP/1.1" 200 2245 "http://www.rgardensoap.com/fizzy-bath-bombs.html?path=//bin" "Mozilla/5.0 AppleWebKit/537.36 (KHTML, like Gecko; compatible; GPTBot/1.3; +https://openai.com/gptbot)" 551 **0/551027**
74.7.227.35 - - [10/Mar/2026:22:34:00 -0700] "GET /?fileloc=//lib64/libc.so&path=//lib64 HTTP/1.1" 200 2400 "http://mail.rgardensoap.com/?path=//lib64" "Mozilla/5.0 AppleWebKit/537.36 (KHTML, like Gecko; compatible; GPTBot/1.3; +https://openai.com/gptbot)" 517 **0/517977**
74.7.227.150 - - [10/Mar/2026:22:34:00 -0700] "GET /blog?path=//lib64/lua/5.1 HTTP/1.1" 200 2316 "http://rgardensoap.com/blog?path=//lib64/lua" "Mozilla/5.0 AppleWebKit/537.36 (KHTML, like Gecko; compatible; GPTBot/1.3; +https://openai.com/gptbot)" 595 **0/595361**
74.7.241.54 - - [10/Mar/2026:22:34:01 -0700] "GET /fizzy-bath-bombs.html?fileloc=//bin/tic&path=//bin HTTP/1.1" 200 2244 "http://www.rgardensoap.com/fizzy-bath-bombs.html?path=//bin" "Mozilla/5.0 AppleWebKit/537.36 (KHTML, like Gecko; compatible; GPTBot/1.3; +https://openai.com/gptbot)" 582 **0/582447**
74.7.227.35 - - [10/Mar/2026:22:34:01 -0700] "GET /?fileloc=//lib64/librt.so&path=//lib64 HTTP/1.1" 200 2247 "http://mail.rgardensoap.com/?path=//lib64" "Mozilla/5.0 AppleWebKit/537.36 (KHTML, like Gecko; compatible; GPTBot/1.3; +https://openai.com/gptbot)" 545 **0/545320**
74.7.227.150 - - [10/Mar/2026:22:34:01 -0700] "GET /blog?path=//proc/net/dev_snmp6 HTTP/1.1" 200 2319 "http://rgardensoap.com/blog?path=//proc/net" "Mozilla/5.0 AppleWebKit/537.36 (KHTML, like Gecko; compatible; GPTBot/1.3; +https://openai.com/gptbot)" 918 **0/918661**
74.7.241.54 - - [10/Mar/2026:22:34:01 -0700] "GET /fizzy-bath-bombs.html?fileloc=//bin/cal&path=//bin HTTP/1.1" 200 2244 "http://www.rgardensoap.com/fizzy-bath-bombs.html?path=//bin" "Mozilla/5.0 AppleWebKit/537.36 (KHTML, like Gecko; compatible; GPTBot/1.3; +https://openai.com/gptbot)" 533 **0/533732**
74.7.227.35 - - [10/Mar/2026:22:34:02 -0700] "GET /?fileloc=//lib64/libz.so&path=//lib64 HTTP/1.1" 200 2248 "http://mail.rgardensoap.com/?path=//lib64" "Mozilla/5.0 AppleWebKit/537.36 (KHTML, like Gecko; compatible; GPTBot/1.3; +https://openai.com/gptbot)" 536 **0/536621**
74.7.227.150 - - [10/Mar/2026:22:34:02 -0700] "GET /blog/?path=//lib64/engines-1.1 HTTP/1.1" 200 2690 "http://rgardensoap.com/blog/?path=//lib64" "Mozilla/5.0 AppleWebKit/537.36 (KHTML, like Gecko; compatible; GPTBot/1.3; +https://openai.com/gptbot)" 517 **0/517338**
74.7.241.54 - - [10/Mar/2026:22:34:02 -0700] "GET /fizzy-bath-bombs.html?fileloc=//bin/zip&path=//bin HTTP/1.1" 200 2246 "http://www.rgardensoap.com/fizzy-bath-bombs.html?path=//bin" "Mozilla/5.0 AppleWebKit/537.36 (KHTML, like Gecko; compatible; GPTBot/1.3; +https://openai.com/gptbot)" 544 **0/544731**
74.7.227.35 - - [10/Mar/2026:22:34:02 -0700] "GET /?fileloc=//lib64/libm.so&path=//lib64 HTTP/1.1" 200 2337 "http://mail.rgardensoap.com/?path=//lib64" "Mozilla/5.0 AppleWebKit/537.36 (KHTML, like Gecko; compatible; GPTBot/1.3; +https://openai.com/gptbot)" 518 **0/518621**
74.7.227.150 - - [10/Mar/2026:22:34:03 -0700] "GET /blog?path=//lib64/nss HTTP/1.1" 200 2582 "http://rgardensoap.com/blog?path=//lib64" "Mozilla/5.0 AppleWebKit/537.36 (KHTML, like Gecko; compatible; GPTBot/1.3; +https://openai.com/gptbot)" 549 **0/549018**
74.7.241.54 - - [10/Mar/2026:22:34:03 -0700] "GET /fizzy-bath-bombs.html?fileloc=//bin/fmt&path=//bin HTTP/1.1" 200 2244 "http://www.rgardensoap.com/fizzy-bath-bombs.html?path=//bin" "Mozilla/5.0 AppleWebKit/537.36 (KHTML, like Gecko; compatible; GPTBot/1.3; +https://openai.com/gptbot)" 489 **0/489590**
74.7.227.35 - - [10/Mar/2026:22:34:03 -0700] "GET /?fileloc=//lib64/libgd.so&path=//lib64 HTTP/1.1" 200 2248 "http://mail.rgardensoap.com/?path=//lib64" "Mozilla/5.0 AppleWebKit/537.36 (KHTML, like Gecko; compatible; GPTBot/1.3; +https://openai.com/gptbot)" 531 **0/531434**
74.7.227.150 - - [10/Mar/2026:22:34:03 -0700] "GET /wp?path=//proc/kcare HTTP/1.1" 200 2727 "http://rgardensoap.com/wp?path=//proc" "Mozilla/5.0 AppleWebKit/537.36 (KHTML, like Gecko; compatible; GPTBot/1.3; +https://openai.com/gptbot)" 471 **0/471892**
74.7.241.54 - - [10/Mar/2026:22:34:03 -0700] "GET /fizzy-bath-bombs.html?fileloc=//bin/scl&path=//bin HTTP/1.1" 200 2245 "http://www.rgardensoap.com/fizzy-bath-bombs.html?path=//bin" "Mozilla/5.0 AppleWebKit/537.36 (KHTML, like Gecko; compatible; GPTBot/1.3; +https://openai.com/gptbot)" 531 **0/531492**
74.7.227.35 - - [10/Mar/2026:22:34:04 -0700] "GET /?fileloc=//lib64/libxcb-xkb.so&path=//lib64 HTTP/1.1" 200 2252 "http://mail.rgardensoap.com/?path=//lib64" "Mozilla/5.0 AppleWebKit/537.36 (KHTML, like Gecko; compatible; GPTBot/1.3; +https://openai.com/gptbot)" 483 **0/483102**
74.7.227.150 - - [10/Mar/2026:22:34:04 -0700] "GET /wp?path=//proc/net HTTP/1.1" 200 3682 "http://rgardensoap.com/wp?path=//proc" "Mozilla/5.0 AppleWebKit/537.36 (KHTML, like Gecko; compatible; GPTBot/1.3; +https://openai.com/gptbot)" 487 **0/487825**
74.7.241.54 - - [10/Mar/2026:22:34:04 -0700] "GET /fizzy-bath-bombs.html?fileloc=//bin/tee&path=//bin HTTP/1.1" 200 2244 "http://www.rgardensoap.com/fizzy-bath-bombs.html?path=//bin" "Mozilla/5.0 AppleWebKit/537.36 (KHTML, like Gecko; compatible; GPTBot/1.3; +https://openai.com/gptbot)" 477 **0/477736**
74.7.227.150 - - [10/Mar/2026:22:34:05 -0700] "GET /blog/?path=//proc/net/rpc HTTP/1.1" 200 2312 "http://rgardensoap.com/blog/?path=//proc/net" "Mozilla/5.0 AppleWebKit/537.36 (KHTML, like Gecko; compatible; GPTBot/1.3; +https://openai.com/gptbot)" 563 **0/563234**
74.7.241.54 - - [10/Mar/2026:22:34:05 -0700] "GET /fizzy-bath-bombs.html?fileloc=//bin/toe&path=//bin HTTP/1.1" 200 2244 "http://www.rgardensoap.com/fizzy-bath-bombs.html?path=//bin" "Mozilla/5.0 AppleWebKit/537.36 (KHTML, like Gecko; compatible; GPTBot/1.3; +https://openai.com/gptbot)" 499 **0/499254**
74.7.227.35 - - [10/Mar/2026:22:34:04 -0700] "GET /?fileloc=//lib64/libxcb-shm.so&path=//lib64 HTTP/1.1" 200 2252 "http://mail.rgardensoap.com/?path=//lib64" "Mozilla/5.0 AppleWebKit/537.36 (KHTML, like Gecko; compatible; GPTBot/1.3; +https://openai.com/gptbot)" 755 **0/755940**
74.7.227.150 - - [10/Mar/2026:22:34:05 -0700] "GET /blog/?fileloc=//usr/lib64/tcl8.6/Tix8.4.3/DialogS.tcl&path=//usr/lib64/tcl8.6/Tix8.4.3 HTTP/1.1" 200 3820 "http://rgardensoap.com/blog/?path=//usr/lib64/tcl8.6/Tix8.4.3" "Mozilla/5.0 AppleWebKit/537.36 (KHTML, like Gecko; compatible; GPTBot/1.3; +https://openai.com/gptbot)" 472 **0/472800**
74.7.241.54 - - [10/Mar/2026:22:34:05 -0700] "GET /fizzy-bath-bombs.html?path=//lib/dracut HTTP/1.1" 200 2888 "http://www.rgardensoap.com/fizzy-bath-bombs.html?path=//lib" "Mozilla/5.0 AppleWebKit/537.36 (KHTML, like Gecko; compatible; GPTBot/1.3; +https://openai.com/gptbot)" 474 **0/474226**
74.7.227.35 - - [10/Mar/2026:22:34:05 -0700] "GET /?fileloc=//lib64/libslang.so.2&path=//lib64 HTTP/1.1" 200 2251 "http://mail.rgardensoap.com/?path=//lib64" "Mozilla/5.0 AppleWebKit/537.36 (KHTML, like Gecko; compatible; GPTBot/1.3; +https://openai.com/gptbot)" 494 **0/494793**
74.7.227.150 - - [10/Mar/2026:22:34:06 -0700] "GET /blog?path=//lib64/lftp HTTP/1.1" 200 2545 "http://rgardensoap.com/blog?path=//lib64" "Mozilla/5.0 AppleWebKit/537.36 (KHTML, like Gecko; compatible; GPTBot/1.3; +https://openai.com/gptbot)" 560 **0/560996**
74.7.241.54 - - [10/Mar/2026:22:34:06 -0700] "GET /fizzy-bath-bombs.html?path=//lib/tuned HTTP/1.1" 200 3149 "http://www.rgardensoap.com/fizzy-bath-bombs.html?path=//lib" "Mozilla/5.0 AppleWebKit/537.36 (KHTML, like Gecko; compatible; GPTBot/1.3; +https://openai.com/gptbot)" 515 **0/515206**
74.7.227.35 - - [10/Mar/2026:22:34:06 -0700] "GET /?fileloc=//lib64/libformw.so.6&path=//lib64 HTTP/1.1" 200 2251 "http://mail.rgardensoap.com/?path=//lib64" "Mozilla/5.0 AppleWebKit/537.36 (KHTML, like Gecko; compatible; GPTBot/1.3; +https://openai.com/gptbot)" 532 **0/532351**
74.7.241.54 - - [10/Mar/2026:22:34:07 -0700] "GET /fizzy-bath-bombs.html?path=//lib/kcare HTTP/1.1" 200 2574 "http://www.rgardensoap.com/fizzy-bath-bombs.html?path=//lib" "Mozilla/5.0 AppleWebKit/537.36 (KHTML, like Gecko; compatible; GPTBot/1.3; +https://openai.com/gptbot)" 466 **0/466450**
74.7.227.150 - - [10/Mar/2026:22:34:07 -0700] "GET /blog?fileloc=//usr/lib64/libtevent.so.0&path=//usr/lib64 HTTP/1.1" 200 2262 "http://rgardensoap.com/blog?path=//usr/lib64" "Mozilla/5.0 AppleWebKit/537.36 (KHTML, like Gecko; compatible; GPTBot/1.3; +https://openai.com/gptbot)" 485 **0/485743**
74.7.227.35 - - [10/Mar/2026:22:34:07 -0700] "GET /?fileloc=//lib64/libpaper.so.1&path=//lib64 HTTP/1.1" 200 2250 "http://mail.rgardensoap.com/?path=//lib64" "Mozilla/5.0 AppleWebKit/537.36 (KHTML, like Gecko; compatible; GPTBot/1.3; +https://openai.com/gptbot)" 482 **0/482543**
74.7.241.54 - - [10/Mar/2026:22:34:07 -0700] "GET /fizzy-bath-bombs.html?fileloc=//bin/freetype-config&path=//bin HTTP/1.1" 200 3582 "http://www.rgardensoap.com/fizzy-bath-bombs.html?path=//bin" "Mozilla/5.0 AppleWebKit/537.36 (KHTML, like Gecko; compatible; GPTBot/1.3; +https://openai.com/gptbot)" 524 **0/524276**
74.7.227.35 - - [10/Mar/2026:22:34:07 -0700] "GET /?fileloc=//lib64/librpmio.so.8&path=//lib64 HTTP/1.1" 200 2251 "http://mail.rgardensoap.com/?path=//lib64" "Mozilla/5.0 AppleWebKit/537.36 (KHTML, like Gecko; compatible; GPTBot/1.3; +https://openai.com/gptbot)" 472 **0/472223**
74.7.227.150 - - [10/Mar/2026:22:34:07 -0700] "GET /blog?fileloc=//usr/lib64/libIlmImf-2_2.so.22.0.0&path=//usr/lib64 HTTP/1.1" 200 2270 "http://rgardensoap.com/blog?path=//usr/lib64" "Mozilla/5.0 AppleWebKit/537.36 (KHTML, like Gecko; compatible; GPTBot/1.3; +https://openai.com/gptbot)" 503 **0/503141**
74.7.241.54 - - [10/Mar/2026:22:34:08 -0700] "GET /fizzy-bath-bombs.html?fileloc=//sbin/dnssec-keyfromlabel&path=//sbin HTTP/1.1" 200 2254 "http://www.rgardensoap.com/fizzy-bath-bombs.html?path=//sbin" "Mozilla/5.0 AppleWebKit/537.36 (KHTML, like Gecko; compatible; GPTBot/1.3; +https://openai.com/gptbot)" 499 **0/499310**
74.7.227.150 - - [10/Mar/2026:22:34:08 -0700] "GET /blog?fileloc=//usr/lib64/libXaw7.so.7.0.0&path=//usr/lib64 HTTP/1.1" 200 2264 "http://rgardensoap.com/blog?path=//usr/lib64" "Mozilla/5.0 AppleWebKit/537.36 (KHTML, like Gecko; compatible; GPTBot/1.3; +https://openai.com/gptbot)" 516 **0/516194**
74.7.227.35 - - [10/Mar/2026:22:34:08 -0700] "GET /?fileloc=//lib64/libcrack.so.2&path=//lib64 HTTP/1.1" 200 2251 "http://mail.rgardensoap.com/?path=//lib64" "Mozilla/5.0 AppleWebKit/537.36 (KHTML, like Gecko; compatible; GPTBot/1.3; +https://openai.com/gptbot)" 562 **0/562445**
74.7.241.54 - - [10/Mar/2026:22:34:09 -0700] "GET /fizzy-bath-bombs.html?fileloc=//sbin/cloudlinux-selector&path=//sbin HTTP/1.1" 200 2587 "http://www.rgardensoap.com/fizzy-bath-bombs.html?path=//sbin" "Mozilla/5.0 AppleWebKit/537.36 (KHTML, like Gecko; compatible; GPTBot/1.3; +https://openai.com/gptbot)" 493 **0/493667**
74.7.227.35 - - [10/Mar/2026:22:34:09 -0700] "GET /?fileloc=//lib64/libmagic.so.1&path=//lib64 HTTP/1.1" 200 2250 "http://mail.rgardensoap.com/?path=//lib64" "Mozilla/5.0 AppleWebKit/537.36 (KHTML, like Gecko; compatible; GPTBot/1.3; +https://openai.com/gptbot)" 471 **0/471252**
74.7.227.150 - - [10/Mar/2026:22:34:09 -0700] "GET /blog?fileloc=//usr/lib64/libmodulemd.so.2&path=//usr/lib64 HTTP/1.1" 200 2263 "http://rgardensoap.com/blog?path=//usr/lib64" "Mozilla/5.0 AppleWebKit/537.36 (KHTML, like Gecko; compatible; GPTBot/1.3; +https://openai.com/gptbot)" 516 **0/516367**
74.7.241.54 - - [10/Mar/2026:22:34:09 -0700] "GET /fizzy-bath-bombs.html?fileloc=//bin/python3&path=//bin HTTP/1.1" 200 2247 "http://www.rgardensoap.com/fizzy-bath-bombs.html?path=//bin" "Mozilla/5.0 AppleWebKit/537.36 (KHTML, like Gecko; compatible; GPTBot/1.3; +https://openai.com/gptbot)" 586 **0/586064**
74.7.227.35 - - [10/Mar/2026:22:34:09 -0700] "GET /?fileloc=//lib64/libaudit.so.1&path=//lib64 HTTP/1.1" 200 2252 "http://mail.rgardensoap.com/?path=//lib64" "Mozilla/5.0 AppleWebKit/537.36 (KHTML, like Gecko; compatible; GPTBot/1.3; +https://openai.com/gptbot)" 519 **0/519387**
74.7.227.150 - - [10/Mar/2026:22:34:09 -0700] "GET /wp?path=//lib64/X11 HTTP/1.1" 200 2305 "http://rgardensoap.com/wp?path=//lib64" "Mozilla/5.0 AppleWebKit/537.36 (KHTML, like Gecko; compatible; GPTBot/1.3; +https://openai.com/gptbot)" 534 **0/534076**
74.7.241.54 - - [10/Mar/2026:22:34:10 -0700] "GET /fizzy-bath-bombs.html?fileloc=//bin/eps2eps&path=//bin HTTP/1.1" 200 2659 "http://www.rgardensoap.com/fizzy-bath-bombs.html?path=//bin" "Mozilla/5.0 AppleWebKit/537.36 (KHTML, like Gecko; compatible; GPTBot/1.3; +https://openai.com/gptbot)" 531 **0/531933**
74.7.227.35 - - [10/Mar/2026:22:34:10 -0700] "GET /?fileloc=//lib64/libverto.so.1&path=//lib64 HTTP/1.1" 200 2251 "http://mail.rgardensoap.com/?path=//lib64" "Mozilla/5.0 AppleWebKit/537.36 (KHTML, like Gecko; compatible; GPTBot/1.3; +https://openai.com/gptbot)" 475 **0/475375**
74.7.227.150 - - [10/Mar/2026:22:34:10 -0700] "GET /blog/?fileloc=//usr/lib64/libsolv.so.1&path=//usr/lib64 HTTP/1.1" 200 2262 "http://rgardensoap.com/blog/?path=//usr/lib64" "Mozilla/5.0 AppleWebKit/537.36 (KHTML, like Gecko; compatible; GPTBot/1.3; +https://openai.com/gptbot)" 476 **0/476034**
74.7.241.54 - - [10/Mar/2026:22:34:11 -0700] "GET /fizzy-bath-bombs.html?fileloc=//bin/python2&path=//bin HTTP/1.1" 200 2247 "http://www.rgardensoap.com/fizzy-bath-bombs.html?path=//bin" "Mozilla/5.0 AppleWebKit/537.36 (KHTML, like Gecko; compatible; GPTBot/1.3; +https://openai.com/gptbot)" 536 **0/536346**
74.7.227.35 - - [10/Mar/2026:22:34:11 -0700] "GET /?fileloc=//lib64/libcomps.so.0&path=//lib64 HTTP/1.1" 200 2251 "http://mail.rgardensoap.com/?path=//lib64" "Mozilla/5.0 AppleWebKit/537.36 (KHTML, like Gecko; compatible; GPTBot/1.3; +https://openai.com/gptbot)" 518 **0/518096**
74.7.227.150 - - [10/Mar/2026:22:34:11 -0700] "GET /blog?path=//lib64/gtk-2.0 HTTP/1.1" 200 2596 "http://rgardensoap.com/blog?path=//lib64" "Mozilla/5.0 AppleWebKit/537.36 (KHTML, like Gecko; compatible; GPTBot/1.3; +https://openai.com/gptbot)" 551 **0/551109**
74.7.241.54 - - [10/Mar/2026:22:34:11 -0700] "GET /fizzy-bath-bombs.html?fileloc=//bin/ps2epsi&path=//bin HTTP/1.1" 200 3481 "http://www.rgardensoap.com/fizzy-bath-bombs.html?path=//bin" "Mozilla/5.0 AppleWebKit/537.36 (KHTML, like Gecko; compatible; GPTBot/1.3; +https://openai.com/gptbot)" 527 **0/527647**
74.7.227.35 - - [10/Mar/2026:22:34:11 -0700] "GET /?fileloc=//lib64/libfdisk.so.1&path=//lib64 HTTP/1.1" 200 2251 "http://mail.rgardensoap.com/?path=//lib64" "Mozilla/5.0 AppleWebKit/537.36 (KHTML, like Gecko; compatible; GPTBot/1.3; +https://openai.com/gptbot)" 571 **0/571630**
74.7.227.150 - - [10/Mar/2026:22:34:11 -0700] "GET /wp?fileloc=//proc/net/connector&path=//proc/net HTTP/1.1" 200 2256 "http://rgardensoap.com/wp?path=//proc/net" "Mozilla/5.0 AppleWebKit/537.36 (KHTML, like Gecko; compatible; GPTBot/1.3; +https://openai.com/gptbot)" 588 **0/588916**
74.7.227.35 - - [10/Mar/2026:22:34:12 -0700] "GET /?fileloc=//lib64/libexpat.so.1&path=//lib64 HTTP/1.1" 200 2251 "http://mail.rgardensoap.com/?path=//lib64" "Mozilla/5.0 AppleWebKit/537.36 (KHTML, like Gecko; compatible; GPTBot/1.3; +https://openai.com/gptbot)" 516 **0/516224**
74.7.241.54 - - [10/Mar/2026:22:34:12 -0700] "GET /fizzy-bath-bombs.html?fileloc=//bin/sqlite3&path=//bin HTTP/1.1" 200 2247 "http://www.rgardensoap.com/fizzy-bath-bombs.html?path=//bin" "Mozilla/5.0 AppleWebKit/537.36 (KHTML, like Gecko; compatible; GPTBot/1.3; +https://openai.com/gptbot)" 571 **0/571192**
74.7.227.150 - - [10/Mar/2026:22:34:12 -0700] "GET /wp?fileloc=//proc/net/protocols&path=//proc/net HTTP/1.1" 200 2257 "http://rgardensoap.com/wp?path=//proc/net" "Mozilla/5.0 AppleWebKit/537.36 (KHTML, like Gecko; compatible; GPTBot/1.3; +https://openai.com/gptbot)" 493 **0/493139**
74.7.227.35 - - [10/Mar/2026:22:34:13 -0700] "GET /?fileloc=//lib64/libdhash.so.1&path=//lib64 HTTP/1.1" 200 2251 "http://mail.rgardensoap.com/?path=//lib64" "Mozilla/5.0 AppleWebKit/537.36 (KHTML, like Gecko; compatible; GPTBot/1.3; +https://openai.com/gptbot)" 514 **0/514536**
74.7.241.54 - - [10/Mar/2026:22:34:13 -0700] "GET /fizzy-bath-bombs.html?fileloc=//lib/dracut/dracut-install&path=//lib/dracut HTTP/1.1" 200 2258 "http://www.rgardensoap.com/fizzy-bath-bombs.html?path=//lib/dracut" "Mozilla/5.0 AppleWebKit/537.36 (KHTML, like Gecko; compatible; GPTBot/1.3; +https://openai.com/gptbot)" 487 **0/487666**
74.7.227.150 - - [10/Mar/2026:22:34:13 -0700] "GET /wp?fileloc=//proc/net/mcfilter&path=//proc/net HTTP/1.1" 200 2256 "http://rgardensoap.com/wp?path=//proc/net" "Mozilla/5.0 AppleWebKit/537.36 (KHTML, like Gecko; compatible; GPTBot/1.3; +https://openai.com/gptbot)" 496 **0/496476**
74.7.227.35 - - [10/Mar/2026:22:34:13 -0700] "GET /?fileloc=//lib64/libxcb-res.so&path=//lib64 HTTP/1.1" 200 2252 "http://mail.rgardensoap.com/?path=//lib64" "Mozilla/5.0 AppleWebKit/537.36 (KHTML, like Gecko; compatible; GPTBot/1.3; +https://openai.com/gptbot)" 489 **0/489670**
74.7.241.54 - - [10/Mar/2026:22:34:13 -0700] "GET /fizzy-bath-bombs.html?fileloc=//lib/dracut/dracut-logger.sh&path=//lib/dracut HTTP/1.1" 200 6297 "http://www.rgardensoap.com/fizzy-bath-bombs.html?path=//lib/dracut" "Mozilla/5.0 AppleWebKit/537.36 (KHTML, like Gecko; compatible; GPTBot/1.3; +https://openai.com/gptbot)" 541 **0/541401**
74.7.227.150 - - [10/Mar/2026:22:34:13 -0700] "GET /wp?fileloc=//proc/net/softnet_stat&path=//proc/net HTTP/1.1" 200 2261 "http://rgardensoap.com/wp?path=//proc/net" "Mozilla/5.0 AppleWebKit/537.36 (KHTML, like Gecko; compatible; GPTBot/1.3; +https://openai.com/gptbot)" 565 **0/565630**
74.7.241.54 - - [10/Mar/2026:22:34:14 -0700] "GET /fizzy-bath-bombs.html?fileloc=//lib/kcare/libcare-plugin.so&path=//lib/kcare HTTP/1.1" 200 2262 "http://www.rgardensoap.com/fizzy-bath-bombs.html?path=//lib/kcare" "Mozilla/5.0 AppleWebKit/537.36 (KHTML, like Gecko; compatible; GPTBot/1.3; +https://openai.com/gptbot)" 487 **0/487173**
74.7.227.35 - - [10/Mar/2026:22:34:14 -0700] "GET /?fileloc=//lib64/libcom_err.so&path=//lib64 HTTP/1.1" 200 2250 "http://mail.rgardensoap.com/?path=//lib64" "Mozilla/5.0 AppleWebKit/537.36 (KHTML, like Gecko; compatible; GPTBot/1.3; +https://openai.com/gptbot)" 568 **0/568469**
74.7.227.150 - - [10/Mar/2026:22:34:14 -0700] "GET /wp?fileloc=//proc/net/sockstat&path=//proc/net HTTP/1.1" 200 2260 "http://rgardensoap.com/wp?path=//proc/net" "Mozilla/5.0 AppleWebKit/537.36 (KHTML, like Gecko; compatible; GPTBot/1.3; +https://openai.com/gptbot)" 546 **0/546704**
74.7.241.54 - - [10/Mar/2026:22:34:15 -0700] "GET /fizzy-bath-bombs.html?fileloc=//bin/bunzip2&path=//bin HTTP/1.1" 200 2248 "http://www.rgardensoap.com/fizzy-bath-bombs.html?path=//bin" "Mozilla/5.0 AppleWebKit/537.36 (KHTML, like Gecko; compatible; GPTBot/1.3; +https://openai.com/gptbot)" 501 **0/501220**
74.7.227.35 - - [10/Mar/2026:22:34:15 -0700] "GET /?fileloc=//lib64/libcares.so.2&path=//lib64 HTTP/1.1" 200 2252 "http://mail.rgardensoap.com/?path=//lib64" "Mozilla/5.0 AppleWebKit/537.36 (KHTML, like Gecko; compatible; GPTBot/1.3; +https://openai.com/gptbot)" 472 **0/472795**
74.7.227.150 - - [10/Mar/2026:22:34:15 -0700] "GET /wp?fileloc=//proc/net/nf_conntrack&path=//proc/net HTTP/1.1" 200 2260 "http://rgardensoap.com/wp?path=//proc/net" "Mozilla/5.0 AppleWebKit/537.36 (KHTML, like Gecko; compatible; GPTBot/1.3; +https://openai.com/gptbot)" 670 **0/670420**
74.7.241.54 - - [10/Mar/2026:22:34:15 -0700] "GET /fizzy-bath-bombs.html?fileloc=//bin/ghostscript&path=//bin HTTP/1.1" 200 2248 "http://www.rgardensoap.com/fizzy-bath-bombs.html?path=//bin" "Mozilla/5.0 AppleWebKit/537.36 (KHTML, like Gecko; compatible; GPTBot/1.3; +https://openai.com/gptbot)" 651 **0/651375**
74.7.227.35 - - [10/Mar/2026:22:34:15 -0700] "GET /?fileloc=//lib64/libGeoIP.so.1&path=//lib64 HTTP/1.1" 200 2251 "http://mail.rgardensoap.com/?path=//lib64" "Mozilla/5.0 AppleWebKit/537.36 (KHTML, like Gecko; compatible; GPTBot/1.3; +https://openai.com/gptbot)" 565 **0/565285**
74.7.227.150 - - [10/Mar/2026:22:34:16 -0700] "GET /wp?fileloc=//proc/net/fib_triestat&path=//proc/net HTTP/1.1" 200 2260 "http://rgardensoap.com/wp?path=//proc/net" "Mozilla/5.0 AppleWebKit/537.36 (KHTML, like Gecko; compatible; GPTBot/1.3; +https://openai.com/gptbot)" 575 **0/575132**
74.7.241.54 - - [10/Mar/2026:22:34:16 -0700] "GET /fizzy-bath-bombs.html?fileloc=//bin/pdf2ps&path=//bin HTTP/1.1" 200 2783 "http://www.rgardensoap.com/fizzy-bath-bombs.html?path=//bin" "Mozilla/5.0 AppleWebKit/537.36 (KHTML, like Gecko; compatible; GPTBot/1.3; +https://openai.com/gptbot)" 497 **0/497886**
74.7.227.35 - - [10/Mar/2026:22:34:16 -0700] "GET /?path=//lib64/sasl2 HTTP/1.1" 200 2697 "http://mail.rgardensoap.com/?path=//lib64" "Mozilla/5.0 AppleWebKit/537.36 (KHTML, like Gecko; compatible; GPTBot/1.3; +https://openai.com/gptbot)" 513 **0/513002**
74.7.227.150 - - [10/Mar/2026:22:34:16 -0700] "GET /wp?path=//proc/net/stat HTTP/1.1" 200 2314 "http://rgardensoap.com/wp?path=//proc/net" "Mozilla/5.0 AppleWebKit/537.36 (KHTML, like Gecko; compatible; GPTBot/1.3; +https://openai.com/gptbot)" 549 **0/549087**
74.7.241.54 - - [10/Mar/2026:22:34:17 -0700] "GET /fizzy-bath-bombs.html?fileloc=//bin/ps2pdf&path=//bin HTTP/1.1" 200 2399 "http://www.rgardensoap.com/fizzy-bath-bombs.html?path=//bin" "Mozilla/5.0 AppleWebKit/537.36 (KHTML, like Gecko; compatible; GPTBot/1.3; +https://openai.com/gptbot)" 460 **0/460191**
74.7.227.35 - - [10/Mar/2026:22:34:17 -0700] "GET /?fileloc=//lib64/libfstrm.so.0&path=//lib64 HTTP/1.1" 200 2252 "http://mail.rgardensoap.com/?path=//lib64" "Mozilla/5.0 AppleWebKit/537.36 (KHTML, like Gecko; compatible; GPTBot/1.3; +https://openai.com/gptbot)" 495 **0/495673**
74.7.227.150 - - [10/Mar/2026:22:34:17 -0700] "GET /wp?fileloc=//proc/net/ip6_flowlabel&path=//proc/net HTTP/1.1" 200 2258 "http://rgardensoap.com/wp?path=//proc/net" "Mozilla/5.0 AppleWebKit/537.36 (KHTML, like Gecko; compatible; GPTBot/1.3; +https://openai.com/gptbot)" 662 **0/662325**
74.7.241.54 - - [10/Mar/2026:22:34:17 -0700] "GET /fizzy-bath-bombs.html?fileloc=//bin/enc2xs&path=//bin HTTP/1.1" 200 17532 "http://www.rgardensoap.com/fizzy-bath-bombs.html?path=//bin" "Mozilla/5.0 AppleWebKit/537.36 (KHTML, like Gecko; compatible; GPTBot/1.3; +https://openai.com/gptbot)" 495 **0/495200**
74.7.227.35 - - [10/Mar/2026:22:34:17 -0700] "GET /?fileloc=//lib64/libcrypt.so.1&path=//lib64 HTTP/1.1" 200 2252 "http://mail.rgardensoap.com/?path=//lib64" "Mozilla/5.0 AppleWebKit/537.36 (KHTML, like Gecko; compatible; GPTBot/1.3; +https://openai.com/gptbot)" 547 **0/547641**
74.7.227.150 - - [10/Mar/2026:22:34:18 -0700] "GET /wp?path=//proc/net/rpc HTTP/1.1" 200 2312 "http://rgardensoap.com/wp?path=//proc/net" "Mozilla/5.0 AppleWebKit/537.36 (KHTML, like Gecko; compatible; GPTBot/1.3; +https://openai.com/gptbot)" 508 **0/508892**
74.7.241.54 - - [10/Mar/2026:22:34:18 -0700] "GET /fizzy-bath-bombs.html?fileloc=//bin/md5sum&path=//bin HTTP/1.1" 200 2245 "http://www.rgardensoap.com/fizzy-bath-bombs.html?path=//bin" "Mozilla/5.0 AppleWebKit/537.36 (KHTML, like Gecko; compatible; GPTBot/1.3; +https://openai.com/gptbot)" 475 **0/475808**
74.7.227.35 - - [10/Mar/2026:22:34:18 -0700] "GET /?fileloc=//lib64/libmpdec.so.3&path=//lib64 HTTP/1.1" 200 2251 "http://mail.rgardensoap.com/?path=//lib64" "Mozilla/5.0 AppleWebKit/537.36 (KHTML, like Gecko; compatible; GPTBot/1.3; +https://openai.com/gptbot)" 557 **0/557084**
74.7.227.150 - - [10/Mar/2026:22:34:18 -0700] "GET /wp?fileloc=//proc/net/nf_conntrack_expect&path=//proc/net HTTP/1.1" 200 2266 "http://rgardensoap.com/wp?path=//proc/net" "Mozilla/5.0 AppleWebKit/537.36 (KHTML, like Gecko; compatible; GPTBot/1.3; +https://openai.com/gptbot)" 564 **0/564818**
74.7.241.54 - - [10/Mar/2026:22:34:19 -0700] "GET /fizzy-bath-bombs.html?fileloc=//bin/c89&path=//bin HTTP/1.1" 200 2404 "http://www.rgardensoap.com/fizzy-bath-bombs.html?path=//bin" "Mozilla/5.0 AppleWebKit/537.36 (KHTML, like Gecko; compatible; GPTBot/1.3; +https://openai.com/gptbot)" 499 **0/499885**
74.7.227.35 - - [10/Mar/2026:22:34:19 -0700] "GET /?fileloc=//lib64/libmount.so.1&path=//lib64 HTTP/1.1" 200 2250 "http://mail.rgardensoap.com/?path=//lib64" "Mozilla/5.0 AppleWebKit/537.36 (KHTML, like Gecko; compatible; GPTBot/1.3; +https://openai.com/gptbot)" 564 **0/564609**
74.7.227.150 - - [10/Mar/2026:22:34:19 -0700] "GET /wp?fileloc=//proc/net/packet&path=//proc/net HTTP/1.1" 200 2256 "http://rgardensoap.com/wp?path=//proc/net" "Mozilla/5.0 AppleWebKit/537.36 (KHTML, like Gecko; compatible; GPTBot/1.3; +https://openai.com/gptbot)" 566 **0/566283**
74.7.241.54 - - [10/Mar/2026:22:34:19 -0700] "GET /fizzy-bath-bombs.html?fileloc=//bin/c++&path=//bin HTTP/1.1" 200 2241 "http://www.rgardensoap.com/fizzy-bath-bombs.html?path=//bin" "Mozilla/5.0 AppleWebKit/537.36 (KHTML, like Gecko; compatible; GPTBot/1.3; +https://openai.com/gptbot)" 572 **0/572557**
74.7.227.35 - - [10/Mar/2026:22:34:19 -0700] "GET /?fileloc=//lib64/libmenuw.so.6&path=//lib64 HTTP/1.1" 200 2251 "http://mail.rgardensoap.com/?path=//lib64" "Mozilla/5.0 AppleWebKit/537.36 (KHTML, like Gecko; compatible; GPTBot/1.3; +https://openai.com/gptbot)" 541 **0/541992**
74.7.227.35 - - [10/Mar/2026:22:34:20 -0700] "GET /?fileloc=//lib64/libirs.so.161&path=//lib64 HTTP/1.1" 200 2251 "http://mail.rgardensoap.com/?path=//lib64" "Mozilla/5.0 AppleWebKit/537.36 (KHTML, like Gecko; compatible; GPTBot/1.3; +https://openai.com/gptbot)" 550 **0/550083**
74.7.241.54 - - [10/Mar/2026:22:34:20 -0700] "GET /fizzy-bath-bombs.html?fileloc=//bin/automake-1.16&path=//bin HTTP/1.1" 200 73783 "http://www.rgardensoap.com/fizzy-bath-bombs.html?path=//bin" "Mozilla/5.0 AppleWebKit/537.36 (KHTML, like Gecko; compatible; GPTBot/1.3; +https://openai.com/gptbot)" 591 **0/591576**
74.7.227.150 - - [10/Mar/2026:22:34:20 -0700] "GET /wp?fileloc=//proc/net/netstat&path=//proc/net HTTP/1.1" 200 2255 "http://rgardensoap.com/wp?path=//proc/net" "Mozilla/5.0 AppleWebKit/537.36 (KHTML, like Gecko; compatible; GPTBot/1.3; +https://openai.com/gptbot)" 713 **0/713296**
74.7.241.54 - - [10/Mar/2026:22:34:21 -0700] "GET /fizzy-bath-bombs.html?fileloc=//sbin/named-compilezone&path=//sbin HTTP/1.1" 200 2252 "http://www.rgardensoap.com/fizzy-bath-bombs.html?path=//sbin" "Mozilla/5.0 AppleWebKit/537.36 (KHTML, like Gecko; compatible; GPTBot/1.3; +https://openai.com/gptbot)" 548 **0/548747**
74.7.227.35 - - [10/Mar/2026:22:34:21 -0700] "GET /?fileloc=//lib64/libtinfo.so.6&path=//lib64 HTTP/1.1" 200 2251 "http://mail.rgardensoap.com/?path=//lib64" "Mozilla/5.0 AppleWebKit/537.36 (KHTML, like Gecko; compatible; GPTBot/1.3; +https://openai.com/gptbot)" 600 **0/600571**
74.7.227.150 - - [10/Mar/2026:22:34:21 -0700] "GET /wp?fileloc=//proc/net/udplite6&path=//proc/net HTTP/1.1" 200 2259 "http://rgardensoap.com/wp?path=//proc/net" "Mozilla/5.0 AppleWebKit/537.36 (KHTML, like Gecko; compatible; GPTBot/1.3; +https://openai.com/gptbot)" 552 **0/552812**
74.7.241.54 - - [10/Mar/2026:22:34:21 -0700] "GET /fizzy-bath-bombs.html?path=//lib/grub/i386-pc HTTP/1.1" 200 9946 "http://www.rgardensoap.com/fizzy-bath-bombs.html?path=//lib/grub" "Mozilla/5.0 AppleWebKit/537.36 (KHTML, like Gecko; compatible; GPTBot/1.3; +https://openai.com/gptbot)" 527 **0/527272**
74.7.227.35 - - [10/Mar/2026:22:34:21 -0700] "GET /?fileloc=//lib64/libib_util.so&path=//lib64 HTTP/1.1" 200 2250 "http://mail.rgardensoap.com/?path=//lib64" "Mozilla/5.0 AppleWebKit/537.36 (KHTML, like Gecko; compatible; GPTBot/1.3; +https://openai.com/gptbot)" 471 **0/471854**
74.7.227.150 - - [10/Mar/2026:22:34:22 -0700] "GET /wp?fileloc=//proc/net/anycast6&path=//proc/net HTTP/1.1" 200 2259 "http://rgardensoap.com/wp?path=//proc/net" "Mozilla/5.0 AppleWebKit/537.36 (KHTML, like Gecko; compatible; GPTBot/1.3; +https://openai.com/gptbot)" 582 **0/582864**
74.7.241.54 - - [10/Mar/2026:22:34:22 -0700] "GET /fizzy-bath-bombs.html?path=//run/cagefs HTTP/1.1" 200 2551 "http://www.rgardensoap.com/fizzy-bath-bombs.html?path=//run" "Mozilla/5.0 AppleWebKit/537.36 (KHTML, like Gecko; compatible; GPTBot/1.3; +https://openai.com/gptbot)" 536 **0/536706**
74.7.227.35 - - [10/Mar/2026:22:34:22 -0700] "GET /?fileloc=//lib64/libodbcmyS.so&path=//lib64 HTTP/1.1" 200 2250 "http://mail.rgardensoap.com/?path=//lib64" "Mozilla/5.0 AppleWebKit/537.36 (KHTML, like Gecko; compatible; GPTBot/1.3; +https://openai.com/gptbot)" 670 **0/670152**
74.7.227.150 - - [10/Mar/2026:22:34:22 -0700] "GET /wp?fileloc=//proc/net/psched&path=//proc/net HTTP/1.1" 200 2256 "http://rgardensoap.com/wp?path=//proc/net" "Mozilla/5.0 AppleWebKit/537.36 (KHTML, like Gecko; compatible; GPTBot/1.3; +https://openai.com/gptbot)" 629 **0/629807**
74.7.241.54 - - [10/Mar/2026:22:34:23 -0700] "GET /fizzy-bath-bombs.html?fileloc=//bin/uptime&path=//bin HTTP/1.1" 200 2245 "http://www.rgardensoap.com/fizzy-bath-bombs.html?path=//bin" "Mozilla/5.0 AppleWebKit/537.36 (KHTML, like Gecko; compatible; GPTBot/1.3; +https://openai.com/gptbot)" 493 **0/493554**
74.7.227.35 - - [10/Mar/2026:22:34:23 -0700] "GET /?path=//lib/kcare HTTP/1.1" 200 2574 "http://mail.rgardensoap.com/?path=//lib" "Mozilla/5.0 AppleWebKit/537.36 (KHTML, like Gecko; compatible; GPTBot/1.3; +https://openai.com/gptbot)" 527 **0/527808**
74.7.227.150 - - [10/Mar/2026:22:34:23 -0700] "GET /wp?fileloc=//proc/net/udplite&path=//proc/net HTTP/1.1" 200 2257 "http://rgardensoap.com/wp?path=//proc/net" "Mozilla/5.0 AppleWebKit/537.36 (KHTML, like Gecko; compatible; GPTBot/1.3; +https://openai.com/gptbot)" 595 **0/595225**
74.7.241.54 - - [10/Mar/2026:22:34:23 -0700] "GET /fizzy-bath-bombs.html?fileloc=//bin/prezip&path=//bin HTTP/1.1" 200 4094 "http://www.rgardensoap.com/fizzy-bath-bombs.html?path=//bin" "Mozilla/5.0 AppleWebKit/537.36 (KHTML, like Gecko; compatible; GPTBot/1.3; +https://openai.com/gptbot)" 596 **0/596696**
74.7.227.35 - - [10/Mar/2026:22:34:24 -0700] "GET /?path=//etc/fonts HTTP/1.1" 200 2633 "http://mail.rgardensoap.com/?path=//etc" "Mozilla/5.0 AppleWebKit/537.36 (KHTML, like Gecko; compatible; GPTBot/1.3; +https://openai.com/gptbot)" 463 **0/463946**
74.7.227.150 - - [10/Mar/2026:22:34:24 -0700] "GET /wp?fileloc=//proc/net/sockstat6&path=//proc/net HTTP/1.1" 200 2259 "http://rgardensoap.com/wp?path=//proc/net" "Mozilla/5.0 AppleWebKit/537.36 (KHTML, like Gecko; compatible; GPTBot/1.3; +https://openai.com/gptbot)" 509 **0/509150**
74.7.241.54 - - [10/Mar/2026:22:34:24 -0700] "GET /fizzy-bath-bombs.html?fileloc=//bin/script&path=//bin HTTP/1.1" 200 2244 "http://www.rgardensoap.com/fizzy-bath-bombs.html?path=//bin" "Mozilla/5.0 AppleWebKit/537.36 (KHTML, like Gecko; compatible; GPTBot/1.3; +https://openai.com/gptbot)" 519 **0/519858**
74.7.227.35 - - [10/Mar/2026:22:34:24 -0700] "GET /?path=//lib/tuned HTTP/1.1" 200 3149 "http://mail.rgardensoap.com/?path=//lib" "Mozilla/5.0 AppleWebKit/537.36 (KHTML, like Gecko; compatible; GPTBot/1.3; +https://openai.com/gptbot)" 572 **0/572102**
74.7.227.150 - - [10/Mar/2026:22:34:24 -0700] "GET /wp?fileloc=//proc/net/netlink&path=//proc/net HTTP/1.1" 200 2254 "http://rgardensoap.com/wp?path=//proc/net" "Mozilla/5.0 AppleWebKit/537.36 (KHTML, like Gecko; compatible; GPTBot/1.3; +https://openai.com/gptbot)" 504 **0/504123**
74.7.241.54 - - [10/Mar/2026:22:34:25 -0700] "GET /fizzy-bath-bombs.html?fileloc=//bin/setsid&path=//bin HTTP/1.1" 200 2245 "http://www.rgardensoap.com/fizzy-bath-bombs.html?path=//bin" "Mozilla/5.0 AppleWebKit/537.36 (KHTML, like Gecko; compatible; GPTBot/1.3; +https://openai.com/gptbot)" 534 **0/534150**
74.7.227.150 - - [10/Mar/2026:22:34:25 -0700] "GET /wp?fileloc=//proc/net/mcfilter6&path=//proc/net HTTP/1.1" 200 2257 "http://rgardensoap.com/wp?path=//proc/net" "Mozilla/5.0 AppleWebKit/537.36 (KHTML, like Gecko; compatible; GPTBot/1.3; +https://openai.com/gptbot)" 512 **0/512336**
74.7.227.35 - - [10/Mar/2026:22:34:25 -0700] "GET /?path=//lib/kdump HTTP/1.1" 200 2637 "http://mail.rgardensoap.com/?path=//lib" "Mozilla/5.0 AppleWebKit/537.36 (KHTML, like Gecko; compatible; GPTBot/1.3; +https://openai.com/gptbot)" 521 **0/521505**
74.7.241.54 - - [10/Mar/2026:22:34:25 -0700] "GET /fizzy-bath-bombs.html?fileloc=//bin/unlink&path=//bin HTTP/1.1" 200 2245 "http://www.rgardensoap.com/fizzy-bath-bombs.html?path=//bin" "Mozilla/5.0 AppleWebKit/537.36 (KHTML, like Gecko; compatible; GPTBot/1.3; +https://openai.com/gptbot)" 530 **0/530892**
74.7.227.150 - - [10/Mar/2026:22:34:26 -0700] "GET /wp?fileloc=//proc/net/dev_mcast&path=//proc/net HTTP/1.1" 200 2258 "http://rgardensoap.com/wp?path=//proc/net" "Mozilla/5.0 AppleWebKit/537.36 (KHTML, like Gecko; compatible; GPTBot/1.3; +https://openai.com/gptbot)" 540 **0/540168**
74.7.227.35 - - [10/Mar/2026:22:34:26 -0700] "GET /?path=//lib/games HTTP/1.1" 200 2304 "http://mail.rgardensoap.com/?path=//lib" "Mozilla/5.0 AppleWebKit/537.36 (KHTML, like Gecko; compatible; GPTBot/1.3; +https://openai.com/gptbot)" 536 **0/536448**
74.7.241.54 - - [10/Mar/2026:22:34:26 -0700] "GET /fizzy-bath-bombs.html?fileloc=//bin/stream&path=//bin HTTP/1.1" 200 2243 "http://www.rgardensoap.com/fizzy-bath-bombs.html?path=//bin" "Mozilla/5.0 AppleWebKit/537.36 (KHTML, like Gecko; compatible; GPTBot/1.3; +https://openai.com/gptbot)" 636 **0/636817**
74.7.227.150 - - [10/Mar/2026:22:34:26 -0700] "GET /wp?fileloc=//proc/net/xfrm_stat&path=//proc/net HTTP/1.1" 200 2258 "http://rgardensoap.com/wp?path=//proc/net" "Mozilla/5.0 AppleWebKit/537.36 (KHTML, like Gecko; compatible; GPTBot/1.3; +https://openai.com/gptbot)" 556 **0/556006**
74.7.227.35 - - [10/Mar/2026:22:34:26 -0700] "GET /?fileloc=//lib64/libwebpmux.so&path=//lib64 HTTP/1.1" 200 2252 "http://mail.rgardensoap.com/?path=//lib64" "Mozilla/5.0 AppleWebKit/537.36 (KHTML, like Gecko; compatible; GPTBot/1.3; +https://openai.com/gptbot)" 582 **0/582868**
74.7.241.54 - - [10/Mar/2026:22:34:27 -0700] "GET /fizzy-bath-bombs.html?fileloc=//bin/column&path=//bin HTTP/1.1" 200 2243 "http://www.rgardensoap.com/fizzy-bath-bombs.html?path=//bin" "Mozilla/5.0 AppleWebKit/537.36 (KHTML, like Gecko; compatible; GPTBot/1.3; +https://openai.com/gptbot)" 579 **0/579572**
74.7.227.150 - - [10/Mar/2026:22:34:27 -0700] "GET /wp?fileloc=//proc/net/rt_acct&path=//proc/net HTTP/1.1" 200 2256 "http://rgardensoap.com/wp?path=//proc/net" "Mozilla/5.0 AppleWebKit/537.36 (KHTML, like Gecko; compatible; GPTBot/1.3; +https://openai.com/gptbot)" 684 **0/684046**
74.7.227.35 - - [10/Mar/2026:22:34:27 -0700] "GET /?fileloc=//lib64/libgccpp.so.1&path=//lib64 HTTP/1.1" 200 2251 "http://mail.rgardensoap.com/?path=//lib64" "Mozilla/5.0 AppleWebKit/537.36 (KHTML, like Gecko; compatible; GPTBot/1.3; +https://openai.com/gptbot)" 540 **0/540422**
74.7.241.54 - - [10/Mar/2026:22:34:28 -0700] "GET /fizzy-bath-bombs.html?fileloc=//bin/gunzip&path=//bin HTTP/1.1" 200 3334 "http://www.rgardensoap.com/fizzy-bath-bombs.html?path=//bin" "Mozilla/5.0 AppleWebKit/537.36 (KHTML, like Gecko; compatible; GPTBot/1.3; +https://openai.com/gptbot)" 634 **0/634183**
74.7.227.150 - - [10/Mar/2026:22:34:28 -0700] "GET /wp?fileloc=//proc/net/ip_mr_vif&path=//proc/net HTTP/1.1" 200 2258 "http://rgardensoap.com/wp?path=//proc/net" "Mozilla/5.0 AppleWebKit/537.36 (KHTML, like Gecko; compatible; GPTBot/1.3; +https://openai.com/gptbot)" 522 **0/522353**
74.7.227.35 - - [10/Mar/2026:22:34:28 -0700] "GET /?fileloc=//lib64/libxcb-glx.so&path=//lib64 HTTP/1.1" 200 2252 "http://mail.rgardensoap.com/?path=//lib64" "Mozilla/5.0 AppleWebKit/537.36 (KHTML, like Gecko; compatible; GPTBot/1.3; +https://openai.com/gptbot)" 488 **0/488054**
74.7.241.54 - - [10/Mar/2026:22:34:28 -0700] "GET /fizzy-bath-bombs.html?fileloc=//bin/factor&path=//bin HTTP/1.1" 200 2244 "http://www.rgardensoap.com/fizzy-bath-bombs.html?path=//bin" "Mozilla/5.0 AppleWebKit/537.36 (KHTML, like Gecko; compatible; GPTBot/1.3; +https://openai.com/gptbot)" 515 **0/515205**
74.7.227.35 - - [10/Mar/2026:22:34:28 -0700] "GET /?fileloc=//lib64/libblkid.so.1&path=//lib64 HTTP/1.1" 200 2251 "http://mail.rgardensoap.com/?path=//lib64" "Mozilla/5.0 AppleWebKit/537.36 (KHTML, like Gecko; compatible; GPTBot/1.3; +https://openai.com/gptbot)" 682 **0/682692**
74.7.227.150 - - [10/Mar/2026:22:34:28 -0700] "GET /wp?fileloc=//proc/net/rt_cache&path=//proc/net HTTP/1.1" 200 2256 "http://rgardensoap.com/wp?path=//proc/net" "Mozilla/5.0 AppleWebKit/537.36 (KHTML, like Gecko; compatible; GPTBot/1.3; +https://openai.com/gptbot)" 721 **0/721955**
74.7.241.54 - - [10/Mar/2026:22:34:29 -0700] "GET /fizzy-bath-bombs.html?fileloc=//lib/grub/i386-pc/crc64.mod&path=//lib/grub/i386-pc HTTP/1.1" 200 2273 "http://www.rgardensoap.com/fizzy-bath-bombs.html?path=//lib/grub/i386-pc" "Mozilla/5.0 AppleWebKit/537.36 (KHTML, like Gecko; compatible; GPTBot/1.3; +https://openai.com/gptbot)" 547 **0/547625**
74.7.227.150 - - [10/Mar/2026:22:34:29 -0700] "GET /wp?fileloc=//proc/net/ip_mr_cache&path=//proc/net HTTP/1.1" 200 2260 "http://rgardensoap.com/wp?path=//proc/net" "Mozilla/5.0 AppleWebKit/537.36 (KHTML, like Gecko; compatible; GPTBot/1.3; +https://openai.com/gptbot)" 592 **0/592072**
74.7.227.35 - - [10/Mar/2026:22:34:29 -0700] "GET /?fileloc=//lib64/libpanel.so.6&path=//lib64 HTTP/1.1" 200 2251 "http://mail.rgardensoap.com/?path=//lib64" "Mozilla/5.0 AppleWebKit/537.36 (KHTML, like Gecko; compatible; GPTBot/1.3; +https://openai.com/gptbot)" 749 **0/749808**
74.7.241.54 - - [10/Mar/2026:22:34:30 -0700] "GET /fizzy-bath-bombs.html?fileloc=//lib/grub/i386-pc/asn1.mod&path=//lib/grub/i386-pc HTTP/1.1" 200 2273 "http://www.rgardensoap.com/fizzy-bath-bombs.html?path=//lib/grub/i386-pc" "Mozilla/5.0 AppleWebKit/537.36 (KHTML, like Gecko; compatible; GPTBot/1.3; +https://openai.com/gptbot)" 658 **0/658058**
74.7.227.35 - - [10/Mar/2026:22:34:30 -0700] "GET /?fileloc=//lib64/libkcapi.so.1&path=//lib64 HTTP/1.1" 200 2251 "http://mail.rgardensoap.com/?path=//lib64" "Mozilla/5.0 AppleWebKit/537.36 (KHTML, like Gecko; compatible; GPTBot/1.3; +https://openai.com/gptbot)" 571 **0/571468**
74.7.227.150 - - [10/Mar/2026:22:34:30 -0700] "GET /wp?fileloc=//proc/net/fib_trie&path=//proc/net HTTP/1.1" 200 2257 "http://rgardensoap.com/wp?path=//proc/net" "Mozilla/5.0 AppleWebKit/537.36 (KHTML, like Gecko; compatible; GPTBot/1.3; +https://openai.com/gptbot)" 649 **0/649416**
74.7.241.54 - - [10/Mar/2026:22:34:30 -0700] "GET /fizzy-bath-bombs.html?fileloc=//lib/grub/i386-pc/net.mod&path=//lib/grub/i386-pc HTTP/1.1" 200 2272 "http://www.rgardensoap.com/fizzy-bath-bombs.html?path=//lib/grub/i386-pc" "Mozilla/5.0 AppleWebKit/537.36 (KHTML, like Gecko; compatible; GPTBot/1.3; +https://openai.com/gptbot)" 706 **0/706015**
74.7.227.35 - - [10/Mar/2026:22:34:31 -0700] "GET /?fileloc=//lib64/libtirpc.so.3&path=//lib64 HTTP/1.1" 200 2251 "http://mail.rgardensoap.com/?path=//lib64" "Mozilla/5.0 AppleWebKit/537.36 (KHTML, like Gecko; compatible; GPTBot/1.3; +https://openai.com/gptbot)" 530 **0/530524**
74.7.227.150 - - [10/Mar/2026:22:34:31 -0700] "GET /wp?fileloc=//proc/net/tcp&path=//proc/net HTTP/1.1" 200 16230 "http://rgardensoap.com/wp?path=//proc/net" "Mozilla/5.0 AppleWebKit/537.36 (KHTML, like Gecko; compatible; GPTBot/1.3; +https://openai.com/gptbot)" 586 **0/586626**
74.7.241.54 - - [10/Mar/2026:22:34:31 -0700] "GET /fizzy-bath-bombs.html?fileloc=//lib/grub/i386-pc/bufio.mod&path=//lib/grub/i386-pc HTTP/1.1" 200 2274 "http://www.rgardensoap.com/fizzy-bath-bombs.html?path=//lib/grub/i386-pc" "Mozilla/5.0 AppleWebKit/537.36 (KHTML, like Gecko; compatible; GPTBot/1.3; +https://openai.com/gptbot)" 576 **0/576401**
74.7.227.35 - - [10/Mar/2026:22:34:32 -0700] "GET /?fileloc=//lib64/libsysfs.so.2&path=//lib64 HTTP/1.1" 200 2252 "http://mail.rgardensoap.com/?path=//lib64" "Mozilla/5.0 AppleWebKit/537.36 (KHTML, like Gecko; compatible; GPTBot/1.3; +https://openai.com/gptbot)" 577 **0/577210**
74.7.227.150 - - [10/Mar/2026:22:34:32 -0700] "GET /wp?fileloc=//proc/net/icmp&path=//proc/net HTTP/1.1" 200 2255 "http://rgardensoap.com/wp?path=//proc/net" "Mozilla/5.0 AppleWebKit/537.36 (KHTML, like Gecko; compatible; GPTBot/1.3; +https://openai.com/gptbot)" 495 **0/495128**
74.7.241.54 - - [10/Mar/2026:22:34:32 -0700] "GET /fizzy-bath-bombs.html?fileloc=//lib/grub/i386-pc/multiboot2.mod&path=//lib/grub/i386-pc HTTP/1.1" 200 2276 "http://www.rgardensoap.com/fizzy-bath-bombs.html?path=//lib/grub/i386-pc" "Mozilla/5.0 AppleWebKit/537.36 (KHTML, like Gecko; compatible; GPTBot/1.3; +https://openai.com/gptbot)" 541 **0/541689**
74.7.227.35 - - [10/Mar/2026:22:34:32 -0700] "GET /?fileloc=//lib64/libomapi.so.0&path=//lib64 HTTP/1.1" 200 2251 "http://mail.rgardensoap.com/?path=//lib64" "Mozilla/5.0 AppleWebKit/537.36 (KHTML, like Gecko; compatible; GPTBot/1.3; +https://openai.com/gptbot)" 554 **0/554598**
74.7.227.150 - - [10/Mar/2026:22:34:32 -0700] "GET /wp?fileloc=//proc/net/raw&path=//proc/net HTTP/1.1" 200 2365 "http://rgardensoap.com/wp?path=//proc/net" "Mozilla/5.0 AppleWebKit/537.36 (KHTML, like Gecko; compatible; GPTBot/1.3; +https://openai.com/gptbot)" 512 **0/512989**
74.7.241.54 - - [10/Mar/2026:22:34:33 -0700] "GET /fizzy-bath-bombs.html?fileloc=//lib/grub/i386-pc/setjmp.mod&path=//lib/grub/i386-pc HTTP/1.1" 200 2275 "http://www.rgardensoap.com/fizzy-bath-bombs.html?path=//lib/grub/i386-pc" "Mozilla/5.0 AppleWebKit/537.36 (KHTML, like Gecko; compatible; GPTBot/1.3; +https://openai.com/gptbot)" 553 **0/553444**
74.7.227.35 - - [10/Mar/2026:22:34:33 -0700] "GET /?fileloc=//lib64/libexslt.so.0&path=//lib64 HTTP/1.1" 200 2251 "http://mail.rgardensoap.com/?path=//lib64" "Mozilla/5.0 AppleWebKit/537.36 (KHTML, like Gecko; compatible; GPTBot/1.3; +https://openai.com/gptbot)" 551 **0/551195**
