74.7.227.150 - - [10/Mar/2026:22:49:44 -0700] "GET /blog/?path=//opt/alt/php55/usr HTTP/1.1" 200 2563 "http://rgardensoap.com/blog/?path=//opt/alt/php55" "Mozilla/5.0 AppleWebKit/537.36 (KHTML, like Gecko; compatible; GPTBot/1.3; +https://openai.com/gptbot)" 453 **0/453060**
74.7.227.35 - - [10/Mar/2026:22:49:44 -0700] "GET /?path=//lib64/gtk-2.0 HTTP/1.1" 200 2596 "http://mail.rgardensoap.com/?path=//lib64" "Mozilla/5.0 AppleWebKit/537.36 (KHTML, like Gecko; compatible; GPTBot/1.3; +https://openai.com/gptbot)" 485 **0/485961**
74.7.241.54 - - [10/Mar/2026:22:49:44 -0700] "GET /plug/vote/plug.xml?fileloc=//proc/2470499/root/usr/share/locale/fr/LC_MESSAGES/gnutls.mo&path=//proc/2470499/root/usr/share/locale/fr/LC_MESSAGES HTTP/1.1" 200 2329 "http://www.rgardensoap.com/plug/vote/plug.xml?path=//proc/2470499/root/usr/share/locale/fr/LC_MESSAGES" "Mozilla/5.0 AppleWebKit/537.36 (KHTML, like Gecko; compatible; GPTBot/1.3; +https://openai.com/gptbot)" 473 **0/473277**
74.7.227.150 - - [10/Mar/2026:22:49:44 -0700] "GET /blog/?path=//opt/alt/php83/etc HTTP/1.1" 200 3184 "http://rgardensoap.com/blog/?path=//opt/alt/php83" "Mozilla/5.0 AppleWebKit/537.36 (KHTML, like Gecko; compatible; GPTBot/1.3; +https://openai.com/gptbot)" 458 **0/458283**
74.7.227.35 - - [10/Mar/2026:22:49:45 -0700] "GET /?path=//opt/alt/tests/alt-php54-pecl-imagick_3.7.0-10.el8/util HTTP/1.1" 200 2715 "http://mail.rgardensoap.com/?path=//opt/alt/tests/alt-php54-pecl-imagick_3.7.0-10.el8" "Mozilla/5.0 AppleWebKit/537.36 (KHTML, like Gecko; compatible; GPTBot/1.3; +https://openai.com/gptbot)" 443 **0/443964**
74.7.241.54 - - [10/Mar/2026:22:49:45 -0700] "GET /plug/vote/plug.xml?fileloc=//proc/2470499/root/usr/share/locale/fr/LC_MESSAGES/libuser.mo&path=//proc/2470499/root/usr/share/locale/fr/LC_MESSAGES HTTP/1.1" 200 2329 "http://www.rgardensoap.com/plug/vote/plug.xml?path=//proc/2470499/root/usr/share/locale/fr/LC_MESSAGES" "Mozilla/5.0 AppleWebKit/537.36 (KHTML, like Gecko; compatible; GPTBot/1.3; +https://openai.com/gptbot)" 457 **0/457991**
74.7.227.150 - - [10/Mar/2026:22:49:45 -0700] "GET /blog/?path=//opt/alt/php56/usr HTTP/1.1" 200 2662 "http://rgardensoap.com/blog/?path=//opt/alt/php56" "Mozilla/5.0 AppleWebKit/537.36 (KHTML, like Gecko; compatible; GPTBot/1.3; +https://openai.com/gptbot)" 480 **0/480944**
74.7.227.35 - - [10/Mar/2026:22:49:45 -0700] "GET /?path=//opt/alt/ruby25/lib64/ruby/2.5.0/x86_64-linux/enc/trans HTTP/1.1" 200 2376 "http://mail.rgardensoap.com/?path=//opt/alt/ruby25/lib64/ruby/2.5.0/x86_64-linux/enc" "Mozilla/5.0 AppleWebKit/537.36 (KHTML, like Gecko; compatible; GPTBot/1.3; +https://openai.com/gptbot)" 449 **0/449152**
74.7.241.54 - - [10/Mar/2026:22:49:45 -0700] "GET /plug/vote/plug.xml?fileloc=//proc/2470499/root/usr/share/locale/fr/LC_MESSAGES/libsecret.mo&path=//proc/2470499/root/usr/share/locale/fr/LC_MESSAGES HTTP/1.1" 200 2329 "http://www.rgardensoap.com/plug/vote/plug.xml?path=//proc/2470499/root/usr/share/locale/fr/LC_MESSAGES" "Mozilla/5.0 AppleWebKit/537.36 (KHTML, like Gecko; compatible; GPTBot/1.3; +https://openai.com/gptbot)" 478 **0/478669**
74.7.227.150 - - [10/Mar/2026:22:49:45 -0700] "GET /blog/?path=//opt/alt/php84/etc HTTP/1.1" 200 3131 "http://rgardensoap.com/blog/?path=//opt/alt/php84" "Mozilla/5.0 AppleWebKit/537.36 (KHTML, like Gecko; compatible; GPTBot/1.3; +https://openai.com/gptbot)" 477 **0/477132**
74.7.227.35 - - [10/Mar/2026:22:49:46 -0700] "GET /?path=//opt/alt/tests/alt-php83-pecl-imagick_3.7.0-3.el8 HTTP/1.1" 200 2344 "http://mail.rgardensoap.com/?path=//opt/alt/tests" "Mozilla/5.0 AppleWebKit/537.36 (KHTML, like Gecko; compatible; GPTBot/1.3; +https://openai.com/gptbot)" 458 **0/458311**
74.7.227.150 - - [10/Mar/2026:22:49:46 -0700] "GET /blog/?path=//opt/alt/php81/etc HTTP/1.1" 200 3184 "http://rgardensoap.com/blog/?path=//opt/alt/php81" "Mozilla/5.0 AppleWebKit/537.36 (KHTML, like Gecko; compatible; GPTBot/1.3; +https://openai.com/gptbot)" 440 **0/440324**
74.7.241.54 - - [10/Mar/2026:22:49:46 -0700] "GET /plug/vote/plug.xml?fileloc=//proc/2470499/root/usr/share/locale/fr/LC_MESSAGES/aspell.mo&path=//proc/2470499/root/usr/share/locale/fr/LC_MESSAGES HTTP/1.1" 200 2328 "http://www.rgardensoap.com/plug/vote/plug.xml?path=//proc/2470499/root/usr/share/locale/fr/LC_MESSAGES" "Mozilla/5.0 AppleWebKit/537.36 (KHTML, like Gecko; compatible; GPTBot/1.3; +https://openai.com/gptbot)" 456 **0/456148**
74.7.227.35 - - [10/Mar/2026:22:49:46 -0700] "GET /?path=//opt/alt/tests/alt-php83-pecl-imagick_3.8.0-7.el8 HTTP/1.1" 200 2343 "http://mail.rgardensoap.com/?path=//opt/alt/tests" "Mozilla/5.0 AppleWebKit/537.36 (KHTML, like Gecko; compatible; GPTBot/1.3; +https://openai.com/gptbot)" 449 **0/449063**
74.7.227.150 - - [10/Mar/2026:22:49:47 -0700] "GET /blog/?path=//opt/alt/php72/etc HTTP/1.1" 200 3228 "http://rgardensoap.com/blog/?path=//opt/alt/php72" "Mozilla/5.0 AppleWebKit/537.36 (KHTML, like Gecko; compatible; GPTBot/1.3; +https://openai.com/gptbot)" 445 **0/445200**
74.7.241.54 - - [10/Mar/2026:22:49:47 -0700] "GET /plug/vote/plug.xml?fileloc=//proc/2470499/root/usr/share/locale/fr/LC_MESSAGES/gettext-tools.mo&path=//proc/2470499/root/usr/share/locale/fr/LC_MESSAGES HTTP/1.1" 200 2332 "http://www.rgardensoap.com/plug/vote/plug.xml?path=//proc/2470499/root/usr/share/locale/fr/LC_MESSAGES" "Mozilla/5.0 AppleWebKit/537.36 (KHTML, like Gecko; compatible; GPTBot/1.3; +https://openai.com/gptbot)" 468 **0/468676**
74.7.227.35 - - [10/Mar/2026:22:49:47 -0700] "GET /?path=//opt/alt/tests/alt-php83-pecl-msgpack_2.2.0-1.el8 HTTP/1.1" 200 2582 "http://mail.rgardensoap.com/?path=//opt/alt/tests" "Mozilla/5.0 AppleWebKit/537.36 (KHTML, like Gecko; compatible; GPTBot/1.3; +https://openai.com/gptbot)" 512 **0/512929**
74.7.227.150 - - [10/Mar/2026:22:49:47 -0700] "GET /blog/?path=//opt/alt/php70/usr HTTP/1.1" 200 2662 "http://rgardensoap.com/blog/?path=//opt/alt/php70" "Mozilla/5.0 AppleWebKit/537.36 (KHTML, like Gecko; compatible; GPTBot/1.3; +https://openai.com/gptbot)" 446 **0/446123**
74.7.241.54 - - [10/Mar/2026:22:49:47 -0700] "GET /plug/vote/plug.xml?fileloc=//proc/2470499/root/usr/share/locale/fr/LC_MESSAGES/syspurpose.mo&path=//proc/2470499/root/usr/share/locale/fr/LC_MESSAGES HTTP/1.1" 200 2331 "http://www.rgardensoap.com/plug/vote/plug.xml?path=//proc/2470499/root/usr/share/locale/fr/LC_MESSAGES" "Mozilla/5.0 AppleWebKit/537.36 (KHTML, like Gecko; compatible; GPTBot/1.3; +https://openai.com/gptbot)" 466 **0/466541**
74.7.227.35 - - [10/Mar/2026:22:49:48 -0700] "GET /?path=//opt/alt/tests/alt-php81-pecl-inotify_3.0.0-1.el8 HTTP/1.1" 200 2583 "http://mail.rgardensoap.com/?path=//opt/alt/tests" "Mozilla/5.0 AppleWebKit/537.36 (KHTML, like Gecko; compatible; GPTBot/1.3; +https://openai.com/gptbot)" 503 **0/503544**
74.7.227.150 - - [10/Mar/2026:22:49:48 -0700] "GET /blog/?path=//opt/alt/php74/etc HTTP/1.1" 200 3185 "http://rgardensoap.com/blog/?path=//opt/alt/php74" "Mozilla/5.0 AppleWebKit/537.36 (KHTML, like Gecko; compatible; GPTBot/1.3; +https://openai.com/gptbot)" 470 **0/470581**
74.7.241.54 - - [10/Mar/2026:22:49:48 -0700] "GET /plug/vote/plug.xml?fileloc=//proc/2470499/root/usr/share/locale/fr/LC_MESSAGES/libpaper.mo&path=//proc/2470499/root/usr/share/locale/fr/LC_MESSAGES HTTP/1.1" 200 2329 "http://www.rgardensoap.com/plug/vote/plug.xml?path=//proc/2470499/root/usr/share/locale/fr/LC_MESSAGES" "Mozilla/5.0 AppleWebKit/537.36 (KHTML, like Gecko; compatible; GPTBot/1.3; +https://openai.com/gptbot)" 487 **0/487172**
74.7.227.35 - - [10/Mar/2026:22:49:48 -0700] "GET /?path=//opt/alt/tests/alt-php70-pecl-weakref_0.3.3-1.el8 HTTP/1.1" 200 2581 "http://mail.rgardensoap.com/?path=//opt/alt/tests" "Mozilla/5.0 AppleWebKit/537.36 (KHTML, like Gecko; compatible; GPTBot/1.3; +https://openai.com/gptbot)" 465 **0/465347**
74.7.227.150 - - [10/Mar/2026:22:49:48 -0700] "GET /blog/?path=//proc/2470499/cwd/sbin HTTP/1.1" 200 4023 "http://rgardensoap.com/blog/?path=//proc/2470499/cwd" "Mozilla/5.0 AppleWebKit/537.36 (KHTML, like Gecko; compatible; GPTBot/1.3; +https://openai.com/gptbot)" 479 **0/479327**
74.7.241.54 - - [10/Mar/2026:22:49:49 -0700] "GET /plug/vote/plug.xml?fileloc=//proc/2470499/root/usr/share/locale/fr/LC_MESSAGES/cpupower.mo&path=//proc/2470499/root/usr/share/locale/fr/LC_MESSAGES HTTP/1.1" 200 2329 "http://www.rgardensoap.com/plug/vote/plug.xml?path=//proc/2470499/root/usr/share/locale/fr/LC_MESSAGES" "Mozilla/5.0 AppleWebKit/537.36 (KHTML, like Gecko; compatible; GPTBot/1.3; +https://openai.com/gptbot)" 487 **0/487383**
74.7.227.35 - - [10/Mar/2026:22:49:49 -0700] "GET /?path=//opt/alt/tests/alt-php70-pecl-imagick_3.8.0-7.el8 HTTP/1.1" 200 2343 "http://mail.rgardensoap.com/?path=//opt/alt/tests" "Mozilla/5.0 AppleWebKit/537.36 (KHTML, like Gecko; compatible; GPTBot/1.3; +https://openai.com/gptbot)" 455 **0/455123**
74.7.227.150 - - [10/Mar/2026:22:49:49 -0700] "GET /blog?path=//lib64/python3.6/http HTTP/1.1" 200 2770 "http://rgardensoap.com/blog?path=//lib64/python3.6" "Mozilla/5.0 AppleWebKit/537.36 (KHTML, like Gecko; compatible; GPTBot/1.3; +https://openai.com/gptbot)" 462 **0/462496**
74.7.241.54 - - [10/Mar/2026:22:49:49 -0700] "GET /plug/vote/plug.xml?fileloc=//proc/2470499/root/usr/share/locale/fr/LC_MESSAGES/usermode.mo&path=//proc/2470499/root/usr/share/locale/fr/LC_MESSAGES HTTP/1.1" 200 2330 "http://www.rgardensoap.com/plug/vote/plug.xml?path=//proc/2470499/root/usr/share/locale/fr/LC_MESSAGES" "Mozilla/5.0 AppleWebKit/537.36 (KHTML, like Gecko; compatible; GPTBot/1.3; +https://openai.com/gptbot)" 463 **0/463483**
74.7.227.35 - - [10/Mar/2026:22:49:50 -0700] "GET /?path=//opt/alt/tests/alt-php80-pecl-imagick_3.8.0-7.el8 HTTP/1.1" 200 2343 "http://mail.rgardensoap.com/?path=//opt/alt/tests" "Mozilla/5.0 AppleWebKit/537.36 (KHTML, like Gecko; compatible; GPTBot/1.3; +https://openai.com/gptbot)" 453 **0/453900**
74.7.241.54 - - [10/Mar/2026:22:49:50 -0700] "GET /plug/vote/plug.xml?fileloc=//proc/2470499/root/usr/share/locale/fr/LC_MESSAGES/recode.mo&path=//proc/2470499/root/usr/share/locale/fr/LC_MESSAGES HTTP/1.1" 200 2328 "http://www.rgardensoap.com/plug/vote/plug.xml?path=//proc/2470499/root/usr/share/locale/fr/LC_MESSAGES" "Mozilla/5.0 AppleWebKit/537.36 (KHTML, like Gecko; compatible; GPTBot/1.3; +https://openai.com/gptbot)" 460 **0/460381**
74.7.227.150 - - [10/Mar/2026:22:49:50 -0700] "GET /blog/?fileloc=//opt/alt/php82/etc/php-fpm.conf&path=//opt/alt/php82/etc HTTP/1.1" 200 4250 "http://rgardensoap.com/blog/?path=//opt/alt/php82/etc" "Mozilla/5.0 AppleWebKit/537.36 (KHTML, like Gecko; compatible; GPTBot/1.3; +https://openai.com/gptbot)" 633 **0/633212**
74.7.227.35 - - [10/Mar/2026:22:49:50 -0700] "GET /?path=//opt/alt/tests/alt-php72-pecl-msgpack_2.2.0-1.el8 HTTP/1.1" 200 2583 "http://mail.rgardensoap.com/?path=//opt/alt/tests" "Mozilla/5.0 AppleWebKit/537.36 (KHTML, like Gecko; compatible; GPTBot/1.3; +https://openai.com/gptbot)" 462 **0/462755**
74.7.241.54 - - [10/Mar/2026:22:49:50 -0700] "GET /plug/vote/plug.xml?fileloc=//proc/2470499/root/usr/share/locale/fr/LC_MESSAGES/sysstat.mo&path=//proc/2470499/root/usr/share/locale/fr/LC_MESSAGES HTTP/1.1" 200 2330 "http://www.rgardensoap.com/plug/vote/plug.xml?path=//proc/2470499/root/usr/share/locale/fr/LC_MESSAGES" "Mozilla/5.0 AppleWebKit/537.36 (KHTML, like Gecko; compatible; GPTBot/1.3; +https://openai.com/gptbot)" 456 **0/456839**
74.7.227.150 - - [10/Mar/2026:22:49:50 -0700] "GET /blog?path=//opt/alt/pcre HTTP/1.1" 200 2554 "http://rgardensoap.com/blog?path=//opt/alt" "Mozilla/5.0 AppleWebKit/537.36 (KHTML, like Gecko; compatible; GPTBot/1.3; +https://openai.com/gptbot)" 464 **0/464324**
74.7.227.35 - - [10/Mar/2026:22:49:51 -0700] "GET /?path=//lib64/gtk-2.0/modules HTTP/1.1" 200 2623 "http://mail.rgardensoap.com/?path=//lib64/gtk-2.0" "Mozilla/5.0 AppleWebKit/537.36 (KHTML, like Gecko; compatible; GPTBot/1.3; +https://openai.com/gptbot)" 457 **0/457049**
74.7.241.54 - - [10/Mar/2026:22:49:51 -0700] "GET /plug/vote/plug.xml?fileloc=//proc/2470499/root/usr/share/locale/fr/LC_MESSAGES/cryptsetup.mo&path=//proc/2470499/root/usr/share/locale/fr/LC_MESSAGES HTTP/1.1" 200 2332 "http://www.rgardensoap.com/plug/vote/plug.xml?path=//proc/2470499/root/usr/share/locale/fr/LC_MESSAGES" "Mozilla/5.0 AppleWebKit/537.36 (KHTML, like Gecko; compatible; GPTBot/1.3; +https://openai.com/gptbot)" 461 **0/461223**
74.7.227.150 - - [10/Mar/2026:22:49:51 -0700] "GET /blog/?path=//opt/alt/php83/etc/mariadb10 HTTP/1.1" 200 2640 "http://rgardensoap.com/blog/?path=//opt/alt/php83/etc" "Mozilla/5.0 AppleWebKit/537.36 (KHTML, like Gecko; compatible; GPTBot/1.3; +https://openai.com/gptbot)" 471 **0/471294**
74.7.227.35 - - [10/Mar/2026:22:49:51 -0700] "GET /?path=//lib64/gtk-2.0/immodules HTTP/1.1" 200 2321 "http://mail.rgardensoap.com/?path=//lib64/gtk-2.0" "Mozilla/5.0 AppleWebKit/537.36 (KHTML, like Gecko; compatible; GPTBot/1.3; +https://openai.com/gptbot)" 475 **0/475764**
74.7.241.54 - - [10/Mar/2026:22:49:51 -0700] "GET /plug/vote/plug.xml?fileloc=//proc/2470499/root/usr/share/locale/fr/LC_MESSAGES/mlocate.mo&path=//proc/2470499/root/usr/share/locale/fr/LC_MESSAGES HTTP/1.1" 200 2328 "http://www.rgardensoap.com/plug/vote/plug.xml?path=//proc/2470499/root/usr/share/locale/fr/LC_MESSAGES" "Mozilla/5.0 AppleWebKit/537.36 (KHTML, like Gecko; compatible; GPTBot/1.3; +https://openai.com/gptbot)" 473 **0/473152**
74.7.227.150 - - [10/Mar/2026:22:49:52 -0700] "GET /blog?path=//var/spool/at HTTP/1.1" 200 2313 "http://rgardensoap.com/blog?path=//var/spool" "Mozilla/5.0 AppleWebKit/537.36 (KHTML, like Gecko; compatible; GPTBot/1.3; +https://openai.com/gptbot)" 471 **0/471584**
74.7.227.35 - - [10/Mar/2026:22:49:52 -0700] "GET /?path=//opt/alt/tests/alt-php80-pecl-gearman_2.1.4-1.el8 HTTP/1.1" 200 2581 "http://mail.rgardensoap.com/?path=//opt/alt/tests" "Mozilla/5.0 AppleWebKit/537.36 (KHTML, like Gecko; compatible; GPTBot/1.3; +https://openai.com/gptbot)" 454 **0/454405**
74.7.241.54 - - [10/Mar/2026:22:49:52 -0700] "GET /plug/vote/plug.xml?fileloc=//proc/2470499/root/usr/share/locale/fr/LC_MESSAGES/opcodes.mo&path=//proc/2470499/root/usr/share/locale/fr/LC_MESSAGES HTTP/1.1" 200 2329 "http://www.rgardensoap.com/plug/vote/plug.xml?path=//proc/2470499/root/usr/share/locale/fr/LC_MESSAGES" "Mozilla/5.0 AppleWebKit/537.36 (KHTML, like Gecko; compatible; GPTBot/1.3; +https://openai.com/gptbot)" 495 **0/495931**
74.7.227.150 - - [10/Mar/2026:22:49:52 -0700] "GET /blog?path=//lib/exim/bin HTTP/1.1" 200 2705 "http://rgardensoap.com/blog?path=//lib/exim" "Mozilla/5.0 AppleWebKit/537.36 (KHTML, like Gecko; compatible; GPTBot/1.3; +https://openai.com/gptbot)" 494 **0/494887**
74.7.227.35 - - [10/Mar/2026:22:49:53 -0700] "GET /?path=//opt/alt/tests/alt-php83-pecl-inotify_3.0.0-1.el8 HTTP/1.1" 200 2583 "http://mail.rgardensoap.com/?path=//opt/alt/tests" "Mozilla/5.0 AppleWebKit/537.36 (KHTML, like Gecko; compatible; GPTBot/1.3; +https://openai.com/gptbot)" 481 **0/481519**
74.7.241.54 - - [10/Mar/2026:22:49:53 -0700] "GET /plug/vote/plug.xml?fileloc=//proc/2470499/root/usr/share/locale/fr/LC_MESSAGES/parted.mo&path=//proc/2470499/root/usr/share/locale/fr/LC_MESSAGES HTTP/1.1" 200 2328 "http://www.rgardensoap.com/plug/vote/plug.xml?path=//proc/2470499/root/usr/share/locale/fr/LC_MESSAGES" "Mozilla/5.0 AppleWebKit/537.36 (KHTML, like Gecko; compatible; GPTBot/1.3; +https://openai.com/gptbot)" 469 **0/469363**
74.7.227.150 - - [10/Mar/2026:22:49:53 -0700] "GET /blog?path=//opt/alt/curl HTTP/1.1" 200 2553 "http://rgardensoap.com/blog?path=//opt/alt" "Mozilla/5.0 AppleWebKit/537.36 (KHTML, like Gecko; compatible; GPTBot/1.3; +https://openai.com/gptbot)" 444 **0/444745**
74.7.227.35 - - [10/Mar/2026:22:49:53 -0700] "GET /?path=//opt/alt/tests/alt-php56-pecl-msgpack_0.5.7-1.el8 HTTP/1.1" 200 2583 "http://mail.rgardensoap.com/?path=//opt/alt/tests" "Mozilla/5.0 AppleWebKit/537.36 (KHTML, like Gecko; compatible; GPTBot/1.3; +https://openai.com/gptbot)" 455 **0/455518**
74.7.241.54 - - [10/Mar/2026:22:49:53 -0700] "GET /plug/vote/plug.xml?fileloc=//proc/2470499/root/usr/share/locale/fr/LC_MESSAGES/policycoreutils.mo&path=//proc/2470499/root/usr/share/locale/fr/LC_MESSAGES HTTP/1.1" 200 2333 "http://www.rgardensoap.com/plug/vote/plug.xml?path=//proc/2470499/root/usr/share/locale/fr/LC_MESSAGES" "Mozilla/5.0 AppleWebKit/537.36 (KHTML, like Gecko; compatible; GPTBot/1.3; +https://openai.com/gptbot)" 446 **0/446324**
74.7.227.150 - - [10/Mar/2026:22:49:53 -0700] "GET /blog?path=//opt/alt/vips HTTP/1.1" 200 2577 "http://rgardensoap.com/blog?path=//opt/alt" "Mozilla/5.0 AppleWebKit/537.36 (KHTML, like Gecko; compatible; GPTBot/1.3; +https://openai.com/gptbot)" 452 **0/452502**
74.7.227.35 - - [10/Mar/2026:22:49:54 -0700] "GET /?path=//opt/alt/tests/alt-php83-pecl-msgpack_2.2.0-1.el8/tests HTTP/1.1" 200 4632 "http://mail.rgardensoap.com/?path=//opt/alt/tests/alt-php83-pecl-msgpack_2.2.0-1.el8" "Mozilla/5.0 AppleWebKit/537.36 (KHTML, like Gecko; compatible; GPTBot/1.3; +https://openai.com/gptbot)" 476 **0/476816**
74.7.241.54 - - [10/Mar/2026:22:49:54 -0700] "GET /plug/vote/plug.xml?fileloc=//proc/2470499/root/usr/share/locale/fr/LC_MESSAGES/sudoers.mo&path=//proc/2470499/root/usr/share/locale/fr/LC_MESSAGES HTTP/1.1" 200 2329 "http://www.rgardensoap.com/plug/vote/plug.xml?path=//proc/2470499/root/usr/share/locale/fr/LC_MESSAGES" "Mozilla/5.0 AppleWebKit/537.36 (KHTML, like Gecko; compatible; GPTBot/1.3; +https://openai.com/gptbot)" 455 **0/455249**
74.7.227.150 - - [10/Mar/2026:22:49:54 -0700] "GET /blog?path=//proc/scsi/sg HTTP/1.1" 200 2728 "http://rgardensoap.com/blog?path=//proc/scsi" "Mozilla/5.0 AppleWebKit/537.36 (KHTML, like Gecko; compatible; GPTBot/1.3; +https://openai.com/gptbot)" 462 **0/462041**
74.7.227.35 - - [10/Mar/2026:22:49:54 -0700] "GET /?path=//opt/alt/tests/alt-php81-pecl-inotify_3.0.0-1.el8/tests HTTP/1.1" 200 2609 "http://mail.rgardensoap.com/?path=//opt/alt/tests/alt-php81-pecl-inotify_3.0.0-1.el8" "Mozilla/5.0 AppleWebKit/537.36 (KHTML, like Gecko; compatible; GPTBot/1.3; +https://openai.com/gptbot)" 479 **0/479348**
74.7.241.54 - - [10/Mar/2026:22:49:54 -0700] "GET /plug/vote/plug.xml?fileloc=//proc/2470499/root/usr/share/locale/fr/LC_MESSAGES/coreutils.mo&path=//proc/2470499/root/usr/share/locale/fr/LC_MESSAGES HTTP/1.1" 200 2330 "http://www.rgardensoap.com/plug/vote/plug.xml?path=//proc/2470499/root/usr/share/locale/fr/LC_MESSAGES" "Mozilla/5.0 AppleWebKit/537.36 (KHTML, like Gecko; compatible; GPTBot/1.3; +https://openai.com/gptbot)" 457 **0/457523**
74.7.227.150 - - [10/Mar/2026:22:49:55 -0700] "GET /wp?path=//opt/suphp HTTP/1.1" 200 2543 "http://rgardensoap.com/wp?path=//opt" "Mozilla/5.0 AppleWebKit/537.36 (KHTML, like Gecko; compatible; GPTBot/1.3; +https://openai.com/gptbot)" 469 **0/469465**
74.7.227.35 - - [10/Mar/2026:22:49:55 -0700] "GET /?path=//opt/alt/tests/alt-php70-pecl-weakref_0.3.3-1.el8/tests HTTP/1.1" 200 2934 "http://mail.rgardensoap.com/?path=//opt/alt/tests/alt-php70-pecl-weakref_0.3.3-1.el8" "Mozilla/5.0 AppleWebKit/537.36 (KHTML, like Gecko; compatible; GPTBot/1.3; +https://openai.com/gptbot)" 445 **0/445717**
74.7.241.54 - - [10/Mar/2026:22:49:55 -0700] "GET /plug/vote/plug.xml?fileloc=//proc/2470499/root/usr/share/locale/fr/LC_MESSAGES/authselect.mo&path=//proc/2470499/root/usr/share/locale/fr/LC_MESSAGES HTTP/1.1" 200 2330 "http://www.rgardensoap.com/plug/vote/plug.xml?path=//proc/2470499/root/usr/share/locale/fr/LC_MESSAGES" "Mozilla/5.0 AppleWebKit/537.36 (KHTML, like Gecko; compatible; GPTBot/1.3; +https://openai.com/gptbot)" 456 **0/456654**
74.7.227.150 - - [10/Mar/2026:22:49:55 -0700] "GET /blog/?fileloc=//proc/sys/net/ipv4/igmp_max_memberships&path=//proc/sys/net/ipv4 HTTP/1.1" 200 2288 "http://rgardensoap.com/blog/?path=//proc/sys/net/ipv4" "Mozilla/5.0 AppleWebKit/537.36 (KHTML, like Gecko; compatible; GPTBot/1.3; +https://openai.com/gptbot)" 446 **0/446059**
74.7.227.35 - - [10/Mar/2026:22:49:56 -0700] "GET /?path=//opt/alt/tests/alt-php71-pecl-weakref_0.3.3-1.el8 HTTP/1.1" 200 2581 "http://mail.rgardensoap.com/?path=//opt/alt/tests" "Mozilla/5.0 AppleWebKit/537.36 (KHTML, like Gecko; compatible; GPTBot/1.3; +https://openai.com/gptbot)" 501 **0/501928**
74.7.241.54 - - [10/Mar/2026:22:49:56 -0700] "GET /plug/vote/plug.xml?fileloc=//proc/2470499/root/usr/share/locale/fr/LC_MESSAGES/psmisc.mo&path=//proc/2470499/root/usr/share/locale/fr/LC_MESSAGES HTTP/1.1" 200 2328 "http://www.rgardensoap.com/plug/vote/plug.xml?path=//proc/2470499/root/usr/share/locale/fr/LC_MESSAGES" "Mozilla/5.0 AppleWebKit/537.36 (KHTML, like Gecko; compatible; GPTBot/1.3; +https://openai.com/gptbot)" 461 **0/461702**
74.7.227.150 - - [10/Mar/2026:22:49:56 -0700] "GET /blog/?path=//opt/alt/libssh211 HTTP/1.1" 200 2557 "http://rgardensoap.com/blog/?path=//opt/alt" "Mozilla/5.0 AppleWebKit/537.36 (KHTML, like Gecko; compatible; GPTBot/1.3; +https://openai.com/gptbot)" 444 **0/444993**
74.7.227.35 - - [10/Mar/2026:22:49:56 -0700] "GET /?path=//opt/alt/tests/alt-php71-pecl-gearman_2.1.4-1.el8 HTTP/1.1" 200 2582 "http://mail.rgardensoap.com/?path=//opt/alt/tests" "Mozilla/5.0 AppleWebKit/537.36 (KHTML, like Gecko; compatible; GPTBot/1.3; +https://openai.com/gptbot)" 462 **0/462105**
74.7.241.54 - - [10/Mar/2026:22:49:56 -0700] "GET /plug/vote/plug.xml?fileloc=//proc/2470499/root/usr/share/locale/fr/LC_MESSAGES/plymouth.mo&path=//proc/2470499/root/usr/share/locale/fr/LC_MESSAGES HTTP/1.1" 200 2330 "http://www.rgardensoap.com/plug/vote/plug.xml?path=//proc/2470499/root/usr/share/locale/fr/LC_MESSAGES" "Mozilla/5.0 AppleWebKit/537.36 (KHTML, like Gecko; compatible; GPTBot/1.3; +https://openai.com/gptbot)" 464 **0/464639**
74.7.227.150 - - [10/Mar/2026:22:49:56 -0700] "GET /blog/?path=//opt/alt/python310 HTTP/1.1" 200 2674 "http://rgardensoap.com/blog/?path=//opt/alt" "Mozilla/5.0 AppleWebKit/537.36 (KHTML, like Gecko; compatible; GPTBot/1.3; +https://openai.com/gptbot)" 807 **0/807955**
74.7.227.35 - - [10/Mar/2026:22:49:57 -0700] "GET /?path=//opt/alt/tests/alt-php72-pecl-msgpack_2.2.0-1.el8/tests HTTP/1.1" 200 4632 "http://mail.rgardensoap.com/?path=//opt/alt/tests/alt-php72-pecl-msgpack_2.2.0-1.el8" "Mozilla/5.0 AppleWebKit/537.36 (KHTML, like Gecko; compatible; GPTBot/1.3; +https://openai.com/gptbot)" 451 **0/451697**
74.7.241.54 - - [10/Mar/2026:22:49:57 -0700] "GET /plug/vote/plug.xml?fileloc=//proc/2470499/root/usr/share/locale/fr/LC_MESSAGES/cpplib.mo&path=//proc/2470499/root/usr/share/locale/fr/LC_MESSAGES HTTP/1.1" 200 2328 "http://www.rgardensoap.com/plug/vote/plug.xml?path=//proc/2470499/root/usr/share/locale/fr/LC_MESSAGES" "Mozilla/5.0 AppleWebKit/537.36 (KHTML, like Gecko; compatible; GPTBot/1.3; +https://openai.com/gptbot)" 473 **0/473818**
74.7.227.150 - - [10/Mar/2026:22:49:57 -0700] "GET /blog/?path=//opt/alt/python311 HTTP/1.1" 200 2674 "http://rgardensoap.com/blog/?path=//opt/alt" "Mozilla/5.0 AppleWebKit/537.36 (KHTML, like Gecko; compatible; GPTBot/1.3; +https://openai.com/gptbot)" 445 **0/445309**
74.7.227.35 - - [10/Mar/2026:22:49:57 -0700] "GET /?path=//opt/alt/tests/alt-php71-pecl-msgpack_2.2.0-1.el8 HTTP/1.1" 200 2583 "http://mail.rgardensoap.com/?path=//opt/alt/tests" "Mozilla/5.0 AppleWebKit/537.36 (KHTML, like Gecko; compatible; GPTBot/1.3; +https://openai.com/gptbot)" 481 **0/481999**
74.7.241.54 - - [10/Mar/2026:22:49:58 -0700] "GET /plug/vote/plug.xml?fileloc=//proc/2470499/root/usr/share/locale/rw/LC_MESSAGES/parted.mo&path=//proc/2470499/root/usr/share/locale/rw/LC_MESSAGES HTTP/1.1" 200 2328 "http://www.rgardensoap.com/plug/vote/plug.xml?path=//proc/2470499/root/usr/share/locale/rw/LC_MESSAGES" "Mozilla/5.0 AppleWebKit/537.36 (KHTML, like Gecko; compatible; GPTBot/1.3; +https://openai.com/gptbot)" 505 **0/505450**
68.66.116.63 - - [10/Mar/2026:22:49:58 -0700] "POST /xmlrpc.php HTTP/1.1" 200 73756 "-" "Mozilla/5.0 (Macintosh; Intel Mac OS X 10_14_6) AppleWebKit/537.36 (KHTML, like Gecko) Chrome/80.0.3987.132 Safari/537.36" 76 **0/76651**
74.7.227.35 - - [10/Mar/2026:22:49:58 -0700] "GET /?path=//opt/alt/tests/alt-php73-pecl-msgpack_2.2.0-1.el8 HTTP/1.1" 200 2583 "http://mail.rgardensoap.com/?path=//opt/alt/tests" "Mozilla/5.0 AppleWebKit/537.36 (KHTML, like Gecko; compatible; GPTBot/1.3; +https://openai.com/gptbot)" 498 **0/498666**
74.7.227.150 - - [10/Mar/2026:22:49:58 -0700] "GET /blog?path=//lib/.build-id HTTP/1.1" 200 4597 "http://rgardensoap.com/blog?path=//lib" "Mozilla/5.0 AppleWebKit/537.36 (KHTML, like Gecko; compatible; GPTBot/1.3; +https://openai.com/gptbot)" 605 **0/605497**
74.7.241.54 - - [10/Mar/2026:22:49:58 -0700] "GET /plug/vote/plug.xml?fileloc=//proc/2470499/root/usr/share/locale/nl/LC_MESSAGES/psmisc.mo&path=//proc/2470499/root/usr/share/locale/nl/LC_MESSAGES HTTP/1.1" 200 2329 "http://www.rgardensoap.com/plug/vote/plug.xml?path=//proc/2470499/root/usr/share/locale/nl/LC_MESSAGES" "Mozilla/5.0 AppleWebKit/537.36 (KHTML, like Gecko; compatible; GPTBot/1.3; +https://openai.com/gptbot)" 457 **0/457414**
68.66.116.63 - - [10/Mar/2026:22:49:59 -0700] "POST /xmlrpc.php HTTP/1.1" 200 73756 "-" "Mozilla/5.0 (Macintosh; Intel Mac OS X 10_14_6) AppleWebKit/537.36 (KHTML, like Gecko) Chrome/80.0.3987.132 Safari/537.36" 55 **0/55879**
74.7.227.35 - - [10/Mar/2026:22:49:59 -0700] "GET /?path=//opt/alt/tests/alt-php80-pecl-gearman_2.1.4-1.el8/tests HTTP/1.1" 200 3851 "http://mail.rgardensoap.com/?path=//opt/alt/tests/alt-php80-pecl-gearman_2.1.4-1.el8" "Mozilla/5.0 AppleWebKit/537.36 (KHTML, like Gecko; compatible; GPTBot/1.3; +https://openai.com/gptbot)" 484 **0/484779**
74.7.227.150 - - [10/Mar/2026:22:49:59 -0700] "GET /blog/?fileloc=//proc/sys/fs/pipe-user-pages-hard&path=//proc/sys/fs HTTP/1.1" 200 2278 "http://rgardensoap.com/blog/?path=//proc/sys/fs" "Mozilla/5.0 AppleWebKit/537.36 (KHTML, like Gecko; compatible; GPTBot/1.3; +https://openai.com/gptbot)" 505 **0/505088**
74.7.241.54 - - [10/Mar/2026:22:49:59 -0700] "GET /plug/vote/plug.xml?fileloc=//proc/2470499/root/usr/share/locale/nl/LC_MESSAGES/coreutils.mo&path=//proc/2470499/root/usr/share/locale/nl/LC_MESSAGES HTTP/1.1" 200 2330 "http://www.rgardensoap.com/plug/vote/plug.xml?path=//proc/2470499/root/usr/share/locale/nl/LC_MESSAGES" "Mozilla/5.0 AppleWebKit/537.36 (KHTML, like Gecko; compatible; GPTBot/1.3; +https://openai.com/gptbot)" 444 **0/444421**
68.66.116.63 - - [10/Mar/2026:22:49:59 -0700] "POST /xmlrpc.php HTTP/1.1" 200 73756 "-" "Mozilla/5.0 (Macintosh; Intel Mac OS X 10_14_6) AppleWebKit/537.36 (KHTML, like Gecko) Chrome/80.0.3987.132 Safari/537.36" 264 **0/264771**
74.7.227.35 - - [10/Mar/2026:22:49:59 -0700] "GET /?path=//opt/alt/tests/alt-php83-pecl-inotify_3.0.0-1.el8/tests HTTP/1.1" 200 2609 "http://mail.rgardensoap.com/?path=//opt/alt/tests/alt-php83-pecl-inotify_3.0.0-1.el8" "Mozilla/5.0 AppleWebKit/537.36 (KHTML, like Gecko; compatible; GPTBot/1.3; +https://openai.com/gptbot)" 485 **0/485210**
74.7.227.150 - - [10/Mar/2026:22:49:59 -0700] "GET /blog?fileloc=//lib/exim/bin/spf_example&path=//lib/exim/bin HTTP/1.1" 200 2269 "http://rgardensoap.com/blog?path=//lib/exim/bin" "Mozilla/5.0 AppleWebKit/537.36 (KHTML, like Gecko; compatible; GPTBot/1.3; +https://openai.com/gptbot)" 476 **0/476118**
74.7.241.54 - - [10/Mar/2026:22:49:59 -0700] "GET /plug/vote/plug.xml?fileloc=//proc/2470499/root/usr/share/locale/nl/LC_MESSAGES/recode.mo&path=//proc/2470499/root/usr/share/locale/nl/LC_MESSAGES HTTP/1.1" 200 2329 "http://www.rgardensoap.com/plug/vote/plug.xml?path=//proc/2470499/root/usr/share/locale/nl/LC_MESSAGES" "Mozilla/5.0 AppleWebKit/537.36 (KHTML, like Gecko; compatible; GPTBot/1.3; +https://openai.com/gptbot)" 465 **0/465293**
68.66.116.63 - - [10/Mar/2026:22:50:00 -0700] "POST /xmlrpc.php HTTP/1.1" 200 73756 "-" "Mozilla/5.0 (Macintosh; Intel Mac OS X 10_14_6) AppleWebKit/537.36 (KHTML, like Gecko) Chrome/80.0.3987.132 Safari/537.36" 75 **0/75226**
74.7.227.35 - - [10/Mar/2026:22:50:00 -0700] "GET /?path=//opt/alt/tests/alt-php56-pecl-msgpack_0.5.7-1.el8/tests HTTP/1.1" 200 5411 "http://mail.rgardensoap.com/?path=//opt/alt/tests/alt-php56-pecl-msgpack_0.5.7-1.el8" "Mozilla/5.0 AppleWebKit/537.36 (KHTML, like Gecko; compatible; GPTBot/1.3; +https://openai.com/gptbot)" 526 **0/526055**
74.7.227.150 - - [10/Mar/2026:22:50:00 -0700] "GET /blog?path=//proc/sys/net/ipv6 HTTP/1.1" 200 3425 "http://rgardensoap.com/blog?path=//proc/sys/net" "Mozilla/5.0 AppleWebKit/537.36 (KHTML, like Gecko; compatible; GPTBot/1.3; +https://openai.com/gptbot)" 456 **0/456679**
74.7.241.54 - - [10/Mar/2026:22:50:00 -0700] "GET /plug/vote/plug.xml?fileloc=//proc/2470499/root/usr/share/locale/ko/LC_MESSAGES/libuser.mo&path=//proc/2470499/root/usr/share/locale/ko/LC_MESSAGES HTTP/1.1" 200 2330 "http://www.rgardensoap.com/plug/vote/plug.xml?path=//proc/2470499/root/usr/share/locale/ko/LC_MESSAGES" "Mozilla/5.0 AppleWebKit/537.36 (KHTML, like Gecko; compatible; GPTBot/1.3; +https://openai.com/gptbot)" 476 **0/476683**
74.7.227.35 - - [10/Mar/2026:22:50:01 -0700] "GET /?path=//opt/alt/tests/alt-php70-pecl-msgpack_2.2.0-1.el8 HTTP/1.1" 200 2583 "http://mail.rgardensoap.com/?path=//opt/alt/tests" "Mozilla/5.0 AppleWebKit/537.36 (KHTML, like Gecko; compatible; GPTBot/1.3; +https://openai.com/gptbot)" 595 **0/595188**
74.7.227.150 - - [10/Mar/2026:22:50:01 -0700] "GET /blog?path=//proc/sys/net/ipv4 HTTP/1.1" 200 5589 "http://rgardensoap.com/blog?path=//proc/sys/net" "Mozilla/5.0 AppleWebKit/537.36 (KHTML, like Gecko; compatible; GPTBot/1.3; +https://openai.com/gptbot)" 621 **0/621335**
74.7.241.54 - - [10/Mar/2026:22:50:01 -0700] "GET /plug/vote/plug.xml?fileloc=//proc/2470499/root/usr/share/locale/ko/LC_MESSAGES/authselect.mo&path=//proc/2470499/root/usr/share/locale/ko/LC_MESSAGES HTTP/1.1" 200 2330 "http://www.rgardensoap.com/plug/vote/plug.xml?path=//proc/2470499/root/usr/share/locale/ko/LC_MESSAGES" "Mozilla/5.0 AppleWebKit/537.36 (KHTML, like Gecko; compatible; GPTBot/1.3; +https://openai.com/gptbot)" 723 **0/723484**
74.7.227.35 - - [10/Mar/2026:22:50:01 -0700] "GET /?path=//opt/alt/tests/alt-php84-pecl-msgpack_2.2.0-1.el8 HTTP/1.1" 200 2582 "http://mail.rgardensoap.com/?path=//opt/alt/tests" "Mozilla/5.0 AppleWebKit/537.36 (KHTML, like Gecko; compatible; GPTBot/1.3; +https://openai.com/gptbot)" 851 **0/851565**
74.7.241.54 - - [10/Mar/2026:22:50:02 -0700] "GET /plug/vote/plug.xml?fileloc=//proc/2470499/root/usr/share/locale/nl/LC_MESSAGES/cpplib.mo&path=//proc/2470499/root/usr/share/locale/nl/LC_MESSAGES HTTP/1.1" 200 2329 "http://www.rgardensoap.com/plug/vote/plug.xml?path=//proc/2470499/root/usr/share/locale/nl/LC_MESSAGES" "Mozilla/5.0 AppleWebKit/537.36 (KHTML, like Gecko; compatible; GPTBot/1.3; +https://openai.com/gptbot)" 1079 **1/1079259**
74.7.227.150 - - [10/Mar/2026:22:50:01 -0700] "GET /wp?path=//lib/icinga2 HTTP/1.1" 200 2610 "http://rgardensoap.com/wp?path=//lib" "Mozilla/5.0 AppleWebKit/537.36 (KHTML, like Gecko; compatible; GPTBot/1.3; +https://openai.com/gptbot)" 1288 **1/1288879**
74.7.227.35 - - [10/Mar/2026:22:50:02 -0700] "GET /?path=//opt/alt/tests/alt-php73-pecl-imagick_3.7.0-3.el8 HTTP/1.1" 200 2343 "http://mail.rgardensoap.com/?path=//opt/alt/tests" "Mozilla/5.0 AppleWebKit/537.36 (KHTML, like Gecko; compatible; GPTBot/1.3; +https://openai.com/gptbot)" 748 **0/748110**
74.7.241.54 - - [10/Mar/2026:22:50:03 -0700] "GET /plug/vote/plug.xml?fileloc=//proc/2470499/root/usr/share/locale/ko/LC_MESSAGES/usermode.mo&path=//proc/2470499/root/usr/share/locale/ko/LC_MESSAGES HTTP/1.1" 200 2330 "http://www.rgardensoap.com/plug/vote/plug.xml?path=//proc/2470499/root/usr/share/locale/ko/LC_MESSAGES" "Mozilla/5.0 AppleWebKit/537.36 (KHTML, like Gecko; compatible; GPTBot/1.3; +https://openai.com/gptbot)" 705 **0/705904**
74.7.227.150 - - [10/Mar/2026:22:50:03 -0700] "GET /blog/?fileloc=//proc/sys/net/ipv4/tcp_fastopen_blackhole_timeout_sec&path=//proc/sys/net/ipv4 HTTP/1.1" 200 2302 "http://rgardensoap.com/blog/?path=//proc/sys/net/ipv4" "Mozilla/5.0 AppleWebKit/537.36 (KHTML, like Gecko; compatible; GPTBot/1.3; +https://openai.com/gptbot)" 760 **0/760669**
74.7.227.35 - - [10/Mar/2026:22:50:03 -0700] "GET /?path=//opt/alt/tests/alt-php71-pecl-weakref_0.3.3-1.el8/tests HTTP/1.1" 200 2934 "http://mail.rgardensoap.com/?path=//opt/alt/tests/alt-php71-pecl-weakref_0.3.3-1.el8" "Mozilla/5.0 AppleWebKit/537.36 (KHTML, like Gecko; compatible; GPTBot/1.3; +https://openai.com/gptbot)" 770 **0/770514**
74.7.241.54 - - [10/Mar/2026:22:50:04 -0700] "GET /plug/vote/plug.xml?fileloc=//proc/2470499/root/usr/share/locale/nl/LC_MESSAGES/gnutls.mo&path=//proc/2470499/root/usr/share/locale/nl/LC_MESSAGES HTTP/1.1" 200 2329 "http://www.rgardensoap.com/plug/vote/plug.xml?path=//proc/2470499/root/usr/share/locale/nl/LC_MESSAGES" "Mozilla/5.0 AppleWebKit/537.36 (KHTML, like Gecko; compatible; GPTBot/1.3; +https://openai.com/gptbot)" 636 **0/636356**
74.7.227.150 - - [10/Mar/2026:22:50:04 -0700] "GET /blog?path=//run/systemd HTTP/1.1" 200 2544 "http://rgardensoap.com/blog?path=//run" "Mozilla/5.0 AppleWebKit/537.36 (KHTML, like Gecko; compatible; GPTBot/1.3; +https://openai.com/gptbot)" 650 **0/650943**
74.7.227.35 - - [10/Mar/2026:22:50:04 -0700] "GET /?path=//opt/alt/tests/alt-php71-pecl-gearman_2.1.4-1.el8/tests HTTP/1.1" 200 3850 "http://mail.rgardensoap.com/?path=//opt/alt/tests/alt-php71-pecl-gearman_2.1.4-1.el8" "Mozilla/5.0 AppleWebKit/537.36 (KHTML, like Gecko; compatible; GPTBot/1.3; +https://openai.com/gptbot)" 697 **0/697041**
74.7.241.54 - - [10/Mar/2026:22:50:04 -0700] "GET /plug/vote/plug.xml?fileloc=//proc/2470499/root/usr/share/locale/nl/LC_MESSAGES/mlocate.mo&path=//proc/2470499/root/usr/share/locale/nl/LC_MESSAGES HTTP/1.1" 200 2328 "http://www.rgardensoap.com/plug/vote/plug.xml?path=//proc/2470499/root/usr/share/locale/nl/LC_MESSAGES" "Mozilla/5.0 AppleWebKit/537.36 (KHTML, like Gecko; compatible; GPTBot/1.3; +https://openai.com/gptbot)" 648 **0/648493**
74.7.227.150 - - [10/Mar/2026:22:50:04 -0700] "GET /blog?path=//usr/include HTTP/1.1" 200 9112 "http://rgardensoap.com/blog?path=//usr" "Mozilla/5.0 AppleWebKit/537.36 (KHTML, like Gecko; compatible; GPTBot/1.3; +https://openai.com/gptbot)" 686 **0/686330**
74.7.227.35 - - [10/Mar/2026:22:50:05 -0700] "GET /?path=//opt/alt/tests/alt-php80-pecl-imagick_3.7.0-3.el8 HTTP/1.1" 200 2344 "http://mail.rgardensoap.com/?path=//opt/alt/tests" "Mozilla/5.0 AppleWebKit/537.36 (KHTML, like Gecko; compatible; GPTBot/1.3; +https://openai.com/gptbot)" 523 **0/523136**
74.7.241.54 - - [10/Mar/2026:22:50:05 -0700] "GET /plug/vote/plug.xml?fileloc=//proc/2470499/root/usr/share/locale/ko/LC_MESSAGES/coreutils.mo&path=//proc/2470499/root/usr/share/locale/ko/LC_MESSAGES HTTP/1.1" 200 2330 "http://www.rgardensoap.com/plug/vote/plug.xml?path=//proc/2470499/root/usr/share/locale/ko/LC_MESSAGES" "Mozilla/5.0 AppleWebKit/537.36 (KHTML, like Gecko; compatible; GPTBot/1.3; +https://openai.com/gptbot)" 707 **0/707339**
74.7.227.150 - - [10/Mar/2026:22:50:05 -0700] "GET /blog?path=//proc/2470499/fdinfo HTTP/1.1" 200 2648 "http://rgardensoap.com/blog?path=//proc/2470499" "Mozilla/5.0 AppleWebKit/537.36 (KHTML, like Gecko; compatible; GPTBot/1.3; +https://openai.com/gptbot)" 649 **0/649099**
74.7.227.35 - - [10/Mar/2026:22:50:06 -0700] "GET /?path=//opt/alt/tests/alt-php71-pecl-msgpack_2.2.0-1.el8/tests HTTP/1.1" 200 4632 "http://mail.rgardensoap.com/?path=//opt/alt/tests/alt-php71-pecl-msgpack_2.2.0-1.el8" "Mozilla/5.0 AppleWebKit/537.36 (KHTML, like Gecko; compatible; GPTBot/1.3; +https://openai.com/gptbot)" 606 **0/606518**
74.7.241.54 - - [10/Mar/2026:22:50:06 -0700] "GET /plug/vote/plug.xml?fileloc=//proc/2470499/root/usr/share/locale/ko/LC_MESSAGES/policycoreutils.mo&path=//proc/2470499/root/usr/share/locale/ko/LC_MESSAGES HTTP/1.1" 200 2333 "http://www.rgardensoap.com/plug/vote/plug.xml?path=//proc/2470499/root/usr/share/locale/ko/LC_MESSAGES" "Mozilla/5.0 AppleWebKit/537.36 (KHTML, like Gecko; compatible; GPTBot/1.3; +https://openai.com/gptbot)" 552 **0/552423**
74.7.227.150 - - [10/Mar/2026:22:50:06 -0700] "GET /blog/?path=//lib64/python2.7/test HTTP/1.1" 200 2823 "http://rgardensoap.com/blog/?path=//lib64/python2.7" "Mozilla/5.0 AppleWebKit/537.36 (KHTML, like Gecko; compatible; GPTBot/1.3; +https://openai.com/gptbot)" 523 **0/523032**
74.7.227.35 - - [10/Mar/2026:22:50:06 -0700] "GET /?path=//opt/alt/tests/alt-php73-pecl-msgpack_2.2.0-1.el8/tests HTTP/1.1" 200 4632 "http://mail.rgardensoap.com/?path=//opt/alt/tests/alt-php73-pecl-msgpack_2.2.0-1.el8" "Mozilla/5.0 AppleWebKit/537.36 (KHTML, like Gecko; compatible; GPTBot/1.3; +https://openai.com/gptbot)" 542 **0/542924**
74.7.241.54 - - [10/Mar/2026:22:50:07 -0700] "GET /plug/vote/plug.xml?fileloc=//proc/2470499/root/usr/share/locale/nl/LC_MESSAGES/policycoreutils.mo&path=//proc/2470499/root/usr/share/locale/nl/LC_MESSAGES HTTP/1.1" 200 2333 "http://www.rgardensoap.com/plug/vote/plug.xml?path=//proc/2470499/root/usr/share/locale/nl/LC_MESSAGES" "Mozilla/5.0 AppleWebKit/537.36 (KHTML, like Gecko; compatible; GPTBot/1.3; +https://openai.com/gptbot)" 539 **0/539763**
74.7.227.150 - - [10/Mar/2026:22:50:07 -0700] "GET /blog?path=//lib/.build-id/18 HTTP/1.1" 200 3493 "http://rgardensoap.com/blog?path=//lib/.build-id" "Mozilla/5.0 AppleWebKit/537.36 (KHTML, like Gecko; compatible; GPTBot/1.3; +https://openai.com/gptbot)" 552 **0/552400**
74.7.227.35 - - [10/Mar/2026:22:50:07 -0700] "GET /?path=//opt/alt/tests/alt-php83-pecl-gearman_2.1.4-1.el8 HTTP/1.1" 200 2581 "http://mail.rgardensoap.com/?path=//opt/alt/tests" "Mozilla/5.0 AppleWebKit/537.36 (KHTML, like Gecko; compatible; GPTBot/1.3; +https://openai.com/gptbot)" 500 **0/500906**
74.7.227.150 - - [10/Mar/2026:22:50:07 -0700] "GET /blog?path=//lib/.build-id/51 HTTP/1.1" 200 3389 "http://rgardensoap.com/blog?path=//lib/.build-id" "Mozilla/5.0 AppleWebKit/537.36 (KHTML, like Gecko; compatible; GPTBot/1.3; +https://openai.com/gptbot)" 476 **0/476522**
74.7.241.54 - - [10/Mar/2026:22:50:07 -0700] "GET /plug/vote/plug.xml?fileloc=//proc/2470499/root/usr/share/locale/ko/LC_MESSAGES/mlocate.mo&path=//proc/2470499/root/usr/share/locale/ko/LC_MESSAGES HTTP/1.1" 200 2328 "http://www.rgardensoap.com/plug/vote/plug.xml?path=//proc/2470499/root/usr/share/locale/ko/LC_MESSAGES" "Mozilla/5.0 AppleWebKit/537.36 (KHTML, like Gecko; compatible; GPTBot/1.3; +https://openai.com/gptbot)" 571 **0/571025**
74.7.227.35 - - [10/Mar/2026:22:50:08 -0700] "GET /?path=//opt/alt/tests/alt-php70-pecl-imagick_3.7.0-3.el8 HTTP/1.1" 200 2343 "http://mail.rgardensoap.com/?path=//opt/alt/tests" "Mozilla/5.0 AppleWebKit/537.36 (KHTML, like Gecko; compatible; GPTBot/1.3; +https://openai.com/gptbot)" 531 **0/531452**
74.7.227.150 - - [10/Mar/2026:22:50:08 -0700] "GET /blog?path=//lib/.build-id/8b HTTP/1.1" 200 3013 "http://rgardensoap.com/blog?path=//lib/.build-id" "Mozilla/5.0 AppleWebKit/537.36 (KHTML, like Gecko; compatible; GPTBot/1.3; +https://openai.com/gptbot)" 552 **0/552425**
74.7.241.54 - - [10/Mar/2026:22:50:08 -0700] "GET /plug/vote/plug.xml?fileloc=//proc/2470499/root/usr/share/locale/ko/LC_MESSAGES/syspurpose.mo&path=//proc/2470499/root/usr/share/locale/ko/LC_MESSAGES HTTP/1.1" 200 2331 "http://www.rgardensoap.com/plug/vote/plug.xml?path=//proc/2470499/root/usr/share/locale/ko/LC_MESSAGES" "Mozilla/5.0 AppleWebKit/537.36 (KHTML, like Gecko; compatible; GPTBot/1.3; +https://openai.com/gptbot)" 528 **0/528448**
74.7.227.35 - - [10/Mar/2026:22:50:08 -0700] "GET /?fileloc=//opt/alt/tests/alt-php56-pecl-msgpack_0.5.7-1.el8/tests/015e.phpt&path=//opt/alt/tests/alt-php56-pecl-msgpack_0.5.7-1.el8/tests HTTP/1.1" 200 2811 "http://mail.rgardensoap.com/?path=//opt/alt/tests/alt-php56-pecl-msgpack_0.5.7-1.el8/tests" "Mozilla/5.0 AppleWebKit/537.36 (KHTML, like Gecko; compatible; GPTBot/1.3; +https://openai.com/gptbot)" 530 **0/530847**
74.7.227.150 - - [10/Mar/2026:22:50:09 -0700] "GET /blog?fileloc=//proc/sys/net/ipv6/bindv6only&path=//proc/sys/net/ipv6 HTTP/1.1" 200 2282 "http://rgardensoap.com/blog?path=//proc/sys/net/ipv6" "Mozilla/5.0 AppleWebKit/537.36 (KHTML, like Gecko; compatible; GPTBot/1.3; +https://openai.com/gptbot)" 494 **0/494381**
74.7.241.54 - - [10/Mar/2026:22:50:09 -0700] "GET /plug/vote/plug.xml?fileloc=//proc/2470499/root/usr/share/locale/ko/LC_MESSAGES/sudoers.mo&path=//proc/2470499/root/usr/share/locale/ko/LC_MESSAGES HTTP/1.1" 200 2329 "http://www.rgardensoap.com/plug/vote/plug.xml?path=//proc/2470499/root/usr/share/locale/ko/LC_MESSAGES" "Mozilla/5.0 AppleWebKit/537.36 (KHTML, like Gecko; compatible; GPTBot/1.3; +https://openai.com/gptbot)" 637 **0/637984**
74.7.227.35 - - [10/Mar/2026:22:50:09 -0700] "GET /?path=//opt/alt/tests/alt-php70-pecl-msgpack_2.2.0-1.el8/tests HTTP/1.1" 200 4632 "http://mail.rgardensoap.com/?path=//opt/alt/tests/alt-php70-pecl-msgpack_2.2.0-1.el8" "Mozilla/5.0 AppleWebKit/537.36 (KHTML, like Gecko; compatible; GPTBot/1.3; +https://openai.com/gptbot)" 571 **0/571794**
74.7.227.150 - - [10/Mar/2026:22:50:09 -0700] "GET /blog?fileloc=//proc/sys/net/ipv4/tcp_sack&path=//proc/sys/net/ipv4 HTTP/1.1" 200 2280 "http://rgardensoap.com/blog?path=//proc/sys/net/ipv4" "Mozilla/5.0 AppleWebKit/537.36 (KHTML, like Gecko; compatible; GPTBot/1.3; +https://openai.com/gptbot)" 493 **0/493673**
74.7.241.54 - - [10/Mar/2026:22:50:10 -0700] "GET /plug/vote/plug.xml?fileloc=//proc/2470499/root/usr/share/locale/nl/LC_MESSAGES/libsecret.mo&path=//proc/2470499/root/usr/share/locale/nl/LC_MESSAGES HTTP/1.1" 200 2330 "http://www.rgardensoap.com/plug/vote/plug.xml?path=//proc/2470499/root/usr/share/locale/nl/LC_MESSAGES" "Mozilla/5.0 AppleWebKit/537.36 (KHTML, like Gecko; compatible; GPTBot/1.3; +https://openai.com/gptbot)" 565 **0/565923**
74.7.227.35 - - [10/Mar/2026:22:50:10 -0700] "GET /?path=//opt/alt/tests/alt-php84-pecl-msgpack_2.2.0-1.el8/tests HTTP/1.1" 200 4632 "http://mail.rgardensoap.com/?path=//opt/alt/tests/alt-php84-pecl-msgpack_2.2.0-1.el8" "Mozilla/5.0 AppleWebKit/537.36 (KHTML, like Gecko; compatible; GPTBot/1.3; +https://openai.com/gptbot)" 534 **0/534115**
74.7.227.150 - - [10/Mar/2026:22:50:10 -0700] "GET /blog?fileloc=//proc/sys/net/ipv4/tcp_ecn&path=//proc/sys/net/ipv4 HTTP/1.1" 200 2280 "http://rgardensoap.com/blog?path=//proc/sys/net/ipv4" "Mozilla/5.0 AppleWebKit/537.36 (KHTML, like Gecko; compatible; GPTBot/1.3; +https://openai.com/gptbot)" 516 **0/516330**
74.7.241.54 - - [10/Mar/2026:22:50:10 -0700] "GET /plug/vote/plug.xml?fileloc=//proc/2470499/root/usr/share/locale/ko/LC_MESSAGES/libsecret.mo&path=//proc/2470499/root/usr/share/locale/ko/LC_MESSAGES HTTP/1.1" 200 2330 "http://www.rgardensoap.com/plug/vote/plug.xml?path=//proc/2470499/root/usr/share/locale/ko/LC_MESSAGES" "Mozilla/5.0 AppleWebKit/537.36 (KHTML, like Gecko; compatible; GPTBot/1.3; +https://openai.com/gptbot)" 566 **0/566539**
74.7.227.35 - - [10/Mar/2026:22:50:11 -0700] "GET /?path=//opt/alt/tests/alt-php81-pecl-gearman_2.1.4-1.el8 HTTP/1.1" 200 2581 "http://mail.rgardensoap.com/?path=//opt/alt/tests" "Mozilla/5.0 AppleWebKit/537.36 (KHTML, like Gecko; compatible; GPTBot/1.3; +https://openai.com/gptbot)" 480 **0/480686**
74.7.227.150 - - [10/Mar/2026:22:50:11 -0700] "GET /blog?fileloc=//proc/sys/net/ipv4/tcp_frto&path=//proc/sys/net/ipv4 HTTP/1.1" 200 2281 "http://rgardensoap.com/blog?path=//proc/sys/net/ipv4" "Mozilla/5.0 AppleWebKit/537.36 (KHTML, like Gecko; compatible; GPTBot/1.3; +https://openai.com/gptbot)" 470 **0/470669**
74.7.241.54 - - [10/Mar/2026:22:50:11 -0700] "GET /plug/vote/plug.xml?fileloc=//proc/2470499/root/usr/share/locale/nl/LC_MESSAGES/plymouth.mo&path=//proc/2470499/root/usr/share/locale/nl/LC_MESSAGES HTTP/1.1" 200 2331 "http://www.rgardensoap.com/plug/vote/plug.xml?path=//proc/2470499/root/usr/share/locale/nl/LC_MESSAGES" "Mozilla/5.0 AppleWebKit/537.36 (KHTML, like Gecko; compatible; GPTBot/1.3; +https://openai.com/gptbot)" 509 **0/509019**
74.7.227.35 - - [10/Mar/2026:22:50:11 -0700] "GET /?path=//opt/alt/tests/alt-php84-pecl-gearman_2.1.4-1.el8 HTTP/1.1" 200 2581 "http://mail.rgardensoap.com/?path=//opt/alt/tests" "Mozilla/5.0 AppleWebKit/537.36 (KHTML, like Gecko; compatible; GPTBot/1.3; +https://openai.com/gptbot)" 563 **0/563425**
74.7.227.150 - - [10/Mar/2026:22:50:11 -0700] "GET /blog?fileloc=//proc/sys/net/ipv4/tcp_min_tso_segs&path=//proc/sys/net/ipv4 HTTP/1.1" 200 2287 "http://rgardensoap.com/blog?path=//proc/sys/net/ipv4" "Mozilla/5.0 AppleWebKit/537.36 (KHTML, like Gecko; compatible; GPTBot/1.3; +https://openai.com/gptbot)" 495 **0/495561**
74.7.241.54 - - [10/Mar/2026:22:50:12 -0700] "GET /plug/vote/plug.xml?fileloc=//proc/2470499/root/usr/share/locale/nl/LC_MESSAGES/libpaper.mo&path=//proc/2470499/root/usr/share/locale/nl/LC_MESSAGES HTTP/1.1" 200 2330 "http://www.rgardensoap.com/plug/vote/plug.xml?path=//proc/2470499/root/usr/share/locale/nl/LC_MESSAGES" "Mozilla/5.0 AppleWebKit/537.36 (KHTML, like Gecko; compatible; GPTBot/1.3; +https://openai.com/gptbot)" 565 **0/565657**
74.7.227.35 - - [10/Mar/2026:22:50:12 -0700] "GET /?path=//opt/alt/tests/alt-php74-pecl-leveldb_0.3.0-1.el8 HTTP/1.1" 200 2581 "http://mail.rgardensoap.com/?path=//opt/alt/tests" "Mozilla/5.0 AppleWebKit/537.36 (KHTML, like Gecko; compatible; GPTBot/1.3; +https://openai.com/gptbot)" 531 **0/531923**
74.7.227.150 - - [10/Mar/2026:22:50:12 -0700] "GET /blog?path=//usr/include/gnu HTTP/1.1" 200 2684 "http://rgardensoap.com/blog?path=//usr/include" "Mozilla/5.0 AppleWebKit/537.36 (KHTML, like Gecko; compatible; GPTBot/1.3; +https://openai.com/gptbot)" 499 **0/499047**
74.7.241.54 - - [10/Mar/2026:22:50:12 -0700] "GET /plug/vote/plug.xml?fileloc=//proc/2470499/root/usr/share/locale/nl/LC_MESSAGES/aspell.mo&path=//proc/2470499/root/usr/share/locale/nl/LC_MESSAGES HTTP/1.1" 200 2329 "http://www.rgardensoap.com/plug/vote/plug.xml?path=//proc/2470499/root/usr/share/locale/nl/LC_MESSAGES" "Mozilla/5.0 AppleWebKit/537.36 (KHTML, like Gecko; compatible; GPTBot/1.3; +https://openai.com/gptbot)" 520 **0/520828**
74.7.227.35 - - [10/Mar/2026:22:50:13 -0700] "GET /?path=//opt/alt/tests/alt-php80-pecl-inotify_3.0.0-1.el8 HTTP/1.1" 200 2583 "http://mail.rgardensoap.com/?path=//opt/alt/tests" "Mozilla/5.0 AppleWebKit/537.36 (KHTML, like Gecko; compatible; GPTBot/1.3; +https://openai.com/gptbot)" 519 **0/519782**
74.7.227.150 - - [10/Mar/2026:22:50:13 -0700] "GET /blog?fileloc=//proc/sys/net/ipv4/tcp_min_rtt_wlen&path=//proc/sys/net/ipv4 HTTP/1.1" 200 2288 "http://rgardensoap.com/blog?path=//proc/sys/net/ipv4" "Mozilla/5.0 AppleWebKit/537.36 (KHTML, like Gecko; compatible; GPTBot/1.3; +https://openai.com/gptbot)" 563 **0/563506**
74.7.241.54 - - [10/Mar/2026:22:50:13 -0700] "GET /plug/vote/plug.xml?fileloc=//proc/2470499/root/usr/share/locale/ko/LC_MESSAGES/gettext-tools.mo&path=//proc/2470499/root/usr/share/locale/ko/LC_MESSAGES HTTP/1.1" 200 2332 "http://www.rgardensoap.com/plug/vote/plug.xml?path=//proc/2470499/root/usr/share/locale/ko/LC_MESSAGES" "Mozilla/5.0 AppleWebKit/537.36 (KHTML, like Gecko; compatible; GPTBot/1.3; +https://openai.com/gptbot)" 522 **0/522473**
74.7.227.35 - - [10/Mar/2026:22:50:13 -0700] "GET /?fileloc=//opt/alt/tests/alt-php71-pecl-msgpack_2.2.0-1.el8/tests/042.phpt&path=//opt/alt/tests/alt-php71-pecl-msgpack_2.2.0-1.el8/tests HTTP/1.1" 200 2706 "http://mail.rgardensoap.com/?path=//opt/alt/tests/alt-php71-pecl-msgpack_2.2.0-1.el8/tests" "Mozilla/5.0 AppleWebKit/537.36 (KHTML, like Gecko; compatible; GPTBot/1.3; +https://openai.com/gptbot)" 510 **0/510541**
74.7.227.150 - - [10/Mar/2026:22:50:13 -0700] "GET /blog?fileloc=//proc/sys/net/ipv4/tcp_comp_sack_nr&path=//proc/sys/net/ipv4 HTTP/1.1" 200 2288 "http://rgardensoap.com/blog?path=//proc/sys/net/ipv4" "Mozilla/5.0 AppleWebKit/537.36 (KHTML, like Gecko; compatible; GPTBot/1.3; +https://openai.com/gptbot)" 538 **0/538664**
74.7.241.54 - - [10/Mar/2026:22:50:14 -0700] "GET /plug/vote/plug.xml?fileloc=//proc/2470499/root/usr/share/locale/nl/LC_MESSAGES/opcodes.mo&path=//proc/2470499/root/usr/share/locale/nl/LC_MESSAGES HTTP/1.1" 200 2330 "http://www.rgardensoap.com/plug/vote/plug.xml?path=//proc/2470499/root/usr/share/locale/nl/LC_MESSAGES" "Mozilla/5.0 AppleWebKit/537.36 (KHTML, like Gecko; compatible; GPTBot/1.3; +https://openai.com/gptbot)" 484 **0/484730**
74.7.227.35 - - [10/Mar/2026:22:50:14 -0700] "GET /?path=//opt/alt/tests/alt-php54-pecl-msgpack_0.5.7-1.el8 HTTP/1.1" 200 2583 "http://mail.rgardensoap.com/?path=//opt/alt/tests" "Mozilla/5.0 AppleWebKit/537.36 (KHTML, like Gecko; compatible; GPTBot/1.3; +https://openai.com/gptbot)" 505 **0/505113**
74.7.227.150 - - [10/Mar/2026:22:50:14 -0700] "GET /blog?fileloc=//proc/sys/net/ipv4/icmp_msgs_per_sec&path=//proc/sys/net/ipv4 HTTP/1.1" 200 2289 "http://rgardensoap.com/blog?path=//proc/sys/net/ipv4" "Mozilla/5.0 AppleWebKit/537.36 (KHTML, like Gecko; compatible; GPTBot/1.3; +https://openai.com/gptbot)" 475 **0/475095**
74.7.227.35 - - [10/Mar/2026:22:50:15 -0700] "GET /?path=//opt/alt/tests/alt-php83-pecl-gearman_2.1.4-1.el8/tests HTTP/1.1" 200 3851 "http://mail.rgardensoap.com/?path=//opt/alt/tests/alt-php83-pecl-gearman_2.1.4-1.el8" "Mozilla/5.0 AppleWebKit/537.36 (KHTML, like Gecko; compatible; GPTBot/1.3; +https://openai.com/gptbot)" 534 **0/534149**
74.7.227.150 - - [10/Mar/2026:22:50:15 -0700] "GET /blog?fileloc=//proc/sys/net/ipv4/tcp_base_mss&path=//proc/sys/net/ipv4 HTTP/1.1" 200 2284 "http://rgardensoap.com/blog?path=//proc/sys/net/ipv4" "Mozilla/5.0 AppleWebKit/537.36 (KHTML, like Gecko; compatible; GPTBot/1.3; +https://openai.com/gptbot)" 472 **0/472528**
74.7.241.54 - - [10/Mar/2026:22:50:14 -0700] "GET /plug/vote/plug.xml?fileloc=//proc/2470499/root/usr/share/locale/ko/LC_MESSAGES/sysstat.mo&path=//proc/2470499/root/usr/share/locale/ko/LC_MESSAGES HTTP/1.1" 200 2330 "http://www.rgardensoap.com/plug/vote/plug.xml?path=//proc/2470499/root/usr/share/locale/ko/LC_MESSAGES" "Mozilla/5.0 AppleWebKit/537.36 (KHTML, like Gecko; compatible; GPTBot/1.3; +https://openai.com/gptbot)" 949 **0/949014**
