74.7.241.54 - - [10/Mar/2026:22:32:05 -0700] "GET /fizzy-bath-bombs.html?fileloc=/home/p8pyefaexf70/public_html/wp-admin/js/media.js&path=/home/p8pyefaexf70/public_html/wp-admin/js HTTP/1.1" 200 4474 "http://www.rgardensoap.com/fizzy-bath-bombs.html?path=/home/p8pyefaexf70/public_html/wp-admin/js" "Mozilla/5.0 AppleWebKit/537.36 (KHTML, like Gecko; compatible; GPTBot/1.3; +https://openai.com/gptbot)" 343 **0/343458**
74.7.227.35 - - [10/Mar/2026:22:32:05 -0700] "GET /?fileloc=//lib64/libmcheck.a&path=//lib64 HTTP/1.1" 200 2249 "http://mail.rgardensoap.com/?path=//lib64" "Mozilla/5.0 AppleWebKit/537.36 (KHTML, like Gecko; compatible; GPTBot/1.3; +https://openai.com/gptbot)" 500 **0/500735**
74.7.227.150 - - [10/Mar/2026:22:32:04 -0700] "GET /blog?path=//lib64/krb5 HTTP/1.1" 200 2545 "http://rgardensoap.com/blog?path=//lib64" "Mozilla/5.0 AppleWebKit/537.36 (KHTML, like Gecko; compatible; GPTBot/1.3; +https://openai.com/gptbot)" 624 **0/624334**
74.7.241.54 - - [10/Mar/2026:22:32:05 -0700] "GET /fizzy-bath-bombs.html?fileloc=/home/p8pyefaexf70/public_html/wp-admin/js/farbtastic.js&path=/home/p8pyefaexf70/public_html/wp-admin/js HTTP/1.1" 200 4788 "http://www.rgardensoap.com/fizzy-bath-bombs.html?path=/home/p8pyefaexf70/public_html/wp-admin/js" "Mozilla/5.0 AppleWebKit/537.36 (KHTML, like Gecko; compatible; GPTBot/1.3; +https://openai.com/gptbot)" 368 **0/368252**
74.7.227.35 - - [10/Mar/2026:22:32:05 -0700] "GET /?fileloc=//lib64/libpanelw.so&path=//lib64 HTTP/1.1" 200 2251 "http://mail.rgardensoap.com/?path=//lib64" "Mozilla/5.0 AppleWebKit/537.36 (KHTML, like Gecko; compatible; GPTBot/1.3; +https://openai.com/gptbot)" 527 **0/527818**
74.7.227.150 - - [10/Mar/2026:22:32:05 -0700] "GET /blog?path=//lib64/sse2 HTTP/1.1" 200 2305 "http://rgardensoap.com/blog?path=//lib64" "Mozilla/5.0 AppleWebKit/537.36 (KHTML, like Gecko; compatible; GPTBot/1.3; +https://openai.com/gptbot)" 539 **0/539214**
74.7.241.54 - - [10/Mar/2026:22:32:06 -0700] "GET /fizzy-bath-bombs.html?fileloc=/home/p8pyefaexf70/public_html/wp-admin/js/theme.min.js&path=/home/p8pyefaexf70/public_html/wp-admin/js HTTP/1.1" 200 9748 "http://www.rgardensoap.com/fizzy-bath-bombs.html?path=/home/p8pyefaexf70/public_html/wp-admin/js" "Mozilla/5.0 AppleWebKit/537.36 (KHTML, like Gecko; compatible; GPTBot/1.3; +https://openai.com/gptbot)" 317 **0/317136**
74.7.227.35 - - [10/Mar/2026:22:32:06 -0700] "GET /?fileloc=//lib64/libevent.so&path=//lib64 HTTP/1.1" 200 2249 "http://mail.rgardensoap.com/?path=//lib64" "Mozilla/5.0 AppleWebKit/537.36 (KHTML, like Gecko; compatible; GPTBot/1.3; +https://openai.com/gptbot)" 503 **0/503498**
74.7.241.54 - - [10/Mar/2026:22:32:06 -0700] "GET /fizzy-bath-bombs.html?fileloc=/home/p8pyefaexf70/public_html/wp-admin/js/image-edit.js&path=/home/p8pyefaexf70/public_html/wp-admin/js HTTP/1.1" 200 12021 "http://www.rgardensoap.com/fizzy-bath-bombs.html?path=/home/p8pyefaexf70/public_html/wp-admin/js" "Mozilla/5.0 AppleWebKit/537.36 (KHTML, like Gecko; compatible; GPTBot/1.3; +https://openai.com/gptbot)" 332 **0/332743**
74.7.227.150 - - [10/Mar/2026:22:32:06 -0700] "GET /blog?path=//var/lve HTTP/1.1" 200 2692 "http://rgardensoap.com/blog?path=//var" "Mozilla/5.0 AppleWebKit/537.36 (KHTML, like Gecko; compatible; GPTBot/1.3; +https://openai.com/gptbot)" 642 **0/642826**
74.7.227.35 - - [10/Mar/2026:22:32:06 -0700] "GET /?fileloc=//lib64/libselinux.so&path=//lib64 HTTP/1.1" 200 2251 "http://mail.rgardensoap.com/?path=//lib64" "Mozilla/5.0 AppleWebKit/537.36 (KHTML, like Gecko; compatible; GPTBot/1.3; +https://openai.com/gptbot)" 540 **0/540739**
74.7.241.54 - - [10/Mar/2026:22:32:07 -0700] "GET /fizzy-bath-bombs.html?fileloc=/home/p8pyefaexf70/public_html/wp-admin/js/theme.js&path=/home/p8pyefaexf70/public_html/wp-admin/js HTTP/1.1" 200 16146 "http://www.rgardensoap.com/fizzy-bath-bombs.html?path=/home/p8pyefaexf70/public_html/wp-admin/js" "Mozilla/5.0 AppleWebKit/537.36 (KHTML, like Gecko; compatible; GPTBot/1.3; +https://openai.com/gptbot)" 580 **0/580583**
74.7.227.150 - - [10/Mar/2026:22:32:07 -0700] "GET /blog?path=//etc/ssh HTTP/1.1" 200 2609 "http://rgardensoap.com/blog?path=//etc" "Mozilla/5.0 AppleWebKit/537.36 (KHTML, like Gecko; compatible; GPTBot/1.3; +https://openai.com/gptbot)" 449 **0/449167**
74.7.227.35 - - [10/Mar/2026:22:32:07 -0700] "GET /?fileloc=//lib64/libresolv.so&path=//lib64 HTTP/1.1" 200 2251 "http://mail.rgardensoap.com/?path=//lib64" "Mozilla/5.0 AppleWebKit/537.36 (KHTML, like Gecko; compatible; GPTBot/1.3; +https://openai.com/gptbot)" 546 **0/546789**
74.7.241.54 - - [10/Mar/2026:22:32:07 -0700] "GET /fizzy-bath-bombs.html?fileloc=/home/p8pyefaexf70/public_html/wp-admin/js/xfn.min.js&path=/home/p8pyefaexf70/public_html/wp-admin/js HTTP/1.1" 200 2517 "http://www.rgardensoap.com/fizzy-bath-bombs.html?path=/home/p8pyefaexf70/public_html/wp-admin/js" "Mozilla/5.0 AppleWebKit/537.36 (KHTML, like Gecko; compatible; GPTBot/1.3; +https://openai.com/gptbot)" 297 **0/297141**
74.7.227.150 - - [10/Mar/2026:22:32:07 -0700] "GET /blog?path=//lib/kbd HTTP/1.1" 200 2618 "http://rgardensoap.com/blog?path=//lib" "Mozilla/5.0 AppleWebKit/537.36 (KHTML, like Gecko; compatible; GPTBot/1.3; +https://openai.com/gptbot)" 661 **0/661002**
74.7.241.54 - - [10/Mar/2026:22:32:08 -0700] "GET /plug/vote/plug.xml?fileloc=/home/p8pyefaexf70/public_html/wp-includes/IXR/class-IXR-error.php&path=/home/p8pyefaexf70/public_html/wp-includes/IXR HTTP/1.1" 200 2611 "http://www.rgardensoap.com/plug/vote/plug.xml?path=/home/p8pyefaexf70/public_html/wp-includes/IXR" "Mozilla/5.0 AppleWebKit/537.36 (KHTML, like Gecko; compatible; GPTBot/1.3; +https://openai.com/gptbot)" 560 **0/560984**
74.7.227.35 - - [10/Mar/2026:22:32:08 -0700] "GET /?fileloc=//lib64/libexpect.so&path=//lib64 HTTP/1.1" 200 2251 "http://mail.rgardensoap.com/?path=//lib64" "Mozilla/5.0 AppleWebKit/537.36 (KHTML, like Gecko; compatible; GPTBot/1.3; +https://openai.com/gptbot)" 804 **0/804021**
74.7.227.150 - - [10/Mar/2026:22:32:08 -0700] "GET /blog/?fileloc=//lib64/libgettextpo.so.0.5.4&path=//lib64 HTTP/1.1" 200 2257 "http://rgardensoap.com/blog/?path=//lib64" "Mozilla/5.0 AppleWebKit/537.36 (KHTML, like Gecko; compatible; GPTBot/1.3; +https://openai.com/gptbot)" 555 **0/555145**
74.7.241.54 - - [10/Mar/2026:22:32:09 -0700] "GET /plug/vote/plug.xml?fileloc=//proc/cgroups&path=//proc HTTP/1.1" 200 2244 "http://www.rgardensoap.com/plug/vote/plug.xml?path=//proc" "Mozilla/5.0 AppleWebKit/537.36 (KHTML, like Gecko; compatible; GPTBot/1.3; +https://openai.com/gptbot)" 524 **0/524695**
74.7.227.35 - - [10/Mar/2026:22:32:09 -0700] "GET /?fileloc=//lib64/libexpat.so&path=//lib64 HTTP/1.1" 200 2250 "http://mail.rgardensoap.com/?path=//lib64" "Mozilla/5.0 AppleWebKit/537.36 (KHTML, like Gecko; compatible; GPTBot/1.3; +https://openai.com/gptbot)" 690 **0/690024**
74.7.227.150 - - [10/Mar/2026:22:32:09 -0700] "GET /blog/?path=//lib64/sse2 HTTP/1.1" 200 2305 "http://rgardensoap.com/blog/?path=//lib64" "Mozilla/5.0 AppleWebKit/537.36 (KHTML, like Gecko; compatible; GPTBot/1.3; +https://openai.com/gptbot)" 544 **0/544372**
74.7.241.54 - - [10/Mar/2026:22:32:09 -0700] "GET /plug/vote/plug.xml?fileloc=//proc/cpuinfo&path=//proc HTTP/1.1" 200 3070 "http://www.rgardensoap.com/plug/vote/plug.xml?path=//proc" "Mozilla/5.0 AppleWebKit/537.36 (KHTML, like Gecko; compatible; GPTBot/1.3; +https://openai.com/gptbot)" 512 **0/512182**
74.7.227.35 - - [10/Mar/2026:22:32:10 -0700] "GET /?fileloc=//lib64/libnssckbi.so&path=//lib64 HTTP/1.1" 200 2251 "http://mail.rgardensoap.com/?path=//lib64" "Mozilla/5.0 AppleWebKit/537.36 (KHTML, like Gecko; compatible; GPTBot/1.3; +https://openai.com/gptbot)" 474 **0/474585**
74.7.227.150 - - [10/Mar/2026:22:32:10 -0700] "GET /blog/?fileloc=//lib64/libxcb-xf86dri.so.0.0.0&path=//lib64 HTTP/1.1" 200 2257 "http://rgardensoap.com/blog/?path=//lib64" "Mozilla/5.0 AppleWebKit/537.36 (KHTML, like Gecko; compatible; GPTBot/1.3; +https://openai.com/gptbot)" 587 **0/587319**
74.7.241.54 - - [10/Mar/2026:22:32:10 -0700] "GET /plug/vote/plug.xml?fileloc=//proc/dma&path=//proc HTTP/1.1" 200 2245 "http://www.rgardensoap.com/plug/vote/plug.xml?path=//proc" "Mozilla/5.0 AppleWebKit/537.36 (KHTML, like Gecko; compatible; GPTBot/1.3; +https://openai.com/gptbot)" 486 **0/486702**
74.7.227.35 - - [10/Mar/2026:22:32:10 -0700] "GET /?fileloc=//lib64/libbind9.so&path=//lib64 HTTP/1.1" 200 2250 "http://mail.rgardensoap.com/?path=//lib64" "Mozilla/5.0 AppleWebKit/537.36 (KHTML, like Gecko; compatible; GPTBot/1.3; +https://openai.com/gptbot)" 610 **0/610941**
74.7.227.150 - - [10/Mar/2026:22:32:10 -0700] "GET /blog/?fileloc=//lib64/libxcb-glx.so&path=//lib64 HTTP/1.1" 200 2252 "http://rgardensoap.com/blog/?path=//lib64" "Mozilla/5.0 AppleWebKit/537.36 (KHTML, like Gecko; compatible; GPTBot/1.3; +https://openai.com/gptbot)" 543 **0/543205**
74.7.241.54 - - [10/Mar/2026:22:32:11 -0700] "GET /plug/vote/plug.xml?fileloc=//proc/mtrr&path=//proc HTTP/1.1" 200 2244 "http://www.rgardensoap.com/plug/vote/plug.xml?path=//proc" "Mozilla/5.0 AppleWebKit/537.36 (KHTML, like Gecko; compatible; GPTBot/1.3; +https://openai.com/gptbot)" 560 **0/560490**
74.7.227.35 - - [10/Mar/2026:22:32:11 -0700] "GET /?fileloc=//lib64/libsmime3.so&path=//lib64 HTTP/1.1" 200 2250 "http://mail.rgardensoap.com/?path=//lib64" "Mozilla/5.0 AppleWebKit/537.36 (KHTML, like Gecko; compatible; GPTBot/1.3; +https://openai.com/gptbot)" 557 **0/557927**
74.7.227.150 - - [10/Mar/2026:22:32:11 -0700] "GET /blog/?fileloc=//lib64/libXi.so.6&path=//lib64 HTTP/1.1" 200 2248 "http://rgardensoap.com/blog/?path=//lib64" "Mozilla/5.0 AppleWebKit/537.36 (KHTML, like Gecko; compatible; GPTBot/1.3; +https://openai.com/gptbot)" 514 **0/514590**
74.7.241.54 - - [10/Mar/2026:22:32:11 -0700] "GET /plug/vote/plug.xml?fileloc=//sbin/exim&path=//sbin HTTP/1.1" 200 2874 "http://www.rgardensoap.com/plug/vote/plug.xml?path=//sbin" "Mozilla/5.0 AppleWebKit/537.36 (KHTML, like Gecko; compatible; GPTBot/1.3; +https://openai.com/gptbot)" 556 **0/556911**
74.7.227.35 - - [10/Mar/2026:22:32:12 -0700] "GET /?fileloc=//lib64/libmariadb.so&path=//lib64 HTTP/1.1" 200 2250 "http://mail.rgardensoap.com/?path=//lib64" "Mozilla/5.0 AppleWebKit/537.36 (KHTML, like Gecko; compatible; GPTBot/1.3; +https://openai.com/gptbot)" 549 **0/549128**
74.7.227.150 - - [10/Mar/2026:22:32:12 -0700] "GET /blog/?path=//lib64/sa HTTP/1.1" 200 2618 "http://rgardensoap.com/blog/?path=//lib64" "Mozilla/5.0 AppleWebKit/537.36 (KHTML, like Gecko; compatible; GPTBot/1.3; +https://openai.com/gptbot)" 479 **0/479496**
74.7.241.54 - - [10/Mar/2026:22:32:12 -0700] "GET /plug/vote/plug.xml?fileloc=//proc/stat&path=//proc HTTP/1.1" 200 3137 "http://www.rgardensoap.com/plug/vote/plug.xml?path=//proc" "Mozilla/5.0 AppleWebKit/537.36 (KHTML, like Gecko; compatible; GPTBot/1.3; +https://openai.com/gptbot)" 503 **0/503886**
74.7.227.35 - - [10/Mar/2026:22:32:12 -0700] "GET /?fileloc=//lib64/libcrypt.so&path=//lib64 HTTP/1.1" 200 2250 "http://mail.rgardensoap.com/?path=//lib64" "Mozilla/5.0 AppleWebKit/537.36 (KHTML, like Gecko; compatible; GPTBot/1.3; +https://openai.com/gptbot)" 547 **0/547472**
74.7.227.150 - - [10/Mar/2026:22:32:12 -0700] "GET /blog/?path=//lib64/krb5 HTTP/1.1" 200 2545 "http://rgardensoap.com/blog/?path=//lib64" "Mozilla/5.0 AppleWebKit/537.36 (KHTML, like Gecko; compatible; GPTBot/1.3; +https://openai.com/gptbot)" 604 **0/604105**
74.7.241.54 - - [10/Mar/2026:22:32:13 -0700] "GET /plug/vote/plug.xml?fileloc=//proc/keys&path=//proc HTTP/1.1" 200 2244 "http://www.rgardensoap.com/plug/vote/plug.xml?path=//proc" "Mozilla/5.0 AppleWebKit/537.36 (KHTML, like Gecko; compatible; GPTBot/1.3; +https://openai.com/gptbot)" 503 **0/503390**
74.7.227.35 - - [10/Mar/2026:22:32:13 -0700] "GET /?fileloc=//lib64/libgssrpc.so&path=//lib64 HTTP/1.1" 200 2251 "http://mail.rgardensoap.com/?path=//lib64" "Mozilla/5.0 AppleWebKit/537.36 (KHTML, like Gecko; compatible; GPTBot/1.3; +https://openai.com/gptbot)" 497 **0/497706**
74.7.227.150 - - [10/Mar/2026:22:32:13 -0700] "GET /blog?path=//lib/gcc HTTP/1.1" 200 2554 "http://rgardensoap.com/blog?path=//lib" "Mozilla/5.0 AppleWebKit/537.36 (KHTML, like Gecko; compatible; GPTBot/1.3; +https://openai.com/gptbot)" 510 **0/510549**
74.7.241.54 - - [10/Mar/2026:22:32:13 -0700] "GET /plug/vote/plug.xml?fileloc=//proc/misc&path=//proc HTTP/1.1" 200 2244 "http://www.rgardensoap.com/plug/vote/plug.xml?path=//proc" "Mozilla/5.0 AppleWebKit/537.36 (KHTML, like Gecko; compatible; GPTBot/1.3; +https://openai.com/gptbot)" 494 **0/494691**
74.7.227.150 - - [10/Mar/2026:22:32:14 -0700] "GET /blog?path=//var/tmp HTTP/1.1" 200 2593 "http://rgardensoap.com/blog?path=//var" "Mozilla/5.0 AppleWebKit/537.36 (KHTML, like Gecko; compatible; GPTBot/1.3; +https://openai.com/gptbot)" 523 **0/523070**
74.7.227.35 - - [10/Mar/2026:22:32:14 -0700] "GET /?fileloc=//lib64/libmariadbd.a&path=//lib64 HTTP/1.1" 200 2250 "http://mail.rgardensoap.com/?path=//lib64" "Mozilla/5.0 AppleWebKit/537.36 (KHTML, like Gecko; compatible; GPTBot/1.3; +https://openai.com/gptbot)" 626 **0/626570**
74.7.241.54 - - [10/Mar/2026:22:32:14 -0700] "GET /plug/vote/plug.xml?fileloc=//proc/kmsg&path=//proc HTTP/1.1" 200 2245 "http://www.rgardensoap.com/plug/vote/plug.xml?path=//proc" "Mozilla/5.0 AppleWebKit/537.36 (KHTML, like Gecko; compatible; GPTBot/1.3; +https://openai.com/gptbot)" 511 **0/511093**
74.7.227.150 - - [10/Mar/2026:22:32:14 -0700] "GET /blog?path=//var/lib HTTP/1.1" 200 2622 "http://rgardensoap.com/blog?path=//var" "Mozilla/5.0 AppleWebKit/537.36 (KHTML, like Gecko; compatible; GPTBot/1.3; +https://openai.com/gptbot)" 483 **0/483378**
74.7.227.35 - - [10/Mar/2026:22:32:14 -0700] "GET /?fileloc=//lib64/libcrypto.so&path=//lib64 HTTP/1.1" 200 2251 "http://mail.rgardensoap.com/?path=//lib64" "Mozilla/5.0 AppleWebKit/537.36 (KHTML, like Gecko; compatible; GPTBot/1.3; +https://openai.com/gptbot)" 530 **0/530703**
74.7.241.54 - - [10/Mar/2026:22:32:15 -0700] "GET /plug/vote/plug.xml?fileloc=/home/p8pyefaexf70/public_html/wp-includes/class-wp-user-request.php&path=/home/p8pyefaexf70/public_html/wp-includes HTTP/1.1" 200 2875 "http://www.rgardensoap.com/plug/vote/plug.xml?path=/home/p8pyefaexf70/public_html/wp-includes" "Mozilla/5.0 AppleWebKit/537.36 (KHTML, like Gecko; compatible; GPTBot/1.3; +https://openai.com/gptbot)" 544 **0/544417**
74.7.227.150 - - [10/Mar/2026:22:32:15 -0700] "GET /blog?path=//lib/rpm HTTP/1.1" 200 3133 "http://rgardensoap.com/blog?path=//lib" "Mozilla/5.0 AppleWebKit/537.36 (KHTML, like Gecko; compatible; GPTBot/1.3; +https://openai.com/gptbot)" 524 **0/524321**
74.7.227.35 - - [10/Mar/2026:22:32:15 -0700] "GET /?fileloc=//lib64/liblwres.so&path=//lib64 HTTP/1.1" 200 2250 "http://mail.rgardensoap.com/?path=//lib64" "Mozilla/5.0 AppleWebKit/537.36 (KHTML, like Gecko; compatible; GPTBot/1.3; +https://openai.com/gptbot)" 473 **0/473258**
74.7.241.54 - - [10/Mar/2026:22:32:15 -0700] "GET /plug/vote/plug.xml?path=//proc/fs HTTP/1.1" 200 2610 "http://www.rgardensoap.com/plug/vote/plug.xml?path=//proc" "Mozilla/5.0 AppleWebKit/537.36 (KHTML, like Gecko; compatible; GPTBot/1.3; +https://openai.com/gptbot)" 482 **0/482778**
74.7.227.150 - - [10/Mar/2026:22:32:16 -0700] "GET /blog?path=//etc/ssl HTTP/1.1" 200 2544 "http://rgardensoap.com/blog?path=//etc" "Mozilla/5.0 AppleWebKit/537.36 (KHTML, like Gecko; compatible; GPTBot/1.3; +https://openai.com/gptbot)" 567 **0/567985**
74.7.227.35 - - [10/Mar/2026:22:32:16 -0700] "GET /?fileloc=//lib64/libfreebl3.so&path=//lib64 HTTP/1.1" 200 2251 "http://mail.rgardensoap.com/?path=//lib64" "Mozilla/5.0 AppleWebKit/537.36 (KHTML, like Gecko; compatible; GPTBot/1.3; +https://openai.com/gptbot)" 530 **0/530531**
74.7.241.54 - - [10/Mar/2026:22:32:16 -0700] "GET /healthyskin/fight-for-your-health?path=/home/p8pyefaexf70/public_html/wp-admin HTTP/1.1" 200 5393 "http://www.rgardensoap.com/healthyskin/fight-for-your-health" "Mozilla/5.0 AppleWebKit/537.36 (KHTML, like Gecko; compatible; GPTBot/1.3; +https://openai.com/gptbot)" 575 **0/575429**
74.7.227.150 - - [10/Mar/2026:22:32:16 -0700] "GET /blog?path=//var/opt HTTP/1.1" 200 2546 "http://rgardensoap.com/blog?path=//var" "Mozilla/5.0 AppleWebKit/537.36 (KHTML, like Gecko; compatible; GPTBot/1.3; +https://openai.com/gptbot)" 470 **0/470248**
74.7.227.35 - - [10/Mar/2026:22:32:16 -0700] "GET /?fileloc=//lib64/libcurses.so&path=//lib64 HTTP/1.1" 200 2262 "http://mail.rgardensoap.com/?path=//lib64" "Mozilla/5.0 AppleWebKit/537.36 (KHTML, like Gecko; compatible; GPTBot/1.3; +https://openai.com/gptbot)" 475 **0/475196**
74.7.241.54 - - [10/Mar/2026:22:32:16 -0700] "GET /plug/vote/plug.xml?fileloc=/home/p8pyefaexf70/public_html/wp-includes/ms-default-filters.php&path=/home/p8pyefaexf70/public_html/wp-includes HTTP/1.1" 200 3912 "http://www.rgardensoap.com/plug/vote/plug.xml?path=/home/p8pyefaexf70/public_html/wp-includes" "Mozilla/5.0 AppleWebKit/537.36 (KHTML, like Gecko; compatible; GPTBot/1.3; +https://openai.com/gptbot)" 488 **0/488976**
74.7.227.150 - - [10/Mar/2026:22:32:17 -0700] "GET /blog?path=//opt/alt HTTP/1.1" 200 4003 "http://rgardensoap.com/blog?path=//opt" "Mozilla/5.0 AppleWebKit/537.36 (KHTML, like Gecko; compatible; GPTBot/1.3; +https://openai.com/gptbot)" 543 **0/543527**
74.7.227.35 - - [10/Mar/2026:22:32:17 -0700] "GET /?fileloc=//lib64/libnspr4.so&path=//lib64 HTTP/1.1" 200 2250 "http://mail.rgardensoap.com/?path=//lib64" "Mozilla/5.0 AppleWebKit/537.36 (KHTML, like Gecko; compatible; GPTBot/1.3; +https://openai.com/gptbot)" 525 **0/525505**
74.7.241.54 - - [10/Mar/2026:22:32:17 -0700] "GET /plug/vote/plug.xml?path=/home/p8pyefaexf70/public_html/wp-includes/Requests/src/Cookie HTTP/1.1" 200 2615 "http://www.rgardensoap.com/plug/vote/plug.xml?path=/home/p8pyefaexf70/public_html/wp-includes/Requests/src" "Mozilla/5.0 AppleWebKit/537.36 (KHTML, like Gecko; compatible; GPTBot/1.3; +https://openai.com/gptbot)" 519 **0/519502**
74.7.227.150 - - [10/Mar/2026:22:32:18 -0700] "GET /blog/?path=//var/opt HTTP/1.1" 200 2546 "http://rgardensoap.com/blog/?path=//var" "Mozilla/5.0 AppleWebKit/537.36 (KHTML, like Gecko; compatible; GPTBot/1.3; +https://openai.com/gptbot)" 488 **0/488905**
74.7.227.35 - - [10/Mar/2026:22:32:18 -0700] "GET /?fileloc=//lib64/libfstrm.so&path=//lib64 HTTP/1.1" 200 2250 "http://mail.rgardensoap.com/?path=//lib64" "Mozilla/5.0 AppleWebKit/537.36 (KHTML, like Gecko; compatible; GPTBot/1.3; +https://openai.com/gptbot)" 544 **0/544855**
74.7.241.54 - - [10/Mar/2026:22:32:18 -0700] "GET /plug/vote/plug.xml?path=/home/p8pyefaexf70/public_html/wp-includes/Requests/src/Utility HTTP/1.1" 200 2711 "http://www.rgardensoap.com/plug/vote/plug.xml?path=/home/p8pyefaexf70/public_html/wp-includes/Requests/src" "Mozilla/5.0 AppleWebKit/537.36 (KHTML, like Gecko; compatible; GPTBot/1.3; +https://openai.com/gptbot)" 515 **0/515405**
74.7.227.150 - - [10/Mar/2026:22:32:18 -0700] "GET /blog/?path=//var/tmp HTTP/1.1" 200 2593 "http://rgardensoap.com/blog/?path=//var" "Mozilla/5.0 AppleWebKit/537.36 (KHTML, like Gecko; compatible; GPTBot/1.3; +https://openai.com/gptbot)" 485 **0/485237**
74.7.227.35 - - [10/Mar/2026:22:32:18 -0700] "GET /?fileloc=//lib64/libverto.so&path=//lib64 HTTP/1.1" 200 2250 "http://mail.rgardensoap.com/?path=//lib64" "Mozilla/5.0 AppleWebKit/537.36 (KHTML, like Gecko; compatible; GPTBot/1.3; +https://openai.com/gptbot)" 466 **0/466579**
74.7.241.54 - - [10/Mar/2026:22:32:18 -0700] "GET /healthyskin/fight-for-your-health?fileloc=/home/p8pyefaexf70/public_html/wp-login.php&path=/home/p8pyefaexf70/public_html HTTP/1.1" 200 14750 "http://www.rgardensoap.com/healthyskin/fight-for-your-health" "Mozilla/5.0 AppleWebKit/537.36 (KHTML, like Gecko; compatible; GPTBot/1.3; +https://openai.com/gptbot)" 505 **0/505676**
74.7.241.54 - - [10/Mar/2026:22:32:19 -0700] "GET /plug/vote/plug.xml?fileloc=/home/p8pyefaexf70/public_html/wp-includes/js/wp-embed.js&path=/home/p8pyefaexf70/public_html/wp-includes/js HTTP/1.1" 200 3483 "http://www.rgardensoap.com/plug/vote/plug.xml?path=/home/p8pyefaexf70/public_html/wp-includes/js" "Mozilla/5.0 AppleWebKit/537.36 (KHTML, like Gecko; compatible; GPTBot/1.3; +https://openai.com/gptbot)" 266 **0/266197**
74.7.227.150 - - [10/Mar/2026:22:32:19 -0700] "GET /blog/?path=//etc/scl HTTP/1.1" 200 2686 "http://rgardensoap.com/blog/?path=//etc" "Mozilla/5.0 AppleWebKit/537.36 (KHTML, like Gecko; compatible; GPTBot/1.3; +https://openai.com/gptbot)" 468 **0/468149**
74.7.227.35 - - [10/Mar/2026:22:32:19 -0700] "GET /?fileloc=//lib64/libpamc.so&path=//lib64 HTTP/1.1" 200 2249 "http://mail.rgardensoap.com/?path=//lib64" "Mozilla/5.0 AppleWebKit/537.36 (KHTML, like Gecko; compatible; GPTBot/1.3; +https://openai.com/gptbot)" 479 **0/479958**
74.7.241.54 - - [10/Mar/2026:22:32:20 -0700] "GET /plug/vote/plug.xml?path=/home/p8pyefaexf70/public_html/wp-includes/Requests/src/Proxy HTTP/1.1" 200 2616 "http://www.rgardensoap.com/plug/vote/plug.xml?path=/home/p8pyefaexf70/public_html/wp-includes/Requests/src" "Mozilla/5.0 AppleWebKit/537.36 (KHTML, like Gecko; compatible; GPTBot/1.3; +https://openai.com/gptbot)" 464 **0/464960**
74.7.227.150 - - [10/Mar/2026:22:32:19 -0700] "GET /blog/?path=//usr/lib HTTP/1.1" 200 3519 "http://rgardensoap.com/blog/?path=//usr" "Mozilla/5.0 AppleWebKit/537.36 (KHTML, like Gecko; compatible; GPTBot/1.3; +https://openai.com/gptbot)" 525 **0/525094**
74.7.227.35 - - [10/Mar/2026:22:32:20 -0700] "GET /?fileloc=//lib64/libform.so&path=//lib64 HTTP/1.1" 200 2248 "http://mail.rgardensoap.com/?path=//lib64" "Mozilla/5.0 AppleWebKit/537.36 (KHTML, like Gecko; compatible; GPTBot/1.3; +https://openai.com/gptbot)" 460 **0/460342**
74.7.227.150 - - [10/Mar/2026:22:32:20 -0700] "GET /blog/?path=//lib/gcc HTTP/1.1" 200 2554 "http://rgardensoap.com/blog/?path=//lib" "Mozilla/5.0 AppleWebKit/537.36 (KHTML, like Gecko; compatible; GPTBot/1.3; +https://openai.com/gptbot)" 486 **0/486599**
74.7.241.54 - - [10/Mar/2026:22:32:20 -0700] "GET /archivarix.cms.php?fileloc=/home/p8pyefaexf70/public_html/wp-signup.php&path=/home/p8pyefaexf70/public_html HTTP/1.1" 200 10052 "http://www.rgardensoap.com/archivarix.cms.php" "Mozilla/5.0 AppleWebKit/537.36 (KHTML, like Gecko; compatible; GPTBot/1.3; +https://openai.com/gptbot)" 523 **0/523957**
74.7.227.35 - - [10/Mar/2026:22:32:20 -0700] "GET /?fileloc=//lib64/libmvec.so&path=//lib64 HTTP/1.1" 200 2249 "http://mail.rgardensoap.com/?path=//lib64" "Mozilla/5.0 AppleWebKit/537.36 (KHTML, like Gecko; compatible; GPTBot/1.3; +https://openai.com/gptbot)" 489 **0/489440**
74.7.227.150 - - [10/Mar/2026:22:32:21 -0700] "GET /blog/?path=//etc/ssh HTTP/1.1" 200 2609 "http://rgardensoap.com/blog/?path=//etc" "Mozilla/5.0 AppleWebKit/537.36 (KHTML, like Gecko; compatible; GPTBot/1.3; +https://openai.com/gptbot)" 482 **0/482703**
74.7.241.54 - - [10/Mar/2026:22:32:21 -0700] "GET /archivarix.cms.php?fileloc=/home/p8pyefaexf70/public_html/wp-content/themes/consultstreet/search.php&path=/home/p8pyefaexf70/public_html/wp-content/themes/consultstreet HTTP/1.1" 200 2874 "http://www.rgardensoap.com/archivarix.cms.php?path=/home/p8pyefaexf70/public_html/wp-content/themes/consultstreet" "Mozilla/5.0 AppleWebKit/537.36 (KHTML, like Gecko; compatible; GPTBot/1.3; +https://openai.com/gptbot)" 490 **0/490460**
74.7.227.35 - - [10/Mar/2026:22:32:21 -0700] "GET /?fileloc=//lib64/libxml2.so&path=//lib64 HTTP/1.1" 200 2249 "http://mail.rgardensoap.com/?path=//lib64" "Mozilla/5.0 AppleWebKit/537.36 (KHTML, like Gecko; compatible; GPTBot/1.3; +https://openai.com/gptbot)" 503 **0/503345**
74.7.241.54 - - [10/Mar/2026:22:32:22 -0700] "GET /fizzy-bath-bombs.html?fileloc=/home/p8pyefaexf70/public_html/wp-admin/images/se.png&path=/home/p8pyefaexf70/public_html/wp-admin/images HTTP/1.1" 200 2279 "http://www.rgardensoap.com/fizzy-bath-bombs.html?path=/home/p8pyefaexf70/public_html/wp-admin/images" "Mozilla/5.0 AppleWebKit/537.36 (KHTML, like Gecko; compatible; GPTBot/1.3; +https://openai.com/gptbot)" 391 **0/391520**
74.7.227.150 - - [10/Mar/2026:22:32:21 -0700] "GET /blog?path=//var/lib/proxyexec HTTP/1.1" 200 2564 "http://rgardensoap.com/blog?path=//var/lib" "Mozilla/5.0 AppleWebKit/537.36 (KHTML, like Gecko; compatible; GPTBot/1.3; +https://openai.com/gptbot)" 496 **0/496128**
74.7.227.35 - - [10/Mar/2026:22:32:22 -0700] "GET /?fileloc=//lib64/libgdbm.so&path=//lib64 HTTP/1.1" 200 2250 "http://mail.rgardensoap.com/?path=//lib64" "Mozilla/5.0 AppleWebKit/537.36 (KHTML, like Gecko; compatible; GPTBot/1.3; +https://openai.com/gptbot)" 503 **0/503808**
74.7.227.150 - - [10/Mar/2026:22:32:22 -0700] "GET /blog/?path=//lib/rpm HTTP/1.1" 200 3133 "http://rgardensoap.com/blog/?path=//lib" "Mozilla/5.0 AppleWebKit/537.36 (KHTML, like Gecko; compatible; GPTBot/1.3; +https://openai.com/gptbot)" 493 **0/493817**
74.7.241.54 - - [10/Mar/2026:22:32:22 -0700] "GET /plug/vote/plug.xml?path=//proc/fs/nfsd HTTP/1.1" 200 2314 "http://www.rgardensoap.com/plug/vote/plug.xml?path=//proc/fs" "Mozilla/5.0 AppleWebKit/537.36 (KHTML, like Gecko; compatible; GPTBot/1.3; +https://openai.com/gptbot)" 531 **0/531923**
74.7.227.35 - - [10/Mar/2026:22:32:22 -0700] "GET /?fileloc=//lib64/libkdb5.so&path=//lib64 HTTP/1.1" 200 2249 "http://mail.rgardensoap.com/?path=//lib64" "Mozilla/5.0 AppleWebKit/537.36 (KHTML, like Gecko; compatible; GPTBot/1.3; +https://openai.com/gptbot)" 534 **0/534414**
74.7.227.150 - - [10/Mar/2026:22:32:23 -0700] "GET /blog/?path=//etc/ssl HTTP/1.1" 200 2544 "http://rgardensoap.com/blog/?path=//etc" "Mozilla/5.0 AppleWebKit/537.36 (KHTML, like Gecko; compatible; GPTBot/1.3; +https://openai.com/gptbot)" 543 **0/543263**
74.7.227.35 - - [10/Mar/2026:22:32:23 -0700] "GET /?fileloc=//lib64/libjpeg.so&path=//lib64 HTTP/1.1" 200 2250 "http://mail.rgardensoap.com/?path=//lib64" "Mozilla/5.0 AppleWebKit/537.36 (KHTML, like Gecko; compatible; GPTBot/1.3; +https://openai.com/gptbot)" 461 **0/461729**
74.7.241.54 - - [10/Mar/2026:22:32:23 -0700] "GET /healthyskin/fight-for-your-health?fileloc=/home/p8pyefaexf70/public_html/wp-admin/edit-tags.php&path=/home/p8pyefaexf70/public_html/wp-admin HTTP/1.1" 200 8008 "http://www.rgardensoap.com/healthyskin/fight-for-your-health?path=/home/p8pyefaexf70/public_html/wp-admin" "Mozilla/5.0 AppleWebKit/537.36 (KHTML, like Gecko; compatible; GPTBot/1.3; +https://openai.com/gptbot)" 589 **0/589419**
74.7.227.150 - - [10/Mar/2026:22:32:23 -0700] "GET /blog/?path=//var/run HTTP/1.1" 200 2843 "http://rgardensoap.com/blog/?path=//var" "Mozilla/5.0 AppleWebKit/537.36 (KHTML, like Gecko; compatible; GPTBot/1.3; +https://openai.com/gptbot)" 480 **0/480081**
74.7.227.35 - - [10/Mar/2026:22:32:23 -0700] "GET /?fileloc=//lib64/libkrb5.so&path=//lib64 HTTP/1.1" 200 2249 "http://mail.rgardensoap.com/?path=//lib64" "Mozilla/5.0 AppleWebKit/537.36 (KHTML, like Gecko; compatible; GPTBot/1.3; +https://openai.com/gptbot)" 539 **0/539799**
74.7.241.54 - - [10/Mar/2026:22:32:24 -0700] "GET /healthyskin/fight-for-your-health?path=/home/p8pyefaexf70/public_html/wp-admin/user HTTP/1.1" 200 2885 "http://www.rgardensoap.com/healthyskin/fight-for-your-health?path=/home/p8pyefaexf70/public_html/wp-admin" "Mozilla/5.0 AppleWebKit/537.36 (KHTML, like Gecko; compatible; GPTBot/1.3; +https://openai.com/gptbot)" 512 **0/512057**
74.7.227.150 - - [10/Mar/2026:22:32:24 -0700] "GET /blog/?path=//etc/pki HTTP/1.1" 200 2746 "http://rgardensoap.com/blog/?path=//etc" "Mozilla/5.0 AppleWebKit/537.36 (KHTML, like Gecko; compatible; GPTBot/1.3; +https://openai.com/gptbot)" 484 **0/484129**
74.7.227.35 - - [10/Mar/2026:22:32:24 -0700] "GET /?fileloc=//lib64/libcriu.so&path=//lib64 HTTP/1.1" 200 2249 "http://mail.rgardensoap.com/?path=//lib64" "Mozilla/5.0 AppleWebKit/537.36 (KHTML, like Gecko; compatible; GPTBot/1.3; +https://openai.com/gptbot)" 455 **0/455402**
74.7.241.54 - - [10/Mar/2026:22:32:24 -0700] "GET /healthyskin/fight-for-your-health?fileloc=/home/p8pyefaexf70/public_html/wp-admin/options-reading.php&path=/home/p8pyefaexf70/public_html/wp-admin HTTP/1.1" 200 5222 "http://www.rgardensoap.com/healthyskin/fight-for-your-health?path=/home/p8pyefaexf70/public_html/wp-admin" "Mozilla/5.0 AppleWebKit/537.36 (KHTML, like Gecko; compatible; GPTBot/1.3; +https://openai.com/gptbot)" 525 **0/525050**
74.7.227.150 - - [10/Mar/2026:22:32:25 -0700] "GET /blog/?path=//var/lve HTTP/1.1" 200 2692 "http://rgardensoap.com/blog/?path=//var" "Mozilla/5.0 AppleWebKit/537.36 (KHTML, like Gecko; compatible; GPTBot/1.3; +https://openai.com/gptbot)" 501 **0/501569**
74.7.227.35 - - [10/Mar/2026:22:32:25 -0700] "GET /?fileloc=//lib64/liblzma.so&path=//lib64 HTTP/1.1" 200 2251 "http://mail.rgardensoap.com/?path=//lib64" "Mozilla/5.0 AppleWebKit/537.36 (KHTML, like Gecko; compatible; GPTBot/1.3; +https://openai.com/gptbot)" 498 **0/498050**
74.7.241.54 - - [10/Mar/2026:22:32:25 -0700] "GET /plug/vote/plug.xml?fileloc=/home/p8pyefaexf70/public_html/wp-includes/Requests/src/Utility/CaseInsensitiveDictionary.php&path=/home/p8pyefaexf70/public_html/wp-includes/Requests/src/Utility HTTP/1.1" 200 3014 "http://www.rgardensoap.com/plug/vote/plug.xml?path=/home/p8pyefaexf70/public_html/wp-includes/Requests/src/Utility" "Mozilla/5.0 AppleWebKit/537.36 (KHTML, like Gecko; compatible; GPTBot/1.3; +https://openai.com/gptbot)" 504 **0/504066**
74.7.227.150 - - [10/Mar/2026:22:32:25 -0700] "GET /blog/?path=//var/lib HTTP/1.1" 200 2622 "http://rgardensoap.com/blog/?path=//var" "Mozilla/5.0 AppleWebKit/537.36 (KHTML, like Gecko; compatible; GPTBot/1.3; +https://openai.com/gptbot)" 461 **0/461838**
74.7.227.35 - - [10/Mar/2026:22:32:25 -0700] "GET /?fileloc=//lib64/libnss3.so&path=//lib64 HTTP/1.1" 200 2249 "http://mail.rgardensoap.com/?path=//lib64" "Mozilla/5.0 AppleWebKit/537.36 (KHTML, like Gecko; compatible; GPTBot/1.3; +https://openai.com/gptbot)" 505 **0/505341**
74.7.241.54 - - [10/Mar/2026:22:32:25 -0700] "GET /healthyskin/fight-for-your-health?fileloc=/home/p8pyefaexf70/public_html/wp-admin/options-general.php&path=/home/p8pyefaexf70/public_html/wp-admin HTTP/1.1" 200 8641 "http://www.rgardensoap.com/healthyskin/fight-for-your-health?path=/home/p8pyefaexf70/public_html/wp-admin" "Mozilla/5.0 AppleWebKit/537.36 (KHTML, like Gecko; compatible; GPTBot/1.3; +https://openai.com/gptbot)" 536 **0/536477**
74.7.227.150 - - [10/Mar/2026:22:32:26 -0700] "GET /blog/?fileloc=//etc/scl/func_scl.csh&path=//etc/scl HTTP/1.1" 200 2401 "http://rgardensoap.com/blog/?path=//etc/scl" "Mozilla/5.0 AppleWebKit/537.36 (KHTML, like Gecko; compatible; GPTBot/1.3; +https://openai.com/gptbot)" 518 **0/518061**
74.7.227.35 - - [10/Mar/2026:22:32:26 -0700] "GET /?fileloc=//lib64/libuuid.so&path=//lib64 HTTP/1.1" 200 2249 "http://mail.rgardensoap.com/?path=//lib64" "Mozilla/5.0 AppleWebKit/537.36 (KHTML, like Gecko; compatible; GPTBot/1.3; +https://openai.com/gptbot)" 472 **0/472340**
74.7.241.54 - - [10/Mar/2026:22:32:26 -0700] "GET /healthyskin/fight-for-your-health?fileloc=/home/p8pyefaexf70/public_html/wp-admin/admin-functions.php&path=/home/p8pyefaexf70/public_html/wp-admin HTTP/1.1" 200 2497 "http://www.rgardensoap.com/healthyskin/fight-for-your-health?path=/home/p8pyefaexf70/public_html/wp-admin" "Mozilla/5.0 AppleWebKit/537.36 (KHTML, like Gecko; compatible; GPTBot/1.3; +https://openai.com/gptbot)" 510 **0/510846**
74.7.227.35 - - [10/Mar/2026:22:32:27 -0700] "GET /?fileloc=//lib64/libzstd.so&path=//lib64 HTTP/1.1" 200 2250 "http://mail.rgardensoap.com/?path=//lib64" "Mozilla/5.0 AppleWebKit/537.36 (KHTML, like Gecko; compatible; GPTBot/1.3; +https://openai.com/gptbot)" 521 **0/521952**
74.7.227.150 - - [10/Mar/2026:22:32:26 -0700] "GET /blog/?path=//lib/kbd HTTP/1.1" 200 2618 "http://rgardensoap.com/blog/?path=//lib" "Mozilla/5.0 AppleWebKit/537.36 (KHTML, like Gecko; compatible; GPTBot/1.3; +https://openai.com/gptbot)" 646 **0/646377**
74.7.241.54 - - [10/Mar/2026:22:32:27 -0700] "GET /healthyskin/fight-for-your-health?fileloc=/home/p8pyefaexf70/public_html/wp-admin/options-writing.php&path=/home/p8pyefaexf70/public_html/wp-admin HTTP/1.1" 200 5165 "http://www.rgardensoap.com/healthyskin/fight-for-your-health?path=/home/p8pyefaexf70/public_html/wp-admin" "Mozilla/5.0 AppleWebKit/537.36 (KHTML, like Gecko; compatible; GPTBot/1.3; +https://openai.com/gptbot)" 514 **0/514565**
74.7.227.35 - - [10/Mar/2026:22:32:27 -0700] "GET /?fileloc=//lib64/libxcb-xvmc.so&path=//lib64 HTTP/1.1" 200 2253 "http://mail.rgardensoap.com/?path=//lib64" "Mozilla/5.0 AppleWebKit/537.36 (KHTML, like Gecko; compatible; GPTBot/1.3; +https://openai.com/gptbot)" 552 **0/552353**
74.7.227.150 - - [10/Mar/2026:22:32:27 -0700] "GET /blog/?path=//proc/fs HTTP/1.1" 200 2610 "http://rgardensoap.com/blog/?path=//proc" "Mozilla/5.0 AppleWebKit/537.36 (KHTML, like Gecko; compatible; GPTBot/1.3; +https://openai.com/gptbot)" 539 **0/539979**
74.7.241.54 - - [10/Mar/2026:22:32:27 -0700] "GET /healthyskin/fight-for-your-health?fileloc=/home/p8pyefaexf70/public_html/wp-admin/update-core.php&path=/home/p8pyefaexf70/public_html/wp-admin HTTP/1.1" 200 12773 "http://www.rgardensoap.com/healthyskin/fight-for-your-health?path=/home/p8pyefaexf70/public_html/wp-admin" "Mozilla/5.0 AppleWebKit/537.36 (KHTML, like Gecko; compatible; GPTBot/1.3; +https://openai.com/gptbot)" 535 **0/535199**
74.7.227.35 - - [10/Mar/2026:22:32:28 -0700] "GET /?fileloc=//lib64/libpq.so.5.13&path=//lib64 HTTP/1.1" 200 2252 "http://mail.rgardensoap.com/?path=//lib64" "Mozilla/5.0 AppleWebKit/537.36 (KHTML, like Gecko; compatible; GPTBot/1.3; +https://openai.com/gptbot)" 520 **0/520678**
74.7.227.150 - - [10/Mar/2026:22:32:28 -0700] "GET /blog?path=//var/www HTTP/1.1" 200 2573 "http://rgardensoap.com/blog?path=//var" "Mozilla/5.0 AppleWebKit/537.36 (KHTML, like Gecko; compatible; GPTBot/1.3; +https://openai.com/gptbot)" 486 **0/486104**
74.7.241.54 - - [10/Mar/2026:22:32:28 -0700] "GET /fizzy-bath-bombs.html?fileloc=/home/p8pyefaexf70/public_html/wp-login.php&path=/home/p8pyefaexf70/public_html HTTP/1.1" 200 14750 "http://www.rgardensoap.com/fizzy-bath-bombs.html" "Mozilla/5.0 AppleWebKit/537.36 (KHTML, like Gecko; compatible; GPTBot/1.3; +https://openai.com/gptbot)" 481 **0/481148**
74.7.227.35 - - [10/Mar/2026:22:32:29 -0700] "GET /?fileloc=//lib64/librt-2.28.so&path=//lib64 HTTP/1.1" 200 2251 "http://mail.rgardensoap.com/?path=//lib64" "Mozilla/5.0 AppleWebKit/537.36 (KHTML, like Gecko; compatible; GPTBot/1.3; +https://openai.com/gptbot)" 478 **0/478080**
74.7.227.150 - - [10/Mar/2026:22:32:29 -0700] "GET /blog/?path=//proc/lve HTTP/1.1" 200 2853 "http://rgardensoap.com/blog/?path=//proc" "Mozilla/5.0 AppleWebKit/537.36 (KHTML, like Gecko; compatible; GPTBot/1.3; +https://openai.com/gptbot)" 491 **0/491396**
74.7.241.54 - - [10/Mar/2026:22:32:29 -0700] "GET /fizzy-bath-bombs.html?path=/home/p8pyefaexf70/public_html/staging.rgardensoap.com HTTP/1.1" 200 2331 "http://www.rgardensoap.com/fizzy-bath-bombs.html" "Mozilla/5.0 AppleWebKit/537.36 (KHTML, like Gecko; compatible; GPTBot/1.3; +https://openai.com/gptbot)" 532 **0/532066**
74.7.227.35 - - [10/Mar/2026:22:32:29 -0700] "GET /?fileloc=//lib64/libdl-2.28.so&path=//lib64 HTTP/1.1" 200 2251 "http://mail.rgardensoap.com/?path=//lib64" "Mozilla/5.0 AppleWebKit/537.36 (KHTML, like Gecko; compatible; GPTBot/1.3; +https://openai.com/gptbot)" 513 **0/513684**
74.7.241.54 - - [10/Mar/2026:22:32:29 -0700] "GET /plug/vote/plug.xml?fileloc=/home/p8pyefaexf70/public_html/wp-includes/class-wp-simplepie-file.php&path=/home/p8pyefaexf70/public_html/wp-includes HTTP/1.1" 200 3606 "http://www.rgardensoap.com/plug/vote/plug.xml?path=/home/p8pyefaexf70/public_html/wp-includes" "Mozilla/5.0 AppleWebKit/537.36 (KHTML, like Gecko; compatible; GPTBot/1.3; +https://openai.com/gptbot)" 558 **0/558351**
74.7.227.150 - - [10/Mar/2026:22:32:29 -0700] "GET /blog/?path=//proc/sys HTTP/1.1" 200 2765 "http://rgardensoap.com/blog/?path=//proc" "Mozilla/5.0 AppleWebKit/537.36 (KHTML, like Gecko; compatible; GPTBot/1.3; +https://openai.com/gptbot)" 909 **0/909555**
74.7.227.35 - - [10/Mar/2026:22:32:30 -0700] "GET /?fileloc=//lib64/libm-2.28.so&path=//lib64 HTTP/1.1" 200 2250 "http://mail.rgardensoap.com/?path=//lib64" "Mozilla/5.0 AppleWebKit/537.36 (KHTML, like Gecko; compatible; GPTBot/1.3; +https://openai.com/gptbot)" 549 **0/549905**
74.7.241.54 - - [10/Mar/2026:22:32:30 -0700] "GET /plug/vote/plug.xml?fileloc=/home/p8pyefaexf70/public_html/wp-includes/blocks/query-pagination-previous.php&path=/home/p8pyefaexf70/public_html/wp-includes/blocks HTTP/1.1" 200 3438 "http://www.rgardensoap.com/plug/vote/plug.xml?path=/home/p8pyefaexf70/public_html/wp-includes/blocks" "Mozilla/5.0 AppleWebKit/537.36 (KHTML, like Gecko; compatible; GPTBot/1.3; +https://openai.com/gptbot)" 527 **0/527302**
74.7.227.150 - - [10/Mar/2026:22:32:30 -0700] "GET /blog/?path=//lib/exim HTTP/1.1" 200 2544 "http://rgardensoap.com/blog/?path=//lib" "Mozilla/5.0 AppleWebKit/537.36 (KHTML, like Gecko; compatible; GPTBot/1.3; +https://openai.com/gptbot)" 528 **0/528205**
74.7.227.35 - - [10/Mar/2026:22:32:31 -0700] "GET /?fileloc=//lib64/libgs.so.9.27&path=//lib64 HTTP/1.1" 200 2252 "http://mail.rgardensoap.com/?path=//lib64" "Mozilla/5.0 AppleWebKit/537.36 (KHTML, like Gecko; compatible; GPTBot/1.3; +https://openai.com/gptbot)" 538 **0/538933**
74.7.241.54 - - [10/Mar/2026:22:32:31 -0700] "GET /healthyskin/fight-for-your-health?fileloc=/home/p8pyefaexf70/public_html/wp-admin/user/privacy.php&path=/home/p8pyefaexf70/public_html/wp-admin/user HTTP/1.1" 200 2420 "http://www.rgardensoap.com/healthyskin/fight-for-your-health?path=/home/p8pyefaexf70/public_html/wp-admin/user" "Mozilla/5.0 AppleWebKit/537.36 (KHTML, like Gecko; compatible; GPTBot/1.3; +https://openai.com/gptbot)" 544 **0/544634**
74.7.227.150 - - [10/Mar/2026:22:32:31 -0700] "GET /blog/?path=//etc/mail HTTP/1.1" 200 2547 "http://rgardensoap.com/blog/?path=//etc" "Mozilla/5.0 AppleWebKit/537.36 (KHTML, like Gecko; compatible; GPTBot/1.3; +https://openai.com/gptbot)" 468 **0/468588**
74.7.227.35 - - [10/Mar/2026:22:32:31 -0700] "GET /?fileloc=//lib64/libip6tc.so.2&path=//lib64 HTTP/1.1" 200 2251 "http://mail.rgardensoap.com/?path=//lib64" "Mozilla/5.0 AppleWebKit/537.36 (KHTML, like Gecko; compatible; GPTBot/1.3; +https://openai.com/gptbot)" 470 **0/470864**
74.7.241.54 - - [10/Mar/2026:22:32:31 -0700] "GET /healthyskin/fight-for-your-health?fileloc=/home/p8pyefaexf70/public_html/wp-admin/user/credits.php&path=/home/p8pyefaexf70/public_html/wp-admin/user HTTP/1.1" 200 2420 "http://www.rgardensoap.com/healthyskin/fight-for-your-health?path=/home/p8pyefaexf70/public_html/wp-admin/user" "Mozilla/5.0 AppleWebKit/537.36 (KHTML, like Gecko; compatible; GPTBot/1.3; +https://openai.com/gptbot)" 458 **0/458262**
74.7.227.150 - - [10/Mar/2026:22:32:32 -0700] "GET /blog/?path=//proc/irq HTTP/1.1" 200 3461 "http://rgardensoap.com/blog/?path=//proc" "Mozilla/5.0 AppleWebKit/537.36 (KHTML, like Gecko; compatible; GPTBot/1.3; +https://openai.com/gptbot)" 460 **0/460967**
74.7.227.35 - - [10/Mar/2026:22:32:32 -0700] "GET /?fileloc=//lib64/libsasl2.so.3&path=//lib64 HTTP/1.1" 200 2251 "http://mail.rgardensoap.com/?path=//lib64" "Mozilla/5.0 AppleWebKit/537.36 (KHTML, like Gecko; compatible; GPTBot/1.3; +https://openai.com/gptbot)" 544 **0/544582**
74.7.241.54 - - [10/Mar/2026:22:32:32 -0700] "GET /healthyskin/fight-for-your-health?fileloc=/home/p8pyefaexf70/public_html/wp-admin/user/contribute.php&path=/home/p8pyefaexf70/public_html/wp-admin/user HTTP/1.1" 200 2424 "http://www.rgardensoap.com/healthyskin/fight-for-your-health?path=/home/p8pyefaexf70/public_html/wp-admin/user" "Mozilla/5.0 AppleWebKit/537.36 (KHTML, like Gecko; compatible; GPTBot/1.3; +https://openai.com/gptbot)" 492 **0/492503**
74.7.227.150 - - [10/Mar/2026:22:32:32 -0700] "GET /blog/?path=//proc/tty HTTP/1.1" 200 2677 "http://rgardensoap.com/blog/?path=//proc" "Mozilla/5.0 AppleWebKit/537.36 (KHTML, like Gecko; compatible; GPTBot/1.3; +https://openai.com/gptbot)" 537 **0/537892**
74.7.227.35 - - [10/Mar/2026:22:32:33 -0700] "GET /?fileloc=//lib64/libip4tc.so.2&path=//lib64 HTTP/1.1" 200 2251 "http://mail.rgardensoap.com/?path=//lib64" "Mozilla/5.0 AppleWebKit/537.36 (KHTML, like Gecko; compatible; GPTBot/1.3; +https://openai.com/gptbot)" 513 **0/513069**
74.7.241.54 - - [10/Mar/2026:22:32:33 -0700] "GET /healthyskin/fight-for-your-health?fileloc=/home/p8pyefaexf70/public_html/wp-admin/user/about.php&path=/home/p8pyefaexf70/public_html/wp-admin/user HTTP/1.1" 200 2418 "http://www.rgardensoap.com/healthyskin/fight-for-your-health?path=/home/p8pyefaexf70/public_html/wp-admin/user" "Mozilla/5.0 AppleWebKit/537.36 (KHTML, like Gecko; compatible; GPTBot/1.3; +https://openai.com/gptbot)" 495 **0/495020**
74.7.227.150 - - [10/Mar/2026:22:32:33 -0700] "GET /blog/?path=//lib/gems HTTP/1.1" 200 2544 "http://rgardensoap.com/blog/?path=//lib" "Mozilla/5.0 AppleWebKit/537.36 (KHTML, like Gecko; compatible; GPTBot/1.3; +https://openai.com/gptbot)" 465 **0/465178**
74.7.227.35 - - [10/Mar/2026:22:32:33 -0700] "GET /?fileloc=//lib64/libavif.so.14&path=//lib64 HTTP/1.1" 200 2251 "http://mail.rgardensoap.com/?path=//lib64" "Mozilla/5.0 AppleWebKit/537.36 (KHTML, like Gecko; compatible; GPTBot/1.3; +https://openai.com/gptbot)" 513 **0/513942**
74.7.241.54 - - [10/Mar/2026:22:32:33 -0700] "GET /healthyskin/fight-for-your-health?fileloc=/home/p8pyefaexf70/public_html/wp-admin/user/freedoms.php&path=/home/p8pyefaexf70/public_html/wp-admin/user HTTP/1.1" 200 2422 "http://www.rgardensoap.com/healthyskin/fight-for-your-health?path=/home/p8pyefaexf70/public_html/wp-admin/user" "Mozilla/5.0 AppleWebKit/537.36 (KHTML, like Gecko; compatible; GPTBot/1.3; +https://openai.com/gptbot)" 503 **0/503534**
74.7.227.150 - - [10/Mar/2026:22:32:33 -0700] "GET /blog/?path=//lib/grub HTTP/1.1" 200 2546 "http://rgardensoap.com/blog/?path=//lib" "Mozilla/5.0 AppleWebKit/537.36 (KHTML, like Gecko; compatible; GPTBot/1.3; +https://openai.com/gptbot)" 498 **0/498933**
74.7.227.35 - - [10/Mar/2026:22:32:34 -0700] "GET /?fileloc=//lib64/liblcms2.so.2&path=//lib64 HTTP/1.1" 200 2252 "http://mail.rgardensoap.com/?path=//lib64" "Mozilla/5.0 AppleWebKit/537.36 (KHTML, like Gecko; compatible; GPTBot/1.3; +https://openai.com/gptbot)" 496 **0/496794**
74.7.241.54 - - [10/Mar/2026:22:32:34 -0700] "GET /plug/vote/plug.xml?fileloc=/home/p8pyefaexf70/public_html/wp-includes/blocks/navigation-submenu.php&path=/home/p8pyefaexf70/public_html/wp-includes/blocks HTTP/1.1" 200 5112 "http://www.rgardensoap.com/plug/vote/plug.xml?path=/home/p8pyefaexf70/public_html/wp-includes/blocks" "Mozilla/5.0 AppleWebKit/537.36 (KHTML, like Gecko; compatible; GPTBot/1.3; +https://openai.com/gptbot)" 506 **0/506188**
74.7.227.150 - - [10/Mar/2026:22:32:34 -0700] "GET /blog/?path=//etc/skel HTTP/1.1" 200 2629 "http://rgardensoap.com/blog/?path=//etc" "Mozilla/5.0 AppleWebKit/537.36 (KHTML, like Gecko; compatible; GPTBot/1.3; +https://openai.com/gptbot)" 494 **0/494923**
74.7.227.35 - - [10/Mar/2026:22:32:35 -0700] "GET /?fileloc=//lib64/libm.so.6&path=//lib64 HTTP/1.1" 200 2248 "http://mail.rgardensoap.com/?path=//lib64" "Mozilla/5.0 AppleWebKit/537.36 (KHTML, like Gecko; compatible; GPTBot/1.3; +https://openai.com/gptbot)" 477 **0/477046**
74.7.241.54 - - [10/Mar/2026:22:32:35 -0700] "GET /fizzy-bath-bombs.html?fileloc=/home/p8pyefaexf70/public_html/wp-admin/options-permalink.php&path=/home/p8pyefaexf70/public_html/wp-admin HTTP/1.1" 200 7795 "http://www.rgardensoap.com/fizzy-bath-bombs.html?path=/home/p8pyefaexf70/public_html/wp-admin" "Mozilla/5.0 AppleWebKit/537.36 (KHTML, like Gecko; compatible; GPTBot/1.3; +https://openai.com/gptbot)" 482 **0/482738**
74.7.227.150 - - [10/Mar/2026:22:32:35 -0700] "GET /blog/?path=//var/www HTTP/1.1" 200 2573 "http://rgardensoap.com/blog/?path=//var" "Mozilla/5.0 AppleWebKit/537.36 (KHTML, like Gecko; compatible; GPTBot/1.3; +https://openai.com/gptbot)" 494 **0/494547**
74.7.227.35 - - [10/Mar/2026:22:32:35 -0700] "GET /?fileloc=//lib64/libc.so.6&path=//lib64 HTTP/1.1" 200 2248 "http://mail.rgardensoap.com/?path=//lib64" "Mozilla/5.0 AppleWebKit/537.36 (KHTML, like Gecko; compatible; GPTBot/1.3; +https://openai.com/gptbot)" 483 **0/483089**
74.7.241.54 - - [10/Mar/2026:22:32:35 -0700] "GET /fizzy-bath-bombs.html?fileloc=/home/p8pyefaexf70/public_html/wp-admin/options-discussion.php&path=/home/p8pyefaexf70/public_html/wp-admin HTTP/1.1" 200 6538 "http://www.rgardensoap.com/fizzy-bath-bombs.html?path=/home/p8pyefaexf70/public_html/wp-admin" "Mozilla/5.0 AppleWebKit/537.36 (KHTML, like Gecko; compatible; GPTBot/1.3; +https://openai.com/gptbot)" 508 **0/508345**
74.7.227.150 - - [10/Mar/2026:22:32:35 -0700] "GET /blog?fileloc=//proc/net/if_inet6&path=//proc/net HTTP/1.1" 200 2258 "http://rgardensoap.com/blog?path=//proc/net" "Mozilla/5.0 AppleWebKit/537.36 (KHTML, like Gecko; compatible; GPTBot/1.3; +https://openai.com/gptbot)" 494 **0/494764**
74.7.227.35 - - [10/Mar/2026:22:32:36 -0700] "GET /?fileloc=//lib64/Scrt1.o&path=//lib64 HTTP/1.1" 200 2248 "http://mail.rgardensoap.com/?path=//lib64" "Mozilla/5.0 AppleWebKit/537.36 (KHTML, like Gecko; compatible; GPTBot/1.3; +https://openai.com/gptbot)" 514 **0/514688**
74.7.241.54 - - [10/Mar/2026:22:32:36 -0700] "GET /fizzy-bath-bombs.html?fileloc=/home/p8pyefaexf70/public_html/wp-admin/upgrade-functions.php&path=/home/p8pyefaexf70/public_html/wp-admin HTTP/1.1" 200 2440 "http://www.rgardensoap.com/fizzy-bath-bombs.html?path=/home/p8pyefaexf70/public_html/wp-admin" "Mozilla/5.0 AppleWebKit/537.36 (KHTML, like Gecko; compatible; GPTBot/1.3; +https://openai.com/gptbot)" 503 **0/503852**
74.7.227.150 - - [10/Mar/2026:22:32:36 -0700] "GET /blog/?path=//opt/alt HTTP/1.1" 200 4003 "http://rgardensoap.com/blog/?path=//opt" "Mozilla/5.0 AppleWebKit/537.36 (KHTML, like Gecko; compatible; GPTBot/1.3; +https://openai.com/gptbot)" 492 **0/492881**
74.7.227.35 - - [10/Mar/2026:22:32:36 -0700] "GET /?fileloc=//lib64/Mcrt1.o&path=//lib64 HTTP/1.1" 200 2248 "http://mail.rgardensoap.com/?path=//lib64" "Mozilla/5.0 AppleWebKit/537.36 (KHTML, like Gecko; compatible; GPTBot/1.3; +https://openai.com/gptbot)" 506 **0/506696**
74.7.241.54 - - [10/Mar/2026:22:32:37 -0700] "GET /fizzy-bath-bombs.html?fileloc=/home/p8pyefaexf70/public_html/wp-admin/erase-personal-data.php&path=/home/p8pyefaexf70/public_html/wp-admin HTTP/1.1" 200 4874 "http://www.rgardensoap.com/fizzy-bath-bombs.html?path=/home/p8pyefaexf70/public_html/wp-admin" "Mozilla/5.0 AppleWebKit/537.36 (KHTML, like Gecko; compatible; GPTBot/1.3; +https://openai.com/gptbot)" 568 **0/568572**
74.7.227.150 - - [10/Mar/2026:22:32:37 -0700] "GET /blog?fileloc=//proc/net/anycast6&path=//proc/net HTTP/1.1" 200 2259 "http://rgardensoap.com/blog?path=//proc/net" "Mozilla/5.0 AppleWebKit/537.36 (KHTML, like Gecko; compatible; GPTBot/1.3; +https://openai.com/gptbot)" 516 **0/516187**
74.7.227.35 - - [10/Mar/2026:22:32:37 -0700] "GET /?fileloc=//lib64/libz.so.1&path=//lib64 HTTP/1.1" 200 2250 "http://mail.rgardensoap.com/?path=//lib64" "Mozilla/5.0 AppleWebKit/537.36 (KHTML, like Gecko; compatible; GPTBot/1.3; +https://openai.com/gptbot)" 507 **0/507018**
74.7.227.150 - - [10/Mar/2026:22:32:37 -0700] "GET /blog/?path=//bin HTTP/1.1" 200 14505 "http://rgardensoap.com/blog/?path=/" "Mozilla/5.0 AppleWebKit/537.36 (KHTML, like Gecko; compatible; GPTBot/1.3; +https://openai.com/gptbot)" 507 **0/507752**
74.7.241.54 - - [10/Mar/2026:22:32:37 -0700] "GET /fizzy-bath-bombs.html?fileloc=/home/p8pyefaexf70/public_html/wp-admin/edit-form-advanced.php&path=/home/p8pyefaexf70/public_html/wp-admin HTTP/1.1" 200 10794 "http://www.rgardensoap.com/fizzy-bath-bombs.html?path=/home/p8pyefaexf70/public_html/wp-admin" "Mozilla/5.0 AppleWebKit/537.36 (KHTML, like Gecko; compatible; GPTBot/1.3; +https://openai.com/gptbot)" 759 **0/759921**
74.7.227.35 - - [10/Mar/2026:22:32:38 -0700] "GET /?fileloc=//lib64/libXaw.so.7&path=//lib64 HTTP/1.1" 200 2249 "http://mail.rgardensoap.com/?path=//lib64" "Mozilla/5.0 AppleWebKit/537.36 (KHTML, like Gecko; compatible; GPTBot/1.3; +https://openai.com/gptbot)" 499 **0/499989**
74.7.227.150 - - [10/Mar/2026:22:32:38 -0700] "GET /blog/?path=//lib64/gtk-2.0 HTTP/1.1" 200 2596 "http://rgardensoap.com/blog/?path=//lib64" "Mozilla/5.0 AppleWebKit/537.36 (KHTML, like Gecko; compatible; GPTBot/1.3; +https://openai.com/gptbot)" 537 **0/537334**
74.7.241.54 - - [10/Mar/2026:22:32:38 -0700] "GET /plug/vote/plug.xml?path=/home/p8pyefaexf70/public_html/wp-includes/blocks/term-description HTTP/1.1" 200 2729 "http://www.rgardensoap.com/plug/vote/plug.xml?path=/home/p8pyefaexf70/public_html/wp-includes/blocks" "Mozilla/5.0 AppleWebKit/537.36 (KHTML, like Gecko; compatible; GPTBot/1.3; +https://openai.com/gptbot)" 596 **0/596092**
74.7.227.35 - - [10/Mar/2026:22:32:38 -0700] "GET /?fileloc=//lib64/libXmu.so.6&path=//lib64 HTTP/1.1" 200 2249 "http://mail.rgardensoap.com/?path=//lib64" "Mozilla/5.0 AppleWebKit/537.36 (KHTML, like Gecko; compatible; GPTBot/1.3; +https://openai.com/gptbot)" 519 **0/519816**
74.7.227.150 - - [10/Mar/2026:22:32:39 -0700] "GET /blog/?path=//proc/irq/87 HTTP/1.1" 200 2808 "http://rgardensoap.com/blog/?path=//proc/irq" "Mozilla/5.0 AppleWebKit/537.36 (KHTML, like Gecko; compatible; GPTBot/1.3; +https://openai.com/gptbot)" 566 **0/566910**
74.7.227.35 - - [10/Mar/2026:22:32:39 -0700] "GET /?fileloc=//lib64/libICE.so.6&path=//lib64 HTTP/1.1" 200 2249 "http://mail.rgardensoap.com/?path=//lib64" "Mozilla/5.0 AppleWebKit/537.36 (KHTML, like Gecko; compatible; GPTBot/1.3; +https://openai.com/gptbot)" 484 **0/484112**
74.7.241.54 - - [10/Mar/2026:22:32:39 -0700] "GET /plug/vote/plug.xml?path=/home/p8pyefaexf70/public_html/wp-includes/blocks/navigation-link HTTP/1.1" 200 2824 "http://www.rgardensoap.com/plug/vote/plug.xml?path=/home/p8pyefaexf70/public_html/wp-includes/blocks" "Mozilla/5.0 AppleWebKit/537.36 (KHTML, like Gecko; compatible; GPTBot/1.3; +https://openai.com/gptbot)" 762 **0/762129**
