74.7.227.150 - - [10/Mar/2026:22:48:35 -0700] "GET /customize.php HTTP/1.1" 200 3815 "https://www.rgardensoap.com" "Mozilla/5.0 AppleWebKit/537.36 (KHTML, like Gecko; compatible; GPTBot/1.3; +https://openai.com/gptbot)" 463 **0/463272**
74.7.241.54 - - [10/Mar/2026:22:48:35 -0700] "GET /plug/vote/plug.xml?path=//proc/2470499/root/usr/share/man/man7 HTTP/1.1" 200 5200 "http://www.rgardensoap.com/plug/vote/plug.xml?path=//proc/2470499/root/usr/share/man" "Mozilla/5.0 AppleWebKit/537.36 (KHTML, like Gecko; compatible; GPTBot/1.3; +https://openai.com/gptbot)" 714 **0/714083**
74.7.227.35 - - [10/Mar/2026:22:48:35 -0700] "GET /?path=//opt/alt/tests/alt-php56-pecl-trader_0.5.1-1.el8/tests/inc HTTP/1.1" 200 2652 "http://mail.rgardensoap.com/?path=//opt/alt/tests/alt-php56-pecl-trader_0.5.1-1.el8/tests" "Mozilla/5.0 AppleWebKit/537.36 (KHTML, like Gecko; compatible; GPTBot/1.3; +https://openai.com/gptbot)" 451 **0/451714**
74.7.227.150 - - [10/Mar/2026:22:48:36 -0700] "GET /blog/?path=//lib64/gtk-2.0/2.10.0 HTTP/1.1" 200 2649 "http://rgardensoap.com/blog/?path=//lib64/gtk-2.0" "Mozilla/5.0 AppleWebKit/537.36 (KHTML, like Gecko; compatible; GPTBot/1.3; +https://openai.com/gptbot)" 544 **0/544231**
74.7.241.54 - - [10/Mar/2026:22:48:36 -0700] "GET /plug/vote/plug.xml?path=//proc/2470499/root/usr/share/man/man2 HTTP/1.1" 200 2352 "http://www.rgardensoap.com/plug/vote/plug.xml?path=//proc/2470499/root/usr/share/man" "Mozilla/5.0 AppleWebKit/537.36 (KHTML, like Gecko; compatible; GPTBot/1.3; +https://openai.com/gptbot)" 471 **0/471147**
74.7.227.35 - - [10/Mar/2026:22:48:36 -0700] "GET /?path=//opt/alt/tests/alt-php84-pecl-trader_0.5.1-1.el8/tests/inc HTTP/1.1" 200 2652 "http://mail.rgardensoap.com/?path=//opt/alt/tests/alt-php84-pecl-trader_0.5.1-1.el8/tests" "Mozilla/5.0 AppleWebKit/537.36 (KHTML, like Gecko; compatible; GPTBot/1.3; +https://openai.com/gptbot)" 543 **0/543253**
74.7.227.150 - - [10/Mar/2026:22:48:36 -0700] "GET /blog/?path=//proc/lve/per-lve HTTP/1.1" 200 2316 "http://rgardensoap.com/blog/?path=//proc/lve" "Mozilla/5.0 AppleWebKit/537.36 (KHTML, like Gecko; compatible; GPTBot/1.3; +https://openai.com/gptbot)" 497 **0/497262**
74.7.241.54 - - [10/Mar/2026:22:48:37 -0700] "GET /plug/vote/plug.xml?path=//proc/2470499/root/usr/share/man/man0p HTTP/1.1" 200 2354 "http://www.rgardensoap.com/plug/vote/plug.xml?path=//proc/2470499/root/usr/share/man" "Mozilla/5.0 AppleWebKit/537.36 (KHTML, like Gecko; compatible; GPTBot/1.3; +https://openai.com/gptbot)" 462 **0/462943**
74.7.227.35 - - [10/Mar/2026:22:48:37 -0700] "GET /?fileloc=//opt/alt/tests/alt-php54-pecl-bitset_2.0.3-1.el8/tests/008.phpt&path=//opt/alt/tests/alt-php54-pecl-bitset_2.0.3-1.el8/tests HTTP/1.1" 200 2677 "http://mail.rgardensoap.com/?path=//opt/alt/tests/alt-php54-pecl-bitset_2.0.3-1.el8/tests" "Mozilla/5.0 AppleWebKit/537.36 (KHTML, like Gecko; compatible; GPTBot/1.3; +https://openai.com/gptbot)" 480 **0/480157**
74.7.227.150 - - [10/Mar/2026:22:48:37 -0700] "GET /blog?fileloc=//lib64/libtss2-esys.so.0.0.0&path=//lib64 HTTP/1.1" 200 2257 "http://rgardensoap.com/blog?path=//lib64" "Mozilla/5.0 AppleWebKit/537.36 (KHTML, like Gecko; compatible; GPTBot/1.3; +https://openai.com/gptbot)" 511 **0/511451**
74.7.241.54 - - [10/Mar/2026:22:48:37 -0700] "GET /plug/vote/plug.xml?path=//proc/2470499/root/usr/share/man/man9x HTTP/1.1" 200 2354 "http://www.rgardensoap.com/plug/vote/plug.xml?path=//proc/2470499/root/usr/share/man" "Mozilla/5.0 AppleWebKit/537.36 (KHTML, like Gecko; compatible; GPTBot/1.3; +https://openai.com/gptbot)" 474 **0/474328**
74.7.227.35 - - [10/Mar/2026:22:48:37 -0700] "GET /?fileloc=//opt/alt/tests/alt-php54-pecl-bitset_2.0.3-1.el8/tests/009.phpt&path=//opt/alt/tests/alt-php54-pecl-bitset_2.0.3-1.el8/tests HTTP/1.1" 200 2762 "http://mail.rgardensoap.com/?path=//opt/alt/tests/alt-php54-pecl-bitset_2.0.3-1.el8/tests" "Mozilla/5.0 AppleWebKit/537.36 (KHTML, like Gecko; compatible; GPTBot/1.3; +https://openai.com/gptbot)" 487 **0/487101**
74.7.227.150 - - [10/Mar/2026:22:48:38 -0700] "GET /blog/?fileloc=//proc/sys/fs/pipe-user-pages-soft&path=//proc/sys/fs HTTP/1.1" 200 2278 "http://rgardensoap.com/blog/?path=//proc/sys/fs" "Mozilla/5.0 AppleWebKit/537.36 (KHTML, like Gecko; compatible; GPTBot/1.3; +https://openai.com/gptbot)" 541 **0/541292**
74.7.241.54 - - [10/Mar/2026:22:48:38 -0700] "GET /plug/vote/plug.xml?path=//proc/2470499/root/usr/share/man/man4 HTTP/1.1" 200 2771 "http://www.rgardensoap.com/plug/vote/plug.xml?path=//proc/2470499/root/usr/share/man" "Mozilla/5.0 AppleWebKit/537.36 (KHTML, like Gecko; compatible; GPTBot/1.3; +https://openai.com/gptbot)" 490 **0/490683**
74.7.227.35 - - [10/Mar/2026:22:48:38 -0700] "GET /?path=//opt/alt/tests/alt-php72-pecl-trader_0.5.1-1.el8/tests HTTP/1.1" 200 3419 "http://mail.rgardensoap.com/?path=//opt/alt/tests/alt-php72-pecl-trader_0.5.1-1.el8" "Mozilla/5.0 AppleWebKit/537.36 (KHTML, like Gecko; compatible; GPTBot/1.3; +https://openai.com/gptbot)" 444 **0/444776**
74.7.227.150 - - [10/Mar/2026:22:48:38 -0700] "GET /archivarix.cms.php HTTP/1.1" 200 3815 "https://www.rgardensoap.com" "Mozilla/5.0 AppleWebKit/537.36 (KHTML, like Gecko; compatible; GPTBot/1.3; +https://openai.com/gptbot)" 476 **0/476759**
74.7.241.54 - - [10/Mar/2026:22:48:38 -0700] "GET /plug/vote/plug.xml?path=//proc/2470499/root/usr/share/man/man4x HTTP/1.1" 200 2354 "http://www.rgardensoap.com/plug/vote/plug.xml?path=//proc/2470499/root/usr/share/man" "Mozilla/5.0 AppleWebKit/537.36 (KHTML, like Gecko; compatible; GPTBot/1.3; +https://openai.com/gptbot)" 558 **0/558723**
74.7.227.35 - - [10/Mar/2026:22:48:39 -0700] "GET /?path=//opt/alt/tests/alt-php71-pecl-gender_1.1.0-1.el8/tests HTTP/1.1" 200 2836 "http://mail.rgardensoap.com/?path=//opt/alt/tests/alt-php71-pecl-gender_1.1.0-1.el8" "Mozilla/5.0 AppleWebKit/537.36 (KHTML, like Gecko; compatible; GPTBot/1.3; +https://openai.com/gptbot)" 527 **0/527603**
74.7.227.150 - - [10/Mar/2026:22:48:39 -0700] "GET /blog/?path=//proc/2470499/cwd/lib/.build-id/ff HTTP/1.1" 200 3329 "http://rgardensoap.com/blog/?path=//proc/2470499/cwd/lib/.build-id" "Mozilla/5.0 AppleWebKit/537.36 (KHTML, like Gecko; compatible; GPTBot/1.3; +https://openai.com/gptbot)" 519 **0/519180**
74.7.241.54 - - [10/Mar/2026:22:48:39 -0700] "GET /plug/vote/plug.xml?path=//proc/2470499/root/usr/share/man/man9 HTTP/1.1" 200 2352 "http://www.rgardensoap.com/plug/vote/plug.xml?path=//proc/2470499/root/usr/share/man" "Mozilla/5.0 AppleWebKit/537.36 (KHTML, like Gecko; compatible; GPTBot/1.3; +https://openai.com/gptbot)" 541 **0/541535**
74.7.227.150 - - [10/Mar/2026:22:48:40 -0700] "GET /blog/?path=//proc/2470499/cwd/lib/.build-id/ae HTTP/1.1" 200 3249 "http://rgardensoap.com/blog/?path=//proc/2470499/cwd/lib/.build-id" "Mozilla/5.0 AppleWebKit/537.36 (KHTML, like Gecko; compatible; GPTBot/1.3; +https://openai.com/gptbot)" 492 **0/492371**
74.7.227.35 - - [10/Mar/2026:22:48:40 -0700] "GET /?path=//opt/alt/tests/alt-php70-pecl-swoole_4.3.5-1.el8/tests HTTP/1.1" 200 2347 "http://mail.rgardensoap.com/?path=//opt/alt/tests/alt-php70-pecl-swoole_4.3.5-1.el8" "Mozilla/5.0 AppleWebKit/537.36 (KHTML, like Gecko; compatible; GPTBot/1.3; +https://openai.com/gptbot)" 550 **0/550950**
74.7.241.54 - - [10/Mar/2026:22:48:40 -0700] "GET /plug/vote/plug.xml?path=//proc/2470499/root/usr/share/man/it HTTP/1.1" 200 2643 "http://www.rgardensoap.com/plug/vote/plug.xml?path=//proc/2470499/root/usr/share/man" "Mozilla/5.0 AppleWebKit/537.36 (KHTML, like Gecko; compatible; GPTBot/1.3; +https://openai.com/gptbot)" 518 **0/518399**
74.7.227.35 - - [10/Mar/2026:22:48:40 -0700] "GET /?path=//opt/alt/tests/alt-php74-pecl-trader_0.5.1-1.el8/tests/inc HTTP/1.1" 200 2652 "http://mail.rgardensoap.com/?path=//opt/alt/tests/alt-php74-pecl-trader_0.5.1-1.el8/tests" "Mozilla/5.0 AppleWebKit/537.36 (KHTML, like Gecko; compatible; GPTBot/1.3; +https://openai.com/gptbot)" 466 **0/466798**
74.7.227.150 - - [10/Mar/2026:22:48:40 -0700] "GET /blog/?path=//proc/2470499/cwd/lib/.build-id/fa HTTP/1.1" 200 3353 "http://rgardensoap.com/blog/?path=//proc/2470499/cwd/lib/.build-id" "Mozilla/5.0 AppleWebKit/537.36 (KHTML, like Gecko; compatible; GPTBot/1.3; +https://openai.com/gptbot)" 535 **0/535538**
74.7.241.54 - - [10/Mar/2026:22:48:40 -0700] "GET /plug/vote/plug.xml?path=//proc/2470499/root/usr/share/man/hu HTTP/1.1" 200 2630 "http://www.rgardensoap.com/plug/vote/plug.xml?path=//proc/2470499/root/usr/share/man" "Mozilla/5.0 AppleWebKit/537.36 (KHTML, like Gecko; compatible; GPTBot/1.3; +https://openai.com/gptbot)" 499 **0/499242**
74.7.227.35 - - [10/Mar/2026:22:48:41 -0700] "GET /?path=//opt/alt/tests/alt-php73-pecl-trader_0.5.1-1.el8/tests HTTP/1.1" 200 3419 "http://mail.rgardensoap.com/?path=//opt/alt/tests/alt-php73-pecl-trader_0.5.1-1.el8" "Mozilla/5.0 AppleWebKit/537.36 (KHTML, like Gecko; compatible; GPTBot/1.3; +https://openai.com/gptbot)" 560 **0/560047**
74.7.227.150 - - [10/Mar/2026:22:48:41 -0700] "GET /blog/?fileloc=//proc/sys/net/unix/max_dgram_qlen&path=//proc/sys/net/unix HTTP/1.1" 200 2287 "http://rgardensoap.com/blog/?path=//proc/sys/net/unix" "Mozilla/5.0 AppleWebKit/537.36 (KHTML, like Gecko; compatible; GPTBot/1.3; +https://openai.com/gptbot)" 532 **0/532638**
74.7.241.54 - - [10/Mar/2026:22:48:41 -0700] "GET /plug/vote/plug.xml?path=//proc/2470499/root/usr/share/man/pl HTTP/1.1" 200 2644 "http://www.rgardensoap.com/plug/vote/plug.xml?path=//proc/2470499/root/usr/share/man" "Mozilla/5.0 AppleWebKit/537.36 (KHTML, like Gecko; compatible; GPTBot/1.3; +https://openai.com/gptbot)" 605 **0/605832**
74.7.227.150 - - [10/Mar/2026:22:48:42 -0700] "GET /test.php?fileloc=/home/p8pyefaexf70/public_html/lhrre.php&path=/home/p8pyefaexf70/public_html HTTP/1.1" 200 53996 "http://rgardensoap.com/test.php" "Mozilla/5.0 AppleWebKit/537.36 (KHTML, like Gecko; compatible; GPTBot/1.3; +https://openai.com/gptbot)" 595 **0/595681**
74.7.241.54 - - [10/Mar/2026:22:48:42 -0700] "GET /plug/vote/plug.xml?path=//proc/2470499/root/usr/share/man/ko HTTP/1.1" 200 2630 "http://www.rgardensoap.com/plug/vote/plug.xml?path=//proc/2470499/root/usr/share/man" "Mozilla/5.0 AppleWebKit/537.36 (KHTML, like Gecko; compatible; GPTBot/1.3; +https://openai.com/gptbot)" 542 **0/542541**
74.7.227.35 - - [10/Mar/2026:22:48:42 -0700] "GET /?path=//opt/alt/tests/alt-php82-pecl-trader_0.5.1-1.el8/tests HTTP/1.1" 200 3373 "http://mail.rgardensoap.com/?path=//opt/alt/tests/alt-php82-pecl-trader_0.5.1-1.el8" "Mozilla/5.0 AppleWebKit/537.36 (KHTML, like Gecko; compatible; GPTBot/1.3; +https://openai.com/gptbot)" 750 **0/750501**
74.7.241.54 - - [10/Mar/2026:22:48:43 -0700] "GET /plug/vote/plug.xml?fileloc=//proc/2470499/root/usr/share/man/man7/xkeyboard-config.7.gz&path=//proc/2470499/root/usr/share/man/man7 HTTP/1.1" 200 2314 "http://www.rgardensoap.com/plug/vote/plug.xml?path=//proc/2470499/root/usr/share/man/man7" "Mozilla/5.0 AppleWebKit/537.36 (KHTML, like Gecko; compatible; GPTBot/1.3; +https://openai.com/gptbot)" 523 **0/523427**
74.7.227.150 - - [10/Mar/2026:22:48:42 -0700] "GET /test.php?fileloc=/home/p8pyefaexf70/public_html/wp-mail.php&path=/home/p8pyefaexf70/public_html HTTP/1.1" 200 5227 "http://rgardensoap.com/test.php" "Mozilla/5.0 AppleWebKit/537.36 (KHTML, like Gecko; compatible; GPTBot/1.3; +https://openai.com/gptbot)" 595 **0/595567**
74.7.227.35 - - [10/Mar/2026:22:48:43 -0700] "GET /?path=//opt/alt/tests/alt-php70-pecl-bitset_3.2.0-1.el8/tests HTTP/1.1" 200 3279 "http://mail.rgardensoap.com/?path=//opt/alt/tests/alt-php70-pecl-bitset_3.2.0-1.el8" "Mozilla/5.0 AppleWebKit/537.36 (KHTML, like Gecko; compatible; GPTBot/1.3; +https://openai.com/gptbot)" 577 **0/577922**
74.7.227.150 - - [10/Mar/2026:22:48:43 -0700] "GET /blog/?path=//proc/2470499/cwd/lib/.build-id/af HTTP/1.1" 200 3180 "http://rgardensoap.com/blog/?path=//proc/2470499/cwd/lib/.build-id" "Mozilla/5.0 AppleWebKit/537.36 (KHTML, like Gecko; compatible; GPTBot/1.3; +https://openai.com/gptbot)" 444 **0/444332**
74.7.241.54 - - [10/Mar/2026:22:48:43 -0700] "GET /plug/vote/plug.xml?fileloc=//proc/2470499/root/usr/share/man/man7/RAND.7ssl.gz&path=//proc/2470499/root/usr/share/man/man7 HTTP/1.1" 200 2312 "http://www.rgardensoap.com/plug/vote/plug.xml?path=//proc/2470499/root/usr/share/man/man7" "Mozilla/5.0 AppleWebKit/537.36 (KHTML, like Gecko; compatible; GPTBot/1.3; +https://openai.com/gptbot)" 541 **0/541884**
74.7.227.35 - - [10/Mar/2026:22:48:43 -0700] "GET /?path=//opt/alt/tests/alt-php70-pecl-trader_0.5.1-1.el8/tests HTTP/1.1" 200 3419 "http://mail.rgardensoap.com/?path=//opt/alt/tests/alt-php70-pecl-trader_0.5.1-1.el8" "Mozilla/5.0 AppleWebKit/537.36 (KHTML, like Gecko; compatible; GPTBot/1.3; +https://openai.com/gptbot)" 467 **0/467304**
74.7.227.150 - - [10/Mar/2026:22:48:44 -0700] "GET /blog/?path=//proc/2470499/cwd/lib/.build-id/ea HTTP/1.1" 200 3288 "http://rgardensoap.com/blog/?path=//proc/2470499/cwd/lib/.build-id" "Mozilla/5.0 AppleWebKit/537.36 (KHTML, like Gecko; compatible; GPTBot/1.3; +https://openai.com/gptbot)" 440 **0/440439**
74.7.241.54 - - [10/Mar/2026:22:48:44 -0700] "GET /plug/vote/plug.xml?fileloc=//proc/2470499/root/usr/share/man/man7/unixODBC.7.gz&path=//proc/2470499/root/usr/share/man/man7 HTTP/1.1" 200 2310 "http://www.rgardensoap.com/plug/vote/plug.xml?path=//proc/2470499/root/usr/share/man/man7" "Mozilla/5.0 AppleWebKit/537.36 (KHTML, like Gecko; compatible; GPTBot/1.3; +https://openai.com/gptbot)" 552 **0/552234**
74.7.227.35 - - [10/Mar/2026:22:48:44 -0700] "GET /?path=//opt/alt/tests/alt-php56-pecl-bitset_2.0.3-1.el8/tests HTTP/1.1" 200 3498 "http://mail.rgardensoap.com/?path=//opt/alt/tests/alt-php56-pecl-bitset_2.0.3-1.el8" "Mozilla/5.0 AppleWebKit/537.36 (KHTML, like Gecko; compatible; GPTBot/1.3; +https://openai.com/gptbot)" 561 **0/561357**
74.7.227.150 - - [10/Mar/2026:22:48:44 -0700] "GET /blog/?path=//proc/2470499/cwd/lib/.build-id/ee HTTP/1.1" 200 3093 "http://rgardensoap.com/blog/?path=//proc/2470499/cwd/lib/.build-id" "Mozilla/5.0 AppleWebKit/537.36 (KHTML, like Gecko; compatible; GPTBot/1.3; +https://openai.com/gptbot)" 490 **0/490940**
74.7.241.54 - - [10/Mar/2026:22:48:45 -0700] "GET /plug/vote/plug.xml?fileloc=//proc/2470499/root/usr/share/man/man7/RAND_DRBG.7ssl.gz&path=//proc/2470499/root/usr/share/man/man7 HTTP/1.1" 200 2318 "http://www.rgardensoap.com/plug/vote/plug.xml?path=//proc/2470499/root/usr/share/man/man7" "Mozilla/5.0 AppleWebKit/537.36 (KHTML, like Gecko; compatible; GPTBot/1.3; +https://openai.com/gptbot)" 578 **0/578652**
74.7.227.35 - - [10/Mar/2026:22:48:45 -0700] "GET /?path=//opt/alt/tests/alt-php54-pecl-trader_0.5.1-1.el8/tests HTTP/1.1" 200 3419 "http://mail.rgardensoap.com/?path=//opt/alt/tests/alt-php54-pecl-trader_0.5.1-1.el8" "Mozilla/5.0 AppleWebKit/537.36 (KHTML, like Gecko; compatible; GPTBot/1.3; +https://openai.com/gptbot)" 595 **0/595151**
74.7.227.150 - - [10/Mar/2026:22:48:45 -0700] "GET /blog/?path=//etc/apache2 HTTP/1.1" 200 2545 "http://rgardensoap.com/blog/?path=//etc" "Mozilla/5.0 AppleWebKit/537.36 (KHTML, like Gecko; compatible; GPTBot/1.3; +https://openai.com/gptbot)" 545 **0/545657**
74.7.241.54 - - [10/Mar/2026:22:48:45 -0700] "GET /plug/vote/plug.xml?fileloc=//proc/2470499/root/usr/share/man/man7/RSA-PSS.7ssl.gz&path=//proc/2470499/root/usr/share/man/man7 HTTP/1.1" 200 2315 "http://www.rgardensoap.com/plug/vote/plug.xml?path=//proc/2470499/root/usr/share/man/man7" "Mozilla/5.0 AppleWebKit/537.36 (KHTML, like Gecko; compatible; GPTBot/1.3; +https://openai.com/gptbot)" 524 **0/524581**
74.7.227.35 - - [10/Mar/2026:22:48:46 -0700] "GET /?path=//opt/alt/tests/alt-php73-pecl-bitset_3.2.0-1.el8/tests HTTP/1.1" 200 3279 "http://mail.rgardensoap.com/?path=//opt/alt/tests/alt-php73-pecl-bitset_3.2.0-1.el8" "Mozilla/5.0 AppleWebKit/537.36 (KHTML, like Gecko; compatible; GPTBot/1.3; +https://openai.com/gptbot)" 560 **0/560547**
74.7.227.150 - - [10/Mar/2026:22:48:46 -0700] "GET /blog?path=//opt/alt/krb5 HTTP/1.1" 200 2553 "http://rgardensoap.com/blog?path=//opt/alt" "Mozilla/5.0 AppleWebKit/537.36 (KHTML, like Gecko; compatible; GPTBot/1.3; +https://openai.com/gptbot)" 556 **0/556217**
74.7.241.54 - - [10/Mar/2026:22:48:46 -0700] "GET /plug/vote/plug.xml?fileloc=//proc/2470499/root/usr/share/man/man7/proxy-certificates.7ssl.gz&path=//proc/2470499/root/usr/share/man/man7 HTTP/1.1" 200 2313 "http://www.rgardensoap.com/plug/vote/plug.xml?path=//proc/2470499/root/usr/share/man/man7" "Mozilla/5.0 AppleWebKit/537.36 (KHTML, like Gecko; compatible; GPTBot/1.3; +https://openai.com/gptbot)" 506 **0/506580**
74.7.227.35 - - [10/Mar/2026:22:48:46 -0700] "GET /?path=//opt/alt/tests/alt-php72-pecl-trader_0.5.1-1.el8/tests/inc HTTP/1.1" 200 2652 "http://mail.rgardensoap.com/?path=//opt/alt/tests/alt-php72-pecl-trader_0.5.1-1.el8/tests" "Mozilla/5.0 AppleWebKit/537.36 (KHTML, like Gecko; compatible; GPTBot/1.3; +https://openai.com/gptbot)" 500 **0/500012**
74.7.227.150 - - [10/Mar/2026:22:48:46 -0700] "GET /blog/?fileloc=//proc/sys/net/ipv4/ip_forward_update_priority&path=//proc/sys/net/ipv4 HTTP/1.1" 200 2286 "http://rgardensoap.com/blog/?path=//proc/sys/net/ipv4" "Mozilla/5.0 AppleWebKit/537.36 (KHTML, like Gecko; compatible; GPTBot/1.3; +https://openai.com/gptbot)" 535 **0/535489**
74.7.227.35 - - [10/Mar/2026:22:48:47 -0700] "GET /?path=//opt/alt/tests/alt-php80-pecl-mcrypt_1.0.7-1.el8/tests HTTP/1.1" 200 4005 "http://mail.rgardensoap.com/?path=//opt/alt/tests/alt-php80-pecl-mcrypt_1.0.7-1.el8" "Mozilla/5.0 AppleWebKit/537.36 (KHTML, like Gecko; compatible; GPTBot/1.3; +https://openai.com/gptbot)" 515 **0/515241**
74.7.241.54 - - [10/Mar/2026:22:48:47 -0700] "GET /plug/vote/plug.xml?fileloc=//proc/2470499/root/usr/share/man/man7/passphrase-encoding.7ssl.gz&path=//proc/2470499/root/usr/share/man/man7 HTTP/1.1" 200 2321 "http://www.rgardensoap.com/plug/vote/plug.xml?path=//proc/2470499/root/usr/share/man/man7" "Mozilla/5.0 AppleWebKit/537.36 (KHTML, like Gecko; compatible; GPTBot/1.3; +https://openai.com/gptbot)" 592 **0/592139**
74.7.227.150 - - [10/Mar/2026:22:48:47 -0700] "GET /blog/?fileloc=//proc/sys/net/ipv4/icmp_echo_ignore_broadcasts&path=//proc/sys/net/ipv4 HTTP/1.1" 200 2289 "http://rgardensoap.com/blog/?path=//proc/sys/net/ipv4" "Mozilla/5.0 AppleWebKit/537.36 (KHTML, like Gecko; compatible; GPTBot/1.3; +https://openai.com/gptbot)" 555 **0/555169**
74.7.227.35 - - [10/Mar/2026:22:48:48 -0700] "GET /?path=//opt/alt/tests/alt-php74-pecl-bitset_3.2.0-1.el8/tests HTTP/1.1" 200 3279 "http://mail.rgardensoap.com/?path=//opt/alt/tests/alt-php74-pecl-bitset_3.2.0-1.el8" "Mozilla/5.0 AppleWebKit/537.36 (KHTML, like Gecko; compatible; GPTBot/1.3; +https://openai.com/gptbot)" 678 **0/678297**
74.7.241.54 - - [10/Mar/2026:22:48:48 -0700] "GET /plug/vote/plug.xml?path=//proc/2470499/root/usr/share/man/ca HTTP/1.1" 200 2594 "http://www.rgardensoap.com/plug/vote/plug.xml?path=//proc/2470499/root/usr/share/man" "Mozilla/5.0 AppleWebKit/537.36 (KHTML, like Gecko; compatible; GPTBot/1.3; +https://openai.com/gptbot)" 669 **0/669761**
74.7.227.150 - - [10/Mar/2026:22:48:48 -0700] "GET /wp?path=//usr/lib/grub HTTP/1.1" 200 2555 "http://rgardensoap.com/wp?path=//usr/lib" "Mozilla/5.0 AppleWebKit/537.36 (KHTML, like Gecko; compatible; GPTBot/1.3; +https://openai.com/gptbot)" 578 **0/578744**
74.7.241.54 - - [10/Mar/2026:22:48:48 -0700] "GET /plug/vote/plug.xml?path=//proc/2470499/root/usr/share/man/ja HTTP/1.1" 200 2645 "http://www.rgardensoap.com/plug/vote/plug.xml?path=//proc/2470499/root/usr/share/man" "Mozilla/5.0 AppleWebKit/537.36 (KHTML, like Gecko; compatible; GPTBot/1.3; +https://openai.com/gptbot)" 500 **0/500155**
74.7.227.150 - - [10/Mar/2026:22:48:49 -0700] "GET /wp?path=//etc/scl/conf HTTP/1.1" 200 2788 "http://rgardensoap.com/wp?path=//etc/scl" "Mozilla/5.0 AppleWebKit/537.36 (KHTML, like Gecko; compatible; GPTBot/1.3; +https://openai.com/gptbot)" 569 **0/569862**
74.7.227.35 - - [10/Mar/2026:22:48:48 -0700] "GET /?path=//opt/alt/tests/alt-php84-pecl-bitset_3.2.0-1.el8/tests HTTP/1.1" 200 3279 "http://mail.rgardensoap.com/?path=//opt/alt/tests/alt-php84-pecl-bitset_3.2.0-1.el8" "Mozilla/5.0 AppleWebKit/537.36 (KHTML, like Gecko; compatible; GPTBot/1.3; +https://openai.com/gptbot)" 927 **0/927921**
74.7.241.54 - - [10/Mar/2026:22:48:49 -0700] "GET /plug/vote/plug.xml?path=//proc/2470499/root/usr/share/man/sv HTTP/1.1" 200 2665 "http://www.rgardensoap.com/plug/vote/plug.xml?path=//proc/2470499/root/usr/share/man" "Mozilla/5.0 AppleWebKit/537.36 (KHTML, like Gecko; compatible; GPTBot/1.3; +https://openai.com/gptbot)" 591 **0/591803**
74.7.227.150 - - [10/Mar/2026:22:48:49 -0700] "GET /wp?path=//proc/fs/nfsd HTTP/1.1" 200 2314 "http://rgardensoap.com/wp?path=//proc/fs" "Mozilla/5.0 AppleWebKit/537.36 (KHTML, like Gecko; compatible; GPTBot/1.3; +https://openai.com/gptbot)" 522 **0/522037**
74.7.227.35 - - [10/Mar/2026:22:48:49 -0700] "GET /?path=//opt/alt/tests/alt-php73-pecl-trader_0.5.1-1.el8/tests/inc HTTP/1.1" 200 2652 "http://mail.rgardensoap.com/?path=//opt/alt/tests/alt-php73-pecl-trader_0.5.1-1.el8/tests" "Mozilla/5.0 AppleWebKit/537.36 (KHTML, like Gecko; compatible; GPTBot/1.3; +https://openai.com/gptbot)" 746 **0/746229**
74.7.241.54 - - [10/Mar/2026:22:48:50 -0700] "GET /plug/vote/plug.xml?path=//proc/2470499/root/usr/share/man/mann HTTP/1.1" 200 5280 "http://www.rgardensoap.com/plug/vote/plug.xml?path=//proc/2470499/root/usr/share/man" "Mozilla/5.0 AppleWebKit/537.36 (KHTML, like Gecko; compatible; GPTBot/1.3; +https://openai.com/gptbot)" 494 **0/494537**
74.7.227.150 - - [10/Mar/2026:22:48:50 -0700] "GET /wp?path=//opt/ai-bolit HTTP/1.1" 200 2667 "http://rgardensoap.com/wp?path=//opt" "Mozilla/5.0 AppleWebKit/537.36 (KHTML, like Gecko; compatible; GPTBot/1.3; +https://openai.com/gptbot)" 626 **0/626071**
74.7.227.35 - - [10/Mar/2026:22:48:50 -0700] "GET /?path=//opt/alt/tests/alt-php82-pecl-trader_0.5.1-1.el8/tests/inc HTTP/1.1" 200 2652 "http://mail.rgardensoap.com/?path=//opt/alt/tests/alt-php82-pecl-trader_0.5.1-1.el8/tests" "Mozilla/5.0 AppleWebKit/537.36 (KHTML, like Gecko; compatible; GPTBot/1.3; +https://openai.com/gptbot)" 554 **0/554525**
74.7.241.54 - - [10/Mar/2026:22:48:50 -0700] "GET /plug/vote/plug.xml?path=//proc/2470499/root/usr/share/man/tr HTTP/1.1" 200 2643 "http://www.rgardensoap.com/plug/vote/plug.xml?path=//proc/2470499/root/usr/share/man" "Mozilla/5.0 AppleWebKit/537.36 (KHTML, like Gecko; compatible; GPTBot/1.3; +https://openai.com/gptbot)" 757 **0/757197**
74.7.227.150 - - [10/Mar/2026:22:48:51 -0700] "GET /blog/?fileloc=//proc/2470499/cwd/lib/.build-id/af/021cb89aa85a3e99531a54aa9423e896f2e210&path=//proc/2470499/cwd/lib/.build-id/af HTTP/1.1" 200 2321 "http://rgardensoap.com/blog/?path=//proc/2470499/cwd/lib/.build-id/af" "Mozilla/5.0 AppleWebKit/537.36 (KHTML, like Gecko; compatible; GPTBot/1.3; +https://openai.com/gptbot)" 535 **0/535385**
74.7.227.35 - - [10/Mar/2026:22:48:51 -0700] "GET /?path=//opt/alt/tests/alt-php54-pecl-propro_1.0.2-1.el8/tests HTTP/1.1" 200 2632 "http://mail.rgardensoap.com/?path=//opt/alt/tests/alt-php54-pecl-propro_1.0.2-1.el8" "Mozilla/5.0 AppleWebKit/537.36 (KHTML, like Gecko; compatible; GPTBot/1.3; +https://openai.com/gptbot)" 557 **0/557940**
74.7.241.54 - - [10/Mar/2026:22:48:51 -0700] "GET /plug/vote/plug.xml?path=//proc/2470499/root/usr/share/man/nl HTTP/1.1" 200 2644 "http://www.rgardensoap.com/plug/vote/plug.xml?path=//proc/2470499/root/usr/share/man" "Mozilla/5.0 AppleWebKit/537.36 (KHTML, like Gecko; compatible; GPTBot/1.3; +https://openai.com/gptbot)" 519 **0/519695**
74.7.227.150 - - [10/Mar/2026:22:48:51 -0700] "GET /wp?path=//opt/alt/curl HTTP/1.1" 200 2553 "http://rgardensoap.com/wp?path=//opt/alt" "Mozilla/5.0 AppleWebKit/537.36 (KHTML, like Gecko; compatible; GPTBot/1.3; +https://openai.com/gptbot)" 567 **0/567988**
74.7.227.35 - - [10/Mar/2026:22:48:52 -0700] "GET /?path=//opt/alt/tests/alt-php70-pecl-trader_0.5.1-1.el8/tests/inc HTTP/1.1" 200 2652 "http://mail.rgardensoap.com/?path=//opt/alt/tests/alt-php70-pecl-trader_0.5.1-1.el8/tests" "Mozilla/5.0 AppleWebKit/537.36 (KHTML, like Gecko; compatible; GPTBot/1.3; +https://openai.com/gptbot)" 652 **0/652962**
74.7.227.150 - - [10/Mar/2026:22:48:52 -0700] "GET /wp?path=//proc/bus/pci HTTP/1.1" 200 2737 "http://rgardensoap.com/wp?path=//proc/bus" "Mozilla/5.0 AppleWebKit/537.36 (KHTML, like Gecko; compatible; GPTBot/1.3; +https://openai.com/gptbot)" 503 **0/503966**
74.7.241.54 - - [10/Mar/2026:22:48:52 -0700] "GET /plug/vote/plug.xml?path=//proc/2470499/root/usr/share/locale/ny HTTP/1.1" 200 2609 "http://www.rgardensoap.com/plug/vote/plug.xml?path=//proc/2470499/root/usr/share/locale" "Mozilla/5.0 AppleWebKit/537.36 (KHTML, like Gecko; compatible; GPTBot/1.3; +https://openai.com/gptbot)" 569 **0/569313**
74.7.227.35 - - [10/Mar/2026:22:48:53 -0700] "GET /?path=//opt/alt/tests/alt-php83-pecl-trader_0.5.1-1.el8/tests HTTP/1.1" 200 3373 "http://mail.rgardensoap.com/?path=//opt/alt/tests/alt-php83-pecl-trader_0.5.1-1.el8" "Mozilla/5.0 AppleWebKit/537.36 (KHTML, like Gecko; compatible; GPTBot/1.3; +https://openai.com/gptbot)" 624 **0/624107**
74.7.241.54 - - [10/Mar/2026:22:48:53 -0700] "GET /plug/vote/plug.xml?path=//proc/2470499/root/usr/share/libtool HTTP/1.1" 200 3249 "http://www.rgardensoap.com/plug/vote/plug.xml?path=//proc/2470499/root/usr/share" "Mozilla/5.0 AppleWebKit/537.36 (KHTML, like Gecko; compatible; GPTBot/1.3; +https://openai.com/gptbot)" 520 **0/520009**
74.7.227.150 - - [10/Mar/2026:22:48:53 -0700] "GET /wp?path=//var/run/dbus HTTP/1.1" 200 2314 "http://rgardensoap.com/wp?path=//var/run" "Mozilla/5.0 AppleWebKit/537.36 (KHTML, like Gecko; compatible; GPTBot/1.3; +https://openai.com/gptbot)" 757 **0/757232**
74.7.227.35 - - [10/Mar/2026:22:48:53 -0700] "GET /?path=//opt/alt/tests/alt-php54-pecl-trader_0.5.1-1.el8/tests/inc HTTP/1.1" 200 2652 "http://mail.rgardensoap.com/?path=//opt/alt/tests/alt-php54-pecl-trader_0.5.1-1.el8/tests" "Mozilla/5.0 AppleWebKit/537.36 (KHTML, like Gecko; compatible; GPTBot/1.3; +https://openai.com/gptbot)" 561 **0/561152**
74.7.241.54 - - [10/Mar/2026:22:48:53 -0700] "GET /plug/vote/plug.xml?path=//proc/2470499/root/usr/share/man/uk HTTP/1.1" 200 2644 "http://www.rgardensoap.com/plug/vote/plug.xml?path=//proc/2470499/root/usr/share/man" "Mozilla/5.0 AppleWebKit/537.36 (KHTML, like Gecko; compatible; GPTBot/1.3; +https://openai.com/gptbot)" 795 **0/795348**
74.7.227.150 - - [10/Mar/2026:22:48:54 -0700] "GET /wp?path=//proc/scsi/sg HTTP/1.1" 200 2728 "http://rgardensoap.com/wp?path=//proc/scsi" "Mozilla/5.0 AppleWebKit/537.36 (KHTML, like Gecko; compatible; GPTBot/1.3; +https://openai.com/gptbot)" 690 **0/690657**
74.7.227.35 - - [10/Mar/2026:22:48:54 -0700] "GET /?path=//opt/alt/tests/alt-php74-pecl-propro_2.1.0-1.el8/tests HTTP/1.1" 200 2653 "http://mail.rgardensoap.com/?path=//opt/alt/tests/alt-php74-pecl-propro_2.1.0-1.el8" "Mozilla/5.0 AppleWebKit/537.36 (KHTML, like Gecko; compatible; GPTBot/1.3; +https://openai.com/gptbot)" 494 **0/494221**
74.7.227.150 - - [10/Mar/2026:22:48:54 -0700] "GET /wp?path=//var/run/nscd HTTP/1.1" 200 2573 "http://rgardensoap.com/wp?path=//var/run" "Mozilla/5.0 AppleWebKit/537.36 (KHTML, like Gecko; compatible; GPTBot/1.3; +https://openai.com/gptbot)" 560 **0/560305**
74.7.241.54 - - [10/Mar/2026:22:48:54 -0700] "GET /plug/vote/plug.xml?path=//proc/2470499/root/usr/share/man/cs HTTP/1.1" 200 2644 "http://www.rgardensoap.com/plug/vote/plug.xml?path=//proc/2470499/root/usr/share/man" "Mozilla/5.0 AppleWebKit/537.36 (KHTML, like Gecko; compatible; GPTBot/1.3; +https://openai.com/gptbot)" 678 **0/678053**
74.7.227.35 - - [10/Mar/2026:22:48:55 -0700] "GET /?path=//opt/alt/tests/alt-php74-pecl-gmagick_2.0.6-1.RC1.el8 HTTP/1.1" 200 2585 "http://mail.rgardensoap.com/?path=//opt/alt/tests" "Mozilla/5.0 AppleWebKit/537.36 (KHTML, like Gecko; compatible; GPTBot/1.3; +https://openai.com/gptbot)" 801 **0/801667**
74.7.241.54 - - [10/Mar/2026:22:48:55 -0700] "GET /plug/vote/plug.xml?path=//proc/2470499/root/usr/share/man/fr HTTP/1.1" 200 2664 "http://www.rgardensoap.com/plug/vote/plug.xml?path=//proc/2470499/root/usr/share/man" "Mozilla/5.0 AppleWebKit/537.36 (KHTML, like Gecko; compatible; GPTBot/1.3; +https://openai.com/gptbot)" 514 **0/514070**
74.7.227.150 - - [10/Mar/2026:22:48:55 -0700] "GET /wp?path=//proc/sys/abi HTTP/1.1" 200 2572 "http://rgardensoap.com/wp?path=//proc/sys" "Mozilla/5.0 AppleWebKit/537.36 (KHTML, like Gecko; compatible; GPTBot/1.3; +https://openai.com/gptbot)" 591 **0/591146**
74.7.227.35 - - [10/Mar/2026:22:48:56 -0700] "GET /?fileloc=//opt/alt/tests/alt-php80-pecl-mcrypt_1.0.7-1.el8/tests/mcrypt_cbc.phpt&path=//opt/alt/tests/alt-php80-pecl-mcrypt_1.0.7-1.el8/tests HTTP/1.1" 200 2807 "http://mail.rgardensoap.com/?path=//opt/alt/tests/alt-php80-pecl-mcrypt_1.0.7-1.el8/tests" "Mozilla/5.0 AppleWebKit/537.36 (KHTML, like Gecko; compatible; GPTBot/1.3; +https://openai.com/gptbot)" 552 **0/552672**
74.7.241.54 - - [10/Mar/2026:22:48:56 -0700] "GET /plug/vote/plug.xml?path=//proc/2470499/root/usr/share/locale/fi HTTP/1.1" 200 2641 "http://www.rgardensoap.com/plug/vote/plug.xml?path=//proc/2470499/root/usr/share/locale" "Mozilla/5.0 AppleWebKit/537.36 (KHTML, like Gecko; compatible; GPTBot/1.3; +https://openai.com/gptbot)" 446 **0/446423**
74.7.227.150 - - [10/Mar/2026:22:48:56 -0700] "GET /wp?path=//var/spool/at HTTP/1.1" 200 2313 "http://rgardensoap.com/wp?path=//var/spool" "Mozilla/5.0 AppleWebKit/537.36 (KHTML, like Gecko; compatible; GPTBot/1.3; +https://openai.com/gptbot)" 556 **0/556584**
216.244.66.230 - - [10/Mar/2026:22:48:56 -0700] "GET /1win-bukmekerskaja-kontora-vhod-10069/feed/ HTTP/1.1" 200 73756 "-" "Mozilla/5.0 (compatible; DotBot/1.2; +https://opensiteexplorer.org/dotbot; help@moz.com)" 339 **0/339828**
74.7.241.54 - - [10/Mar/2026:22:48:56 -0700] "GET /plug/vote/plug.xml?path=//proc/2470499/root/usr/share/locale/kj HTTP/1.1" 200 2610 "http://www.rgardensoap.com/plug/vote/plug.xml?path=//proc/2470499/root/usr/share/locale" "Mozilla/5.0 AppleWebKit/537.36 (KHTML, like Gecko; compatible; GPTBot/1.3; +https://openai.com/gptbot)" 500 **0/500953**
74.7.227.35 - - [10/Mar/2026:22:48:56 -0700] "GET /?fileloc=//opt/alt/tests/alt-php80-pecl-mcrypt_1.0.7-1.el8/tests/mcrypt_get_iv_size.phpt&path=//opt/alt/tests/alt-php80-pecl-mcrypt_1.0.7-1.el8/tests HTTP/1.1" 200 2584 "http://mail.rgardensoap.com/?path=//opt/alt/tests/alt-php80-pecl-mcrypt_1.0.7-1.el8/tests" "Mozilla/5.0 AppleWebKit/537.36 (KHTML, like Gecko; compatible; GPTBot/1.3; +https://openai.com/gptbot)" 502 **0/502466**
74.7.227.150 - - [10/Mar/2026:22:48:57 -0700] "GET /wp?path=//lib/exim/bin HTTP/1.1" 200 2705 "http://rgardensoap.com/wp?path=//lib/exim" "Mozilla/5.0 AppleWebKit/537.36 (KHTML, like Gecko; compatible; GPTBot/1.3; +https://openai.com/gptbot)" 931 **0/931155**
74.7.241.54 - - [10/Mar/2026:22:48:57 -0700] "GET /plug/vote/plug.xml?path=//proc/2470499/root/usr/share/emacs HTTP/1.1" 200 2589 "http://www.rgardensoap.com/plug/vote/plug.xml?path=//proc/2470499/root/usr/share" "Mozilla/5.0 AppleWebKit/537.36 (KHTML, like Gecko; compatible; GPTBot/1.3; +https://openai.com/gptbot)" 574 **0/574154**
74.7.227.35 - - [10/Mar/2026:22:48:57 -0700] "GET /?path=//opt/alt/tests/alt-php83-pecl-gmagick_2.0.6-1.RC1.el8 HTTP/1.1" 200 2585 "http://mail.rgardensoap.com/?path=//opt/alt/tests" "Mozilla/5.0 AppleWebKit/537.36 (KHTML, like Gecko; compatible; GPTBot/1.3; +https://openai.com/gptbot)" 536 **0/536902**
74.7.227.150 - - [10/Mar/2026:22:48:58 -0700] "GET /wp?path=//etc/pki/java HTTP/1.1" 200 2572 "http://rgardensoap.com/wp?path=//etc/pki" "Mozilla/5.0 AppleWebKit/537.36 (KHTML, like Gecko; compatible; GPTBot/1.3; +https://openai.com/gptbot)" 540 **0/540673**
74.7.241.54 - - [10/Mar/2026:22:48:58 -0700] "GET /plug/vote/plug.xml?fileloc=//proc/2470499/root/usr/share/man/mann/panedwindow.n.gz&path=//proc/2470499/root/usr/share/man/mann HTTP/1.1" 200 2309 "http://www.rgardensoap.com/plug/vote/plug.xml?path=//proc/2470499/root/usr/share/man/mann" "Mozilla/5.0 AppleWebKit/537.36 (KHTML, like Gecko; compatible; GPTBot/1.3; +https://openai.com/gptbot)" 519 **0/519142**
74.7.227.35 - - [10/Mar/2026:22:48:58 -0700] "GET /?path=//opt/alt/tests/alt-php73-pecl-gmagick_2.0.6-1.RC1.el8 HTTP/1.1" 200 2585 "http://mail.rgardensoap.com/?path=//opt/alt/tests" "Mozilla/5.0 AppleWebKit/537.36 (KHTML, like Gecko; compatible; GPTBot/1.3; +https://openai.com/gptbot)" 635 **0/635452**
216.244.66.230 - - [10/Mar/2026:22:48:58 -0700] "GET /?p=10194 HTTP/1.1" 200 73756 "-" "Mozilla/5.0 (compatible; DotBot/1.2; +https://opensiteexplorer.org/dotbot; help@moz.com)" 506 **0/506189**
74.7.241.54 - - [10/Mar/2026:22:48:58 -0700] "GET /plug/vote/plug.xml?fileloc=//proc/2470499/root/usr/share/man/mann/ttk_labelframe.n.gz&path=//proc/2470499/root/usr/share/man/mann HTTP/1.1" 200 2311 "http://www.rgardensoap.com/plug/vote/plug.xml?path=//proc/2470499/root/usr/share/man/mann" "Mozilla/5.0 AppleWebKit/537.36 (KHTML, like Gecko; compatible; GPTBot/1.3; +https://openai.com/gptbot)" 509 **0/509247**
74.7.227.150 - - [10/Mar/2026:22:48:59 -0700] "GET /blog/?path=//lib64/perl5/B HTTP/1.1" 200 2673 "http://rgardensoap.com/blog/?path=//lib64/perl5" "Mozilla/5.0 AppleWebKit/537.36 (KHTML, like Gecko; compatible; GPTBot/1.3; +https://openai.com/gptbot)" 639 **0/639650**
74.7.227.35 - - [10/Mar/2026:22:48:59 -0700] "GET /?path=//opt/alt/tests/alt-php71-pecl-gmagick_2.0.6-1.RC1.el8 HTTP/1.1" 200 2585 "http://mail.rgardensoap.com/?path=//opt/alt/tests" "Mozilla/5.0 AppleWebKit/537.36 (KHTML, like Gecko; compatible; GPTBot/1.3; +https://openai.com/gptbot)" 569 **0/569279**
74.7.241.54 - - [10/Mar/2026:22:48:59 -0700] "GET /plug/vote/plug.xml?fileloc=//proc/2470499/root/usr/share/man/mann/tk_strictMotif.n.gz&path=//proc/2470499/root/usr/share/man/mann HTTP/1.1" 200 2314 "http://www.rgardensoap.com/plug/vote/plug.xml?path=//proc/2470499/root/usr/share/man/mann" "Mozilla/5.0 AppleWebKit/537.36 (KHTML, like Gecko; compatible; GPTBot/1.3; +https://openai.com/gptbot)" 581 **0/581993**
74.7.227.150 - - [10/Mar/2026:22:48:59 -0700] "GET /hehehehe.php HTTP/1.1" 200 3815 "https://www.rgardensoap.com" "Mozilla/5.0 AppleWebKit/537.36 (KHTML, like Gecko; compatible; GPTBot/1.3; +https://openai.com/gptbot)" 686 **0/686027**
74.7.227.35 - - [10/Mar/2026:22:48:59 -0700] "GET /?path=//opt/alt/tests/alt-php54-pecl-gmagick_1.1.7-1.RC3.el8 HTTP/1.1" 200 2585 "http://mail.rgardensoap.com/?path=//opt/alt/tests" "Mozilla/5.0 AppleWebKit/537.36 (KHTML, like Gecko; compatible; GPTBot/1.3; +https://openai.com/gptbot)" 800 **0/800326**
74.7.241.54 - - [10/Mar/2026:22:49:00 -0700] "GET /plug/vote/plug.xml?fileloc=//proc/2470499/root/usr/share/man/mann/tk_getOpenFile.n.gz&path=//proc/2470499/root/usr/share/man/mann HTTP/1.1" 200 2314 "http://www.rgardensoap.com/plug/vote/plug.xml?path=//proc/2470499/root/usr/share/man/mann" "Mozilla/5.0 AppleWebKit/537.36 (KHTML, like Gecko; compatible; GPTBot/1.3; +https://openai.com/gptbot)" 750 **0/750566**
216.244.66.230 - - [10/Mar/2026:22:49:00 -0700] "GET /?p=10472 HTTP/1.1" 200 73756 "-" "Mozilla/5.0 (compatible; DotBot/1.2; +https://opensiteexplorer.org/dotbot; help@moz.com)" 818 **0/818657**
74.7.227.150 - - [10/Mar/2026:22:49:00 -0700] "GET /blog/?path=//usr/lib64/gio HTTP/1.1" 200 2555 "http://rgardensoap.com/blog/?path=//usr/lib64" "Mozilla/5.0 AppleWebKit/537.36 (KHTML, like Gecko; compatible; GPTBot/1.3; +https://openai.com/gptbot)" 759 **0/759832**
74.7.227.35 - - [10/Mar/2026:22:49:00 -0700] "GET /?path=//opt/alt/tests/alt-php56-pecl-gmagick_1.1.7-1.RC3.el8 HTTP/1.1" 200 2585 "http://mail.rgardensoap.com/?path=//opt/alt/tests" "Mozilla/5.0 AppleWebKit/537.36 (KHTML, like Gecko; compatible; GPTBot/1.3; +https://openai.com/gptbot)" 759 **0/759863**
74.7.241.54 - - [10/Mar/2026:22:49:01 -0700] "GET /plug/vote/plug.xml?path=//proc/2470499/root/usr/share/libtool/build-aux HTTP/1.1" 200 2843 "http://www.rgardensoap.com/plug/vote/plug.xml?path=//proc/2470499/root/usr/share/libtool" "Mozilla/5.0 AppleWebKit/537.36 (KHTML, like Gecko; compatible; GPTBot/1.3; +https://openai.com/gptbot)" 906 **0/906085**
74.7.227.150 - - [10/Mar/2026:22:49:01 -0700] "GET /blog/?path=//usr/lib64/nss HTTP/1.1" 200 2591 "http://rgardensoap.com/blog/?path=//usr/lib64" "Mozilla/5.0 AppleWebKit/537.36 (KHTML, like Gecko; compatible; GPTBot/1.3; +https://openai.com/gptbot)" 865 **0/865705**
74.7.227.35 - - [10/Mar/2026:22:49:01 -0700] "GET /?path=//opt/alt/tests/alt-php83-pecl-trader_0.5.1-1.el8/tests/inc HTTP/1.1" 200 2652 "http://mail.rgardensoap.com/?path=//opt/alt/tests/alt-php83-pecl-trader_0.5.1-1.el8/tests" "Mozilla/5.0 AppleWebKit/537.36 (KHTML, like Gecko; compatible; GPTBot/1.3; +https://openai.com/gptbot)" 761 **0/761997**
216.244.66.230 - - [10/Mar/2026:22:49:02 -0700] "GET /?p=10747 HTTP/1.1" 200 73756 "-" "Mozilla/5.0 (compatible; DotBot/1.2; +https://opensiteexplorer.org/dotbot; help@moz.com)" 528 **0/528876**
74.7.227.150 - - [10/Mar/2026:22:49:02 -0700] "GET /blog/?path=//usr/lib64/tls HTTP/1.1" 200 2314 "http://rgardensoap.com/blog/?path=//usr/lib64" "Mozilla/5.0 AppleWebKit/537.36 (KHTML, like Gecko; compatible; GPTBot/1.3; +https://openai.com/gptbot)" 594 **0/594958**
74.7.241.54 - - [10/Mar/2026:22:49:02 -0700] "GET /plug/vote/plug.xml?fileloc=//proc/2470499/root/usr/share/libtool/lt__argz.c&path=//proc/2470499/root/usr/share/libtool HTTP/1.1" 200 4584 "http://www.rgardensoap.com/plug/vote/plug.xml?path=//proc/2470499/root/usr/share/libtool" "Mozilla/5.0 AppleWebKit/537.36 (KHTML, like Gecko; compatible; GPTBot/1.3; +https://openai.com/gptbot)" 910 **0/910435**
74.7.227.35 - - [10/Mar/2026:22:49:02 -0700] "GET /?path=//opt/alt/tests/alt-php72-pecl-gmagick_2.0.6-1.RC1.el8 HTTP/1.1" 200 2585 "http://mail.rgardensoap.com/?path=//opt/alt/tests" "Mozilla/5.0 AppleWebKit/537.36 (KHTML, like Gecko; compatible; GPTBot/1.3; +https://openai.com/gptbot)" 723 **0/723179**
74.7.241.54 - - [10/Mar/2026:22:49:03 -0700] "GET /plug/vote/plug.xml?fileloc=//proc/2470499/root/usr/share/libtool/Makefile.in&path=//proc/2470499/root/usr/share/libtool HTTP/1.1" 200 13280 "http://www.rgardensoap.com/plug/vote/plug.xml?path=//proc/2470499/root/usr/share/libtool" "Mozilla/5.0 AppleWebKit/537.36 (KHTML, like Gecko; compatible; GPTBot/1.3; +https://openai.com/gptbot)" 592 **0/592154**
74.7.227.150 - - [10/Mar/2026:22:49:03 -0700] "GET /blog/?path=//lib64/ruby/io HTTP/1.1" 200 2647 "http://rgardensoap.com/blog/?path=//lib64/ruby" "Mozilla/5.0 AppleWebKit/537.36 (KHTML, like Gecko; compatible; GPTBot/1.3; +https://openai.com/gptbot)" 670 **0/670174**
74.7.227.35 - - [10/Mar/2026:22:49:03 -0700] "GET /?path=//opt/alt/tests/alt-php84-pecl-gmagick_2.0.6-1.RC1.el8 HTTP/1.1" 200 2585 "http://mail.rgardensoap.com/?path=//opt/alt/tests" "Mozilla/5.0 AppleWebKit/537.36 (KHTML, like Gecko; compatible; GPTBot/1.3; +https://openai.com/gptbot)" 899 **0/899381**
216.244.66.230 - - [10/Mar/2026:22:49:03 -0700] "GET /?p=11615 HTTP/1.1" 200 73756 "-" "Mozilla/5.0 (compatible; DotBot/1.2; +https://opensiteexplorer.org/dotbot; help@moz.com)" 719 **0/719640**
74.7.241.54 - - [10/Mar/2026:22:49:03 -0700] "GET /plug/vote/plug.xml?fileloc=//proc/2470499/root/usr/share/libtool/Makefile.am&path=//proc/2470499/root/usr/share/libtool HTTP/1.1" 200 4255 "http://www.rgardensoap.com/plug/vote/plug.xml?path=//proc/2470499/root/usr/share/libtool" "Mozilla/5.0 AppleWebKit/537.36 (KHTML, like Gecko; compatible; GPTBot/1.3; +https://openai.com/gptbot)" 682 **0/682717**
74.7.227.150 - - [10/Mar/2026:22:49:04 -0700] "GET /wp?path=//etc/gcrypt HTTP/1.1" 200 2565 "http://rgardensoap.com/wp?path=//etc" "Mozilla/5.0 AppleWebKit/537.36 (KHTML, like Gecko; compatible; GPTBot/1.3; +https://openai.com/gptbot)" 495 **0/495909**
74.7.227.35 - - [10/Mar/2026:22:49:04 -0700] "GET /?path=//opt/alt/tests/alt-php70-pecl-gmagick_2.0.6-1.RC1.el8 HTTP/1.1" 200 2585 "http://mail.rgardensoap.com/?path=//opt/alt/tests" "Mozilla/5.0 AppleWebKit/537.36 (KHTML, like Gecko; compatible; GPTBot/1.3; +https://openai.com/gptbot)" 650 **0/650519**
74.7.241.54 - - [10/Mar/2026:22:49:04 -0700] "GET /plug/vote/plug.xml?fileloc=//proc/2470499/root/usr/share/man/mann/tk_patchLevel.n.gz&path=//proc/2470499/root/usr/share/man/mann HTTP/1.1" 200 2314 "http://www.rgardensoap.com/plug/vote/plug.xml?path=//proc/2470499/root/usr/share/man/mann" "Mozilla/5.0 AppleWebKit/537.36 (KHTML, like Gecko; compatible; GPTBot/1.3; +https://openai.com/gptbot)" 613 **0/613029**
74.7.227.150 - - [10/Mar/2026:22:49:04 -0700] "GET /wp?path=//opt/cpanel HTTP/1.1" 200 3126 "http://rgardensoap.com/wp?path=//opt" "Mozilla/5.0 AppleWebKit/537.36 (KHTML, like Gecko; compatible; GPTBot/1.3; +https://openai.com/gptbot)" 613 **0/613417**
74.7.227.35 - - [10/Mar/2026:22:49:05 -0700] "GET /?fileloc=//lib64/python2.7/lib-tk/test/test_ttk/support.pyc&path=//lib64/python2.7/lib-tk/test/test_ttk HTTP/1.1" 200 2295 "http://mail.rgardensoap.com/?path=//lib64/python2.7/lib-tk/test/test_ttk" "Mozilla/5.0 AppleWebKit/537.36 (KHTML, like Gecko; compatible; GPTBot/1.3; +https://openai.com/gptbot)" 549 **0/549693**
74.7.241.54 - - [10/Mar/2026:22:49:05 -0700] "GET /plug/vote/plug.xml?fileloc=//proc/2470499/root/usr/share/man/mann/tk_messageBox.n.gz&path=//proc/2470499/root/usr/share/man/mann HTTP/1.1" 200 2312 "http://www.rgardensoap.com/plug/vote/plug.xml?path=//proc/2470499/root/usr/share/man/mann" "Mozilla/5.0 AppleWebKit/537.36 (KHTML, like Gecko; compatible; GPTBot/1.3; +https://openai.com/gptbot)" 491 **0/491840**
216.244.66.230 - - [10/Mar/2026:22:49:05 -0700] "GET /?p=14008 HTTP/1.1" 200 73756 "-" "Mozilla/5.0 (compatible; DotBot/1.2; +https://opensiteexplorer.org/dotbot; help@moz.com)" 468 **0/468514**
74.7.227.150 - - [10/Mar/2026:22:49:05 -0700] "GET /wp?path=//var/cpanel HTTP/1.1" 200 2303 "http://rgardensoap.com/wp?path=//var" "Mozilla/5.0 AppleWebKit/537.36 (KHTML, like Gecko; compatible; GPTBot/1.3; +https://openai.com/gptbot)" 474 **0/474716**
74.7.227.35 - - [10/Mar/2026:22:49:06 -0700] "GET /?path=//opt/alt/tests/alt-php82-pecl-leveldb_0.3.0-1.el8 HTTP/1.1" 200 2581 "http://mail.rgardensoap.com/?path=//opt/alt/tests" "Mozilla/5.0 AppleWebKit/537.36 (KHTML, like Gecko; compatible; GPTBot/1.3; +https://openai.com/gptbot)" 471 **0/471841**
74.7.241.54 - - [10/Mar/2026:22:49:06 -0700] "GET /plug/vote/plug.xml?fileloc=//proc/2470499/root/usr/share/man/mann/tk_setPalette.n.gz&path=//proc/2470499/root/usr/share/man/mann HTTP/1.1" 200 2314 "http://www.rgardensoap.com/plug/vote/plug.xml?path=//proc/2470499/root/usr/share/man/mann" "Mozilla/5.0 AppleWebKit/537.36 (KHTML, like Gecko; compatible; GPTBot/1.3; +https://openai.com/gptbot)" 673 **0/673276**
74.7.227.150 - - [10/Mar/2026:22:49:06 -0700] "GET /wp?path=//run/screen HTTP/1.1" 200 2294 "http://rgardensoap.com/wp?path=//run" "Mozilla/5.0 AppleWebKit/537.36 (KHTML, like Gecko; compatible; GPTBot/1.3; +https://openai.com/gptbot)" 614 **0/614846**
74.7.227.35 - - [10/Mar/2026:22:49:06 -0700] "GET /?path=//opt/alt/tests/alt-php83-pecl-gmagick_2.0.6-1.RC1.el8/tests HTTP/1.1" 200 8411 "http://mail.rgardensoap.com/?path=//opt/alt/tests/alt-php83-pecl-gmagick_2.0.6-1.RC1.el8" "Mozilla/5.0 AppleWebKit/537.36 (KHTML, like Gecko; compatible; GPTBot/1.3; +https://openai.com/gptbot)" 678 **0/678840**
74.7.241.54 - - [10/Mar/2026:22:49:06 -0700] "GET /plug/vote/plug.xml?fileloc=//proc/2470499/root/usr/share/man/mann/tk_optionMenu.n.gz&path=//proc/2470499/root/usr/share/man/mann HTTP/1.1" 200 2314 "http://www.rgardensoap.com/plug/vote/plug.xml?path=//proc/2470499/root/usr/share/man/mann" "Mozilla/5.0 AppleWebKit/537.36 (KHTML, like Gecko; compatible; GPTBot/1.3; +https://openai.com/gptbot)" 1135 **1/1135359**
216.244.66.230 - - [10/Mar/2026:22:49:07 -0700] "GET /?p=14597 HTTP/1.1" 200 73756 "-" "Mozilla/5.0 (compatible; DotBot/1.2; +https://opensiteexplorer.org/dotbot; help@moz.com)" 1008 **1/1008761**
74.7.227.150 - - [10/Mar/2026:22:49:06 -0700] "GET /wp?path=//opt/liblve HTTP/1.1" 200 2693 "http://rgardensoap.com/wp?path=//opt" "Mozilla/5.0 AppleWebKit/537.36 (KHTML, like Gecko; compatible; GPTBot/1.3; +https://openai.com/gptbot)" 1089 **1/1089808**
74.7.227.35 - - [10/Mar/2026:22:49:07 -0700] "GET /?path=//opt/alt/tests/alt-php80-pecl-msgpack_2.2.0-1.el8 HTTP/1.1" 200 2582 "http://mail.rgardensoap.com/?path=//opt/alt/tests" "Mozilla/5.0 AppleWebKit/537.36 (KHTML, like Gecko; compatible; GPTBot/1.3; +https://openai.com/gptbot)" 895 **0/895541**
74.7.241.54 - - [10/Mar/2026:22:49:08 -0700] "GET /plug/vote/plug.xml?fileloc=//proc/2470499/root/usr/share/libtool/ltdl.c&path=//proc/2470499/root/usr/share/libtool HTTP/1.1" 200 17046 "http://www.rgardensoap.com/plug/vote/plug.xml?path=//proc/2470499/root/usr/share/libtool" "Mozilla/5.0 AppleWebKit/537.36 (KHTML, like Gecko; compatible; GPTBot/1.3; +https://openai.com/gptbot)" 575 **0/575951**
74.7.227.150 - - [10/Mar/2026:22:49:08 -0700] "GET /wp?path=//lib/locale HTTP/1.1" 200 3472 "http://rgardensoap.com/wp?path=//lib" "Mozilla/5.0 AppleWebKit/537.36 (KHTML, like Gecko; compatible; GPTBot/1.3; +https://openai.com/gptbot)" 674 **0/674599**
74.7.227.35 - - [10/Mar/2026:22:49:08 -0700] "GET /?path=//opt/alt/tests/alt-php71-pecl-gmagick_2.0.6-1.RC1.el8/tests HTTP/1.1" 200 8411 "http://mail.rgardensoap.com/?path=//opt/alt/tests/alt-php71-pecl-gmagick_2.0.6-1.RC1.el8" "Mozilla/5.0 AppleWebKit/537.36 (KHTML, like Gecko; compatible; GPTBot/1.3; +https://openai.com/gptbot)" 735 **0/735088**
74.7.241.54 - - [10/Mar/2026:22:49:08 -0700] "GET /plug/vote/plug.xml?fileloc=//proc/2470499/root/usr/share/libtool/slist.c&path=//proc/2470499/root/usr/share/libtool HTTP/1.1" 200 5648 "http://www.rgardensoap.com/plug/vote/plug.xml?path=//proc/2470499/root/usr/share/libtool" "Mozilla/5.0 AppleWebKit/537.36 (KHTML, like Gecko; compatible; GPTBot/1.3; +https://openai.com/gptbot)" 551 **0/551606**
74.7.227.150 - - [10/Mar/2026:22:49:09 -0700] "GET /hehehehe.php?path=/home/p8pyefaexf70/public_html/wp-includes HTTP/1.1" 200 10198 "http://rgardensoap.com/hehehehe.php" "Mozilla/5.0 AppleWebKit/537.36 (KHTML, like Gecko; compatible; GPTBot/1.3; +https://openai.com/gptbot)" 716 **0/716066**
74.7.227.35 - - [10/Mar/2026:22:49:09 -0700] "GET /?path=//opt/alt/tests/alt-php54-pecl-gmagick_1.1.7-1.RC3.el8/tests HTTP/1.1" 200 6922 "http://mail.rgardensoap.com/?path=//opt/alt/tests/alt-php54-pecl-gmagick_1.1.7-1.RC3.el8" "Mozilla/5.0 AppleWebKit/537.36 (KHTML, like Gecko; compatible; GPTBot/1.3; +https://openai.com/gptbot)" 894 **0/894276**
216.244.66.230 - - [10/Mar/2026:22:49:09 -0700] "GET /?p=15503 HTTP/1.1" 200 73756 "-" "Mozilla/5.0 (compatible; DotBot/1.2; +https://opensiteexplorer.org/dotbot; help@moz.com)" 751 **0/751859**
74.7.241.54 - - [10/Mar/2026:22:49:09 -0700] "GET /plug/vote/plug.xml?fileloc=//proc/2470499/root/usr/share/libtool/ltdl.h&path=//proc/2470499/root/usr/share/libtool HTTP/1.1" 200 4273 "http://www.rgardensoap.com/plug/vote/plug.xml?path=//proc/2470499/root/usr/share/libtool" "Mozilla/5.0 AppleWebKit/537.36 (KHTML, like Gecko; compatible; GPTBot/1.3; +https://openai.com/gptbot)" 675 **0/675010**
74.7.227.150 - - [10/Mar/2026:22:49:09 -0700] "GET /blog/?path=//opt/alt/krb5 HTTP/1.1" 200 2553 "http://rgardensoap.com/blog/?path=//opt/alt" "Mozilla/5.0 AppleWebKit/537.36 (KHTML, like Gecko; compatible; GPTBot/1.3; +https://openai.com/gptbot)" 512 **0/512961**
74.7.227.35 - - [10/Mar/2026:22:49:09 -0700] "GET /?path=//opt/alt/tests/alt-php56-pecl-gmagick_1.1.7-1.RC3.el8/tests HTTP/1.1" 200 6922 "http://mail.rgardensoap.com/?path=//opt/alt/tests/alt-php56-pecl-gmagick_1.1.7-1.RC3.el8" "Mozilla/5.0 AppleWebKit/537.36 (KHTML, like Gecko; compatible; GPTBot/1.3; +https://openai.com/gptbot)" 619 **0/619830**
74.7.241.54 - - [10/Mar/2026:22:49:10 -0700] "GET /plug/vote/plug.xml?fileloc=//proc/2470499/root/usr/share/libtool/build-aux/ltmain.sh&path=//proc/2470499/root/usr/share/libtool/build-aux HTTP/1.1" 200 81841 "http://www.rgardensoap.com/plug/vote/plug.xml?path=//proc/2470499/root/usr/share/libtool/build-aux" "Mozilla/5.0 AppleWebKit/537.36 (KHTML, like Gecko; compatible; GPTBot/1.3; +https://openai.com/gptbot)" 524 **0/524140**
74.7.227.150 - - [10/Mar/2026:22:49:10 -0700] "GET /blog/?path=//opt/alt/php83/var HTTP/1.1" 200 2613 "http://rgardensoap.com/blog/?path=//opt/alt/php83" "Mozilla/5.0 AppleWebKit/537.36 (KHTML, like Gecko; compatible; GPTBot/1.3; +https://openai.com/gptbot)" 576 **0/576826**
74.7.227.35 - - [10/Mar/2026:22:49:10 -0700] "GET /?path=//opt/alt/tests/alt-php73-pecl-leveldb_0.3.0-1.el8 HTTP/1.1" 200 2581 "http://mail.rgardensoap.com/?path=//opt/alt/tests" "Mozilla/5.0 AppleWebKit/537.36 (KHTML, like Gecko; compatible; GPTBot/1.3; +https://openai.com/gptbot)" 507 **0/507368**
216.244.66.230 - - [10/Mar/2026:22:49:11 -0700] "GET /bedste-danske-tilslutte-casinoer-2025/feed/ HTTP/1.1" 200 73756 "-" "Mozilla/5.0 (compatible; DotBot/1.2; +https://opensiteexplorer.org/dotbot; help@moz.com)" 383 **0/383155**
74.7.241.54 - - [10/Mar/2026:22:49:11 -0700] "GET /plug/vote/plug.xml?fileloc=//proc/2470499/root/usr/share/libtool/build-aux/compile&path=//proc/2470499/root/usr/share/libtool/build-aux HTTP/1.1" 200 5324 "http://www.rgardensoap.com/plug/vote/plug.xml?path=//proc/2470499/root/usr/share/libtool/build-aux" "Mozilla/5.0 AppleWebKit/537.36 (KHTML, like Gecko; compatible; GPTBot/1.3; +https://openai.com/gptbot)" 528 **0/528984**
74.7.227.150 - - [10/Mar/2026:22:49:11 -0700] "GET /blog/?path=//opt/alt/liblqr-1 HTTP/1.1" 200 2579 "http://rgardensoap.com/blog/?path=//opt/alt" "Mozilla/5.0 AppleWebKit/537.36 (KHTML, like Gecko; compatible; GPTBot/1.3; +https://openai.com/gptbot)" 582 **0/582298**
74.7.227.35 - - [10/Mar/2026:22:49:11 -0700] "GET /?path=//opt/alt/tests/alt-php72-pecl-gmagick_2.0.6-1.RC1.el8/tests HTTP/1.1" 200 8411 "http://mail.rgardensoap.com/?path=//opt/alt/tests/alt-php72-pecl-gmagick_2.0.6-1.RC1.el8" "Mozilla/5.0 AppleWebKit/537.36 (KHTML, like Gecko; compatible; GPTBot/1.3; +https://openai.com/gptbot)" 610 **0/610074**
