74.7.227.35 - - [10/Mar/2026:22:43:56 -0700] "GET /?path=//opt/alt/tests/alt-php71-pecl-libsodium_2.0.23-1.el8 HTTP/1.1" 200 2585 "http://mail.rgardensoap.com/?path=//opt/alt/tests" "Mozilla/5.0 AppleWebKit/537.36 (KHTML, like Gecko; compatible; GPTBot/1.3; +https://openai.com/gptbot)" 502 **0/502732**
74.7.241.54 - - [10/Mar/2026:22:43:56 -0700] "GET /plug/vote/plug.xml?path=//proc/2470499/root/usr/share/locale/tlh/LC_MESSAGES HTTP/1.1" 200 2377 "http://www.rgardensoap.com/plug/vote/plug.xml?path=//proc/2470499/root/usr/share/locale/tlh" "Mozilla/5.0 AppleWebKit/537.36 (KHTML, like Gecko; compatible; GPTBot/1.3; +https://openai.com/gptbot)" 632 **0/632283**
74.7.227.150 - - [10/Mar/2026:22:43:57 -0700] "GET /blog/?path=//lib64/python3.6/xml HTTP/1.1" 200 2765 "http://rgardensoap.com/blog/?path=//lib64/python3.6" "Mozilla/5.0 AppleWebKit/537.36 (KHTML, like Gecko; compatible; GPTBot/1.3; +https://openai.com/gptbot)" 510 **0/510643**
74.7.227.35 - - [10/Mar/2026:22:43:57 -0700] "GET /?path=//opt/alt/libicu HTTP/1.1" 200 2555 "http://mail.rgardensoap.com/?path=//opt/alt" "Mozilla/5.0 AppleWebKit/537.36 (KHTML, like Gecko; compatible; GPTBot/1.3; +https://openai.com/gptbot)" 558 **0/558261**
74.7.241.54 - - [10/Mar/2026:22:43:57 -0700] "GET /plug/vote/plug.xml?path=//proc/2470499/root/usr/share/locale/grc/LC_MESSAGES HTTP/1.1" 200 2378 "http://www.rgardensoap.com/plug/vote/plug.xml?path=//proc/2470499/root/usr/share/locale/grc" "Mozilla/5.0 AppleWebKit/537.36 (KHTML, like Gecko; compatible; GPTBot/1.3; +https://openai.com/gptbot)" 491 **0/491371**
74.7.227.35 - - [10/Mar/2026:22:43:58 -0700] "GET /?path=//opt/alt/zeromq HTTP/1.1" 200 2555 "http://mail.rgardensoap.com/?path=//opt/alt" "Mozilla/5.0 AppleWebKit/537.36 (KHTML, like Gecko; compatible; GPTBot/1.3; +https://openai.com/gptbot)" 481 **0/481187**
74.7.227.150 - - [10/Mar/2026:22:43:58 -0700] "GET /blog/?path=//opt/alt/php55 HTTP/1.1" 200 2554 "http://rgardensoap.com/blog/?path=//opt/alt" "Mozilla/5.0 AppleWebKit/537.36 (KHTML, like Gecko; compatible; GPTBot/1.3; +https://openai.com/gptbot)" 467 **0/467021**
74.7.241.54 - - [10/Mar/2026:22:43:58 -0700] "GET /plug/vote/plug.xml?path=//proc/2470499/root/usr/share/locale/sal/LC_MESSAGES HTTP/1.1" 200 2377 "http://www.rgardensoap.com/plug/vote/plug.xml?path=//proc/2470499/root/usr/share/locale/sal" "Mozilla/5.0 AppleWebKit/537.36 (KHTML, like Gecko; compatible; GPTBot/1.3; +https://openai.com/gptbot)" 519 **0/519513**
74.7.227.35 - - [10/Mar/2026:22:43:58 -0700] "GET /?path=//opt/alt/sqlite HTTP/1.1" 200 2555 "http://mail.rgardensoap.com/?path=//opt/alt" "Mozilla/5.0 AppleWebKit/537.36 (KHTML, like Gecko; compatible; GPTBot/1.3; +https://openai.com/gptbot)" 489 **0/489333**
74.7.227.150 - - [10/Mar/2026:22:43:59 -0700] "GET /blog/?path=//opt/alt/php74 HTTP/1.1" 200 2639 "http://rgardensoap.com/blog/?path=//opt/alt" "Mozilla/5.0 AppleWebKit/537.36 (KHTML, like Gecko; compatible; GPTBot/1.3; +https://openai.com/gptbot)" 497 **0/497795**
74.7.241.54 - - [10/Mar/2026:22:43:59 -0700] "GET /plug/vote/plug.xml?path=//proc/2470499/root/usr/share/locale/cpp/LC_MESSAGES HTTP/1.1" 200 2377 "http://www.rgardensoap.com/plug/vote/plug.xml?path=//proc/2470499/root/usr/share/locale/cpp" "Mozilla/5.0 AppleWebKit/537.36 (KHTML, like Gecko; compatible; GPTBot/1.3; +https://openai.com/gptbot)" 536 **0/536679**
74.7.227.35 - - [10/Mar/2026:22:43:59 -0700] "GET /?path=//opt/suphp/sbin HTTP/1.1" 200 2313 "http://mail.rgardensoap.com/?path=//opt/suphp" "Mozilla/5.0 AppleWebKit/537.36 (KHTML, like Gecko; compatible; GPTBot/1.3; +https://openai.com/gptbot)" 482 **0/482830**
74.7.227.150 - - [10/Mar/2026:22:43:59 -0700] "GET /blog/?path=//opt/alt/php80 HTTP/1.1" 200 2638 "http://rgardensoap.com/blog/?path=//opt/alt" "Mozilla/5.0 AppleWebKit/537.36 (KHTML, like Gecko; compatible; GPTBot/1.3; +https://openai.com/gptbot)" 544 **0/544906**
74.7.241.54 - - [10/Mar/2026:22:43:59 -0700] "GET /plug/vote/plug.xml?path=//proc/2470499/root/usr/share/locale/tum/LC_MESSAGES HTTP/1.1" 200 2377 "http://www.rgardensoap.com/plug/vote/plug.xml?path=//proc/2470499/root/usr/share/locale/tum" "Mozilla/5.0 AppleWebKit/537.36 (KHTML, like Gecko; compatible; GPTBot/1.3; +https://openai.com/gptbot)" 561 **0/561778**
74.7.227.35 - - [10/Mar/2026:22:44:00 -0700] "GET /?path=//opt/alt/libzip HTTP/1.1" 200 2555 "http://mail.rgardensoap.com/?path=//opt/alt" "Mozilla/5.0 AppleWebKit/537.36 (KHTML, like Gecko; compatible; GPTBot/1.3; +https://openai.com/gptbot)" 474 **0/474769**
74.7.241.54 - - [10/Mar/2026:22:44:00 -0700] "GET /plug/vote/plug.xml?path=//proc/2470499/root/usr/share/locale/krl/LC_MESSAGES HTTP/1.1" 200 2377 "http://www.rgardensoap.com/plug/vote/plug.xml?path=//proc/2470499/root/usr/share/locale/krl" "Mozilla/5.0 AppleWebKit/537.36 (KHTML, like Gecko; compatible; GPTBot/1.3; +https://openai.com/gptbot)" 513 **0/513879**
74.7.227.150 - - [10/Mar/2026:22:44:00 -0700] "GET /blog/?path=//opt/alt/php83 HTTP/1.1" 200 2638 "http://rgardensoap.com/blog/?path=//opt/alt" "Mozilla/5.0 AppleWebKit/537.36 (KHTML, like Gecko; compatible; GPTBot/1.3; +https://openai.com/gptbot)" 596 **0/596255**
74.7.227.35 - - [10/Mar/2026:22:44:00 -0700] "GET /?fileloc=//lib64/security/pam_unix.so&path=//lib64/security HTTP/1.1" 200 2261 "http://mail.rgardensoap.com/?path=//lib64/security" "Mozilla/5.0 AppleWebKit/537.36 (KHTML, like Gecko; compatible; GPTBot/1.3; +https://openai.com/gptbot)" 511 **0/511724**
74.7.241.54 - - [10/Mar/2026:22:44:01 -0700] "GET /plug/vote/plug.xml?path=//proc/2470499/root/usr/share/locale/arp/LC_MESSAGES HTTP/1.1" 200 2377 "http://www.rgardensoap.com/plug/vote/plug.xml?path=//proc/2470499/root/usr/share/locale/arp" "Mozilla/5.0 AppleWebKit/537.36 (KHTML, like Gecko; compatible; GPTBot/1.3; +https://openai.com/gptbot)" 510 **0/510186**
74.7.227.150 - - [10/Mar/2026:22:44:01 -0700] "GET /blog/?path=//opt/alt/php72 HTTP/1.1" 200 2639 "http://rgardensoap.com/blog/?path=//opt/alt" "Mozilla/5.0 AppleWebKit/537.36 (KHTML, like Gecko; compatible; GPTBot/1.3; +https://openai.com/gptbot)" 551 **0/551114**
74.7.241.54 - - [10/Mar/2026:22:44:01 -0700] "GET /plug/vote/plug.xml?path=//proc/2470499/root/usr/share/locale/ath/LC_MESSAGES HTTP/1.1" 200 2377 "http://www.rgardensoap.com/plug/vote/plug.xml?path=//proc/2470499/root/usr/share/locale/ath" "Mozilla/5.0 AppleWebKit/537.36 (KHTML, like Gecko; compatible; GPTBot/1.3; +https://openai.com/gptbot)" 618 **0/618702**
74.7.227.150 - - [10/Mar/2026:22:44:01 -0700] "GET /blog/?path=//lib64/guile/2.0 HTTP/1.1" 200 2555 "http://rgardensoap.com/blog/?path=//lib64/guile" "Mozilla/5.0 AppleWebKit/537.36 (KHTML, like Gecko; compatible; GPTBot/1.3; +https://openai.com/gptbot)" 572 **0/572578**
74.7.227.35 - - [10/Mar/2026:22:44:01 -0700] "GET /?fileloc=//lib64/security/pam_selinux_permit.so&path=//lib64/security HTTP/1.1" 200 2268 "http://mail.rgardensoap.com/?path=//lib64/security" "Mozilla/5.0 AppleWebKit/537.36 (KHTML, like Gecko; compatible; GPTBot/1.3; +https://openai.com/gptbot)" 998 **0/998556**
74.7.241.54 - - [10/Mar/2026:22:44:02 -0700] "GET /plug/vote/plug.xml?path=//proc/2470499/root/usr/share/locale/gaa/LC_MESSAGES HTTP/1.1" 200 2377 "http://www.rgardensoap.com/plug/vote/plug.xml?path=//proc/2470499/root/usr/share/locale/gaa" "Mozilla/5.0 AppleWebKit/537.36 (KHTML, like Gecko; compatible; GPTBot/1.3; +https://openai.com/gptbot)" 594 **0/594775**
74.7.227.150 - - [10/Mar/2026:22:44:02 -0700] "GET /blog/?path=//opt/alt/php56 HTTP/1.1" 200 2639 "http://rgardensoap.com/blog/?path=//opt/alt" "Mozilla/5.0 AppleWebKit/537.36 (KHTML, like Gecko; compatible; GPTBot/1.3; +https://openai.com/gptbot)" 670 **0/670748**
74.7.227.35 - - [10/Mar/2026:22:44:02 -0700] "GET /?path=//opt/alt/t1lib HTTP/1.1" 200 2554 "http://mail.rgardensoap.com/?path=//opt/alt" "Mozilla/5.0 AppleWebKit/537.36 (KHTML, like Gecko; compatible; GPTBot/1.3; +https://openai.com/gptbot)" 710 **0/710396**
74.7.241.54 - - [10/Mar/2026:22:44:03 -0700] "GET /plug/vote/plug.xml?path=//proc/2470499/root/usr/share/locale/srr/LC_MESSAGES HTTP/1.1" 200 2377 "http://www.rgardensoap.com/plug/vote/plug.xml?path=//proc/2470499/root/usr/share/locale/srr" "Mozilla/5.0 AppleWebKit/537.36 (KHTML, like Gecko; compatible; GPTBot/1.3; +https://openai.com/gptbot)" 536 **0/536738**
74.7.227.150 - - [10/Mar/2026:22:44:03 -0700] "GET /blog/?path=//opt/alt/php73 HTTP/1.1" 200 2639 "http://rgardensoap.com/blog/?path=//opt/alt" "Mozilla/5.0 AppleWebKit/537.36 (KHTML, like Gecko; compatible; GPTBot/1.3; +https://openai.com/gptbot)" 560 **0/560906**
74.7.227.35 - - [10/Mar/2026:22:44:03 -0700] "GET /?path=//opt/alt/pcre2 HTTP/1.1" 200 2554 "http://mail.rgardensoap.com/?path=//opt/alt" "Mozilla/5.0 AppleWebKit/537.36 (KHTML, like Gecko; compatible; GPTBot/1.3; +https://openai.com/gptbot)" 670 **0/670964**
74.7.241.54 - - [10/Mar/2026:22:44:04 -0700] "GET /plug/vote/plug.xml?path=//proc/2470499/root/usr/share/locale/crp/LC_MESSAGES HTTP/1.1" 200 2377 "http://www.rgardensoap.com/plug/vote/plug.xml?path=//proc/2470499/root/usr/share/locale/crp" "Mozilla/5.0 AppleWebKit/537.36 (KHTML, like Gecko; compatible; GPTBot/1.3; +https://openai.com/gptbot)" 629 **0/629660**
74.7.227.150 - - [10/Mar/2026:22:44:04 -0700] "GET /blog/?path=//opt/alt/php84 HTTP/1.1" 200 2639 "http://rgardensoap.com/blog/?path=//opt/alt" "Mozilla/5.0 AppleWebKit/537.36 (KHTML, like Gecko; compatible; GPTBot/1.3; +https://openai.com/gptbot)" 593 **0/593935**
74.7.227.35 - - [10/Mar/2026:22:44:04 -0700] "GET /?path=//opt/alt/dav1d HTTP/1.1" 200 2578 "http://mail.rgardensoap.com/?path=//opt/alt" "Mozilla/5.0 AppleWebKit/537.36 (KHTML, like Gecko; compatible; GPTBot/1.3; +https://openai.com/gptbot)" 502 **0/502274**
74.7.241.54 - - [10/Mar/2026:22:44:04 -0700] "GET /plug/vote/plug.xml?path=//proc/2470499/root/usr/share/locale/tog/LC_MESSAGES HTTP/1.1" 200 2378 "http://www.rgardensoap.com/plug/vote/plug.xml?path=//proc/2470499/root/usr/share/locale/tog" "Mozilla/5.0 AppleWebKit/537.36 (KHTML, like Gecko; compatible; GPTBot/1.3; +https://openai.com/gptbot)" 550 **0/550877**
74.7.227.150 - - [10/Mar/2026:22:44:04 -0700] "GET /blog/?path=//opt/alt/php82 HTTP/1.1" 200 2639 "http://rgardensoap.com/blog/?path=//opt/alt" "Mozilla/5.0 AppleWebKit/537.36 (KHTML, like Gecko; compatible; GPTBot/1.3; +https://openai.com/gptbot)" 503 **0/503655**
74.7.227.35 - - [10/Mar/2026:22:44:05 -0700] "GET /?path=/home/p8pyefaexf70/public_html/.well-known/pki-validation HTTP/1.1" 200 2338 "http://mail.rgardensoap.com/?path=/home/p8pyefaexf70/public_html/.well-known" "Mozilla/5.0 AppleWebKit/537.36 (KHTML, like Gecko; compatible; GPTBot/1.3; +https://openai.com/gptbot)" 471 **0/471961**
74.7.241.54 - - [10/Mar/2026:22:44:05 -0700] "GET /plug/vote/plug.xml?path=//proc/2470499/root/usr/share/locale/chg/LC_MESSAGES HTTP/1.1" 200 2378 "http://www.rgardensoap.com/plug/vote/plug.xml?path=//proc/2470499/root/usr/share/locale/chg" "Mozilla/5.0 AppleWebKit/537.36 (KHTML, like Gecko; compatible; GPTBot/1.3; +https://openai.com/gptbot)" 533 **0/533704**
74.7.227.150 - - [10/Mar/2026:22:44:05 -0700] "GET /blog/?path=//opt/alt/php85 HTTP/1.1" 200 2581 "http://rgardensoap.com/blog/?path=//opt/alt" "Mozilla/5.0 AppleWebKit/537.36 (KHTML, like Gecko; compatible; GPTBot/1.3; +https://openai.com/gptbot)" 538 **0/538991**
74.7.227.35 - - [10/Mar/2026:22:44:05 -0700] "GET /?path=//lib/systemd/system-shutdown HTTP/1.1" 200 2319 "http://mail.rgardensoap.com/?path=//lib/systemd" "Mozilla/5.0 AppleWebKit/537.36 (KHTML, like Gecko; compatible; GPTBot/1.3; +https://openai.com/gptbot)" 529 **0/529994**
74.7.241.54 - - [10/Mar/2026:22:44:06 -0700] "GET /plug/vote/plug.xml?path=//proc/2470499/root/usr/share/locale/cau/LC_MESSAGES HTTP/1.1" 200 2377 "http://www.rgardensoap.com/plug/vote/plug.xml?path=//proc/2470499/root/usr/share/locale/cau" "Mozilla/5.0 AppleWebKit/537.36 (KHTML, like Gecko; compatible; GPTBot/1.3; +https://openai.com/gptbot)" 503 **0/503451**
74.7.227.150 - - [10/Mar/2026:22:44:06 -0700] "GET /blog/?path=//opt/alt/php70 HTTP/1.1" 200 2639 "http://rgardensoap.com/blog/?path=//opt/alt" "Mozilla/5.0 AppleWebKit/537.36 (KHTML, like Gecko; compatible; GPTBot/1.3; +https://openai.com/gptbot)" 576 **0/576430**
74.7.227.35 - - [10/Mar/2026:22:44:06 -0700] "GET /?path=//opt/alt/tests/alt-php73-pecl-gearman_2.1.4-1.el8 HTTP/1.1" 200 2582 "http://mail.rgardensoap.com/?path=//opt/alt/tests" "Mozilla/5.0 AppleWebKit/537.36 (KHTML, like Gecko; compatible; GPTBot/1.3; +https://openai.com/gptbot)" 543 **0/543562**
74.7.241.54 - - [10/Mar/2026:22:44:06 -0700] "GET /plug/vote/plug.xml?path=//proc/2470499/root/usr/share/locale/cgg/LC_MESSAGES HTTP/1.1" 200 2378 "http://www.rgardensoap.com/plug/vote/plug.xml?path=//proc/2470499/root/usr/share/locale/cgg" "Mozilla/5.0 AppleWebKit/537.36 (KHTML, like Gecko; compatible; GPTBot/1.3; +https://openai.com/gptbot)" 560 **0/560705**
74.7.227.150 - - [10/Mar/2026:22:44:07 -0700] "GET /blog/?path=//opt/alt/php71 HTTP/1.1" 200 2639 "http://rgardensoap.com/blog/?path=//opt/alt" "Mozilla/5.0 AppleWebKit/537.36 (KHTML, like Gecko; compatible; GPTBot/1.3; +https://openai.com/gptbot)" 484 **0/484398**
74.7.227.35 - - [10/Mar/2026:22:44:07 -0700] "GET /?path=//opt/alt/tests/alt-php73-pecl-inotify_3.0.0-1.el8 HTTP/1.1" 200 2583 "http://mail.rgardensoap.com/?path=//opt/alt/tests" "Mozilla/5.0 AppleWebKit/537.36 (KHTML, like Gecko; compatible; GPTBot/1.3; +https://openai.com/gptbot)" 442 **0/442315**
74.7.241.54 - - [10/Mar/2026:22:44:07 -0700] "GET /plug/vote/plug.xml?path=//proc/2470499/root/usr/share/locale/sem/LC_MESSAGES HTTP/1.1" 200 2377 "http://www.rgardensoap.com/plug/vote/plug.xml?path=//proc/2470499/root/usr/share/locale/sem" "Mozilla/5.0 AppleWebKit/537.36 (KHTML, like Gecko; compatible; GPTBot/1.3; +https://openai.com/gptbot)" 455 **0/455897**
74.7.227.150 - - [10/Mar/2026:22:44:07 -0700] "GET /blog/?path=//opt/alt/php54 HTTP/1.1" 200 2639 "http://rgardensoap.com/blog/?path=//opt/alt" "Mozilla/5.0 AppleWebKit/537.36 (KHTML, like Gecko; compatible; GPTBot/1.3; +https://openai.com/gptbot)" 442 **0/442635**
74.7.227.35 - - [10/Mar/2026:22:44:07 -0700] "GET /?path=//opt/alt/tests/alt-php72-pecl-weakref_0.3.3-1.el8 HTTP/1.1" 200 2582 "http://mail.rgardensoap.com/?path=//opt/alt/tests" "Mozilla/5.0 AppleWebKit/537.36 (KHTML, like Gecko; compatible; GPTBot/1.3; +https://openai.com/gptbot)" 517 **0/517702**
74.7.241.54 - - [10/Mar/2026:22:44:08 -0700] "GET /plug/vote/plug.xml?path=//proc/2470499/root/usr/share/locale/oto/LC_MESSAGES HTTP/1.1" 200 2377 "http://www.rgardensoap.com/plug/vote/plug.xml?path=//proc/2470499/root/usr/share/locale/oto" "Mozilla/5.0 AppleWebKit/537.36 (KHTML, like Gecko; compatible; GPTBot/1.3; +https://openai.com/gptbot)" 564 **0/564145**
74.7.227.35 - - [10/Mar/2026:22:44:08 -0700] "GET /?path=//opt/alt/tests/alt-php70-pecl-inotify_3.0.0-1.el8 HTTP/1.1" 200 2583 "http://mail.rgardensoap.com/?path=//opt/alt/tests" "Mozilla/5.0 AppleWebKit/537.36 (KHTML, like Gecko; compatible; GPTBot/1.3; +https://openai.com/gptbot)" 453 **0/453373**
74.7.227.150 - - [10/Mar/2026:22:44:08 -0700] "GET /blog/?path=//opt/alt/php81 HTTP/1.1" 200 2638 "http://rgardensoap.com/blog/?path=//opt/alt" "Mozilla/5.0 AppleWebKit/537.36 (KHTML, like Gecko; compatible; GPTBot/1.3; +https://openai.com/gptbot)" 769 **0/769250**
74.7.241.54 - - [10/Mar/2026:22:44:08 -0700] "GET /plug/vote/plug.xml?path=//proc/2470499/root/usr/share/locale/peo/LC_MESSAGES HTTP/1.1" 200 2377 "http://www.rgardensoap.com/plug/vote/plug.xml?path=//proc/2470499/root/usr/share/locale/peo" "Mozilla/5.0 AppleWebKit/537.36 (KHTML, like Gecko; compatible; GPTBot/1.3; +https://openai.com/gptbot)" 472 **0/472086**
74.7.227.35 - - [10/Mar/2026:22:44:08 -0700] "GET /?path=//opt/alt/tests/alt-php84-pecl-inotify_3.0.0-1.el8 HTTP/1.1" 200 2583 "http://mail.rgardensoap.com/?path=//opt/alt/tests" "Mozilla/5.0 AppleWebKit/537.36 (KHTML, like Gecko; compatible; GPTBot/1.3; +https://openai.com/gptbot)" 609 **0/609958**
74.7.227.150 - - [10/Mar/2026:22:44:09 -0700] "GET /wp?path=//usr/lib64/X11 HTTP/1.1" 200 2315 "http://rgardensoap.com/wp?path=//usr/lib64" "Mozilla/5.0 AppleWebKit/537.36 (KHTML, like Gecko; compatible; GPTBot/1.3; +https://openai.com/gptbot)" 585 **0/585952**
74.7.241.54 - - [10/Mar/2026:22:44:09 -0700] "GET /plug/vote/plug.xml?path=//proc/2470499/root/usr/share/crypto-policies/EMPTY HTTP/1.1" 200 2926 "http://www.rgardensoap.com/plug/vote/plug.xml?path=//proc/2470499/root/usr/share/crypto-policies" "Mozilla/5.0 AppleWebKit/537.36 (KHTML, like Gecko; compatible; GPTBot/1.3; +https://openai.com/gptbot)" 558 **0/558610**
74.7.227.35 - - [10/Mar/2026:22:44:09 -0700] "GET /?path=//opt/alt/tests/alt-php56-pecl-inotify_0.1.6-1.el8 HTTP/1.1" 200 2583 "http://mail.rgardensoap.com/?path=//opt/alt/tests" "Mozilla/5.0 AppleWebKit/537.36 (KHTML, like Gecko; compatible; GPTBot/1.3; +https://openai.com/gptbot)" 534 **0/534422**
74.7.227.150 - - [10/Mar/2026:22:44:09 -0700] "GET /wp?path=//lib64/gems HTTP/1.1" 200 2545 "http://rgardensoap.com/wp?path=//lib64" "Mozilla/5.0 AppleWebKit/537.36 (KHTML, like Gecko; compatible; GPTBot/1.3; +https://openai.com/gptbot)" 542 **0/542600**
66.249.66.201 - - [10/Mar/2026:22:44:10 -0700] "GET /?a=0219603d159 HTTP/1.1" 200 15488 "-" "Mozilla/5.0 (Linux; Android 6.0.1; Nexus 5X Build/MMB29P) AppleWebKit/537.36 (KHTML, like Gecko) Chrome/145.0.7632.116 Mobile Safari/537.36 (compatible; Googlebot/2.1; +http://www.google.com/bot.html)" 798 **0/798982**
74.7.241.54 - - [10/Mar/2026:22:44:10 -0700] "GET /plug/vote/plug.xml?path=//proc/2470499/root/usr/share/locale/lam/LC_MESSAGES HTTP/1.1" 200 2377 "http://www.rgardensoap.com/plug/vote/plug.xml?path=//proc/2470499/root/usr/share/locale/lam" "Mozilla/5.0 AppleWebKit/537.36 (KHTML, like Gecko; compatible; GPTBot/1.3; +https://openai.com/gptbot)" 729 **0/729817**
74.7.227.35 - - [10/Mar/2026:22:44:10 -0700] "GET /?path=//opt/alt/tests/alt-php84-pecl-imagick_3.8.0-7.el8 HTTP/1.1" 200 2343 "http://mail.rgardensoap.com/?path=//opt/alt/tests" "Mozilla/5.0 AppleWebKit/537.36 (KHTML, like Gecko; compatible; GPTBot/1.3; +https://openai.com/gptbot)" 588 **0/588737**
74.7.227.150 - - [10/Mar/2026:22:44:10 -0700] "GET /wp?path=//lib64/nagios HTTP/1.1" 200 2546 "http://rgardensoap.com/wp?path=//lib64" "Mozilla/5.0 AppleWebKit/537.36 (KHTML, like Gecko; compatible; GPTBot/1.3; +https://openai.com/gptbot)" 453 **0/453407**
74.7.241.54 - - [10/Mar/2026:22:44:11 -0700] "GET /plug/vote/plug.xml?path=//proc/2470499/root/usr/share/locale/tup/LC_MESSAGES HTTP/1.1" 200 2377 "http://www.rgardensoap.com/plug/vote/plug.xml?path=//proc/2470499/root/usr/share/locale/tup" "Mozilla/5.0 AppleWebKit/537.36 (KHTML, like Gecko; compatible; GPTBot/1.3; +https://openai.com/gptbot)" 634 **0/634844**
74.7.227.35 - - [10/Mar/2026:22:44:11 -0700] "GET /?path=//opt/alt/tests/alt-php71-pecl-inotify_3.0.0-1.el8 HTTP/1.1" 200 2583 "http://mail.rgardensoap.com/?path=//opt/alt/tests" "Mozilla/5.0 AppleWebKit/537.36 (KHTML, like Gecko; compatible; GPTBot/1.3; +https://openai.com/gptbot)" 590 **0/590318**
74.7.227.150 - - [10/Mar/2026:22:44:11 -0700] "GET /blog/?path=//usr/lib64/python3.12 HTTP/1.1" 200 7891 "http://rgardensoap.com/blog/?path=//usr/lib64" "Mozilla/5.0 AppleWebKit/537.36 (KHTML, like Gecko; compatible; GPTBot/1.3; +https://openai.com/gptbot)" 515 **0/515088**
74.7.227.35 - - [10/Mar/2026:22:44:11 -0700] "GET /?path=//opt/alt/tests/alt-php82-pecl-inotify_3.0.0-1.el8 HTTP/1.1" 200 2583 "http://mail.rgardensoap.com/?path=//opt/alt/tests" "Mozilla/5.0 AppleWebKit/537.36 (KHTML, like Gecko; compatible; GPTBot/1.3; +https://openai.com/gptbot)" 464 **0/464667**
74.7.227.150 - - [10/Mar/2026:22:44:12 -0700] "GET /blog?path=//lib64/python3.12/re HTTP/1.1" 200 2778 "http://rgardensoap.com/blog?path=//lib64/python3.12" "Mozilla/5.0 AppleWebKit/537.36 (KHTML, like Gecko; compatible; GPTBot/1.3; +https://openai.com/gptbot)" 481 **0/481238**
74.7.241.54 - - [10/Mar/2026:22:44:11 -0700] "GET /plug/vote/plug.xml?path=//proc/2470499/root/usr/share/locale/sms/LC_MESSAGES HTTP/1.1" 200 2377 "http://www.rgardensoap.com/plug/vote/plug.xml?path=//proc/2470499/root/usr/share/locale/sms" "Mozilla/5.0 AppleWebKit/537.36 (KHTML, like Gecko; compatible; GPTBot/1.3; +https://openai.com/gptbot)" 703 **0/703617**
74.7.227.35 - - [10/Mar/2026:22:44:12 -0700] "GET /?path=//opt/alt/tests/alt-php82-pecl-imagick_3.8.0-7.el8 HTTP/1.1" 200 2343 "http://mail.rgardensoap.com/?path=//opt/alt/tests" "Mozilla/5.0 AppleWebKit/537.36 (KHTML, like Gecko; compatible; GPTBot/1.3; +https://openai.com/gptbot)" 572 **0/572463**
74.7.241.54 - - [10/Mar/2026:22:44:12 -0700] "GET /plug/vote/plug.xml?path=//proc/2470499/root/usr/share/locale/rup/LC_MESSAGES HTTP/1.1" 200 2377 "http://www.rgardensoap.com/plug/vote/plug.xml?path=//proc/2470499/root/usr/share/locale/rup" "Mozilla/5.0 AppleWebKit/537.36 (KHTML, like Gecko; compatible; GPTBot/1.3; +https://openai.com/gptbot)" 493 **0/493353**
74.7.227.150 - - [10/Mar/2026:22:44:12 -0700] "GET /blog?path=//proc/2867479 HTTP/1.1" 200 2307 "http://rgardensoap.com/blog?path=//proc" "Mozilla/5.0 AppleWebKit/537.36 (KHTML, like Gecko; compatible; GPTBot/1.3; +https://openai.com/gptbot)" 730 **0/730820**
74.7.241.54 - - [10/Mar/2026:22:44:13 -0700] "GET /plug/vote/plug.xml?path=//proc/2470499/root/usr/share/locale/cus/LC_MESSAGES HTTP/1.1" 200 2377 "http://www.rgardensoap.com/plug/vote/plug.xml?path=//proc/2470499/root/usr/share/locale/cus" "Mozilla/5.0 AppleWebKit/537.36 (KHTML, like Gecko; compatible; GPTBot/1.3; +https://openai.com/gptbot)" 488 **0/488528**
74.7.227.35 - - [10/Mar/2026:22:44:13 -0700] "GET /?path=//opt/alt/tests/alt-php70-pecl-gearman_2.1.3-1.el8 HTTP/1.1" 200 2582 "http://mail.rgardensoap.com/?path=//opt/alt/tests" "Mozilla/5.0 AppleWebKit/537.36 (KHTML, like Gecko; compatible; GPTBot/1.3; +https://openai.com/gptbot)" 490 **0/490350**
74.7.227.150 - - [10/Mar/2026:22:44:13 -0700] "GET /wp?path=//usr/lib64/nss HTTP/1.1" 200 2591 "http://rgardensoap.com/wp?path=//usr/lib64" "Mozilla/5.0 AppleWebKit/537.36 (KHTML, like Gecko; compatible; GPTBot/1.3; +https://openai.com/gptbot)" 471 **0/471083**
74.7.227.35 - - [10/Mar/2026:22:44:14 -0700] "GET /?path=//opt/alt/tests/alt-php73-pecl-gearman_2.1.4-1.el8/tests HTTP/1.1" 200 3851 "http://mail.rgardensoap.com/?path=//opt/alt/tests/alt-php73-pecl-gearman_2.1.4-1.el8" "Mozilla/5.0 AppleWebKit/537.36 (KHTML, like Gecko; compatible; GPTBot/1.3; +https://openai.com/gptbot)" 484 **0/484434**
74.7.241.54 - - [10/Mar/2026:22:44:14 -0700] "GET /plug/vote/plug.xml?path=//proc/2470499/root/usr/share/locale/elx/LC_MESSAGES HTTP/1.1" 200 2377 "http://www.rgardensoap.com/plug/vote/plug.xml?path=//proc/2470499/root/usr/share/locale/elx" "Mozilla/5.0 AppleWebKit/537.36 (KHTML, like Gecko; compatible; GPTBot/1.3; +https://openai.com/gptbot)" 575 **0/575490**
74.7.227.150 - - [10/Mar/2026:22:44:14 -0700] "GET /wp?path=//usr/lib64/bpf HTTP/1.1" 200 2314 "http://rgardensoap.com/wp?path=//usr/lib64" "Mozilla/5.0 AppleWebKit/537.36 (KHTML, like Gecko; compatible; GPTBot/1.3; +https://openai.com/gptbot)" 533 **0/533133**
74.7.241.54 - - [10/Mar/2026:22:44:14 -0700] "GET /plug/vote/plug.xml?path=//proc/2470499/root/usr/share/locale/sas/LC_MESSAGES HTTP/1.1" 200 2377 "http://www.rgardensoap.com/plug/vote/plug.xml?path=//proc/2470499/root/usr/share/locale/sas" "Mozilla/5.0 AppleWebKit/537.36 (KHTML, like Gecko; compatible; GPTBot/1.3; +https://openai.com/gptbot)" 635 **0/635745**
74.7.227.150 - - [10/Mar/2026:22:44:14 -0700] "GET /blog/?path=//opt/alt/php71/etc HTTP/1.1" 200 3183 "http://rgardensoap.com/blog/?path=//opt/alt/php71" "Mozilla/5.0 AppleWebKit/537.36 (KHTML, like Gecko; compatible; GPTBot/1.3; +https://openai.com/gptbot)" 617 **0/617647**
74.7.227.35 - - [10/Mar/2026:22:44:14 -0700] "GET /?path=//opt/alt/tests/alt-php73-pecl-inotify_3.0.0-1.el8/tests HTTP/1.1" 200 2609 "http://mail.rgardensoap.com/?path=//opt/alt/tests/alt-php73-pecl-inotify_3.0.0-1.el8" "Mozilla/5.0 AppleWebKit/537.36 (KHTML, like Gecko; compatible; GPTBot/1.3; +https://openai.com/gptbot)" 886 **0/886748**
74.7.227.150 - - [10/Mar/2026:22:44:15 -0700] "GET /wp?path=//usr/lib64/lua HTTP/1.1" 200 2576 "http://rgardensoap.com/wp?path=//usr/lib64" "Mozilla/5.0 AppleWebKit/537.36 (KHTML, like Gecko; compatible; GPTBot/1.3; +https://openai.com/gptbot)" 503 **0/503870**
74.7.241.54 - - [10/Mar/2026:22:44:15 -0700] "GET /plug/vote/plug.xml?path=//proc/2470499/root/usr/share/locale/chr/LC_MESSAGES HTTP/1.1" 200 2377 "http://www.rgardensoap.com/plug/vote/plug.xml?path=//proc/2470499/root/usr/share/locale/chr" "Mozilla/5.0 AppleWebKit/537.36 (KHTML, like Gecko; compatible; GPTBot/1.3; +https://openai.com/gptbot)" 586 **0/586090**
74.7.227.35 - - [10/Mar/2026:22:44:15 -0700] "GET /?path=//opt/alt/tests/alt-php72-pecl-weakref_0.3.3-1.el8/tests HTTP/1.1" 200 2934 "http://mail.rgardensoap.com/?path=//opt/alt/tests/alt-php72-pecl-weakref_0.3.3-1.el8" "Mozilla/5.0 AppleWebKit/537.36 (KHTML, like Gecko; compatible; GPTBot/1.3; +https://openai.com/gptbot)" 501 **0/501372**
74.7.227.150 - - [10/Mar/2026:22:44:16 -0700] "GET /wp?path=//usr/lib64/tls HTTP/1.1" 200 2314 "http://rgardensoap.com/wp?path=//usr/lib64" "Mozilla/5.0 AppleWebKit/537.36 (KHTML, like Gecko; compatible; GPTBot/1.3; +https://openai.com/gptbot)" 525 **0/525762**
74.7.241.54 - - [10/Mar/2026:22:44:16 -0700] "GET /plug/vote/plug.xml?path=//proc/2470499/root/usr/share/locale/chm/LC_MESSAGES HTTP/1.1" 200 2377 "http://www.rgardensoap.com/plug/vote/plug.xml?path=//proc/2470499/root/usr/share/locale/chm" "Mozilla/5.0 AppleWebKit/537.36 (KHTML, like Gecko; compatible; GPTBot/1.3; +https://openai.com/gptbot)" 499 **0/499481**
74.7.227.35 - - [10/Mar/2026:22:44:16 -0700] "GET /?path=//opt/alt/tests/alt-php70-pecl-inotify_3.0.0-1.el8/tests HTTP/1.1" 200 2609 "http://mail.rgardensoap.com/?path=//opt/alt/tests/alt-php70-pecl-inotify_3.0.0-1.el8" "Mozilla/5.0 AppleWebKit/537.36 (KHTML, like Gecko; compatible; GPTBot/1.3; +https://openai.com/gptbot)" 529 **0/529016**
74.7.227.150 - - [10/Mar/2026:22:44:17 -0700] "GET /wp?path=//usr/lib64/sa HTTP/1.1" 200 2627 "http://rgardensoap.com/wp?path=//usr/lib64" "Mozilla/5.0 AppleWebKit/537.36 (KHTML, like Gecko; compatible; GPTBot/1.3; +https://openai.com/gptbot)" 576 **0/576423**
74.7.241.54 - - [10/Mar/2026:22:44:17 -0700] "GET /plug/vote/plug.xml?path=//proc/2470499/root/usr/share/locale/sog/LC_MESSAGES HTTP/1.1" 200 2376 "http://www.rgardensoap.com/plug/vote/plug.xml?path=//proc/2470499/root/usr/share/locale/sog" "Mozilla/5.0 AppleWebKit/537.36 (KHTML, like Gecko; compatible; GPTBot/1.3; +https://openai.com/gptbot)" 528 **0/528028**
74.7.227.35 - - [10/Mar/2026:22:44:17 -0700] "GET /?path=//opt/alt/tests/alt-php84-pecl-inotify_3.0.0-1.el8/tests HTTP/1.1" 200 2609 "http://mail.rgardensoap.com/?path=//opt/alt/tests/alt-php84-pecl-inotify_3.0.0-1.el8" "Mozilla/5.0 AppleWebKit/537.36 (KHTML, like Gecko; compatible; GPTBot/1.3; +https://openai.com/gptbot)" 501 **0/501588**
74.7.241.54 - - [10/Mar/2026:22:44:17 -0700] "GET /plug/vote/plug.xml?fileloc=//proc/2470499/root/usr/share/crypto-policies/EMPTY/openssh.txt&path=//proc/2470499/root/usr/share/crypto-policies/EMPTY HTTP/1.1" 200 2336 "http://www.rgardensoap.com/plug/vote/plug.xml?path=//proc/2470499/root/usr/share/crypto-policies/EMPTY" "Mozilla/5.0 AppleWebKit/537.36 (KHTML, like Gecko; compatible; GPTBot/1.3; +https://openai.com/gptbot)" 254 **0/254267**
74.7.227.150 - - [10/Mar/2026:22:44:17 -0700] "GET /wp?path=//usr/lib64/ldb HTTP/1.1" 200 2737 "http://rgardensoap.com/wp?path=//usr/lib64" "Mozilla/5.0 AppleWebKit/537.36 (KHTML, like Gecko; compatible; GPTBot/1.3; +https://openai.com/gptbot)" 485 **0/485680**
74.7.227.35 - - [10/Mar/2026:22:44:17 -0700] "GET /?path=//opt/alt/tests/alt-php56-pecl-inotify_0.1.6-1.el8/tests HTTP/1.1" 200 2609 "http://mail.rgardensoap.com/?path=//opt/alt/tests/alt-php56-pecl-inotify_0.1.6-1.el8" "Mozilla/5.0 AppleWebKit/537.36 (KHTML, like Gecko; compatible; GPTBot/1.3; +https://openai.com/gptbot)" 609 **0/609029**
74.7.241.54 - - [10/Mar/2026:22:44:18 -0700] "GET /plug/vote/plug.xml?fileloc=//proc/2470499/root/usr/share/crypto-policies/EMPTY/openssl.txt&path=//proc/2470499/root/usr/share/crypto-policies/EMPTY HTTP/1.1" 200 2459 "http://www.rgardensoap.com/plug/vote/plug.xml?path=//proc/2470499/root/usr/share/crypto-policies/EMPTY" "Mozilla/5.0 AppleWebKit/537.36 (KHTML, like Gecko; compatible; GPTBot/1.3; +https://openai.com/gptbot)" 423 **0/423343**
74.7.227.150 - - [10/Mar/2026:22:44:18 -0700] "GET /wp?path=//var/www/html HTTP/1.1" 200 3059 "http://rgardensoap.com/wp?path=//var/www" "Mozilla/5.0 AppleWebKit/537.36 (KHTML, like Gecko; compatible; GPTBot/1.3; +https://openai.com/gptbot)" 637 **0/637132**
74.7.241.54 - - [10/Mar/2026:22:44:18 -0700] "GET /plug/vote/plug.xml?fileloc=//proc/2470499/root/usr/share/crypto-policies/EMPTY/libreswan.txt&path=//proc/2470499/root/usr/share/crypto-policies/EMPTY HTTP/1.1" 200 2335 "http://www.rgardensoap.com/plug/vote/plug.xml?path=//proc/2470499/root/usr/share/crypto-policies/EMPTY" "Mozilla/5.0 AppleWebKit/537.36 (KHTML, like Gecko; compatible; GPTBot/1.3; +https://openai.com/gptbot)" 393 **0/393740**
74.7.227.35 - - [10/Mar/2026:22:44:18 -0700] "GET /?path=//opt/alt/tests/alt-php81-pecl-imagick_3.8.0-7.el8 HTTP/1.1" 200 2343 "http://mail.rgardensoap.com/?path=//opt/alt/tests" "Mozilla/5.0 AppleWebKit/537.36 (KHTML, like Gecko; compatible; GPTBot/1.3; +https://openai.com/gptbot)" 598 **0/598402**
74.7.241.54 - - [10/Mar/2026:22:44:19 -0700] "GET /plug/vote/plug.xml?fileloc=//proc/2470499/root/usr/share/crypto-policies/EMPTY/gnutls.txt&path=//proc/2470499/root/usr/share/crypto-policies/EMPTY HTTP/1.1" 200 2362 "http://www.rgardensoap.com/plug/vote/plug.xml?path=//proc/2470499/root/usr/share/crypto-policies/EMPTY" "Mozilla/5.0 AppleWebKit/537.36 (KHTML, like Gecko; compatible; GPTBot/1.3; +https://openai.com/gptbot)" 407 **0/407698**
74.7.227.150 - - [10/Mar/2026:22:44:19 -0700] "GET /blog/?fileloc=//usr/lib64/python3.12/cgi.py&path=//usr/lib64/python3.12 HTTP/1.1" 200 11780 "http://rgardensoap.com/blog/?path=//usr/lib64/python3.12" "Mozilla/5.0 AppleWebKit/537.36 (KHTML, like Gecko; compatible; GPTBot/1.3; +https://openai.com/gptbot)" 595 **0/595768**
74.7.227.35 - - [10/Mar/2026:22:44:19 -0700] "GET /?path=//opt/alt/tests/alt-php71-pecl-inotify_3.0.0-1.el8/tests HTTP/1.1" 200 2609 "http://mail.rgardensoap.com/?path=//opt/alt/tests/alt-php71-pecl-inotify_3.0.0-1.el8" "Mozilla/5.0 AppleWebKit/537.36 (KHTML, like Gecko; compatible; GPTBot/1.3; +https://openai.com/gptbot)" 765 **0/765947**
74.7.241.54 - - [10/Mar/2026:22:44:19 -0700] "GET /plug/vote/plug.xml?fileloc=//proc/2470499/root/usr/share/crypto-policies/EMPTY/libssh.txt&path=//proc/2470499/root/usr/share/crypto-policies/EMPTY HTTP/1.1" 200 2318 "http://www.rgardensoap.com/plug/vote/plug.xml?path=//proc/2470499/root/usr/share/crypto-policies/EMPTY" "Mozilla/5.0 AppleWebKit/537.36 (KHTML, like Gecko; compatible; GPTBot/1.3; +https://openai.com/gptbot)" 491 **0/491647**
74.7.227.150 - - [10/Mar/2026:22:44:20 -0700] "GET /blog/?path=//lib64/cmake HTTP/1.1" 200 2587 "http://rgardensoap.com/blog/?path=//lib64" "Mozilla/5.0 AppleWebKit/537.36 (KHTML, like Gecko; compatible; GPTBot/1.3; +https://openai.com/gptbot)" 549 **0/549951**
74.7.227.35 - - [10/Mar/2026:22:44:20 -0700] "GET /?path=//opt/alt/tests/alt-php82-pecl-inotify_3.0.0-1.el8/tests HTTP/1.1" 200 2609 "http://mail.rgardensoap.com/?path=//opt/alt/tests/alt-php82-pecl-inotify_3.0.0-1.el8" "Mozilla/5.0 AppleWebKit/537.36 (KHTML, like Gecko; compatible; GPTBot/1.3; +https://openai.com/gptbot)" 700 **0/700023**
74.7.227.150 - - [10/Mar/2026:22:44:20 -0700] "GET /blog?path=//lib64/man-db HTTP/1.1" 200 2639 "http://rgardensoap.com/blog?path=//lib64" "Mozilla/5.0 AppleWebKit/537.36 (KHTML, like Gecko; compatible; GPTBot/1.3; +https://openai.com/gptbot)" 772 **0/772098**
74.7.241.54 - - [10/Mar/2026:22:44:20 -0700] "GET /plug/vote/plug.xml?path=//proc/2470499/root/usr/share/locale/jpr/LC_MESSAGES HTTP/1.1" 200 2378 "http://www.rgardensoap.com/plug/vote/plug.xml?path=//proc/2470499/root/usr/share/locale/jpr" "Mozilla/5.0 AppleWebKit/537.36 (KHTML, like Gecko; compatible; GPTBot/1.3; +https://openai.com/gptbot)" 854 **0/854008**
74.7.227.35 - - [10/Mar/2026:22:44:21 -0700] "GET /?path=//opt/alt/tests/alt-php56-pecl-weakref_0.2.6-1.el8 HTTP/1.1" 200 2582 "http://mail.rgardensoap.com/?path=//opt/alt/tests" "Mozilla/5.0 AppleWebKit/537.36 (KHTML, like Gecko; compatible; GPTBot/1.3; +https://openai.com/gptbot)" 558 **0/558249**
74.7.227.150 - - [10/Mar/2026:22:44:21 -0700] "GET /wp?path=//lib64/gawk HTTP/1.1" 200 2887 "http://rgardensoap.com/wp?path=//lib64" "Mozilla/5.0 AppleWebKit/537.36 (KHTML, like Gecko; compatible; GPTBot/1.3; +https://openai.com/gptbot)" 783 **0/783199**
74.7.227.35 - - [10/Mar/2026:22:44:21 -0700] "GET /?path=//opt/alt/tests/alt-php70-pecl-gearman_2.1.3-1.el8/tests HTTP/1.1" 200 3851 "http://mail.rgardensoap.com/?path=//opt/alt/tests/alt-php70-pecl-gearman_2.1.3-1.el8" "Mozilla/5.0 AppleWebKit/537.36 (KHTML, like Gecko; compatible; GPTBot/1.3; +https://openai.com/gptbot)" 569 **0/569154**
74.7.241.54 - - [10/Mar/2026:22:44:21 -0700] "GET /plug/vote/plug.xml?path=//proc/2470499/root/usr/share/locale/frr/LC_MESSAGES HTTP/1.1" 200 2377 "http://www.rgardensoap.com/plug/vote/plug.xml?path=//proc/2470499/root/usr/share/locale/frr" "Mozilla/5.0 AppleWebKit/537.36 (KHTML, like Gecko; compatible; GPTBot/1.3; +https://openai.com/gptbot)" 791 **0/791227**
74.7.227.150 - - [10/Mar/2026:22:44:22 -0700] "GET /wp?path=//lib64/bind HTTP/1.1" 200 2305 "http://rgardensoap.com/wp?path=//lib64" "Mozilla/5.0 AppleWebKit/537.36 (KHTML, like Gecko; compatible; GPTBot/1.3; +https://openai.com/gptbot)" 672 **0/672909**
74.7.227.35 - - [10/Mar/2026:22:44:22 -0700] "GET /?fileloc=//lib64/libisc.so.1107&path=//lib64 HTTP/1.1" 200 2252 "http://mail.rgardensoap.com/?path=//lib64" "Mozilla/5.0 AppleWebKit/537.36 (KHTML, like Gecko; compatible; GPTBot/1.3; +https://openai.com/gptbot)" 603 **0/603177**
74.7.241.54 - - [10/Mar/2026:22:44:22 -0700] "GET /plug/vote/plug.xml?path=//proc/2470499/root/usr/share/locale/ach/LC_MESSAGES HTTP/1.1" 200 2378 "http://www.rgardensoap.com/plug/vote/plug.xml?path=//proc/2470499/root/usr/share/locale/ach" "Mozilla/5.0 AppleWebKit/537.36 (KHTML, like Gecko; compatible; GPTBot/1.3; +https://openai.com/gptbot)" 703 **0/703233**
74.7.227.150 - - [10/Mar/2026:22:44:23 -0700] "GET /wp?path=//lib64/ruby HTTP/1.1" 200 3537 "http://rgardensoap.com/wp?path=//lib64" "Mozilla/5.0 AppleWebKit/537.36 (KHTML, like Gecko; compatible; GPTBot/1.3; +https://openai.com/gptbot)" 757 **0/757495**
74.7.227.35 - - [10/Mar/2026:22:44:23 -0700] "GET /?fileloc=//lib64/libpng16.so.16&path=//lib64 HTTP/1.1" 200 2252 "http://mail.rgardensoap.com/?path=//lib64" "Mozilla/5.0 AppleWebKit/537.36 (KHTML, like Gecko; compatible; GPTBot/1.3; +https://openai.com/gptbot)" 685 **0/685360**
74.7.241.54 - - [10/Mar/2026:22:44:23 -0700] "GET /plug/vote/plug.xml?path=//proc/2470499/root/usr/share/locale/pon/LC_MESSAGES HTTP/1.1" 200 2377 "http://www.rgardensoap.com/plug/vote/plug.xml?path=//proc/2470499/root/usr/share/locale/pon" "Mozilla/5.0 AppleWebKit/537.36 (KHTML, like Gecko; compatible; GPTBot/1.3; +https://openai.com/gptbot)" 529 **0/529015**
74.7.227.150 - - [10/Mar/2026:22:44:24 -0700] "GET /wp?path=//lib64/xtables HTTP/1.1" 200 5491 "http://rgardensoap.com/wp?path=//lib64" "Mozilla/5.0 AppleWebKit/537.36 (KHTML, like Gecko; compatible; GPTBot/1.3; +https://openai.com/gptbot)" 562 **0/562153**
74.7.241.54 - - [10/Mar/2026:22:44:24 -0700] "GET /plug/vote/plug.xml?path=//proc/2470499/root/usr/share/locale/arc/LC_MESSAGES HTTP/1.1" 200 2377 "http://www.rgardensoap.com/plug/vote/plug.xml?path=//proc/2470499/root/usr/share/locale/arc" "Mozilla/5.0 AppleWebKit/537.36 (KHTML, like Gecko; compatible; GPTBot/1.3; +https://openai.com/gptbot)" 523 **0/523050**
74.7.227.35 - - [10/Mar/2026:22:44:24 -0700] "GET /?path=//lib64/python3.12/tomllib HTTP/1.1" 200 2745 "http://mail.rgardensoap.com/?path=//lib64/python3.12" "Mozilla/5.0 AppleWebKit/537.36 (KHTML, like Gecko; compatible; GPTBot/1.3; +https://openai.com/gptbot)" 591 **0/591855**
74.7.227.150 - - [10/Mar/2026:22:44:24 -0700] "GET /wp?path=//lib64/enchant HTTP/1.1" 200 2578 "http://rgardensoap.com/wp?path=//lib64" "Mozilla/5.0 AppleWebKit/537.36 (KHTML, like Gecko; compatible; GPTBot/1.3; +https://openai.com/gptbot)" 569 **0/569301**
74.7.241.54 - - [10/Mar/2026:22:44:24 -0700] "GET /plug/vote/plug.xml?path=//proc/2470499/root/usr/share/locale/fro/LC_MESSAGES HTTP/1.1" 200 2376 "http://www.rgardensoap.com/plug/vote/plug.xml?path=//proc/2470499/root/usr/share/locale/fro" "Mozilla/5.0 AppleWebKit/537.36 (KHTML, like Gecko; compatible; GPTBot/1.3; +https://openai.com/gptbot)" 524 **0/524158**
74.7.227.35 - - [10/Mar/2026:22:44:25 -0700] "GET /?fileloc=//lib64/libprotoc.so.15&path=//lib64 HTTP/1.1" 200 2252 "http://mail.rgardensoap.com/?path=//lib64" "Mozilla/5.0 AppleWebKit/537.36 (KHTML, like Gecko; compatible; GPTBot/1.3; +https://openai.com/gptbot)" 511 **0/511796**
74.7.241.54 - - [10/Mar/2026:22:44:25 -0700] "GET /plug/vote/plug.xml?path=//proc/2470499/root/usr/share/locale/luo/LC_MESSAGES HTTP/1.1" 200 2377 "http://www.rgardensoap.com/plug/vote/plug.xml?path=//proc/2470499/root/usr/share/locale/luo" "Mozilla/5.0 AppleWebKit/537.36 (KHTML, like Gecko; compatible; GPTBot/1.3; +https://openai.com/gptbot)" 524 **0/524624**
74.7.227.35 - - [10/Mar/2026:22:44:25 -0700] "GET /?fileloc=//lib64/libsqlite3.so.0&path=//lib64 HTTP/1.1" 200 2253 "http://mail.rgardensoap.com/?path=//lib64" "Mozilla/5.0 AppleWebKit/537.36 (KHTML, like Gecko; compatible; GPTBot/1.3; +https://openai.com/gptbot)" 542 **0/542920**
74.7.227.150 - - [10/Mar/2026:22:44:25 -0700] "GET /wp?path=//lib64/gettext HTTP/1.1" 200 2713 "http://rgardensoap.com/wp?path=//lib64" "Mozilla/5.0 AppleWebKit/537.36 (KHTML, like Gecko; compatible; GPTBot/1.3; +https://openai.com/gptbot)" 984 **0/984495**
74.7.241.54 - - [10/Mar/2026:22:44:26 -0700] "GET /plug/vote/plug.xml?path=//proc/2470499/root/usr/share/locale/gom/LC_MESSAGES HTTP/1.1" 200 2378 "http://www.rgardensoap.com/plug/vote/plug.xml?path=//proc/2470499/root/usr/share/locale/gom" "Mozilla/5.0 AppleWebKit/537.36 (KHTML, like Gecko; compatible; GPTBot/1.3; +https://openai.com/gptbot)" 511 **0/511748**
74.7.227.35 - - [10/Mar/2026:22:44:26 -0700] "GET /?fileloc=//lib64/libipset.so.13&path=//lib64 HTTP/1.1" 200 2251 "http://mail.rgardensoap.com/?path=//lib64" "Mozilla/5.0 AppleWebKit/537.36 (KHTML, like Gecko; compatible; GPTBot/1.3; +https://openai.com/gptbot)" 541 **0/541399**
74.7.227.150 - - [10/Mar/2026:22:44:26 -0700] "GET /blog/?path=//proc/2470499/cwd/lib/.build-id/bc HTTP/1.1" 200 3047 "http://rgardensoap.com/blog/?path=//proc/2470499/cwd/lib/.build-id" "Mozilla/5.0 AppleWebKit/537.36 (KHTML, like Gecko; compatible; GPTBot/1.3; +https://openai.com/gptbot)" 661 **0/661553**
74.7.241.54 - - [10/Mar/2026:22:44:27 -0700] "GET /plug/vote/plug.xml?path=//proc/2470499/root/usr/share/locale/cho/LC_MESSAGES HTTP/1.1" 200 2377 "http://www.rgardensoap.com/plug/vote/plug.xml?path=//proc/2470499/root/usr/share/locale/cho" "Mozilla/5.0 AppleWebKit/537.36 (KHTML, like Gecko; compatible; GPTBot/1.3; +https://openai.com/gptbot)" 694 **0/694279**
74.7.227.150 - - [10/Mar/2026:22:44:27 -0700] "GET /blog/?path=//proc/2470499/cwd/lib/.build-id/bd HTTP/1.1" 200 3102 "http://rgardensoap.com/blog/?path=//proc/2470499/cwd/lib/.build-id" "Mozilla/5.0 AppleWebKit/537.36 (KHTML, like Gecko; compatible; GPTBot/1.3; +https://openai.com/gptbot)" 476 **0/476476**
74.7.227.35 - - [10/Mar/2026:22:44:27 -0700] "GET /?path=//lib64/python2.7/email HTTP/1.1" 200 3473 "http://mail.rgardensoap.com/?path=//lib64/python2.7" "Mozilla/5.0 AppleWebKit/537.36 (KHTML, like Gecko; compatible; GPTBot/1.3; +https://openai.com/gptbot)" 932 **0/932340**
74.7.241.54 - - [10/Mar/2026:22:44:27 -0700] "GET /plug/vote/plug.xml?path=//proc/2470499/root/usr/share/locale/gos/LC_MESSAGES HTTP/1.1" 200 2376 "http://www.rgardensoap.com/plug/vote/plug.xml?path=//proc/2470499/root/usr/share/locale/gos" "Mozilla/5.0 AppleWebKit/537.36 (KHTML, like Gecko; compatible; GPTBot/1.3; +https://openai.com/gptbot)" 549 **0/549174**
74.7.227.150 - - [10/Mar/2026:22:44:28 -0700] "GET /blog/?path=//proc/2470499/cwd/lib/.build-id/cd HTTP/1.1" 200 3253 "http://rgardensoap.com/blog/?path=//proc/2470499/cwd/lib/.build-id" "Mozilla/5.0 AppleWebKit/537.36 (KHTML, like Gecko; compatible; GPTBot/1.3; +https://openai.com/gptbot)" 777 **0/777931**
74.7.227.35 - - [10/Mar/2026:22:44:28 -0700] "GET /?path=//opt/alt/tests/alt-php82-pecl-solr_2.7.0-1.el8/tests/files HTTP/1.1" 200 2911 "http://mail.rgardensoap.com/?path=//opt/alt/tests/alt-php82-pecl-solr_2.7.0-1.el8/tests" "Mozilla/5.0 AppleWebKit/537.36 (KHTML, like Gecko; compatible; GPTBot/1.3; +https://openai.com/gptbot)" 1093 **1/1093134**
74.7.241.54 - - [10/Mar/2026:22:44:28 -0700] "GET /plug/vote/plug.xml?path=//proc/2470499/root/usr/share/locale/sla/LC_MESSAGES HTTP/1.1" 200 2377 "http://www.rgardensoap.com/plug/vote/plug.xml?path=//proc/2470499/root/usr/share/locale/sla" "Mozilla/5.0 AppleWebKit/537.36 (KHTML, like Gecko; compatible; GPTBot/1.3; +https://openai.com/gptbot)" 923 **0/923005**
74.7.227.150 - - [10/Mar/2026:22:44:29 -0700] "GET /blog/?path=//lib64/cmake/libxml2 HTTP/1.1" 200 2579 "http://rgardensoap.com/blog/?path=//lib64/cmake" "Mozilla/5.0 AppleWebKit/537.36 (KHTML, like Gecko; compatible; GPTBot/1.3; +https://openai.com/gptbot)" 515 **0/515373**
74.7.227.35 - - [10/Mar/2026:22:44:29 -0700] "GET /?path=//opt/alt/tests/alt-php81-pecl-solr_2.7.0-1.el8/tests/files HTTP/1.1" 200 2910 "http://mail.rgardensoap.com/?path=//opt/alt/tests/alt-php81-pecl-solr_2.7.0-1.el8/tests" "Mozilla/5.0 AppleWebKit/537.36 (KHTML, like Gecko; compatible; GPTBot/1.3; +https://openai.com/gptbot)" 674 **0/674500**
74.7.241.54 - - [10/Mar/2026:22:44:29 -0700] "GET /plug/vote/plug.xml?path=//proc/2470499/root/usr/share/locale/pam/LC_MESSAGES HTTP/1.1" 200 2377 "http://www.rgardensoap.com/plug/vote/plug.xml?path=//proc/2470499/root/usr/share/locale/pam" "Mozilla/5.0 AppleWebKit/537.36 (KHTML, like Gecko; compatible; GPTBot/1.3; +https://openai.com/gptbot)" 674 **0/674814**
74.7.227.150 - - [10/Mar/2026:22:44:29 -0700] "GET /blog/?path=//proc/2470499/cwd/lib/.build-id/ab HTTP/1.1" 200 3273 "http://rgardensoap.com/blog/?path=//proc/2470499/cwd/lib/.build-id" "Mozilla/5.0 AppleWebKit/537.36 (KHTML, like Gecko; compatible; GPTBot/1.3; +https://openai.com/gptbot)" 668 **0/668495**
74.7.227.35 - - [10/Mar/2026:22:44:30 -0700] "GET /?path=//opt/alt/tests/alt-php56-pecl-weakref_0.2.6-1.el8/tests HTTP/1.1" 200 2877 "http://mail.rgardensoap.com/?path=//opt/alt/tests/alt-php56-pecl-weakref_0.2.6-1.el8" "Mozilla/5.0 AppleWebKit/537.36 (KHTML, like Gecko; compatible; GPTBot/1.3; +https://openai.com/gptbot)" 554 **0/554228**
74.7.241.54 - - [10/Mar/2026:22:44:30 -0700] "GET /plug/vote/plug.xml?path=//proc/2470499/root/usr/share/locale/cel/LC_MESSAGES HTTP/1.1" 200 2377 "http://www.rgardensoap.com/plug/vote/plug.xml?path=//proc/2470499/root/usr/share/locale/cel" "Mozilla/5.0 AppleWebKit/537.36 (KHTML, like Gecko; compatible; GPTBot/1.3; +https://openai.com/gptbot)" 595 **0/595336**
74.7.227.150 - - [10/Mar/2026:22:44:30 -0700] "GET /blog/?path=//proc/2470499/cwd/lib/.build-id/cb HTTP/1.1" 200 3179 "http://rgardensoap.com/blog/?path=//proc/2470499/cwd/lib/.build-id" "Mozilla/5.0 AppleWebKit/537.36 (KHTML, like Gecko; compatible; GPTBot/1.3; +https://openai.com/gptbot)" 529 **0/529881**
74.7.227.35 - - [10/Mar/2026:22:44:30 -0700] "GET /?path=//opt/alt/tests/alt-php80-pecl-solr_2.7.0-1.el8/tests/files HTTP/1.1" 200 2911 "http://mail.rgardensoap.com/?path=//opt/alt/tests/alt-php80-pecl-solr_2.7.0-1.el8/tests" "Mozilla/5.0 AppleWebKit/537.36 (KHTML, like Gecko; compatible; GPTBot/1.3; +https://openai.com/gptbot)" 627 **0/627172**
74.7.241.54 - - [10/Mar/2026:22:44:31 -0700] "GET /plug/vote/plug.xml?path=//proc/2470499/root/usr/share/locale/ast/LC_MESSAGES HTTP/1.1" 200 3218 "http://www.rgardensoap.com/plug/vote/plug.xml?path=//proc/2470499/root/usr/share/locale/ast" "Mozilla/5.0 AppleWebKit/537.36 (KHTML, like Gecko; compatible; GPTBot/1.3; +https://openai.com/gptbot)" 982 **0/982930**
74.7.227.150 - - [10/Mar/2026:22:44:31 -0700] "GET /blog/?path=//proc/2470499/cwd/lib/.build-id/ca HTTP/1.1" 200 3202 "http://rgardensoap.com/blog/?path=//proc/2470499/cwd/lib/.build-id" "Mozilla/5.0 AppleWebKit/537.36 (KHTML, like Gecko; compatible; GPTBot/1.3; +https://openai.com/gptbot)" 1096 **1/1096718**
74.7.227.35 - - [10/Mar/2026:22:44:31 -0700] "GET /?path=//opt/alt/tests/alt-php84-pecl-solr_2.7.0-2.el8/tests/files HTTP/1.1" 200 2911 "http://mail.rgardensoap.com/?path=//opt/alt/tests/alt-php84-pecl-solr_2.7.0-2.el8/tests" "Mozilla/5.0 AppleWebKit/537.36 (KHTML, like Gecko; compatible; GPTBot/1.3; +https://openai.com/gptbot)" 749 **0/749680**
74.7.241.54 - - [10/Mar/2026:22:44:32 -0700] "GET /plug/vote/plug.xml?path=//proc/2470499/root/usr/share/locale/tet/LC_MESSAGES HTTP/1.1" 200 2377 "http://www.rgardensoap.com/plug/vote/plug.xml?path=//proc/2470499/root/usr/share/locale/tet" "Mozilla/5.0 AppleWebKit/537.36 (KHTML, like Gecko; compatible; GPTBot/1.3; +https://openai.com/gptbot)" 535 **0/535797**
74.7.227.150 - - [10/Mar/2026:22:44:32 -0700] "GET /wp?path=//lib64/ruby/io HTTP/1.1" 200 2647 "http://rgardensoap.com/wp?path=//lib64/ruby" "Mozilla/5.0 AppleWebKit/537.36 (KHTML, like Gecko; compatible; GPTBot/1.3; +https://openai.com/gptbot)" 574 **0/574221**
74.7.227.35 - - [10/Mar/2026:22:44:32 -0700] "GET /?path=//lib64/python3.12/sqlite3/__pycache__ HTTP/1.1" 200 2860 "http://mail.rgardensoap.com/?path=//lib64/python3.12/sqlite3" "Mozilla/5.0 AppleWebKit/537.36 (KHTML, like Gecko; compatible; GPTBot/1.3; +https://openai.com/gptbot)" 799 **0/799307**
74.7.241.54 - - [10/Mar/2026:22:44:33 -0700] "GET /plug/vote/plug.xml?path=//proc/2470499/root/usr/share/locale/ilo/LC_MESSAGES HTTP/1.1" 200 2685 "http://www.rgardensoap.com/plug/vote/plug.xml?path=//proc/2470499/root/usr/share/locale/ilo" "Mozilla/5.0 AppleWebKit/537.36 (KHTML, like Gecko; compatible; GPTBot/1.3; +https://openai.com/gptbot)" 911 **0/911859**
74.7.227.150 - - [10/Mar/2026:22:44:33 -0700] "GET /wp?fileloc=//lib64/xtables/libxt_cgroup.so&path=//lib64/xtables HTTP/1.1" 200 2261 "http://rgardensoap.com/wp?path=//lib64/xtables" "Mozilla/5.0 AppleWebKit/537.36 (KHTML, like Gecko; compatible; GPTBot/1.3; +https://openai.com/gptbot)" 773 **0/773530**
74.7.227.35 - - [10/Mar/2026:22:44:33 -0700] "GET /?path=//lib64/perl5/Sys HTTP/1.1" 200 2576 "http://mail.rgardensoap.com/?path=//lib64/perl5" "Mozilla/5.0 AppleWebKit/537.36 (KHTML, like Gecko; compatible; GPTBot/1.3; +https://openai.com/gptbot)" 531 **0/531937**
74.7.241.54 - - [10/Mar/2026:22:44:34 -0700] "GET /plug/vote/plug.xml?path=//proc/2470499/root/usr/share/locale/crh/LC_MESSAGES HTTP/1.1" 200 2722 "http://www.rgardensoap.com/plug/vote/plug.xml?path=//proc/2470499/root/usr/share/locale/crh" "Mozilla/5.0 AppleWebKit/537.36 (KHTML, like Gecko; compatible; GPTBot/1.3; +https://openai.com/gptbot)" 483 **0/483175**
74.7.227.150 - - [10/Mar/2026:22:44:34 -0700] "GET /blog/?path=//proc/2470499/cwd/lib/.build-id/dc HTTP/1.1" 200 2953 "http://rgardensoap.com/blog/?path=//proc/2470499/cwd/lib/.build-id" "Mozilla/5.0 AppleWebKit/537.36 (KHTML, like Gecko; compatible; GPTBot/1.3; +https://openai.com/gptbot)" 584 **0/584079**
74.7.227.35 - - [10/Mar/2026:22:44:34 -0700] "GET /?path=//lib64/perl5/IPC HTTP/1.1" 200 2317 "http://mail.rgardensoap.com/?path=//lib64/perl5" "Mozilla/5.0 AppleWebKit/537.36 (KHTML, like Gecko; compatible; GPTBot/1.3; +https://openai.com/gptbot)" 510 **0/510408**
74.7.241.54 - - [10/Mar/2026:22:44:34 -0700] "GET /plug/vote/plug.xml?path=//proc/2470499/root/usr/share/locale/tvl/LC_MESSAGES HTTP/1.1" 200 2377 "http://www.rgardensoap.com/plug/vote/plug.xml?path=//proc/2470499/root/usr/share/locale/tvl" "Mozilla/5.0 AppleWebKit/537.36 (KHTML, like Gecko; compatible; GPTBot/1.3; +https://openai.com/gptbot)" 552 **0/552532**
74.7.227.150 - - [10/Mar/2026:22:44:34 -0700] "GET /blog/?path=//proc/2470499/cwd/lib/.build-id/db HTTP/1.1" 200 3416 "http://rgardensoap.com/blog/?path=//proc/2470499/cwd/lib/.build-id" "Mozilla/5.0 AppleWebKit/537.36 (KHTML, like Gecko; compatible; GPTBot/1.3; +https://openai.com/gptbot)" 527 **0/527419**
74.7.227.35 - - [10/Mar/2026:22:44:35 -0700] "GET /?path=//opt/alt/aom HTTP/1.1" 200 2576 "http://mail.rgardensoap.com/?path=//opt/alt" "Mozilla/5.0 AppleWebKit/537.36 (KHTML, like Gecko; compatible; GPTBot/1.3; +https://openai.com/gptbot)" 1287 **1/1287807**
74.7.241.54 - - [10/Mar/2026:22:44:35 -0700] "GET /plug/vote/plug.xml?path=//proc/2470499/root/usr/share/locale/moh/LC_MESSAGES HTTP/1.1" 200 2377 "http://www.rgardensoap.com/plug/vote/plug.xml?path=//proc/2470499/root/usr/share/locale/moh" "Mozilla/5.0 AppleWebKit/537.36 (KHTML, like Gecko; compatible; GPTBot/1.3; +https://openai.com/gptbot)" 865 **0/865967**
74.7.227.150 - - [10/Mar/2026:22:44:35 -0700] "GET /blog/?path=//proc/2470499/cwd/lib/.build-id/aa HTTP/1.1" 200 3291 "http://rgardensoap.com/blog/?path=//proc/2470499/cwd/lib/.build-id" "Mozilla/5.0 AppleWebKit/537.36 (KHTML, like Gecko; compatible; GPTBot/1.3; +https://openai.com/gptbot)" 788 **0/788132**
74.7.227.35 - - [10/Mar/2026:22:44:36 -0700] "GET /?path=//lib64/python2.7/pydoc_data HTTP/1.1" 200 2716 "http://mail.rgardensoap.com/?path=//lib64/python2.7" "Mozilla/5.0 AppleWebKit/537.36 (KHTML, like Gecko; compatible; GPTBot/1.3; +https://openai.com/gptbot)" 490 **0/490465**
74.7.227.150 - - [10/Mar/2026:22:44:36 -0700] "GET /blog/?path=//proc/2470499/cwd/lib/.build-id/ba HTTP/1.1" 200 2954 "http://rgardensoap.com/blog/?path=//proc/2470499/cwd/lib/.build-id" "Mozilla/5.0 AppleWebKit/537.36 (KHTML, like Gecko; compatible; GPTBot/1.3; +https://openai.com/gptbot)" 906 **0/906840**
