74.7.241.54 - - [10/Mar/2026:22:47:26 -0700] "GET /plug/vote/plug.xml?path=//proc/2470499/root/usr/share/locale/za HTTP/1.1" 200 2608 "http://www.rgardensoap.com/plug/vote/plug.xml?path=//proc/2470499/root/usr/share/locale" "Mozilla/5.0 AppleWebKit/537.36 (KHTML, like Gecko; compatible; GPTBot/1.3; +https://openai.com/gptbot)" 478 **0/478879**
74.7.227.35 - - [10/Mar/2026:22:47:26 -0700] "GET /?path=//opt/alt/tests/alt-php73-pecl-redis_5.3.7-2.el8 HTTP/1.1" 200 2344 "http://mail.rgardensoap.com/?path=//opt/alt/tests" "Mozilla/5.0 AppleWebKit/537.36 (KHTML, like Gecko; compatible; GPTBot/1.3; +https://openai.com/gptbot)" 498 **0/498332**
74.7.227.150 - - [10/Mar/2026:22:47:27 -0700] "GET /blog/?path=//proc/sys/net/ipv4/conf/default HTTP/1.1" 200 3438 "http://rgardensoap.com/blog/?path=//proc/sys/net/ipv4/conf" "Mozilla/5.0 AppleWebKit/537.36 (KHTML, like Gecko; compatible; GPTBot/1.3; +https://openai.com/gptbot)" 447 **0/447840**
74.7.241.54 - - [10/Mar/2026:22:47:27 -0700] "GET /plug/vote/plug.xml?path=//proc/2470499/root/usr/share/locale/tk HTTP/1.1" 200 2608 "http://www.rgardensoap.com/plug/vote/plug.xml?path=//proc/2470499/root/usr/share/locale" "Mozilla/5.0 AppleWebKit/537.36 (KHTML, like Gecko; compatible; GPTBot/1.3; +https://openai.com/gptbot)" 488 **0/488009**
74.7.227.35 - - [10/Mar/2026:22:47:27 -0700] "GET /?path=//opt/alt/tests/alt-php56-pecl-redis_4.3.0-3.el8 HTTP/1.1" 200 2344 "http://mail.rgardensoap.com/?path=//opt/alt/tests" "Mozilla/5.0 AppleWebKit/537.36 (KHTML, like Gecko; compatible; GPTBot/1.3; +https://openai.com/gptbot)" 467 **0/467592**
74.7.227.150 - - [10/Mar/2026:22:47:27 -0700] "GET /chosen.php HTTP/1.1" 200 3815 "https://www.rgardensoap.com" "Mozilla/5.0 AppleWebKit/537.36 (KHTML, like Gecko; compatible; GPTBot/1.3; +https://openai.com/gptbot)" 496 **0/496586**
74.7.241.54 - - [10/Mar/2026:22:47:28 -0700] "GET /plug/vote/plug.xml?fileloc=//proc/2470499/cwd/lib/.build-id/f3/34111973ba5ddb71519f254100fab9d837625f&path=//proc/2470499/cwd/lib/.build-id/f3 HTTP/1.1" 200 2321 "http://www.rgardensoap.com/plug/vote/plug.xml?path=//proc/2470499/cwd/lib/.build-id/f3" "Mozilla/5.0 AppleWebKit/537.36 (KHTML, like Gecko; compatible; GPTBot/1.3; +https://openai.com/gptbot)" 506 **0/506925**
74.7.227.35 - - [10/Mar/2026:22:47:28 -0700] "GET /?path=//opt/alt/tests/alt-php56-pecl-redis_4.3.0-6.el8 HTTP/1.1" 200 2580 "http://mail.rgardensoap.com/?path=//opt/alt/tests" "Mozilla/5.0 AppleWebKit/537.36 (KHTML, like Gecko; compatible; GPTBot/1.3; +https://openai.com/gptbot)" 491 **0/491135**
74.7.227.150 - - [10/Mar/2026:22:47:28 -0700] "GET /blog/?path=//proc/sys/net/ipv6/conf/default HTTP/1.1" 200 3936 "http://rgardensoap.com/blog/?path=//proc/sys/net/ipv6/conf" "Mozilla/5.0 AppleWebKit/537.36 (KHTML, like Gecko; compatible; GPTBot/1.3; +https://openai.com/gptbot)" 507 **0/507271**
74.7.241.54 - - [10/Mar/2026:22:47:28 -0700] "GET /plug/vote/plug.xml?fileloc=//proc/2470499/cwd/lib/.build-id/f6/5bd56aa0efe555e900bbd88aca0a0395836491&path=//proc/2470499/cwd/lib/.build-id/f6 HTTP/1.1" 200 2322 "http://www.rgardensoap.com/plug/vote/plug.xml?path=//proc/2470499/cwd/lib/.build-id/f6" "Mozilla/5.0 AppleWebKit/537.36 (KHTML, like Gecko; compatible; GPTBot/1.3; +https://openai.com/gptbot)" 456 **0/456267**
74.7.227.150 - - [10/Mar/2026:22:47:29 -0700] "GET /xmlrpc.php HTTP/1.1" 200 3815 "https://www.rgardensoap.com" "Mozilla/5.0 AppleWebKit/537.36 (KHTML, like Gecko; compatible; GPTBot/1.3; +https://openai.com/gptbot)" 80 **0/80411**
74.7.227.35 - - [10/Mar/2026:22:47:28 -0700] "GET /?path=//opt/alt/ruby25/lib64/ruby/2.5.0/x86_64-linux/json/ext HTTP/1.1" 200 2375 "http://mail.rgardensoap.com/?path=//opt/alt/ruby25/lib64/ruby/2.5.0/x86_64-linux/json" "Mozilla/5.0 AppleWebKit/537.36 (KHTML, like Gecko; compatible; GPTBot/1.3; +https://openai.com/gptbot)" 529 **0/529961**
74.7.241.54 - - [10/Mar/2026:22:47:29 -0700] "GET /plug/vote/plug.xml?fileloc=//proc/2470499/cwd/lib/.build-id/f6/a646a2103761ca4726f6ab0e23cfcf7372703e&path=//proc/2470499/cwd/lib/.build-id/f6 HTTP/1.1" 200 2321 "http://www.rgardensoap.com/plug/vote/plug.xml?path=//proc/2470499/cwd/lib/.build-id/f6" "Mozilla/5.0 AppleWebKit/537.36 (KHTML, like Gecko; compatible; GPTBot/1.3; +https://openai.com/gptbot)" 465 **0/465373**
74.7.227.35 - - [10/Mar/2026:22:47:29 -0700] "GET /?path=//opt/alt/ruby26/lib64/ruby/gems/2.6.0/gems/irb-1.0.0 HTTP/1.1" 200 2612 "http://mail.rgardensoap.com/?path=//opt/alt/ruby26/lib64/ruby/gems/2.6.0/gems" "Mozilla/5.0 AppleWebKit/537.36 (KHTML, like Gecko; compatible; GPTBot/1.3; +https://openai.com/gptbot)" 477 **0/477341**
74.7.227.150 - - [10/Mar/2026:22:47:29 -0700] "GET /simple.php HTTP/1.1" 200 3815 "https://www.rgardensoap.com" "Mozilla/5.0 AppleWebKit/537.36 (KHTML, like Gecko; compatible; GPTBot/1.3; +https://openai.com/gptbot)" 524 **0/524279**
74.7.241.54 - - [10/Mar/2026:22:47:29 -0700] "GET /plug/vote/plug.xml?fileloc=//proc/2470499/cwd/lib/.build-id/f8/619b7d17abeb141c12e4a9f5091d1c97773a1a&path=//proc/2470499/cwd/lib/.build-id/f8 HTTP/1.1" 200 2322 "http://www.rgardensoap.com/plug/vote/plug.xml?path=//proc/2470499/cwd/lib/.build-id/f8" "Mozilla/5.0 AppleWebKit/537.36 (KHTML, like Gecko; compatible; GPTBot/1.3; +https://openai.com/gptbot)" 519 **0/519011**
74.7.227.35 - - [10/Mar/2026:22:47:30 -0700] "GET /?path=//opt/alt/ruby26/lib64/ruby/gems/2.6.0/gems/rdoc-6.1.2.1 HTTP/1.1" 200 2614 "http://mail.rgardensoap.com/?path=//opt/alt/ruby26/lib64/ruby/gems/2.6.0/gems" "Mozilla/5.0 AppleWebKit/537.36 (KHTML, like Gecko; compatible; GPTBot/1.3; +https://openai.com/gptbot)" 515 **0/515083**
74.7.227.150 - - [10/Mar/2026:22:47:30 -0700] "GET /blog/?path=//lib/grub/i386-pc HTTP/1.1" 200 9946 "http://rgardensoap.com/blog/?path=//lib/grub" "Mozilla/5.0 AppleWebKit/537.36 (KHTML, like Gecko; compatible; GPTBot/1.3; +https://openai.com/gptbot)" 547 **0/547710**
74.7.241.54 - - [10/Mar/2026:22:47:30 -0700] "GET /plug/vote/plug.xml?fileloc=//proc/2470499/cwd/lib/.build-id/6f/fbff379ab39846cb30cc15bbdab2e6c52839ee&path=//proc/2470499/cwd/lib/.build-id/6f HTTP/1.1" 200 2322 "http://www.rgardensoap.com/plug/vote/plug.xml?path=//proc/2470499/cwd/lib/.build-id/6f" "Mozilla/5.0 AppleWebKit/537.36 (KHTML, like Gecko; compatible; GPTBot/1.3; +https://openai.com/gptbot)" 522 **0/522639**
74.7.227.35 - - [10/Mar/2026:22:47:30 -0700] "GET /?path=//opt/alt/ruby26/lib64/ruby/gems/2.6.0/gems/bundler-1.17.2 HTTP/1.1" 200 2617 "http://mail.rgardensoap.com/?path=//opt/alt/ruby26/lib64/ruby/gems/2.6.0/gems" "Mozilla/5.0 AppleWebKit/537.36 (KHTML, like Gecko; compatible; GPTBot/1.3; +https://openai.com/gptbot)" 534 **0/534064**
74.7.227.150 - - [10/Mar/2026:22:47:31 -0700] "GET /blog/?path=//lib/python3.12 HTTP/1.1" 200 2553 "http://rgardensoap.com/blog/?path=//lib" "Mozilla/5.0 AppleWebKit/537.36 (KHTML, like Gecko; compatible; GPTBot/1.3; +https://openai.com/gptbot)" 499 **0/499664**
74.7.241.54 - - [10/Mar/2026:22:47:31 -0700] "GET /plug/vote/plug.xml?fileloc=//proc/2470499/cwd/lib/.build-id/f6/a7227632e63041c1b299d000db46e6f219942b&path=//proc/2470499/cwd/lib/.build-id/f6 HTTP/1.1" 200 2321 "http://www.rgardensoap.com/plug/vote/plug.xml?path=//proc/2470499/cwd/lib/.build-id/f6" "Mozilla/5.0 AppleWebKit/537.36 (KHTML, like Gecko; compatible; GPTBot/1.3; +https://openai.com/gptbot)" 483 **0/483414**
74.7.227.35 - - [10/Mar/2026:22:47:31 -0700] "GET /?path=//opt/alt/tests/alt-php72-pecl-gender_1.1.0-1.el8/tests HTTP/1.1" 200 2836 "http://mail.rgardensoap.com/?path=//opt/alt/tests/alt-php72-pecl-gender_1.1.0-1.el8" "Mozilla/5.0 AppleWebKit/537.36 (KHTML, like Gecko; compatible; GPTBot/1.3; +https://openai.com/gptbot)" 492 **0/492168**
74.7.227.150 - - [10/Mar/2026:22:47:31 -0700] "GET /wishlist/ HTTP/1.1" 200 3815 "https://www.rgardensoap.com" "Mozilla/5.0 AppleWebKit/537.36 (KHTML, like Gecko; compatible; GPTBot/1.3; +https://openai.com/gptbot)" 496 **0/496484**
74.7.241.54 - - [10/Mar/2026:22:47:31 -0700] "GET /plug/vote/plug.xml?fileloc=//proc/2470499/cwd/lib/.build-id/6f/462333483c8a98bc6c303929e22225dc93a9e2&path=//proc/2470499/cwd/lib/.build-id/6f HTTP/1.1" 200 2322 "http://www.rgardensoap.com/plug/vote/plug.xml?path=//proc/2470499/cwd/lib/.build-id/6f" "Mozilla/5.0 AppleWebKit/537.36 (KHTML, like Gecko; compatible; GPTBot/1.3; +https://openai.com/gptbot)" 472 **0/472750**
74.7.227.35 - - [10/Mar/2026:22:47:32 -0700] "GET /?path=//opt/alt/tests/alt-php54-pecl-redis_4.3.0-2.el8 HTTP/1.1" 200 2344 "http://mail.rgardensoap.com/?path=//opt/alt/tests" "Mozilla/5.0 AppleWebKit/537.36 (KHTML, like Gecko; compatible; GPTBot/1.3; +https://openai.com/gptbot)" 464 **0/464701**
74.7.227.150 - - [10/Mar/2026:22:47:32 -0700] "GET /blog?path=//proc/self/net HTTP/1.1" 200 3690 "http://rgardensoap.com/blog?path=//proc/self" "Mozilla/5.0 AppleWebKit/537.36 (KHTML, like Gecko; compatible; GPTBot/1.3; +https://openai.com/gptbot)" 491 **0/491673**
74.7.241.54 - - [10/Mar/2026:22:47:32 -0700] "GET /plug/vote/plug.xml?fileloc=//proc/2470499/cwd/lib/.build-id/f5/2afebfbe4055e7df41358917305f919b0f3447&path=//proc/2470499/cwd/lib/.build-id/f5 HTTP/1.1" 200 2321 "http://www.rgardensoap.com/plug/vote/plug.xml?path=//proc/2470499/cwd/lib/.build-id/f5" "Mozilla/5.0 AppleWebKit/537.36 (KHTML, like Gecko; compatible; GPTBot/1.3; +https://openai.com/gptbot)" 468 **0/468667**
74.7.227.35 - - [10/Mar/2026:22:47:32 -0700] "GET /?path=//opt/alt/tests/alt-php83-pecl-gender_1.1.0-3.el8/tests HTTP/1.1" 200 2910 "http://mail.rgardensoap.com/?path=//opt/alt/tests/alt-php83-pecl-gender_1.1.0-3.el8" "Mozilla/5.0 AppleWebKit/537.36 (KHTML, like Gecko; compatible; GPTBot/1.3; +https://openai.com/gptbot)" 482 **0/482703**
74.7.227.150 - - [10/Mar/2026:22:47:32 -0700] "GET /wp?path=//proc/acpi HTTP/1.1" 200 2558 "http://rgardensoap.com/wp?path=//proc" "Mozilla/5.0 AppleWebKit/537.36 (KHTML, like Gecko; compatible; GPTBot/1.3; +https://openai.com/gptbot)" 510 **0/510398**
74.7.241.54 - - [10/Mar/2026:22:47:33 -0700] "GET /plug/vote/plug.xml?path=//proc/2470499/root/usr/share/locale/dv HTTP/1.1" 200 2608 "http://www.rgardensoap.com/plug/vote/plug.xml?path=//proc/2470499/root/usr/share/locale" "Mozilla/5.0 AppleWebKit/537.36 (KHTML, like Gecko; compatible; GPTBot/1.3; +https://openai.com/gptbot)" 481 **0/481561**
74.7.227.35 - - [10/Mar/2026:22:47:33 -0700] "GET /?path=//opt/alt/tests/alt-php82-pecl-redis_5.3.7-5.el8/tests HTTP/1.1" 200 2958 "http://mail.rgardensoap.com/?path=//opt/alt/tests/alt-php82-pecl-redis_5.3.7-5.el8" "Mozilla/5.0 AppleWebKit/537.36 (KHTML, like Gecko; compatible; GPTBot/1.3; +https://openai.com/gptbot)" 460 **0/460522**
74.7.227.150 - - [10/Mar/2026:22:47:33 -0700] "GET /wp?path=//var/cache HTTP/1.1" 200 2679 "http://rgardensoap.com/wp?path=//var" "Mozilla/5.0 AppleWebKit/537.36 (KHTML, like Gecko; compatible; GPTBot/1.3; +https://openai.com/gptbot)" 461 **0/461355**
74.7.241.54 - - [10/Mar/2026:22:47:33 -0700] "GET /plug/vote/plug.xml?path=//proc/2470499/root/usr/share/locale/bm HTTP/1.1" 200 2608 "http://www.rgardensoap.com/plug/vote/plug.xml?path=//proc/2470499/root/usr/share/locale" "Mozilla/5.0 AppleWebKit/537.36 (KHTML, like Gecko; compatible; GPTBot/1.3; +https://openai.com/gptbot)" 485 **0/485399**
74.7.227.35 - - [10/Mar/2026:22:47:33 -0700] "GET /?path=//opt/alt/tests/alt-php81-pecl-redis_5.3.7-5.el8 HTTP/1.1" 200 2580 "http://mail.rgardensoap.com/?path=//opt/alt/tests" "Mozilla/5.0 AppleWebKit/537.36 (KHTML, like Gecko; compatible; GPTBot/1.3; +https://openai.com/gptbot)" 453 **0/453348**
74.7.227.150 - - [10/Mar/2026:22:47:34 -0700] "GET /blog/?fileloc=//proc/sys/net/ipv4/conf/default/drop_gratuitous_arp&path=//proc/sys/net/ipv4/conf/default HTTP/1.1" 200 2307 "http://rgardensoap.com/blog/?path=//proc/sys/net/ipv4/conf/default" "Mozilla/5.0 AppleWebKit/537.36 (KHTML, like Gecko; compatible; GPTBot/1.3; +https://openai.com/gptbot)" 483 **0/483027**
74.7.227.35 - - [10/Mar/2026:22:47:34 -0700] "GET /?path=//opt/alt/tests/alt-php74-pecl-gnupg_1.5.1-1.el8 HTTP/1.1" 200 2582 "http://mail.rgardensoap.com/?path=//opt/alt/tests" "Mozilla/5.0 AppleWebKit/537.36 (KHTML, like Gecko; compatible; GPTBot/1.3; +https://openai.com/gptbot)" 514 **0/514336**
74.7.241.54 - - [10/Mar/2026:22:47:34 -0700] "GET /plug/vote/plug.xml?path=//proc/2470499/root/usr/share/locale/jv HTTP/1.1" 200 2609 "http://www.rgardensoap.com/plug/vote/plug.xml?path=//proc/2470499/root/usr/share/locale" "Mozilla/5.0 AppleWebKit/537.36 (KHTML, like Gecko; compatible; GPTBot/1.3; +https://openai.com/gptbot)" 549 **0/549551**
74.7.227.150 - - [10/Mar/2026:22:47:34 -0700] "GET /blog?fileloc=//bin/wp&path=//bin HTTP/1.1" 200 2242 "http://rgardensoap.com/blog?path=//bin" "Mozilla/5.0 AppleWebKit/537.36 (KHTML, like Gecko; compatible; GPTBot/1.3; +https://openai.com/gptbot)" 552 **0/552500**
74.7.227.35 - - [10/Mar/2026:22:47:35 -0700] "GET /?path=//opt/alt/tests/alt-php56-pecl-redis_4.3.0-6.el8/tests HTTP/1.1" 200 2924 "http://mail.rgardensoap.com/?path=//opt/alt/tests/alt-php56-pecl-redis_4.3.0-6.el8" "Mozilla/5.0 AppleWebKit/537.36 (KHTML, like Gecko; compatible; GPTBot/1.3; +https://openai.com/gptbot)" 461 **0/461708**
74.7.241.54 - - [10/Mar/2026:22:47:35 -0700] "GET /plug/vote/plug.xml?path=//proc/2470499/root/usr/share/locale/cn HTTP/1.1" 200 2608 "http://www.rgardensoap.com/plug/vote/plug.xml?path=//proc/2470499/root/usr/share/locale" "Mozilla/5.0 AppleWebKit/537.36 (KHTML, like Gecko; compatible; GPTBot/1.3; +https://openai.com/gptbot)" 475 **0/475394**
74.7.227.35 - - [10/Mar/2026:22:47:35 -0700] "GET /?path=//opt/alt/tests/alt-php80-pecl-jsmin_3.0.0-1.el8 HTTP/1.1" 200 2581 "http://mail.rgardensoap.com/?path=//opt/alt/tests" "Mozilla/5.0 AppleWebKit/537.36 (KHTML, like Gecko; compatible; GPTBot/1.3; +https://openai.com/gptbot)" 463 **0/463465**
74.7.227.150 - - [10/Mar/2026:22:47:35 -0700] "GET /blog/?fileloc=//proc/sys/net/ipv6/conf/default/mtu&path=//proc/sys/net/ipv6/conf/default HTTP/1.1" 200 2298 "http://rgardensoap.com/blog/?path=//proc/sys/net/ipv6/conf/default" "Mozilla/5.0 AppleWebKit/537.36 (KHTML, like Gecko; compatible; GPTBot/1.3; +https://openai.com/gptbot)" 823 **0/823531**
74.7.241.54 - - [10/Mar/2026:22:47:35 -0700] "GET /plug/vote/plug.xml?path=//proc/2470499/root/usr/share/locale/tw HTTP/1.1" 200 2608 "http://www.rgardensoap.com/plug/vote/plug.xml?path=//proc/2470499/root/usr/share/locale" "Mozilla/5.0 AppleWebKit/537.36 (KHTML, like Gecko; compatible; GPTBot/1.3; +https://openai.com/gptbot)" 512 **0/512624**
74.7.227.35 - - [10/Mar/2026:22:47:36 -0700] "GET /?path=//opt/alt/ruby26/lib64/ruby/gems/2.6.0/gems/irb-1.0.0/exe HTTP/1.1" 200 2380 "http://mail.rgardensoap.com/?path=//opt/alt/ruby26/lib64/ruby/gems/2.6.0/gems/irb-1.0.0" "Mozilla/5.0 AppleWebKit/537.36 (KHTML, like Gecko; compatible; GPTBot/1.3; +https://openai.com/gptbot)" 454 **0/454661**
74.7.227.150 - - [10/Mar/2026:22:47:36 -0700] "GET /wp?path=//etc/motd.d HTTP/1.1" 200 2305 "http://rgardensoap.com/wp?path=//etc" "Mozilla/5.0 AppleWebKit/537.36 (KHTML, like Gecko; compatible; GPTBot/1.3; +https://openai.com/gptbot)" 490 **0/490633**
74.7.241.54 - - [10/Mar/2026:22:47:36 -0700] "GET /plug/vote/plug.xml?path=//proc/2470499/root/usr/share/locale/af HTTP/1.1" 200 2641 "http://www.rgardensoap.com/plug/vote/plug.xml?path=//proc/2470499/root/usr/share/locale" "Mozilla/5.0 AppleWebKit/537.36 (KHTML, like Gecko; compatible; GPTBot/1.3; +https://openai.com/gptbot)" 560 **0/560118**
74.7.227.35 - - [10/Mar/2026:22:47:37 -0700] "GET /?path=//opt/alt/ruby26/lib64/ruby/gems/2.6.0/gems/rdoc-6.1.2.1/exe HTTP/1.1" 200 2385 "http://mail.rgardensoap.com/?path=//opt/alt/ruby26/lib64/ruby/gems/2.6.0/gems/rdoc-6.1.2.1" "Mozilla/5.0 AppleWebKit/537.36 (KHTML, like Gecko; compatible; GPTBot/1.3; +https://openai.com/gptbot)" 550 **0/550489**
74.7.227.150 - - [10/Mar/2026:22:47:37 -0700] "GET /simple.php?fileloc=/home/p8pyefaexf70/public_html/wp-links-opml.php&path=/home/p8pyefaexf70/public_html HTTP/1.1" 200 3332 "http://rgardensoap.com/simple.php" "Mozilla/5.0 AppleWebKit/537.36 (KHTML, like Gecko; compatible; GPTBot/1.3; +https://openai.com/gptbot)" 498 **0/498885**
74.7.241.54 - - [10/Mar/2026:22:47:37 -0700] "GET /plug/vote/plug.xml?path=//proc/2470499/root/usr/share/nano HTTP/1.1" 200 3760 "http://www.rgardensoap.com/plug/vote/plug.xml?path=//proc/2470499/root/usr/share" "Mozilla/5.0 AppleWebKit/537.36 (KHTML, like Gecko; compatible; GPTBot/1.3; +https://openai.com/gptbot)" 473 **0/473194**
74.7.227.35 - - [10/Mar/2026:22:47:37 -0700] "GET /?path=//opt/alt/ruby26/lib64/ruby/gems/2.6.0/gems/bundler-1.17.2/exe HTTP/1.1" 200 2387 "http://mail.rgardensoap.com/?path=//opt/alt/ruby26/lib64/ruby/gems/2.6.0/gems/bundler-1.17.2" "Mozilla/5.0 AppleWebKit/537.36 (KHTML, like Gecko; compatible; GPTBot/1.3; +https://openai.com/gptbot)" 467 **0/467755**
74.7.227.150 - - [10/Mar/2026:22:47:37 -0700] "GET /blog/?fileloc=//lib/grub/i386-pc/priority_queue.mod&path=//lib/grub/i386-pc HTTP/1.1" 200 2274 "http://rgardensoap.com/blog/?path=//lib/grub/i386-pc" "Mozilla/5.0 AppleWebKit/537.36 (KHTML, like Gecko; compatible; GPTBot/1.3; +https://openai.com/gptbot)" 479 **0/479707**
74.7.241.54 - - [10/Mar/2026:22:47:37 -0700] "GET /plug/vote/plug.xml?path=//proc/2470499/root/usr/share/locale/ba HTTP/1.1" 200 2608 "http://www.rgardensoap.com/plug/vote/plug.xml?path=//proc/2470499/root/usr/share/locale" "Mozilla/5.0 AppleWebKit/537.36 (KHTML, like Gecko; compatible; GPTBot/1.3; +https://openai.com/gptbot)" 448 **0/448292**
74.7.227.35 - - [10/Mar/2026:22:47:38 -0700] "GET /?path=//opt/alt/tests/alt-php81-pecl-gender_1.1.0-3.el8 HTTP/1.1" 200 2581 "http://mail.rgardensoap.com/?path=//opt/alt/tests" "Mozilla/5.0 AppleWebKit/537.36 (KHTML, like Gecko; compatible; GPTBot/1.3; +https://openai.com/gptbot)" 511 **0/511604**
74.7.227.150 - - [10/Mar/2026:22:47:38 -0700] "GET /blog/?fileloc=//lib/grub/i386-pc/uhci.mod&path=//lib/grub/i386-pc HTTP/1.1" 200 2273 "http://rgardensoap.com/blog/?path=//lib/grub/i386-pc" "Mozilla/5.0 AppleWebKit/537.36 (KHTML, like Gecko; compatible; GPTBot/1.3; +https://openai.com/gptbot)" 501 **0/501895**
74.7.241.54 - - [10/Mar/2026:22:47:38 -0700] "GET /plug/vote/plug.xml?path=//proc/2470499/root/usr/share/locale/ay HTTP/1.1" 200 2609 "http://www.rgardensoap.com/plug/vote/plug.xml?path=//proc/2470499/root/usr/share/locale" "Mozilla/5.0 AppleWebKit/537.36 (KHTML, like Gecko; compatible; GPTBot/1.3; +https://openai.com/gptbot)" 477 **0/477830**
74.7.227.35 - - [10/Mar/2026:22:47:39 -0700] "GET /?path=//opt/alt/tests/alt-php70-pecl-jsmin_3.0.0-1.el8 HTTP/1.1" 200 2582 "http://mail.rgardensoap.com/?path=//opt/alt/tests" "Mozilla/5.0 AppleWebKit/537.36 (KHTML, like Gecko; compatible; GPTBot/1.3; +https://openai.com/gptbot)" 484 **0/484445**
74.7.227.150 - - [10/Mar/2026:22:47:39 -0700] "GET /wp?path=//proc/driver HTTP/1.1" 200 2589 "http://rgardensoap.com/wp?path=//proc" "Mozilla/5.0 AppleWebKit/537.36 (KHTML, like Gecko; compatible; GPTBot/1.3; +https://openai.com/gptbot)" 485 **0/485693**
74.7.241.54 - - [10/Mar/2026:22:47:39 -0700] "GET /plug/vote/plug.xml?path=//proc/2470499/root/usr/share/groff HTTP/1.1" 200 2618 "http://www.rgardensoap.com/plug/vote/plug.xml?path=//proc/2470499/root/usr/share" "Mozilla/5.0 AppleWebKit/537.36 (KHTML, like Gecko; compatible; GPTBot/1.3; +https://openai.com/gptbot)" 543 **0/543706**
74.7.227.35 - - [10/Mar/2026:22:47:39 -0700] "GET /?path=//opt/alt/tests/alt-php81-pecl-redis_5.3.7-2.el8 HTTP/1.1" 200 2344 "http://mail.rgardensoap.com/?path=//opt/alt/tests" "Mozilla/5.0 AppleWebKit/537.36 (KHTML, like Gecko; compatible; GPTBot/1.3; +https://openai.com/gptbot)" 531 **0/531273**
74.7.227.150 - - [10/Mar/2026:22:47:39 -0700] "GET /blog?fileloc=//proc/self/net/arp&path=//proc/self/net HTTP/1.1" 200 2265 "http://rgardensoap.com/blog?path=//proc/self/net" "Mozilla/5.0 AppleWebKit/537.36 (KHTML, like Gecko; compatible; GPTBot/1.3; +https://openai.com/gptbot)" 490 **0/490041**
74.7.241.54 - - [10/Mar/2026:22:47:39 -0700] "GET /plug/vote/plug.xml?path=//proc/2470499/root/usr/share/locale/kg HTTP/1.1" 200 2608 "http://www.rgardensoap.com/plug/vote/plug.xml?path=//proc/2470499/root/usr/share/locale" "Mozilla/5.0 AppleWebKit/537.36 (KHTML, like Gecko; compatible; GPTBot/1.3; +https://openai.com/gptbot)" 567 **0/567723**
74.7.227.35 - - [10/Mar/2026:22:47:40 -0700] "GET /?path=//opt/alt/tests/alt-php80-pecl-gender_1.1.0-3.el8 HTTP/1.1" 200 2581 "http://mail.rgardensoap.com/?path=//opt/alt/tests" "Mozilla/5.0 AppleWebKit/537.36 (KHTML, like Gecko; compatible; GPTBot/1.3; +https://openai.com/gptbot)" 546 **0/546057**
74.7.227.150 - - [10/Mar/2026:22:47:40 -0700] "GET /blog?fileloc=//proc/self/net/tcp&path=//proc/self/net HTTP/1.1" 200 16144 "http://rgardensoap.com/blog?path=//proc/self/net" "Mozilla/5.0 AppleWebKit/537.36 (KHTML, like Gecko; compatible; GPTBot/1.3; +https://openai.com/gptbot)" 457 **0/457989**
74.7.241.54 - - [10/Mar/2026:22:47:40 -0700] "GET /plug/vote/plug.xml?path=//proc/2470499/root/usr/share/locale/ty HTTP/1.1" 200 2609 "http://www.rgardensoap.com/plug/vote/plug.xml?path=//proc/2470499/root/usr/share/locale" "Mozilla/5.0 AppleWebKit/537.36 (KHTML, like Gecko; compatible; GPTBot/1.3; +https://openai.com/gptbot)" 525 **0/525146**
74.7.227.35 - - [10/Mar/2026:22:47:41 -0700] "GET /?path=//opt/alt/tests/alt-php81-pecl-redis_5.3.7-5.el8/tests HTTP/1.1" 200 2958 "http://mail.rgardensoap.com/?path=//opt/alt/tests/alt-php81-pecl-redis_5.3.7-5.el8" "Mozilla/5.0 AppleWebKit/537.36 (KHTML, like Gecko; compatible; GPTBot/1.3; +https://openai.com/gptbot)" 521 **0/521414**
74.7.227.150 - - [10/Mar/2026:22:47:41 -0700] "GET /blog?fileloc=//proc/self/net/ptype&path=//proc/self/net HTTP/1.1" 200 2264 "http://rgardensoap.com/blog?path=//proc/self/net" "Mozilla/5.0 AppleWebKit/537.36 (KHTML, like Gecko; compatible; GPTBot/1.3; +https://openai.com/gptbot)" 506 **0/506141**
74.7.241.54 - - [10/Mar/2026:22:47:41 -0700] "GET /plug/vote/plug.xml?path=//proc/2470499/root/usr/share/locale/mn HTTP/1.1" 200 2608 "http://www.rgardensoap.com/plug/vote/plug.xml?path=//proc/2470499/root/usr/share/locale" "Mozilla/5.0 AppleWebKit/537.36 (KHTML, like Gecko; compatible; GPTBot/1.3; +https://openai.com/gptbot)" 529 **0/529095**
74.7.227.150 - - [10/Mar/2026:22:47:41 -0700] "GET /blog?fileloc=//proc/self/net/unix&path=//proc/self/net HTTP/1.1" 200 8887 "http://rgardensoap.com/blog?path=//proc/self/net" "Mozilla/5.0 AppleWebKit/537.36 (KHTML, like Gecko; compatible; GPTBot/1.3; +https://openai.com/gptbot)" 515 **0/515194**
74.7.227.35 - - [10/Mar/2026:22:47:41 -0700] "GET /?path=//opt/alt/tests/alt-php74-pecl-gnupg_1.5.1-1.el8/tests HTTP/1.1" 200 3617 "http://mail.rgardensoap.com/?path=//opt/alt/tests/alt-php74-pecl-gnupg_1.5.1-1.el8" "Mozilla/5.0 AppleWebKit/537.36 (KHTML, like Gecko; compatible; GPTBot/1.3; +https://openai.com/gptbot)" 572 **0/572888**
74.7.241.54 - - [10/Mar/2026:22:47:41 -0700] "GET /plug/vote/plug.xml?path=//proc/2470499/root/usr/share/lve-stats HTTP/1.1" 200 2623 "http://www.rgardensoap.com/plug/vote/plug.xml?path=//proc/2470499/root/usr/share" "Mozilla/5.0 AppleWebKit/537.36 (KHTML, like Gecko; compatible; GPTBot/1.3; +https://openai.com/gptbot)" 538 **0/538853**
74.7.227.150 - - [10/Mar/2026:22:47:42 -0700] "GET /blog?fileloc=//proc/self/net/udp&path=//proc/self/net HTTP/1.1" 200 2492 "http://rgardensoap.com/blog?path=//proc/self/net" "Mozilla/5.0 AppleWebKit/537.36 (KHTML, like Gecko; compatible; GPTBot/1.3; +https://openai.com/gptbot)" 475 **0/475749**
74.7.227.35 - - [10/Mar/2026:22:47:42 -0700] "GET /?path=//opt/alt/tests/alt-php83-pecl-redis_5.3.7-2.el8 HTTP/1.1" 200 2344 "http://mail.rgardensoap.com/?path=//opt/alt/tests" "Mozilla/5.0 AppleWebKit/537.36 (KHTML, like Gecko; compatible; GPTBot/1.3; +https://openai.com/gptbot)" 504 **0/504998**
74.7.241.54 - - [10/Mar/2026:22:47:42 -0700] "GET /plug/vote/plug.xml?path=//proc/2470499/root/usr/share/locale/ng HTTP/1.1" 200 2607 "http://www.rgardensoap.com/plug/vote/plug.xml?path=//proc/2470499/root/usr/share/locale" "Mozilla/5.0 AppleWebKit/537.36 (KHTML, like Gecko; compatible; GPTBot/1.3; +https://openai.com/gptbot)" 536 **0/536284**
74.7.227.150 - - [10/Mar/2026:22:47:43 -0700] "GET /blog?fileloc=//proc/self/net/raw&path=//proc/self/net HTTP/1.1" 200 2375 "http://rgardensoap.com/blog?path=//proc/self/net" "Mozilla/5.0 AppleWebKit/537.36 (KHTML, like Gecko; compatible; GPTBot/1.3; +https://openai.com/gptbot)" 555 **0/555773**
74.7.227.35 - - [10/Mar/2026:22:47:43 -0700] "GET /?path=//opt/alt/tests/alt-php80-pecl-jsmin_3.0.0-1.el8/tests HTTP/1.1" 200 2903 "http://mail.rgardensoap.com/?path=//opt/alt/tests/alt-php80-pecl-jsmin_3.0.0-1.el8" "Mozilla/5.0 AppleWebKit/537.36 (KHTML, like Gecko; compatible; GPTBot/1.3; +https://openai.com/gptbot)" 499 **0/499712**
74.7.241.54 - - [10/Mar/2026:22:47:43 -0700] "GET /plug/vote/plug.xml?path=//proc/2470499/root/usr/share/locale/ks HTTP/1.1" 200 2608 "http://www.rgardensoap.com/plug/vote/plug.xml?path=//proc/2470499/root/usr/share/locale" "Mozilla/5.0 AppleWebKit/537.36 (KHTML, like Gecko; compatible; GPTBot/1.3; +https://openai.com/gptbot)" 471 **0/471793**
74.7.227.35 - - [10/Mar/2026:22:47:43 -0700] "GET /?path=//opt/alt/tests/alt-php72-pecl-xdiff_2.1.1-1.el8 HTTP/1.1" 200 2581 "http://mail.rgardensoap.com/?path=//opt/alt/tests" "Mozilla/5.0 AppleWebKit/537.36 (KHTML, like Gecko; compatible; GPTBot/1.3; +https://openai.com/gptbot)" 519 **0/519103**
74.7.227.150 - - [10/Mar/2026:22:47:43 -0700] "GET /blog?fileloc=//proc/self/net/snmp&path=//proc/self/net HTTP/1.1" 200 2265 "http://rgardensoap.com/blog?path=//proc/self/net" "Mozilla/5.0 AppleWebKit/537.36 (KHTML, like Gecko; compatible; GPTBot/1.3; +https://openai.com/gptbot)" 505 **0/505592**
74.7.241.54 - - [10/Mar/2026:22:47:44 -0700] "GET /plug/vote/plug.xml?path=//proc/2470499/root/usr/share/vim HTTP/1.1" 200 2615 "http://www.rgardensoap.com/plug/vote/plug.xml?path=//proc/2470499/root/usr/share" "Mozilla/5.0 AppleWebKit/537.36 (KHTML, like Gecko; compatible; GPTBot/1.3; +https://openai.com/gptbot)" 502 **0/502680**
74.7.227.35 - - [10/Mar/2026:22:47:44 -0700] "GET /?path=//opt/alt/tests/alt-php72-pecl-gnupg_1.5.1-1.el8 HTTP/1.1" 200 2582 "http://mail.rgardensoap.com/?path=//opt/alt/tests" "Mozilla/5.0 AppleWebKit/537.36 (KHTML, like Gecko; compatible; GPTBot/1.3; +https://openai.com/gptbot)" 562 **0/562839**
74.7.227.150 - - [10/Mar/2026:22:47:44 -0700] "GET /blog?fileloc=//proc/self/net/igmp&path=//proc/self/net HTTP/1.1" 200 2265 "http://rgardensoap.com/blog?path=//proc/self/net" "Mozilla/5.0 AppleWebKit/537.36 (KHTML, like Gecko; compatible; GPTBot/1.3; +https://openai.com/gptbot)" 549 **0/549929**
74.7.241.54 - - [10/Mar/2026:22:47:44 -0700] "GET /plug/vote/plug.xml?fileloc=//proc/2470499/root/usr/share/nano/debian.nanorc&path=//proc/2470499/root/usr/share/nano HTTP/1.1" 200 2658 "http://www.rgardensoap.com/plug/vote/plug.xml?path=//proc/2470499/root/usr/share/nano" "Mozilla/5.0 AppleWebKit/537.36 (KHTML, like Gecko; compatible; GPTBot/1.3; +https://openai.com/gptbot)" 503 **0/503018**
74.7.227.35 - - [10/Mar/2026:22:47:45 -0700] "GET /?path=//opt/alt/tests/alt-php70-pecl-redis_5.3.7-5.el8 HTTP/1.1" 200 2580 "http://mail.rgardensoap.com/?path=//opt/alt/tests" "Mozilla/5.0 AppleWebKit/537.36 (KHTML, like Gecko; compatible; GPTBot/1.3; +https://openai.com/gptbot)" 451 **0/451831**
74.7.241.54 - - [10/Mar/2026:22:47:45 -0700] "GET /plug/vote/plug.xml?fileloc=//proc/2470499/root/usr/share/nano/objc.nanorc&path=//proc/2470499/root/usr/share/nano HTTP/1.1" 200 3212 "http://www.rgardensoap.com/plug/vote/plug.xml?path=//proc/2470499/root/usr/share/nano" "Mozilla/5.0 AppleWebKit/537.36 (KHTML, like Gecko; compatible; GPTBot/1.3; +https://openai.com/gptbot)" 494 **0/494629**
74.7.227.150 - - [10/Mar/2026:22:47:45 -0700] "GET /blog?fileloc=//proc/self/net/route&path=//proc/self/net HTTP/1.1" 200 2264 "http://rgardensoap.com/blog?path=//proc/self/net" "Mozilla/5.0 AppleWebKit/537.36 (KHTML, like Gecko; compatible; GPTBot/1.3; +https://openai.com/gptbot)" 541 **0/541695**
74.7.227.35 - - [10/Mar/2026:22:47:45 -0700] "GET /?path=//opt/alt/tests/alt-php81-pecl-gender_1.1.0-3.el8/tests HTTP/1.1" 200 2910 "http://mail.rgardensoap.com/?path=//opt/alt/tests/alt-php81-pecl-gender_1.1.0-3.el8" "Mozilla/5.0 AppleWebKit/537.36 (KHTML, like Gecko; compatible; GPTBot/1.3; +https://openai.com/gptbot)" 474 **0/474601**
74.7.241.54 - - [10/Mar/2026:22:47:45 -0700] "GET /plug/vote/plug.xml?fileloc=//proc/2470499/root/usr/share/nano/awk.nanorc&path=//proc/2470499/root/usr/share/nano HTTP/1.1" 200 3063 "http://www.rgardensoap.com/plug/vote/plug.xml?path=//proc/2470499/root/usr/share/nano" "Mozilla/5.0 AppleWebKit/537.36 (KHTML, like Gecko; compatible; GPTBot/1.3; +https://openai.com/gptbot)" 460 **0/460296**
74.7.227.150 - - [10/Mar/2026:22:47:46 -0700] "GET /blog?fileloc=//proc/self/net/icmp&path=//proc/self/net HTTP/1.1" 200 2265 "http://rgardensoap.com/blog?path=//proc/self/net" "Mozilla/5.0 AppleWebKit/537.36 (KHTML, like Gecko; compatible; GPTBot/1.3; +https://openai.com/gptbot)" 526 **0/526608**
74.7.227.35 - - [10/Mar/2026:22:47:46 -0700] "GET /?path=//opt/alt/tests/alt-php70-pecl-jsmin_3.0.0-1.el8/tests HTTP/1.1" 200 2903 "http://mail.rgardensoap.com/?path=//opt/alt/tests/alt-php70-pecl-jsmin_3.0.0-1.el8" "Mozilla/5.0 AppleWebKit/537.36 (KHTML, like Gecko; compatible; GPTBot/1.3; +https://openai.com/gptbot)" 459 **0/459821**
74.7.241.54 - - [10/Mar/2026:22:47:46 -0700] "GET /plug/vote/plug.xml?fileloc=//proc/2470499/root/usr/share/nano/ruby.nanorc&path=//proc/2470499/root/usr/share/nano HTTP/1.1" 200 3146 "http://www.rgardensoap.com/plug/vote/plug.xml?path=//proc/2470499/root/usr/share/nano" "Mozilla/5.0 AppleWebKit/537.36 (KHTML, like Gecko; compatible; GPTBot/1.3; +https://openai.com/gptbot)" 459 **0/459959**
74.7.227.150 - - [10/Mar/2026:22:47:46 -0700] "GET /blog?fileloc=//proc/self/net/rt_acct&path=//proc/self/net HTTP/1.1" 200 2265 "http://rgardensoap.com/blog?path=//proc/self/net" "Mozilla/5.0 AppleWebKit/537.36 (KHTML, like Gecko; compatible; GPTBot/1.3; +https://openai.com/gptbot)" 532 **0/532008**
74.7.227.35 - - [10/Mar/2026:22:47:47 -0700] "GET /?path=//opt/alt/tests/alt-php82-pecl-gender_1.1.0-3.el8 HTTP/1.1" 200 2581 "http://mail.rgardensoap.com/?path=//opt/alt/tests" "Mozilla/5.0 AppleWebKit/537.36 (KHTML, like Gecko; compatible; GPTBot/1.3; +https://openai.com/gptbot)" 477 **0/477727**
74.7.241.54 - - [10/Mar/2026:22:47:47 -0700] "GET /plug/vote/plug.xml?fileloc=//proc/2470499/root/usr/share/nano/default.nanorc&path=//proc/2470499/root/usr/share/nano HTTP/1.1" 200 2539 "http://www.rgardensoap.com/plug/vote/plug.xml?path=//proc/2470499/root/usr/share/nano" "Mozilla/5.0 AppleWebKit/537.36 (KHTML, like Gecko; compatible; GPTBot/1.3; +https://openai.com/gptbot)" 493 **0/493684**
74.7.227.150 - - [10/Mar/2026:22:47:47 -0700] "GET /blog?fileloc=//proc/self/net/fib_trie&path=//proc/self/net HTTP/1.1" 200 2267 "http://rgardensoap.com/blog?path=//proc/self/net" "Mozilla/5.0 AppleWebKit/537.36 (KHTML, like Gecko; compatible; GPTBot/1.3; +https://openai.com/gptbot)" 550 **0/550765**
74.7.227.35 - - [10/Mar/2026:22:47:47 -0700] "GET /?path=//opt/alt/tests/alt-php80-pecl-gender_1.1.0-3.el8/tests HTTP/1.1" 200 2910 "http://mail.rgardensoap.com/?path=//opt/alt/tests/alt-php80-pecl-gender_1.1.0-3.el8" "Mozilla/5.0 AppleWebKit/537.36 (KHTML, like Gecko; compatible; GPTBot/1.3; +https://openai.com/gptbot)" 518 **0/518010**
74.7.241.54 - - [10/Mar/2026:22:47:47 -0700] "GET /plug/vote/plug.xml?fileloc=//proc/2470499/root/usr/share/nano/tcl.nanorc&path=//proc/2470499/root/usr/share/nano HTTP/1.1" 200 3419 "http://www.rgardensoap.com/plug/vote/plug.xml?path=//proc/2470499/root/usr/share/nano" "Mozilla/5.0 AppleWebKit/537.36 (KHTML, like Gecko; compatible; GPTBot/1.3; +https://openai.com/gptbot)" 506 **0/506836**
74.7.227.150 - - [10/Mar/2026:22:47:48 -0700] "GET /blog?fileloc=//proc/self/net/rt_cache&path=//proc/self/net HTTP/1.1" 200 2266 "http://rgardensoap.com/blog?path=//proc/self/net" "Mozilla/5.0 AppleWebKit/537.36 (KHTML, like Gecko; compatible; GPTBot/1.3; +https://openai.com/gptbot)" 563 **0/563355**
74.7.227.35 - - [10/Mar/2026:22:47:48 -0700] "GET /?path=//opt/alt/tests/alt-php84-pecl-xdiff_2.1.1-1.el8 HTTP/1.1" 200 2581 "http://mail.rgardensoap.com/?path=//opt/alt/tests" "Mozilla/5.0 AppleWebKit/537.36 (KHTML, like Gecko; compatible; GPTBot/1.3; +https://openai.com/gptbot)" 545 **0/545055**
74.7.241.54 - - [10/Mar/2026:22:47:48 -0700] "GET /plug/vote/plug.xml?fileloc=//proc/2470499/root/usr/share/nano/php.nanorc&path=//proc/2470499/root/usr/share/nano HTTP/1.1" 200 2908 "http://www.rgardensoap.com/plug/vote/plug.xml?path=//proc/2470499/root/usr/share/nano" "Mozilla/5.0 AppleWebKit/537.36 (KHTML, like Gecko; compatible; GPTBot/1.3; +https://openai.com/gptbot)" 494 **0/494991**
74.7.227.150 - - [10/Mar/2026:22:47:48 -0700] "GET /blog?fileloc=//proc/self/net/udp6&path=//proc/self/net HTTP/1.1" 200 2426 "http://rgardensoap.com/blog?path=//proc/self/net" "Mozilla/5.0 AppleWebKit/537.36 (KHTML, like Gecko; compatible; GPTBot/1.3; +https://openai.com/gptbot)" 469 **0/469579**
74.7.227.35 - - [10/Mar/2026:22:47:49 -0700] "GET /?path=//opt/alt/tests/alt-php71-pecl-xdiff_2.1.1-1.el8 HTTP/1.1" 200 2581 "http://mail.rgardensoap.com/?path=//opt/alt/tests" "Mozilla/5.0 AppleWebKit/537.36 (KHTML, like Gecko; compatible; GPTBot/1.3; +https://openai.com/gptbot)" 540 **0/540613**
74.7.241.54 - - [10/Mar/2026:22:47:49 -0700] "GET /plug/vote/plug.xml?fileloc=//proc/2470499/root/usr/share/lve-stats/lve_stats_configs_reader&path=//proc/2470499/root/usr/share/lve-stats HTTP/1.1" 200 2958 "http://www.rgardensoap.com/plug/vote/plug.xml?path=//proc/2470499/root/usr/share/lve-stats" "Mozilla/5.0 AppleWebKit/537.36 (KHTML, like Gecko; compatible; GPTBot/1.3; +https://openai.com/gptbot)" 542 **0/542355**
74.7.227.150 - - [10/Mar/2026:22:47:49 -0700] "GET /blog?fileloc=//proc/self/net/raw6&path=//proc/self/net HTTP/1.1" 200 2384 "http://rgardensoap.com/blog?path=//proc/self/net" "Mozilla/5.0 AppleWebKit/537.36 (KHTML, like Gecko; compatible; GPTBot/1.3; +https://openai.com/gptbot)" 530 **0/530208**
74.7.227.35 - - [10/Mar/2026:22:47:49 -0700] "GET /?path=//opt/alt/tests/alt-php71-pecl-redis_5.3.7-5.el8 HTTP/1.1" 200 2580 "http://mail.rgardensoap.com/?path=//opt/alt/tests" "Mozilla/5.0 AppleWebKit/537.36 (KHTML, like Gecko; compatible; GPTBot/1.3; +https://openai.com/gptbot)" 511 **0/511852**
74.7.241.54 - - [10/Mar/2026:22:47:49 -0700] "GET /plug/vote/plug.xml?fileloc=//proc/2470499/root/usr/share/nano/spec.nanorc&path=//proc/2470499/root/usr/share/nano HTTP/1.1" 200 3161 "http://www.rgardensoap.com/plug/vote/plug.xml?path=//proc/2470499/root/usr/share/nano" "Mozilla/5.0 AppleWebKit/537.36 (KHTML, like Gecko; compatible; GPTBot/1.3; +https://openai.com/gptbot)" 491 **0/491011**
74.7.227.150 - - [10/Mar/2026:22:47:50 -0700] "GET /blog?fileloc=//proc/self/net/icmp6&path=//proc/self/net HTTP/1.1" 200 2265 "http://rgardensoap.com/blog?path=//proc/self/net" "Mozilla/5.0 AppleWebKit/537.36 (KHTML, like Gecko; compatible; GPTBot/1.3; +https://openai.com/gptbot)" 474 **0/474815**
74.7.227.35 - - [10/Mar/2026:22:47:50 -0700] "GET /?path=//opt/alt/tests/alt-php72-pecl-redis_5.3.7-2.el8 HTTP/1.1" 200 2344 "http://mail.rgardensoap.com/?path=//opt/alt/tests" "Mozilla/5.0 AppleWebKit/537.36 (KHTML, like Gecko; compatible; GPTBot/1.3; +https://openai.com/gptbot)" 516 **0/516348**
74.7.241.54 - - [10/Mar/2026:22:47:50 -0700] "GET /plug/vote/plug.xml?fileloc=//proc/2470499/root/usr/share/nano/perl.nanorc&path=//proc/2470499/root/usr/share/nano HTTP/1.1" 200 3206 "http://www.rgardensoap.com/plug/vote/plug.xml?path=//proc/2470499/root/usr/share/nano" "Mozilla/5.0 AppleWebKit/537.36 (KHTML, like Gecko; compatible; GPTBot/1.3; +https://openai.com/gptbot)" 497 **0/497873**
74.7.227.150 - - [10/Mar/2026:22:47:50 -0700] "GET /blog?fileloc=//proc/self/net/snmp6&path=//proc/self/net HTTP/1.1" 200 2265 "http://rgardensoap.com/blog?path=//proc/self/net" "Mozilla/5.0 AppleWebKit/537.36 (KHTML, like Gecko; compatible; GPTBot/1.3; +https://openai.com/gptbot)" 471 **0/471672**
74.7.227.35 - - [10/Mar/2026:22:47:51 -0700] "GET /?path=//opt/alt/tests/alt-php72-pecl-xdiff_2.1.1-1.el8/tests HTTP/1.1" 200 3603 "http://mail.rgardensoap.com/?path=//opt/alt/tests/alt-php72-pecl-xdiff_2.1.1-1.el8" "Mozilla/5.0 AppleWebKit/537.36 (KHTML, like Gecko; compatible; GPTBot/1.3; +https://openai.com/gptbot)" 513 **0/513346**
74.7.241.54 - - [10/Mar/2026:22:47:51 -0700] "GET /plug/vote/plug.xml?path=//proc/2470499/root/usr/share/vim/vimfiles HTTP/1.1" 200 3018 "http://www.rgardensoap.com/plug/vote/plug.xml?path=//proc/2470499/root/usr/share/vim" "Mozilla/5.0 AppleWebKit/537.36 (KHTML, like Gecko; compatible; GPTBot/1.3; +https://openai.com/gptbot)" 452 **0/452843**
74.7.227.150 - - [10/Mar/2026:22:47:51 -0700] "GET /blog?fileloc=//proc/self/net/tcp6&path=//proc/self/net HTTP/1.1" 200 2646 "http://rgardensoap.com/blog?path=//proc/self/net" "Mozilla/5.0 AppleWebKit/537.36 (KHTML, like Gecko; compatible; GPTBot/1.3; +https://openai.com/gptbot)" 457 **0/457772**
74.7.227.35 - - [10/Mar/2026:22:47:51 -0700] "GET /?path=//opt/alt/tests/alt-php72-pecl-gnupg_1.5.1-1.el8/tests HTTP/1.1" 200 3618 "http://mail.rgardensoap.com/?path=//opt/alt/tests/alt-php72-pecl-gnupg_1.5.1-1.el8" "Mozilla/5.0 AppleWebKit/537.36 (KHTML, like Gecko; compatible; GPTBot/1.3; +https://openai.com/gptbot)" 472 **0/472592**
74.7.241.54 - - [10/Mar/2026:22:47:51 -0700] "GET /plug/vote/plug.xml?fileloc=//proc/2470499/root/usr/share/nano/patch.nanorc&path=//proc/2470499/root/usr/share/nano HTTP/1.1" 200 2591 "http://www.rgardensoap.com/plug/vote/plug.xml?path=//proc/2470499/root/usr/share/nano" "Mozilla/5.0 AppleWebKit/537.36 (KHTML, like Gecko; compatible; GPTBot/1.3; +https://openai.com/gptbot)" 520 **0/520595**
74.7.227.150 - - [10/Mar/2026:22:47:52 -0700] "GET /blog?fileloc=//proc/self/net/igmp6&path=//proc/self/net HTTP/1.1" 200 2266 "http://rgardensoap.com/blog?path=//proc/self/net" "Mozilla/5.0 AppleWebKit/537.36 (KHTML, like Gecko; compatible; GPTBot/1.3; +https://openai.com/gptbot)" 511 **0/511065**
74.7.227.35 - - [10/Mar/2026:22:47:52 -0700] "GET /?path=//opt/alt/tests/alt-php70-pecl-redis_5.3.7-5.el8/tests HTTP/1.1" 200 2958 "http://mail.rgardensoap.com/?path=//opt/alt/tests/alt-php70-pecl-redis_5.3.7-5.el8" "Mozilla/5.0 AppleWebKit/537.36 (KHTML, like Gecko; compatible; GPTBot/1.3; +https://openai.com/gptbot)" 462 **0/462527**
74.7.241.54 - - [10/Mar/2026:22:47:52 -0700] "GET /plug/vote/plug.xml?fileloc=//proc/2470499/root/usr/share/nano/rust.nanorc&path=//proc/2470499/root/usr/share/nano HTTP/1.1" 200 2945 "http://www.rgardensoap.com/plug/vote/plug.xml?path=//proc/2470499/root/usr/share/nano" "Mozilla/5.0 AppleWebKit/537.36 (KHTML, like Gecko; compatible; GPTBot/1.3; +https://openai.com/gptbot)" 501 **0/501643**
74.7.227.150 - - [10/Mar/2026:22:47:52 -0700] "GET /blog?fileloc=//proc/self/net/rt6_stats&path=//proc/self/net HTTP/1.1" 200 2267 "http://rgardensoap.com/blog?path=//proc/self/net" "Mozilla/5.0 AppleWebKit/537.36 (KHTML, like Gecko; compatible; GPTBot/1.3; +https://openai.com/gptbot)" 545 **0/545151**
74.7.227.35 - - [10/Mar/2026:22:47:53 -0700] "GET /?path=//opt/alt/tests/alt-php82-pecl-xdiff_2.1.1-1.el8 HTTP/1.1" 200 2581 "http://mail.rgardensoap.com/?path=//opt/alt/tests" "Mozilla/5.0 AppleWebKit/537.36 (KHTML, like Gecko; compatible; GPTBot/1.3; +https://openai.com/gptbot)" 512 **0/512686**
74.7.241.54 - - [10/Mar/2026:22:47:53 -0700] "GET /plug/vote/plug.xml?fileloc=//proc/2470499/root/usr/share/nano/c.nanorc&path=//proc/2470499/root/usr/share/nano HTTP/1.1" 200 3271 "http://www.rgardensoap.com/plug/vote/plug.xml?path=//proc/2470499/root/usr/share/nano" "Mozilla/5.0 AppleWebKit/537.36 (KHTML, like Gecko; compatible; GPTBot/1.3; +https://openai.com/gptbot)" 468 **0/468050**
74.7.227.150 - - [10/Mar/2026:22:47:53 -0700] "GET /blog?fileloc=//proc/self/net/if_inet6&path=//proc/self/net HTTP/1.1" 200 2268 "http://rgardensoap.com/blog?path=//proc/self/net" "Mozilla/5.0 AppleWebKit/537.36 (KHTML, like Gecko; compatible; GPTBot/1.3; +https://openai.com/gptbot)" 468 **0/468420**
74.7.241.54 - - [10/Mar/2026:22:47:53 -0700] "GET /plug/vote/plug.xml?fileloc=//proc/2470499/root/usr/share/nano/fortran.nanorc&path=//proc/2470499/root/usr/share/nano HTTP/1.1" 200 3242 "http://www.rgardensoap.com/plug/vote/plug.xml?path=//proc/2470499/root/usr/share/nano" "Mozilla/5.0 AppleWebKit/537.36 (KHTML, like Gecko; compatible; GPTBot/1.3; +https://openai.com/gptbot)" 458 **0/458975**
74.7.227.35 - - [10/Mar/2026:22:47:53 -0700] "GET /?path=//opt/alt/tests/alt-php80-pecl-redis_5.3.7-2.el8 HTTP/1.1" 200 2344 "http://mail.rgardensoap.com/?path=//opt/alt/tests" "Mozilla/5.0 AppleWebKit/537.36 (KHTML, like Gecko; compatible; GPTBot/1.3; +https://openai.com/gptbot)" 477 **0/477453**
74.7.227.150 - - [10/Mar/2026:22:47:54 -0700] "GET /blog?fileloc=//proc/self/net/ip_mr_cache&path=//proc/self/net HTTP/1.1" 200 2270 "http://rgardensoap.com/blog?path=//proc/self/net" "Mozilla/5.0 AppleWebKit/537.36 (KHTML, like Gecko; compatible; GPTBot/1.3; +https://openai.com/gptbot)" 471 **0/471376**
74.7.241.54 - - [10/Mar/2026:22:47:54 -0700] "GET /plug/vote/plug.xml?fileloc=//proc/2470499/root/usr/share/nano/ocaml.nanorc&path=//proc/2470499/root/usr/share/nano HTTP/1.1" 200 2771 "http://www.rgardensoap.com/plug/vote/plug.xml?path=//proc/2470499/root/usr/share/nano" "Mozilla/5.0 AppleWebKit/537.36 (KHTML, like Gecko; compatible; GPTBot/1.3; +https://openai.com/gptbot)" 481 **0/481657**
74.7.227.35 - - [10/Mar/2026:22:47:54 -0700] "GET /?path=//opt/alt/tests/alt-php82-pecl-gender_1.1.0-3.el8/tests HTTP/1.1" 200 2909 "http://mail.rgardensoap.com/?path=//opt/alt/tests/alt-php82-pecl-gender_1.1.0-3.el8" "Mozilla/5.0 AppleWebKit/537.36 (KHTML, like Gecko; compatible; GPTBot/1.3; +https://openai.com/gptbot)" 488 **0/488016**
74.7.227.150 - - [10/Mar/2026:22:47:54 -0700] "GET /blog?fileloc=//proc/self/net/nf_conntrack_expect&path=//proc/self/net HTTP/1.1" 200 2275 "http://rgardensoap.com/blog?path=//proc/self/net" "Mozilla/5.0 AppleWebKit/537.36 (KHTML, like Gecko; compatible; GPTBot/1.3; +https://openai.com/gptbot)" 460 **0/460221**
74.7.241.54 - - [10/Mar/2026:22:47:54 -0700] "GET /plug/vote/plug.xml?fileloc=//proc/2470499/root/usr/share/nano/go.nanorc&path=//proc/2470499/root/usr/share/nano HTTP/1.1" 200 2984 "http://www.rgardensoap.com/plug/vote/plug.xml?path=//proc/2470499/root/usr/share/nano" "Mozilla/5.0 AppleWebKit/537.36 (KHTML, like Gecko; compatible; GPTBot/1.3; +https://openai.com/gptbot)" 488 **0/488986**
74.7.227.35 - - [10/Mar/2026:22:47:55 -0700] "GET /?path=//opt/alt/tests/alt-php74-pecl-gender_1.1.0-1.el8 HTTP/1.1" 200 2582 "http://mail.rgardensoap.com/?path=//opt/alt/tests" "Mozilla/5.0 AppleWebKit/537.36 (KHTML, like Gecko; compatible; GPTBot/1.3; +https://openai.com/gptbot)" 461 **0/461160**
74.7.227.150 - - [10/Mar/2026:22:47:55 -0700] "GET /blog?fileloc=//proc/self/net/xfrm_stat&path=//proc/self/net HTTP/1.1" 200 2268 "http://rgardensoap.com/blog?path=//proc/self/net" "Mozilla/5.0 AppleWebKit/537.36 (KHTML, like Gecko; compatible; GPTBot/1.3; +https://openai.com/gptbot)" 507 **0/507069**
74.7.227.35 - - [10/Mar/2026:22:47:55 -0700] "GET /?path=//opt/alt/tests/alt-php84-pecl-xdiff_2.1.1-1.el8/tests HTTP/1.1" 200 3604 "http://mail.rgardensoap.com/?path=//opt/alt/tests/alt-php84-pecl-xdiff_2.1.1-1.el8" "Mozilla/5.0 AppleWebKit/537.36 (KHTML, like Gecko; compatible; GPTBot/1.3; +https://openai.com/gptbot)" 466 **0/466607**
74.7.241.54 - - [10/Mar/2026:22:47:55 -0700] "GET /plug/vote/plug.xml?fileloc=//proc/2470499/root/usr/share/nano/pov.nanorc&path=//proc/2470499/root/usr/share/nano HTTP/1.1" 200 2662 "http://www.rgardensoap.com/plug/vote/plug.xml?path=//proc/2470499/root/usr/share/nano" "Mozilla/5.0 AppleWebKit/537.36 (KHTML, like Gecko; compatible; GPTBot/1.3; +https://openai.com/gptbot)" 521 **0/521376**
74.7.227.150 - - [10/Mar/2026:22:47:56 -0700] "GET /blog?fileloc=//proc/self/net/dev_mcast&path=//proc/self/net HTTP/1.1" 200 2267 "http://rgardensoap.com/blog?path=//proc/self/net" "Mozilla/5.0 AppleWebKit/537.36 (KHTML, like Gecko; compatible; GPTBot/1.3; +https://openai.com/gptbot)" 461 **0/461555**
74.7.227.35 - - [10/Mar/2026:22:47:56 -0700] "GET /?path=//opt/alt/tests/alt-php71-pecl-xdiff_2.1.1-1.el8/tests HTTP/1.1" 200 3604 "http://mail.rgardensoap.com/?path=//opt/alt/tests/alt-php71-pecl-xdiff_2.1.1-1.el8" "Mozilla/5.0 AppleWebKit/537.36 (KHTML, like Gecko; compatible; GPTBot/1.3; +https://openai.com/gptbot)" 519 **0/519540**
74.7.241.54 - - [10/Mar/2026:22:47:56 -0700] "GET /plug/vote/plug.xml?fileloc=//proc/2470499/root/usr/share/nano/po.nanorc&path=//proc/2470499/root/usr/share/nano HTTP/1.1" 200 2820 "http://www.rgardensoap.com/plug/vote/plug.xml?path=//proc/2470499/root/usr/share/nano" "Mozilla/5.0 AppleWebKit/537.36 (KHTML, like Gecko; compatible; GPTBot/1.3; +https://openai.com/gptbot)" 638 **0/638831**
74.7.227.150 - - [10/Mar/2026:22:47:56 -0700] "GET /blog?fileloc=//proc/self/net/ip6_mr_cache&path=//proc/self/net HTTP/1.1" 200 2271 "http://rgardensoap.com/blog?path=//proc/self/net" "Mozilla/5.0 AppleWebKit/537.36 (KHTML, like Gecko; compatible; GPTBot/1.3; +https://openai.com/gptbot)" 463 **0/463947**
74.7.227.35 - - [10/Mar/2026:22:47:56 -0700] "GET /?path=//opt/alt/tests/alt-php71-pecl-redis_5.3.7-5.el8/tests HTTP/1.1" 200 2958 "http://mail.rgardensoap.com/?path=//opt/alt/tests/alt-php71-pecl-redis_5.3.7-5.el8" "Mozilla/5.0 AppleWebKit/537.36 (KHTML, like Gecko; compatible; GPTBot/1.3; +https://openai.com/gptbot)" 479 **0/479967**
74.7.227.150 - - [10/Mar/2026:22:47:57 -0700] "GET /blog?fileloc=//proc/self/net/packet&path=//proc/self/net HTTP/1.1" 200 2265 "http://rgardensoap.com/blog?path=//proc/self/net" "Mozilla/5.0 AppleWebKit/537.36 (KHTML, like Gecko; compatible; GPTBot/1.3; +https://openai.com/gptbot)" 457 **0/457406**
74.7.241.54 - - [10/Mar/2026:22:47:57 -0700] "GET /plug/vote/plug.xml?fileloc=//proc/2470499/root/usr/share/nano/sh.nanorc&path=//proc/2470499/root/usr/share/nano HTTP/1.1" 200 3112 "http://www.rgardensoap.com/plug/vote/plug.xml?path=//proc/2470499/root/usr/share/nano" "Mozilla/5.0 AppleWebKit/537.36 (KHTML, like Gecko; compatible; GPTBot/1.3; +https://openai.com/gptbot)" 530 **0/530231**
74.7.227.35 - - [10/Mar/2026:22:47:57 -0700] "GET /?path=//opt/alt/tests/alt-php80-pecl-xdiff_2.1.1-1.el8 HTTP/1.1" 200 2581 "http://mail.rgardensoap.com/?path=//opt/alt/tests" "Mozilla/5.0 AppleWebKit/537.36 (KHTML, like Gecko; compatible; GPTBot/1.3; +https://openai.com/gptbot)" 530 **0/530355**
74.7.227.150 - - [10/Mar/2026:22:47:57 -0700] "GET /blog?fileloc=//proc/self/net/psched&path=//proc/self/net HTTP/1.1" 200 2265 "http://rgardensoap.com/blog?path=//proc/self/net" "Mozilla/5.0 AppleWebKit/537.36 (KHTML, like Gecko; compatible; GPTBot/1.3; +https://openai.com/gptbot)" 439 **0/439335**
74.7.241.54 - - [10/Mar/2026:22:47:57 -0700] "GET /plug/vote/plug.xml?fileloc=//proc/2470499/root/usr/share/nano/nanorc.nanorc&path=//proc/2470499/root/usr/share/nano HTTP/1.1" 200 3261 "http://www.rgardensoap.com/plug/vote/plug.xml?path=//proc/2470499/root/usr/share/nano" "Mozilla/5.0 AppleWebKit/537.36 (KHTML, like Gecko; compatible; GPTBot/1.3; +https://openai.com/gptbot)" 449 **0/449970**
74.7.227.35 - - [10/Mar/2026:22:47:58 -0700] "GET /?path=//opt/alt/tests/alt-php74-pecl-redis_5.3.7-5.el8 HTTP/1.1" 200 2580 "http://mail.rgardensoap.com/?path=//opt/alt/tests" "Mozilla/5.0 AppleWebKit/537.36 (KHTML, like Gecko; compatible; GPTBot/1.3; +https://openai.com/gptbot)" 532 **0/532882**
74.7.241.54 - - [10/Mar/2026:22:47:58 -0700] "GET /plug/vote/plug.xml?path=//proc/2470499/root/usr/share/vim/vimfiles/plugin HTTP/1.1" 200 2369 "http://www.rgardensoap.com/plug/vote/plug.xml?path=//proc/2470499/root/usr/share/vim/vimfiles" "Mozilla/5.0 AppleWebKit/537.36 (KHTML, like Gecko; compatible; GPTBot/1.3; +https://openai.com/gptbot)" 480 **0/480806**
74.7.227.150 - - [10/Mar/2026:22:47:58 -0700] "GET /blog?fileloc=//proc/self/net/protocols&path=//proc/self/net HTTP/1.1" 200 2267 "http://rgardensoap.com/blog?path=//proc/self/net" "Mozilla/5.0 AppleWebKit/537.36 (KHTML, like Gecko; compatible; GPTBot/1.3; +https://openai.com/gptbot)" 543 **0/543882**
74.7.227.35 - - [10/Mar/2026:22:47:59 -0700] "GET /?path=//opt/alt/tests/alt-php80-pecl-redis_5.3.7-5.el8 HTTP/1.1" 200 2580 "http://mail.rgardensoap.com/?path=//opt/alt/tests" "Mozilla/5.0 AppleWebKit/537.36 (KHTML, like Gecko; compatible; GPTBot/1.3; +https://openai.com/gptbot)" 497 **0/497066**
74.7.241.54 - - [10/Mar/2026:22:47:59 -0700] "GET /plug/vote/plug.xml?path=//proc/2470499/root/usr/share/vim/vimfiles/after HTTP/1.1" 200 2923 "http://www.rgardensoap.com/plug/vote/plug.xml?path=//proc/2470499/root/usr/share/vim/vimfiles" "Mozilla/5.0 AppleWebKit/537.36 (KHTML, like Gecko; compatible; GPTBot/1.3; +https://openai.com/gptbot)" 519 **0/519733**
74.7.227.150 - - [10/Mar/2026:22:47:59 -0700] "GET /blog?fileloc=//proc/self/net/netstat&path=//proc/self/net HTTP/1.1" 200 2266 "http://rgardensoap.com/blog?path=//proc/self/net" "Mozilla/5.0 AppleWebKit/537.36 (KHTML, like Gecko; compatible; GPTBot/1.3; +https://openai.com/gptbot)" 538 **0/538484**
74.7.227.35 - - [10/Mar/2026:22:47:59 -0700] "GET /?path=//opt/alt/tests/alt-php73-pecl-gender_1.1.0-1.el8 HTTP/1.1" 200 2581 "http://mail.rgardensoap.com/?path=//opt/alt/tests" "Mozilla/5.0 AppleWebKit/537.36 (KHTML, like Gecko; compatible; GPTBot/1.3; +https://openai.com/gptbot)" 523 **0/523027**
74.7.241.54 - - [10/Mar/2026:22:47:59 -0700] "GET /plug/vote/plug.xml?path=//proc/2470499/root/usr/share/vim/vimfiles/lang HTTP/1.1" 200 2369 "http://www.rgardensoap.com/plug/vote/plug.xml?path=//proc/2470499/root/usr/share/vim/vimfiles" "Mozilla/5.0 AppleWebKit/537.36 (KHTML, like Gecko; compatible; GPTBot/1.3; +https://openai.com/gptbot)" 531 **0/531792**
