74.7.227.150 - - [10/Mar/2026:22:38:52 -0700] "GET /wp?path=//proc/irq/65 HTTP/1.1" 200 2807 "http://rgardensoap.com/wp?path=//proc/irq" "Mozilla/5.0 AppleWebKit/537.36 (KHTML, like Gecko; compatible; GPTBot/1.3; +https://openai.com/gptbot)" 471 **0/471076**
74.7.241.54 - - [10/Mar/2026:22:38:52 -0700] "GET /plug/vote/plug.xml?fileloc=//proc/2470499/cwd/lib64/libe2p.so.2.3&path=//proc/2470499/cwd/lib64 HTTP/1.1" 200 2282 "http://www.rgardensoap.com/plug/vote/plug.xml?path=//proc/2470499/cwd/lib64" "Mozilla/5.0 AppleWebKit/537.36 (KHTML, like Gecko; compatible; GPTBot/1.3; +https://openai.com/gptbot)" 490 **0/490403**
74.7.227.35 - - [10/Mar/2026:22:38:52 -0700] "GET /?fileloc=//opt/alt/tests/alt-php82-pecl-memcached_3.2.0-1.el8/tests/bug_16959.phpt&path=//opt/alt/tests/alt-php82-pecl-memcached_3.2.0-1.el8/tests HTTP/1.1" 200 2752 "http://mail.rgardensoap.com/?path=//opt/alt/tests/alt-php82-pecl-memcached_3.2.0-1.el8/tests" "Mozilla/5.0 AppleWebKit/537.36 (KHTML, like Gecko; compatible; GPTBot/1.3; +https://openai.com/gptbot)" 460 **0/460282**
74.7.227.150 - - [10/Mar/2026:22:38:53 -0700] "GET /wp?path=//proc/irq/50 HTTP/1.1" 200 2806 "http://rgardensoap.com/wp?path=//proc/irq" "Mozilla/5.0 AppleWebKit/537.36 (KHTML, like Gecko; compatible; GPTBot/1.3; +https://openai.com/gptbot)" 463 **0/463529**
74.7.241.54 - - [10/Mar/2026:22:38:53 -0700] "GET /plug/vote/plug.xml?fileloc=//proc/2470499/cwd/lib64/libdl-2.28.so&path=//proc/2470499/cwd/lib64 HTTP/1.1" 200 2282 "http://www.rgardensoap.com/plug/vote/plug.xml?path=//proc/2470499/cwd/lib64" "Mozilla/5.0 AppleWebKit/537.36 (KHTML, like Gecko; compatible; GPTBot/1.3; +https://openai.com/gptbot)" 515 **0/515537**
74.7.227.35 - - [10/Mar/2026:22:38:53 -0700] "GET /?fileloc=//opt/alt/tests/alt-php81-pecl-memcached_3.2.0-1.el8/tests/types_json_multi.phpt&path=//opt/alt/tests/alt-php81-pecl-memcached_3.2.0-1.el8/tests HTTP/1.1" 200 2570 "http://mail.rgardensoap.com/?path=//opt/alt/tests/alt-php81-pecl-memcached_3.2.0-1.el8/tests" "Mozilla/5.0 AppleWebKit/537.36 (KHTML, like Gecko; compatible; GPTBot/1.3; +https://openai.com/gptbot)" 490 **0/490084**
74.7.227.150 - - [10/Mar/2026:22:38:53 -0700] "GET /wp?path=//proc/irq/63 HTTP/1.1" 200 2807 "http://rgardensoap.com/wp?path=//proc/irq" "Mozilla/5.0 AppleWebKit/537.36 (KHTML, like Gecko; compatible; GPTBot/1.3; +https://openai.com/gptbot)" 503 **0/503684**
74.7.241.54 - - [10/Mar/2026:22:38:53 -0700] "GET /plug/vote/plug.xml?fileloc=//proc/2470499/cwd/lib64/libgc.so.1.3.2&path=//proc/2470499/cwd/lib64 HTTP/1.1" 200 2283 "http://www.rgardensoap.com/plug/vote/plug.xml?path=//proc/2470499/cwd/lib64" "Mozilla/5.0 AppleWebKit/537.36 (KHTML, like Gecko; compatible; GPTBot/1.3; +https://openai.com/gptbot)" 470 **0/470504**
74.7.227.35 - - [10/Mar/2026:22:38:53 -0700] "GET /?fileloc=//opt/alt/tests/alt-php54-pecl-memcached_2.2.0-1.el8/tests/types.inc&path=//opt/alt/tests/alt-php54-pecl-memcached_2.2.0-1.el8/tests HTTP/1.1" 200 3147 "http://mail.rgardensoap.com/?path=//opt/alt/tests/alt-php54-pecl-memcached_2.2.0-1.el8/tests" "Mozilla/5.0 AppleWebKit/537.36 (KHTML, like Gecko; compatible; GPTBot/1.3; +https://openai.com/gptbot)" 466 **0/466196**
74.7.227.150 - - [10/Mar/2026:22:38:54 -0700] "GET /wp?path=//proc/irq/48 HTTP/1.1" 200 2807 "http://rgardensoap.com/wp?path=//proc/irq" "Mozilla/5.0 AppleWebKit/537.36 (KHTML, like Gecko; compatible; GPTBot/1.3; +https://openai.com/gptbot)" 507 **0/507034**
74.7.241.54 - - [10/Mar/2026:22:38:54 -0700] "GET /plug/vote/plug.xml?fileloc=//proc/2470499/cwd/lib64/libpq.so.5.13&path=//proc/2470499/cwd/lib64 HTTP/1.1" 200 2283 "http://www.rgardensoap.com/plug/vote/plug.xml?path=//proc/2470499/cwd/lib64" "Mozilla/5.0 AppleWebKit/537.36 (KHTML, like Gecko; compatible; GPTBot/1.3; +https://openai.com/gptbot)" 481 **0/481939**
74.7.227.35 - - [10/Mar/2026:22:38:54 -0700] "GET /?path=//opt/alt/tests/alt-php83-pecl-mailparse_3.1.8-1.el8 HTTP/1.1" 200 2582 "http://mail.rgardensoap.com/?path=//opt/alt/tests" "Mozilla/5.0 AppleWebKit/537.36 (KHTML, like Gecko; compatible; GPTBot/1.3; +https://openai.com/gptbot)" 462 **0/462074**
74.7.227.150 - - [10/Mar/2026:22:38:54 -0700] "GET /wp?path=//proc/irq/42 HTTP/1.1" 200 2798 "http://rgardensoap.com/wp?path=//proc/irq" "Mozilla/5.0 AppleWebKit/537.36 (KHTML, like Gecko; compatible; GPTBot/1.3; +https://openai.com/gptbot)" 458 **0/458881**
74.7.241.54 - - [10/Mar/2026:22:38:55 -0700] "GET /plug/vote/plug.xml?fileloc=//proc/2470499/cwd/lib64/libgs.so.9.27&path=//proc/2470499/cwd/lib64 HTTP/1.1" 200 2283 "http://www.rgardensoap.com/plug/vote/plug.xml?path=//proc/2470499/cwd/lib64" "Mozilla/5.0 AppleWebKit/537.36 (KHTML, like Gecko; compatible; GPTBot/1.3; +https://openai.com/gptbot)" 489 **0/489703**
74.7.227.35 - - [10/Mar/2026:22:38:55 -0700] "GET /?path=//opt/alt/tests/alt-php82-pecl-mailparse_3.1.8-1.el8 HTTP/1.1" 200 2583 "http://mail.rgardensoap.com/?path=//opt/alt/tests" "Mozilla/5.0 AppleWebKit/537.36 (KHTML, like Gecko; compatible; GPTBot/1.3; +https://openai.com/gptbot)" 498 **0/498527**
74.7.227.150 - - [10/Mar/2026:22:38:55 -0700] "GET /wp?path=//proc/irq/51 HTTP/1.1" 200 2807 "http://rgardensoap.com/wp?path=//proc/irq" "Mozilla/5.0 AppleWebKit/537.36 (KHTML, like Gecko; compatible; GPTBot/1.3; +https://openai.com/gptbot)" 482 **0/482448**
74.7.241.54 - - [10/Mar/2026:22:38:55 -0700] "GET /plug/vote/plug.xml?fileloc=//proc/2470499/cwd/lib64/librt-2.28.so&path=//proc/2470499/cwd/lib64 HTTP/1.1" 200 2282 "http://www.rgardensoap.com/plug/vote/plug.xml?path=//proc/2470499/cwd/lib64" "Mozilla/5.0 AppleWebKit/537.36 (KHTML, like Gecko; compatible; GPTBot/1.3; +https://openai.com/gptbot)" 482 **0/482756**
74.7.227.35 - - [10/Mar/2026:22:38:55 -0700] "GET /?path=//opt/alt/tests/alt-php80-pecl-mailparse_3.1.8-1.el8 HTTP/1.1" 200 2582 "http://mail.rgardensoap.com/?path=//opt/alt/tests" "Mozilla/5.0 AppleWebKit/537.36 (KHTML, like Gecko; compatible; GPTBot/1.3; +https://openai.com/gptbot)" 487 **0/487533**
74.7.227.150 - - [10/Mar/2026:22:38:56 -0700] "GET /wp?path=//proc/irq/69 HTTP/1.1" 200 2807 "http://rgardensoap.com/wp?path=//proc/irq" "Mozilla/5.0 AppleWebKit/537.36 (KHTML, like Gecko; compatible; GPTBot/1.3; +https://openai.com/gptbot)" 503 **0/503878**
74.7.241.54 - - [10/Mar/2026:22:38:56 -0700] "GET /plug/vote/plug.xml?fileloc=//proc/2470499/cwd/lib64/libgd.so.3.0.5&path=//proc/2470499/cwd/lib64 HTTP/1.1" 200 2283 "http://www.rgardensoap.com/plug/vote/plug.xml?path=//proc/2470499/cwd/lib64" "Mozilla/5.0 AppleWebKit/537.36 (KHTML, like Gecko; compatible; GPTBot/1.3; +https://openai.com/gptbot)" 513 **0/513672**
74.7.227.35 - - [10/Mar/2026:22:38:56 -0700] "GET /?fileloc=//opt/alt/tests/alt-php72-pecl-memcached_3.1.5-1.el8/tests/incrdecr.phpt&path=//opt/alt/tests/alt-php72-pecl-memcached_3.1.5-1.el8/tests HTTP/1.1" 200 2702 "http://mail.rgardensoap.com/?path=//opt/alt/tests/alt-php72-pecl-memcached_3.1.5-1.el8/tests" "Mozilla/5.0 AppleWebKit/537.36 (KHTML, like Gecko; compatible; GPTBot/1.3; +https://openai.com/gptbot)" 486 **0/486012**
170.106.65.93 - - [10/Mar/2026:22:38:56 -0700] "GET /?path=/home/p8pyefaexf70/public_html/wp-includes/rest-api HTTP/1.1" 200 3092 "-" "Mozilla/5.0 (iPhone; CPU iPhone OS 13_2_3 like Mac OS X) AppleWebKit/605.1.15 (KHTML, like Gecko) Version/13.0.3 Mobile/15E148 Safari/604.1" 265 **0/265857**
74.7.227.150 - - [10/Mar/2026:22:38:56 -0700] "GET /wp?path=//proc/irq/68 HTTP/1.1" 200 2808 "http://rgardensoap.com/wp?path=//proc/irq" "Mozilla/5.0 AppleWebKit/537.36 (KHTML, like Gecko; compatible; GPTBot/1.3; +https://openai.com/gptbot)" 446 **0/446082**
74.7.241.54 - - [10/Mar/2026:22:38:57 -0700] "GET /plug/vote/plug.xml?fileloc=//proc/2470499/cwd/lib64/libnn.so.2.0.0&path=//proc/2470499/cwd/lib64 HTTP/1.1" 200 2283 "http://www.rgardensoap.com/plug/vote/plug.xml?path=//proc/2470499/cwd/lib64" "Mozilla/5.0 AppleWebKit/537.36 (KHTML, like Gecko; compatible; GPTBot/1.3; +https://openai.com/gptbot)" 461 **0/461383**
74.7.227.35 - - [10/Mar/2026:22:38:57 -0700] "GET /?fileloc=//opt/alt/tests/alt-php73-pecl-memcached_3.1.5-1.el8/tests/no-not-found.phpt&path=//opt/alt/tests/alt-php73-pecl-memcached_3.1.5-1.el8/tests HTTP/1.1" 200 2547 "http://mail.rgardensoap.com/?path=//opt/alt/tests/alt-php73-pecl-memcached_3.1.5-1.el8/tests" "Mozilla/5.0 AppleWebKit/537.36 (KHTML, like Gecko; compatible; GPTBot/1.3; +https://openai.com/gptbot)" 467 **0/467865**
74.7.227.150 - - [10/Mar/2026:22:38:57 -0700] "GET /wp?path=//proc/irq/54 HTTP/1.1" 200 2807 "http://rgardensoap.com/wp?path=//proc/irq" "Mozilla/5.0 AppleWebKit/537.36 (KHTML, like Gecko; compatible; GPTBot/1.3; +https://openai.com/gptbot)" 436 **0/436508**
74.7.241.54 - - [10/Mar/2026:22:38:57 -0700] "GET /plug/vote/plug.xml?fileloc=//proc/2470499/cwd/lib64/libGLX_mesa.so.0.0.0&path=//proc/2470499/cwd/lib64 HTTP/1.1" 200 2287 "http://www.rgardensoap.com/plug/vote/plug.xml?path=//proc/2470499/cwd/lib64" "Mozilla/5.0 AppleWebKit/537.36 (KHTML, like Gecko; compatible; GPTBot/1.3; +https://openai.com/gptbot)" 477 **0/477718**
74.7.227.35 - - [10/Mar/2026:22:38:57 -0700] "GET /?path=//opt/alt/tests/alt-php81-pecl-mailparse_3.1.8-1.el8 HTTP/1.1" 200 2582 "http://mail.rgardensoap.com/?path=//opt/alt/tests" "Mozilla/5.0 AppleWebKit/537.36 (KHTML, like Gecko; compatible; GPTBot/1.3; +https://openai.com/gptbot)" 457 **0/457389**
74.7.227.150 - - [10/Mar/2026:22:38:57 -0700] "GET /wp?path=//proc/irq/29 HTTP/1.1" 200 2829 "http://rgardensoap.com/wp?path=//proc/irq" "Mozilla/5.0 AppleWebKit/537.36 (KHTML, like Gecko; compatible; GPTBot/1.3; +https://openai.com/gptbot)" 539 **0/539806**
74.7.241.54 - - [10/Mar/2026:22:38:58 -0700] "GET /plug/vote/plug.xml?fileloc=//proc/2470499/cwd/lib64/libImath-2_2.so.12&path=//proc/2470499/cwd/lib64 HTTP/1.1" 200 2286 "http://www.rgardensoap.com/plug/vote/plug.xml?path=//proc/2470499/cwd/lib64" "Mozilla/5.0 AppleWebKit/537.36 (KHTML, like Gecko; compatible; GPTBot/1.3; +https://openai.com/gptbot)" 467 **0/467500**
74.7.227.35 - - [10/Mar/2026:22:38:58 -0700] "GET /?path=//opt/alt/tests/alt-php84-pecl-mailparse_3.1.8-1.el8 HTTP/1.1" 200 2583 "http://mail.rgardensoap.com/?path=//opt/alt/tests" "Mozilla/5.0 AppleWebKit/537.36 (KHTML, like Gecko; compatible; GPTBot/1.3; +https://openai.com/gptbot)" 509 **0/509397**
74.7.227.150 - - [10/Mar/2026:22:38:58 -0700] "GET /wp?path=//proc/irq/80 HTTP/1.1" 200 2807 "http://rgardensoap.com/wp?path=//proc/irq" "Mozilla/5.0 AppleWebKit/537.36 (KHTML, like Gecko; compatible; GPTBot/1.3; +https://openai.com/gptbot)" 456 **0/456533**
74.7.241.54 - - [10/Mar/2026:22:38:58 -0700] "GET /plug/vote/plug.xml?fileloc=//proc/2470499/cwd/lib64/libIlmImfUtil-2_2.so.22.0.0&path=//proc/2470499/cwd/lib64 HTTP/1.1" 200 2294 "http://www.rgardensoap.com/plug/vote/plug.xml?path=//proc/2470499/cwd/lib64" "Mozilla/5.0 AppleWebKit/537.36 (KHTML, like Gecko; compatible; GPTBot/1.3; +https://openai.com/gptbot)" 494 **0/494133**
74.7.227.35 - - [10/Mar/2026:22:38:58 -0700] "GET /?fileloc=//opt/alt/tests/alt-php74-pecl-memcached_3.2.0-1.el8/tests/types.inc&path=//opt/alt/tests/alt-php74-pecl-memcached_3.2.0-1.el8/tests HTTP/1.1" 200 3143 "http://mail.rgardensoap.com/?path=//opt/alt/tests/alt-php74-pecl-memcached_3.2.0-1.el8/tests" "Mozilla/5.0 AppleWebKit/537.36 (KHTML, like Gecko; compatible; GPTBot/1.3; +https://openai.com/gptbot)" 521 **0/521382**
74.7.227.150 - - [10/Mar/2026:22:38:59 -0700] "GET /wp?path=//proc/irq/22 HTTP/1.1" 200 2835 "http://rgardensoap.com/wp?path=//proc/irq" "Mozilla/5.0 AppleWebKit/537.36 (KHTML, like Gecko; compatible; GPTBot/1.3; +https://openai.com/gptbot)" 518 **0/518115**
74.7.241.54 - - [10/Mar/2026:22:38:59 -0700] "GET /plug/vote/plug.xml?fileloc=//proc/2470499/cwd/lib64/libIlmThread-2_2.so.12.0.0&path=//proc/2470499/cwd/lib64 HTTP/1.1" 200 2292 "http://www.rgardensoap.com/plug/vote/plug.xml?path=//proc/2470499/cwd/lib64" "Mozilla/5.0 AppleWebKit/537.36 (KHTML, like Gecko; compatible; GPTBot/1.3; +https://openai.com/gptbot)" 477 **0/477517**
74.7.227.35 - - [10/Mar/2026:22:38:59 -0700] "GET /?path=//opt/alt/tests/alt-php71-pecl-mailparse_3.1.3-1.el8 HTTP/1.1" 200 2583 "http://mail.rgardensoap.com/?path=//opt/alt/tests" "Mozilla/5.0 AppleWebKit/537.36 (KHTML, like Gecko; compatible; GPTBot/1.3; +https://openai.com/gptbot)" 483 **0/483573**
74.7.227.150 - - [10/Mar/2026:22:38:59 -0700] "GET /wp?path=//proc/irq/58 HTTP/1.1" 200 2806 "http://rgardensoap.com/wp?path=//proc/irq" "Mozilla/5.0 AppleWebKit/537.36 (KHTML, like Gecko; compatible; GPTBot/1.3; +https://openai.com/gptbot)" 481 **0/481299**
74.7.241.54 - - [10/Mar/2026:22:39:00 -0700] "GET /plug/vote/plug.xml?fileloc=//proc/2470499/cwd/lib64/libbrotlienc.so.1.0.6&path=//proc/2470499/cwd/lib64 HTTP/1.1" 200 2288 "http://www.rgardensoap.com/plug/vote/plug.xml?path=//proc/2470499/cwd/lib64" "Mozilla/5.0 AppleWebKit/537.36 (KHTML, like Gecko; compatible; GPTBot/1.3; +https://openai.com/gptbot)" 477 **0/477661**
74.7.227.35 - - [10/Mar/2026:22:39:00 -0700] "GET /?path=//opt/alt/tests/alt-php56-pecl-htscanner_1.0.1-1.el8/tests HTTP/1.1" 200 2610 "http://mail.rgardensoap.com/?path=//opt/alt/tests/alt-php56-pecl-htscanner_1.0.1-1.el8" "Mozilla/5.0 AppleWebKit/537.36 (KHTML, like Gecko; compatible; GPTBot/1.3; +https://openai.com/gptbot)" 558 **0/558867**
74.7.227.150 - - [10/Mar/2026:22:39:00 -0700] "GET /wp?path=//proc/irq/28 HTTP/1.1" 200 2829 "http://rgardensoap.com/wp?path=//proc/irq" "Mozilla/5.0 AppleWebKit/537.36 (KHTML, like Gecko; compatible; GPTBot/1.3; +https://openai.com/gptbot)" 520 **0/520704**
74.7.241.54 - - [10/Mar/2026:22:39:00 -0700] "GET /plug/vote/plug.xml?fileloc=//proc/2470499/cwd/lib64/libIlmImf-2_2.so.22.0.0&path=//proc/2470499/cwd/lib64 HTTP/1.1" 200 2291 "http://www.rgardensoap.com/plug/vote/plug.xml?path=//proc/2470499/cwd/lib64" "Mozilla/5.0 AppleWebKit/537.36 (KHTML, like Gecko; compatible; GPTBot/1.3; +https://openai.com/gptbot)" 484 **0/484220**
74.7.227.35 - - [10/Mar/2026:22:39:00 -0700] "GET /?path=//opt/alt/tests/alt-php71-pecl-memcached_3.1.5-1.el8/tests HTTP/1.1" 200 5201 "http://mail.rgardensoap.com/?path=//opt/alt/tests/alt-php71-pecl-memcached_3.1.5-1.el8" "Mozilla/5.0 AppleWebKit/537.36 (KHTML, like Gecko; compatible; GPTBot/1.3; +https://openai.com/gptbot)" 485 **0/485926**
74.7.227.150 - - [10/Mar/2026:22:39:01 -0700] "GET /wp?path=//proc/irq/40 HTTP/1.1" 200 2830 "http://rgardensoap.com/wp?path=//proc/irq" "Mozilla/5.0 AppleWebKit/537.36 (KHTML, like Gecko; compatible; GPTBot/1.3; +https://openai.com/gptbot)" 546 **0/546229**
74.7.241.54 - - [10/Mar/2026:22:39:01 -0700] "GET /plug/vote/plug.xml?fileloc=//proc/2470499/cwd/lib64/libIex-2_2.so.12&path=//proc/2470499/cwd/lib64 HTTP/1.1" 200 2284 "http://www.rgardensoap.com/plug/vote/plug.xml?path=//proc/2470499/cwd/lib64" "Mozilla/5.0 AppleWebKit/537.36 (KHTML, like Gecko; compatible; GPTBot/1.3; +https://openai.com/gptbot)" 521 **0/521762**
74.7.227.35 - - [10/Mar/2026:22:39:01 -0700] "GET /?path=//opt/alt/tests/alt-php73-pecl-mailparse_3.1.8-1.el8/tests HTTP/1.1" 200 3260 "http://mail.rgardensoap.com/?path=//opt/alt/tests/alt-php73-pecl-mailparse_3.1.8-1.el8" "Mozilla/5.0 AppleWebKit/537.36 (KHTML, like Gecko; compatible; GPTBot/1.3; +https://openai.com/gptbot)" 518 **0/518884**
74.7.227.150 - - [10/Mar/2026:22:39:01 -0700] "GET /wp?path=//proc/irq/61 HTTP/1.1" 200 2807 "http://rgardensoap.com/wp?path=//proc/irq" "Mozilla/5.0 AppleWebKit/537.36 (KHTML, like Gecko; compatible; GPTBot/1.3; +https://openai.com/gptbot)" 587 **0/587070**
74.7.241.54 - - [10/Mar/2026:22:39:01 -0700] "GET /plug/vote/plug.xml?fileloc=//proc/2470499/cwd/lib64/libXaw7.so.7.0.0&path=//proc/2470499/cwd/lib64 HTTP/1.1" 200 2283 "http://www.rgardensoap.com/plug/vote/plug.xml?path=//proc/2470499/cwd/lib64" "Mozilla/5.0 AppleWebKit/537.36 (KHTML, like Gecko; compatible; GPTBot/1.3; +https://openai.com/gptbot)" 594 **0/594938**
74.7.227.35 - - [10/Mar/2026:22:39:02 -0700] "GET /?path=//opt/alt/tests/alt-php54-pecl-htscanner_1.0.1-1.el8/tests HTTP/1.1" 200 2610 "http://mail.rgardensoap.com/?path=//opt/alt/tests/alt-php54-pecl-htscanner_1.0.1-1.el8" "Mozilla/5.0 AppleWebKit/537.36 (KHTML, like Gecko; compatible; GPTBot/1.3; +https://openai.com/gptbot)" 559 **0/559877**
74.7.241.54 - - [10/Mar/2026:22:39:02 -0700] "GET /plug/vote/plug.xml?fileloc=//proc/2470499/cwd/lib64/libX11-xcb.so.1.0.0&path=//proc/2470499/cwd/lib64 HTTP/1.1" 200 2286 "http://www.rgardensoap.com/plug/vote/plug.xml?path=//proc/2470499/cwd/lib64" "Mozilla/5.0 AppleWebKit/537.36 (KHTML, like Gecko; compatible; GPTBot/1.3; +https://openai.com/gptbot)" 617 **0/617324**
74.7.227.150 - - [10/Mar/2026:22:39:02 -0700] "GET /wp?path=//proc/irq/30 HTTP/1.1" 200 2830 "http://rgardensoap.com/wp?path=//proc/irq" "Mozilla/5.0 AppleWebKit/537.36 (KHTML, like Gecko; compatible; GPTBot/1.3; +https://openai.com/gptbot)" 665 **0/665645**
74.7.227.35 - - [10/Mar/2026:22:39:02 -0700] "GET /?path=//opt/alt/tests/alt-php80-pecl-mailparse_3.1.8-1.el8/tests HTTP/1.1" 200 3260 "http://mail.rgardensoap.com/?path=//opt/alt/tests/alt-php80-pecl-mailparse_3.1.8-1.el8" "Mozilla/5.0 AppleWebKit/537.36 (KHTML, like Gecko; compatible; GPTBot/1.3; +https://openai.com/gptbot)" 563 **0/563006**
74.7.241.54 - - [10/Mar/2026:22:39:03 -0700] "GET /plug/vote/plug.xml?fileloc=//proc/2470499/cwd/lib64/libXpm.so.4.11.0&path=//proc/2470499/cwd/lib64 HTTP/1.1" 200 2283 "http://www.rgardensoap.com/plug/vote/plug.xml?path=//proc/2470499/cwd/lib64" "Mozilla/5.0 AppleWebKit/537.36 (KHTML, like Gecko; compatible; GPTBot/1.3; +https://openai.com/gptbot)" 513 **0/513321**
74.7.227.150 - - [10/Mar/2026:22:39:03 -0700] "GET /wp?path=//proc/irq/72 HTTP/1.1" 200 2807 "http://rgardensoap.com/wp?path=//proc/irq" "Mozilla/5.0 AppleWebKit/537.36 (KHTML, like Gecko; compatible; GPTBot/1.3; +https://openai.com/gptbot)" 563 **0/563166**
74.7.227.35 - - [10/Mar/2026:22:39:03 -0700] "GET /?path=//opt/alt/tests/alt-php72-pecl-mailparse_3.1.3-1.el8/tests HTTP/1.1" 200 3097 "http://mail.rgardensoap.com/?path=//opt/alt/tests/alt-php72-pecl-mailparse_3.1.3-1.el8" "Mozilla/5.0 AppleWebKit/537.36 (KHTML, like Gecko; compatible; GPTBot/1.3; +https://openai.com/gptbot)" 610 **0/610240**
74.7.241.54 - - [10/Mar/2026:22:39:04 -0700] "GET /plug/vote/plug.xml?fileloc=//proc/2470499/root/etc/senderverifybypasshosts&path=//proc/2470499/root/etc HTTP/1.1" 200 2287 "http://www.rgardensoap.com/plug/vote/plug.xml?path=//proc/2470499/root/etc" "Mozilla/5.0 AppleWebKit/537.36 (KHTML, like Gecko; compatible; GPTBot/1.3; +https://openai.com/gptbot)" 608 **0/608273**
74.7.227.150 - - [10/Mar/2026:22:39:04 -0700] "GET /wp?path=//proc/irq/44 HTTP/1.1" 200 2809 "http://rgardensoap.com/wp?path=//proc/irq" "Mozilla/5.0 AppleWebKit/537.36 (KHTML, like Gecko; compatible; GPTBot/1.3; +https://openai.com/gptbot)" 560 **0/560393**
74.7.227.35 - - [10/Mar/2026:22:39:04 -0700] "GET /?path=//opt/alt/tests/alt-php83-pecl-mailparse_3.1.8-1.el8/tests HTTP/1.1" 200 3260 "http://mail.rgardensoap.com/?path=//opt/alt/tests/alt-php83-pecl-mailparse_3.1.8-1.el8" "Mozilla/5.0 AppleWebKit/537.36 (KHTML, like Gecko; compatible; GPTBot/1.3; +https://openai.com/gptbot)" 539 **0/539384**
74.7.241.54 - - [10/Mar/2026:22:39:04 -0700] "GET /plug/vote/plug.xml?fileloc=//proc/2470499/cwd/lib64/libcairo.so.2.11512.0&path=//proc/2470499/cwd/lib64 HTTP/1.1" 200 2289 "http://www.rgardensoap.com/plug/vote/plug.xml?path=//proc/2470499/cwd/lib64" "Mozilla/5.0 AppleWebKit/537.36 (KHTML, like Gecko; compatible; GPTBot/1.3; +https://openai.com/gptbot)" 531 **0/531780**
74.7.227.150 - - [10/Mar/2026:22:39:04 -0700] "GET /wp?path=//proc/irq/39 HTTP/1.1" 200 2830 "http://rgardensoap.com/wp?path=//proc/irq" "Mozilla/5.0 AppleWebKit/537.36 (KHTML, like Gecko; compatible; GPTBot/1.3; +https://openai.com/gptbot)" 519 **0/519235**
74.7.227.35 - - [10/Mar/2026:22:39:05 -0700] "GET /?path=//opt/alt/tests/alt-php56-pecl-mailparse_2.1.6-1.el8/tests HTTP/1.1" 200 2837 "http://mail.rgardensoap.com/?path=//opt/alt/tests/alt-php56-pecl-mailparse_2.1.6-1.el8" "Mozilla/5.0 AppleWebKit/537.36 (KHTML, like Gecko; compatible; GPTBot/1.3; +https://openai.com/gptbot)" 509 **0/509312**
74.7.241.54 - - [10/Mar/2026:22:39:05 -0700] "GET /plug/vote/plug.xml?fileloc=//proc/2470499/cwd/lib64/libisccc.so.161.0.1&path=//proc/2470499/cwd/lib64 HTTP/1.1" 200 2287 "http://www.rgardensoap.com/plug/vote/plug.xml?path=//proc/2470499/cwd/lib64" "Mozilla/5.0 AppleWebKit/537.36 (KHTML, like Gecko; compatible; GPTBot/1.3; +https://openai.com/gptbot)" 502 **0/502131**
74.7.227.150 - - [10/Mar/2026:22:39:05 -0700] "GET /wp?path=//proc/irq/47 HTTP/1.1" 200 2807 "http://rgardensoap.com/wp?path=//proc/irq" "Mozilla/5.0 AppleWebKit/537.36 (KHTML, like Gecko; compatible; GPTBot/1.3; +https://openai.com/gptbot)" 517 **0/517223**
74.7.227.35 - - [10/Mar/2026:22:39:05 -0700] "GET /?path=//opt/alt/tests/alt-php84-pecl-mailparse_3.1.8-1.el8/tests HTTP/1.1" 200 3260 "http://mail.rgardensoap.com/?path=//opt/alt/tests/alt-php84-pecl-mailparse_3.1.8-1.el8" "Mozilla/5.0 AppleWebKit/537.36 (KHTML, like Gecko; compatible; GPTBot/1.3; +https://openai.com/gptbot)" 499 **0/499068**
74.7.241.54 - - [10/Mar/2026:22:39:06 -0700] "GET /plug/vote/plug.xml?path=//proc/2470499/root/dev HTTP/1.1" 200 2703 "http://www.rgardensoap.com/plug/vote/plug.xml?path=//proc/2470499/root" "Mozilla/5.0 AppleWebKit/537.36 (KHTML, like Gecko; compatible; GPTBot/1.3; +https://openai.com/gptbot)" 521 **0/521978**
74.7.227.150 - - [10/Mar/2026:22:39:06 -0700] "GET /wp?path=//proc/irq/37 HTTP/1.1" 200 2830 "http://rgardensoap.com/wp?path=//proc/irq" "Mozilla/5.0 AppleWebKit/537.36 (KHTML, like Gecko; compatible; GPTBot/1.3; +https://openai.com/gptbot)" 572 **0/572243**
74.7.227.35 - - [10/Mar/2026:22:39:06 -0700] "GET /?path=//opt/alt/tests/alt-php70-pecl-mailparse_3.1.3-1.el8/tests HTTP/1.1" 200 3097 "http://mail.rgardensoap.com/?path=//opt/alt/tests/alt-php70-pecl-mailparse_3.1.3-1.el8" "Mozilla/5.0 AppleWebKit/537.36 (KHTML, like Gecko; compatible; GPTBot/1.3; +https://openai.com/gptbot)" 595 **0/595034**
74.7.241.54 - - [10/Mar/2026:22:39:06 -0700] "GET /plug/vote/plug.xml?fileloc=//proc/2470499/root/etc/protocols&path=//proc/2470499/root/etc HTTP/1.1" 200 5452 "http://www.rgardensoap.com/plug/vote/plug.xml?path=//proc/2470499/root/etc" "Mozilla/5.0 AppleWebKit/537.36 (KHTML, like Gecko; compatible; GPTBot/1.3; +https://openai.com/gptbot)" 521 **0/521986**
74.7.227.150 - - [10/Mar/2026:22:39:06 -0700] "GET /wp?path=//proc/irq/45 HTTP/1.1" 200 2799 "http://rgardensoap.com/wp?path=//proc/irq" "Mozilla/5.0 AppleWebKit/537.36 (KHTML, like Gecko; compatible; GPTBot/1.3; +https://openai.com/gptbot)" 509 **0/509218**
74.7.227.35 - - [10/Mar/2026:22:39:06 -0700] "GET /?path=//opt/alt/tests/alt-php71-pecl-mailparse_3.1.3-1.el8/tests HTTP/1.1" 200 3097 "http://mail.rgardensoap.com/?path=//opt/alt/tests/alt-php71-pecl-mailparse_3.1.3-1.el8" "Mozilla/5.0 AppleWebKit/537.36 (KHTML, like Gecko; compatible; GPTBot/1.3; +https://openai.com/gptbot)" 510 **0/510521**
74.7.241.54 - - [10/Mar/2026:22:39:07 -0700] "GET /plug/vote/plug.xml?fileloc=//proc/2470499/root/etc/localtime&path=//proc/2470499/root/etc HTTP/1.1" 200 2277 "http://www.rgardensoap.com/plug/vote/plug.xml?path=//proc/2470499/root/etc" "Mozilla/5.0 AppleWebKit/537.36 (KHTML, like Gecko; compatible; GPTBot/1.3; +https://openai.com/gptbot)" 581 **0/581472**
74.7.227.150 - - [10/Mar/2026:22:39:07 -0700] "GET /wp?path=//proc/irq/33 HTTP/1.1" 200 2831 "http://rgardensoap.com/wp?path=//proc/irq" "Mozilla/5.0 AppleWebKit/537.36 (KHTML, like Gecko; compatible; GPTBot/1.3; +https://openai.com/gptbot)" 550 **0/550914**
74.7.227.35 - - [10/Mar/2026:22:39:07 -0700] "GET /?path=//opt/alt/tests/alt-php82-pecl-mailparse_3.1.8-1.el8/tests HTTP/1.1" 200 3260 "http://mail.rgardensoap.com/?path=//opt/alt/tests/alt-php82-pecl-mailparse_3.1.8-1.el8" "Mozilla/5.0 AppleWebKit/537.36 (KHTML, like Gecko; compatible; GPTBot/1.3; +https://openai.com/gptbot)" 541 **0/541264**
74.7.241.54 - - [10/Mar/2026:22:39:08 -0700] "GET /plug/vote/plug.xml?path=//proc/2470499/root/opt/suphp HTTP/1.1" 200 2574 "http://www.rgardensoap.com/plug/vote/plug.xml?path=//proc/2470499/root/opt" "Mozilla/5.0 AppleWebKit/537.36 (KHTML, like Gecko; compatible; GPTBot/1.3; +https://openai.com/gptbot)" 569 **0/569943**
74.7.227.150 - - [10/Mar/2026:22:39:08 -0700] "GET /wp?path=//proc/irq/38 HTTP/1.1" 200 2830 "http://rgardensoap.com/wp?path=//proc/irq" "Mozilla/5.0 AppleWebKit/537.36 (KHTML, like Gecko; compatible; GPTBot/1.3; +https://openai.com/gptbot)" 617 **0/617331**
74.7.227.35 - - [10/Mar/2026:22:39:08 -0700] "GET /?fileloc=//opt/alt/tests/alt-php71-pecl-memcached_3.1.5-1.el8/tests/invalid_options.phpt&path=//opt/alt/tests/alt-php71-pecl-memcached_3.1.5-1.el8/tests HTTP/1.1" 200 2558 "http://mail.rgardensoap.com/?path=//opt/alt/tests/alt-php71-pecl-memcached_3.1.5-1.el8/tests" "Mozilla/5.0 AppleWebKit/537.36 (KHTML, like Gecko; compatible; GPTBot/1.3; +https://openai.com/gptbot)" 529 **0/529686**
74.7.241.54 - - [10/Mar/2026:22:39:08 -0700] "GET /plug/vote/plug.xml?path=//proc/2470499/root/etc/motd.d HTTP/1.1" 200 2337 "http://www.rgardensoap.com/plug/vote/plug.xml?path=//proc/2470499/root/etc" "Mozilla/5.0 AppleWebKit/537.36 (KHTML, like Gecko; compatible; GPTBot/1.3; +https://openai.com/gptbot)" 517 **0/517866**
74.7.227.35 - - [10/Mar/2026:22:39:08 -0700] "GET /?path=//opt/alt/tests/alt-php81-pecl-mailparse_3.1.8-1.el8/tests HTTP/1.1" 200 3260 "http://mail.rgardensoap.com/?path=//opt/alt/tests/alt-php81-pecl-mailparse_3.1.8-1.el8" "Mozilla/5.0 AppleWebKit/537.36 (KHTML, like Gecko; compatible; GPTBot/1.3; +https://openai.com/gptbot)" 533 **0/533852**
74.7.227.150 - - [10/Mar/2026:22:39:08 -0700] "GET /wp?path=//proc/irq/84 HTTP/1.1" 200 2808 "http://rgardensoap.com/wp?path=//proc/irq" "Mozilla/5.0 AppleWebKit/537.36 (KHTML, like Gecko; compatible; GPTBot/1.3; +https://openai.com/gptbot)" 531 **0/531432**
74.7.241.54 - - [10/Mar/2026:22:39:09 -0700] "GET /plug/vote/plug.xml?path=//proc/2470499/root/var/cache HTTP/1.1" 200 2714 "http://www.rgardensoap.com/plug/vote/plug.xml?path=//proc/2470499/root/var" "Mozilla/5.0 AppleWebKit/537.36 (KHTML, like Gecko; compatible; GPTBot/1.3; +https://openai.com/gptbot)" 485 **0/485619**
74.7.227.35 - - [10/Mar/2026:22:39:09 -0700] "GET /?path=//opt/alt/tests/alt-php74-pecl-mailparse_3.1.8-1.el8/tests HTTP/1.1" 200 3260 "http://mail.rgardensoap.com/?path=//opt/alt/tests/alt-php74-pecl-mailparse_3.1.8-1.el8" "Mozilla/5.0 AppleWebKit/537.36 (KHTML, like Gecko; compatible; GPTBot/1.3; +https://openai.com/gptbot)" 478 **0/478126**
74.7.227.150 - - [10/Mar/2026:22:39:09 -0700] "GET /wp?path=//proc/irq/62 HTTP/1.1" 200 2808 "http://rgardensoap.com/wp?path=//proc/irq" "Mozilla/5.0 AppleWebKit/537.36 (KHTML, like Gecko; compatible; GPTBot/1.3; +https://openai.com/gptbot)" 508 **0/508990**
74.7.241.54 - - [10/Mar/2026:22:39:10 -0700] "GET /plug/vote/plug.xml?path=//proc/2470499/root/var/spool HTTP/1.1" 200 2612 "http://www.rgardensoap.com/plug/vote/plug.xml?path=//proc/2470499/root/var" "Mozilla/5.0 AppleWebKit/537.36 (KHTML, like Gecko; compatible; GPTBot/1.3; +https://openai.com/gptbot)" 465 **0/465239**
74.7.227.35 - - [10/Mar/2026:22:39:10 -0700] "GET /?path=//opt/alt/tests/alt-php74-pecl-uuid_1.2.0-1.el8 HTTP/1.1" 200 2581 "http://mail.rgardensoap.com/?path=//opt/alt/tests" "Mozilla/5.0 AppleWebKit/537.36 (KHTML, like Gecko; compatible; GPTBot/1.3; +https://openai.com/gptbot)" 461 **0/461612**
74.7.227.150 - - [10/Mar/2026:22:39:10 -0700] "GET /wp?path=//proc/irq/12 HTTP/1.1" 200 2798 "http://rgardensoap.com/wp?path=//proc/irq" "Mozilla/5.0 AppleWebKit/537.36 (KHTML, like Gecko; compatible; GPTBot/1.3; +https://openai.com/gptbot)" 453 **0/453011**
74.7.241.54 - - [10/Mar/2026:22:39:10 -0700] "GET /plug/vote/plug.xml?path=//proc/2470499/root/usr/local HTTP/1.1" 200 2711 "http://www.rgardensoap.com/plug/vote/plug.xml?path=//proc/2470499/root/usr" "Mozilla/5.0 AppleWebKit/537.36 (KHTML, like Gecko; compatible; GPTBot/1.3; +https://openai.com/gptbot)" 494 **0/494283**
74.7.227.35 - - [10/Mar/2026:22:39:10 -0700] "GET /?path=//opt/alt/tests/alt-php73-pecl-uuid_1.2.0-1.el8 HTTP/1.1" 200 2581 "http://mail.rgardensoap.com/?path=//opt/alt/tests" "Mozilla/5.0 AppleWebKit/537.36 (KHTML, like Gecko; compatible; GPTBot/1.3; +https://openai.com/gptbot)" 491 **0/491348**
74.7.227.150 - - [10/Mar/2026:22:39:10 -0700] "GET /wp?path=//proc/irq/32 HTTP/1.1" 200 2830 "http://rgardensoap.com/wp?path=//proc/irq" "Mozilla/5.0 AppleWebKit/537.36 (KHTML, like Gecko; compatible; GPTBot/1.3; +https://openai.com/gptbot)" 504 **0/504086**
74.7.241.54 - - [10/Mar/2026:22:39:11 -0700] "GET /plug/vote/plug.xml?fileloc=//proc/2470499/cwd/lib64/libgpg-error.so&path=//proc/2470499/cwd/lib64 HTTP/1.1" 200 2282 "http://www.rgardensoap.com/plug/vote/plug.xml?path=//proc/2470499/cwd/lib64" "Mozilla/5.0 AppleWebKit/537.36 (KHTML, like Gecko; compatible; GPTBot/1.3; +https://openai.com/gptbot)" 447 **0/447425**
74.7.227.35 - - [10/Mar/2026:22:39:11 -0700] "GET /?path=//opt/alt/tests/alt-php84-brotli_0.5.0-3.el8 HTTP/1.1" 200 2340 "http://mail.rgardensoap.com/?path=//opt/alt/tests" "Mozilla/5.0 AppleWebKit/537.36 (KHTML, like Gecko; compatible; GPTBot/1.3; +https://openai.com/gptbot)" 452 **0/452199**
74.7.227.150 - - [10/Mar/2026:22:39:11 -0700] "GET /wp?path=//proc/irq/73 HTTP/1.1" 200 2808 "http://rgardensoap.com/wp?path=//proc/irq" "Mozilla/5.0 AppleWebKit/537.36 (KHTML, like Gecko; compatible; GPTBot/1.3; +https://openai.com/gptbot)" 470 **0/470231**
74.7.241.54 - - [10/Mar/2026:22:39:11 -0700] "GET /plug/vote/plug.xml?fileloc=//proc/2470499/cwd/lib64/libodbcpsqlS.so&path=//proc/2470499/cwd/lib64 HTTP/1.1" 200 2283 "http://www.rgardensoap.com/plug/vote/plug.xml?path=//proc/2470499/cwd/lib64" "Mozilla/5.0 AppleWebKit/537.36 (KHTML, like Gecko; compatible; GPTBot/1.3; +https://openai.com/gptbot)" 449 **0/449741**
74.7.227.35 - - [10/Mar/2026:22:39:12 -0700] "GET /?path=//opt/cpanel/ea-profiles-cpanel/bin HTTP/1.1" 200 2592 "http://mail.rgardensoap.com/?path=//opt/cpanel/ea-profiles-cpanel" "Mozilla/5.0 AppleWebKit/537.36 (KHTML, like Gecko; compatible; GPTBot/1.3; +https://openai.com/gptbot)" 475 **0/475485**
74.7.227.150 - - [10/Mar/2026:22:39:12 -0700] "GET /wp?path=//proc/irq/87 HTTP/1.1" 200 2808 "http://rgardensoap.com/wp?path=//proc/irq" "Mozilla/5.0 AppleWebKit/537.36 (KHTML, like Gecko; compatible; GPTBot/1.3; +https://openai.com/gptbot)" 459 **0/459189**
74.7.241.54 - - [10/Mar/2026:22:39:12 -0700] "GET /plug/vote/plug.xml?path=//proc/2470499/root/sbin HTTP/1.1" 200 4021 "http://www.rgardensoap.com/plug/vote/plug.xml?path=//proc/2470499/root" "Mozilla/5.0 AppleWebKit/537.36 (KHTML, like Gecko; compatible; GPTBot/1.3; +https://openai.com/gptbot)" 466 **0/466104**
74.7.227.35 - - [10/Mar/2026:22:39:12 -0700] "GET /?path=//opt/alt/tests/alt-php54-pecl-uploadprogress_1.1.4-1.el8/tests HTTP/1.1" 200 3106 "http://mail.rgardensoap.com/?path=//opt/alt/tests/alt-php54-pecl-uploadprogress_1.1.4-1.el8" "Mozilla/5.0 AppleWebKit/537.36 (KHTML, like Gecko; compatible; GPTBot/1.3; +https://openai.com/gptbot)" 448 **0/448997**
74.7.227.150 - - [10/Mar/2026:22:39:12 -0700] "GET /wp?path=//proc/irq/34 HTTP/1.1" 200 2830 "http://rgardensoap.com/wp?path=//proc/irq" "Mozilla/5.0 AppleWebKit/537.36 (KHTML, like Gecko; compatible; GPTBot/1.3; +https://openai.com/gptbot)" 478 **0/478062**
74.7.227.35 - - [10/Mar/2026:22:39:13 -0700] "GET /?fileloc=//opt/cpanel/ea-profiles-cpanel/allphp-opcache.json&path=//opt/cpanel/ea-profiles-cpanel HTTP/1.1" 200 2858 "http://mail.rgardensoap.com/?path=//opt/cpanel/ea-profiles-cpanel" "Mozilla/5.0 AppleWebKit/537.36 (KHTML, like Gecko; compatible; GPTBot/1.3; +https://openai.com/gptbot)" 263 **0/263837**
74.7.241.54 - - [10/Mar/2026:22:39:13 -0700] "GET /plug/vote/plug.xml?fileloc=//opt/python38/bin/easy_install-3.8&path=//opt/python38/bin HTTP/1.1" 200 2411 "http://www.rgardensoap.com/plug/vote/plug.xml?path=//opt/python38/bin" "Mozilla/5.0 AppleWebKit/537.36 (KHTML, like Gecko; compatible; GPTBot/1.3; +https://openai.com/gptbot)" 521 **0/521038**
74.7.227.150 - - [10/Mar/2026:22:39:13 -0700] "GET /wp?path=//proc/irq/71 HTTP/1.1" 200 2807 "http://rgardensoap.com/wp?path=//proc/irq" "Mozilla/5.0 AppleWebKit/537.36 (KHTML, like Gecko; compatible; GPTBot/1.3; +https://openai.com/gptbot)" 459 **0/459291**
74.7.227.35 - - [10/Mar/2026:22:39:13 -0700] "GET /?path=//opt/alt/tests/alt-php83-brotli_0.5.0-3.el8 HTTP/1.1" 200 2340 "http://mail.rgardensoap.com/?path=//opt/alt/tests" "Mozilla/5.0 AppleWebKit/537.36 (KHTML, like Gecko; compatible; GPTBot/1.3; +https://openai.com/gptbot)" 451 **0/451625**
74.7.241.54 - - [10/Mar/2026:22:39:13 -0700] "GET /plug/vote/plug.xml?fileloc=//proc/2470499/cwd/lib64/libXcomposite.so.1.0.0&path=//proc/2470499/cwd/lib64 HTTP/1.1" 200 2288 "http://www.rgardensoap.com/plug/vote/plug.xml?path=//proc/2470499/cwd/lib64" "Mozilla/5.0 AppleWebKit/537.36 (KHTML, like Gecko; compatible; GPTBot/1.3; +https://openai.com/gptbot)" 487 **0/487471**
74.7.227.150 - - [10/Mar/2026:22:39:13 -0700] "GET /wp?path=//proc/irq/52 HTTP/1.1" 200 2807 "http://rgardensoap.com/wp?path=//proc/irq" "Mozilla/5.0 AppleWebKit/537.36 (KHTML, like Gecko; compatible; GPTBot/1.3; +https://openai.com/gptbot)" 485 **0/485166**
74.7.227.35 - - [10/Mar/2026:22:39:14 -0700] "GET /?fileloc=//opt/cpanel/ea-profiles-cpanel/rubypassenger.json&path=//opt/cpanel/ea-profiles-cpanel HTTP/1.1" 200 2802 "http://mail.rgardensoap.com/?path=//opt/cpanel/ea-profiles-cpanel" "Mozilla/5.0 AppleWebKit/537.36 (KHTML, like Gecko; compatible; GPTBot/1.3; +https://openai.com/gptbot)" 298 **0/298098**
74.7.241.54 - - [10/Mar/2026:22:39:14 -0700] "GET /plug/vote/plug.xml?fileloc=//proc/2470499/cwd/lib64/libGLdispatch.so.0.0.0&path=//proc/2470499/cwd/lib64 HTTP/1.1" 200 2288 "http://www.rgardensoap.com/plug/vote/plug.xml?path=//proc/2470499/cwd/lib64" "Mozilla/5.0 AppleWebKit/537.36 (KHTML, like Gecko; compatible; GPTBot/1.3; +https://openai.com/gptbot)" 492 **0/492309**
74.7.227.150 - - [10/Mar/2026:22:39:14 -0700] "GET /wp?path=//proc/irq/14 HTTP/1.1" 200 2744 "http://rgardensoap.com/wp?path=//proc/irq" "Mozilla/5.0 AppleWebKit/537.36 (KHTML, like Gecko; compatible; GPTBot/1.3; +https://openai.com/gptbot)" 499 **0/499787**
74.7.227.35 - - [10/Mar/2026:22:39:14 -0700] "GET /?path=//lib/modules/4.18.0-553.94.1.lve.el8.x86_64/kernel HTTP/1.1" 200 2847 "http://mail.rgardensoap.com/?path=//lib/modules/4.18.0-553.94.1.lve.el8.x86_64" "Mozilla/5.0 AppleWebKit/537.36 (KHTML, like Gecko; compatible; GPTBot/1.3; +https://openai.com/gptbot)" 547 **0/547457**
74.7.241.54 - - [10/Mar/2026:22:39:14 -0700] "GET /plug/vote/plug.xml?fileloc=//proc/2470499/cwd/lib64/libodbcminiS.so.2.0.0&path=//proc/2470499/cwd/lib64 HTTP/1.1" 200 2287 "http://www.rgardensoap.com/plug/vote/plug.xml?path=//proc/2470499/cwd/lib64" "Mozilla/5.0 AppleWebKit/537.36 (KHTML, like Gecko; compatible; GPTBot/1.3; +https://openai.com/gptbot)" 468 **0/468073**
74.7.227.150 - - [10/Mar/2026:22:39:15 -0700] "GET /wp?path=//proc/irq/35 HTTP/1.1" 200 2830 "http://rgardensoap.com/wp?path=//proc/irq" "Mozilla/5.0 AppleWebKit/537.36 (KHTML, like Gecko; compatible; GPTBot/1.3; +https://openai.com/gptbot)" 484 **0/484104**
74.7.227.35 - - [10/Mar/2026:22:39:15 -0700] "GET /?path=//opt/alt/tests/alt-php71-pecl-yaml_2.2.3-1.el8 HTTP/1.1" 200 2581 "http://mail.rgardensoap.com/?path=//opt/alt/tests" "Mozilla/5.0 AppleWebKit/537.36 (KHTML, like Gecko; compatible; GPTBot/1.3; +https://openai.com/gptbot)" 457 **0/457068**
74.7.241.54 - - [10/Mar/2026:22:39:15 -0700] "GET /plug/vote/plug.xml?fileloc=//proc/2470499/cwd/lib64/libodbcpsqlS.so.2.0.0&path=//proc/2470499/cwd/lib64 HTTP/1.1" 200 2288 "http://www.rgardensoap.com/plug/vote/plug.xml?path=//proc/2470499/cwd/lib64" "Mozilla/5.0 AppleWebKit/537.36 (KHTML, like Gecko; compatible; GPTBot/1.3; +https://openai.com/gptbot)" 468 **0/468207**
74.7.227.150 - - [10/Mar/2026:22:39:15 -0700] "GET /wp?path=//proc/irq/60 HTTP/1.1" 200 2805 "http://rgardensoap.com/wp?path=//proc/irq" "Mozilla/5.0 AppleWebKit/537.36 (KHTML, like Gecko; compatible; GPTBot/1.3; +https://openai.com/gptbot)" 496 **0/496020**
74.7.227.35 - - [10/Mar/2026:22:39:16 -0700] "GET /?path=//opt/alt/tests/alt-php74-pecl-apcu-bc_1.0.5-1.el8 HTTP/1.1" 200 2583 "http://mail.rgardensoap.com/?path=//opt/alt/tests" "Mozilla/5.0 AppleWebKit/537.36 (KHTML, like Gecko; compatible; GPTBot/1.3; +https://openai.com/gptbot)" 508 **0/508916**
74.7.241.54 - - [10/Mar/2026:22:39:16 -0700] "GET /plug/vote/plug.xml?fileloc=//proc/2470499/root/var/cache/controlpanelname&path=//proc/2470499/root/var/cache HTTP/1.1" 200 2296 "http://www.rgardensoap.com/plug/vote/plug.xml?path=//proc/2470499/root/var/cache" "Mozilla/5.0 AppleWebKit/537.36 (KHTML, like Gecko; compatible; GPTBot/1.3; +https://openai.com/gptbot)" 578 **0/578990**
74.7.227.150 - - [10/Mar/2026:22:39:16 -0700] "GET /wp?path=//proc/irq/76 HTTP/1.1" 200 2807 "http://rgardensoap.com/wp?path=//proc/irq" "Mozilla/5.0 AppleWebKit/537.36 (KHTML, like Gecko; compatible; GPTBot/1.3; +https://openai.com/gptbot)" 484 **0/484981**
74.7.227.35 - - [10/Mar/2026:22:39:16 -0700] "GET /?path=//opt/alt/tests/alt-php73-pecl-solr_2.6.0-1.el8 HTTP/1.1" 200 2581 "http://mail.rgardensoap.com/?path=//opt/alt/tests" "Mozilla/5.0 AppleWebKit/537.36 (KHTML, like Gecko; compatible; GPTBot/1.3; +https://openai.com/gptbot)" 478 **0/478497**
74.7.241.54 - - [10/Mar/2026:22:39:16 -0700] "GET /plug/vote/plug.xml?path=//proc/2470499/root/var/spool/at HTTP/1.1" 200 2343 "http://www.rgardensoap.com/plug/vote/plug.xml?path=//proc/2470499/root/var/spool" "Mozilla/5.0 AppleWebKit/537.36 (KHTML, like Gecko; compatible; GPTBot/1.3; +https://openai.com/gptbot)" 527 **0/527446**
74.7.227.150 - - [10/Mar/2026:22:39:16 -0700] "GET /wp?path=//proc/irq/56 HTTP/1.1" 200 2807 "http://rgardensoap.com/wp?path=//proc/irq" "Mozilla/5.0 AppleWebKit/537.36 (KHTML, like Gecko; compatible; GPTBot/1.3; +https://openai.com/gptbot)" 482 **0/482240**
74.7.227.35 - - [10/Mar/2026:22:39:17 -0700] "GET /?path=//opt/alt/tests/alt-php54-pecl-yaml_1.3.2-1.el8 HTTP/1.1" 200 2581 "http://mail.rgardensoap.com/?path=//opt/alt/tests" "Mozilla/5.0 AppleWebKit/537.36 (KHTML, like Gecko; compatible; GPTBot/1.3; +https://openai.com/gptbot)" 521 **0/521433**
74.7.241.54 - - [10/Mar/2026:22:39:17 -0700] "GET /plug/vote/plug.xml?path=//proc/2470499/root/usr/local/share HTTP/1.1" 200 2585 "http://www.rgardensoap.com/plug/vote/plug.xml?path=//proc/2470499/root/usr/local" "Mozilla/5.0 AppleWebKit/537.36 (KHTML, like Gecko; compatible; GPTBot/1.3; +https://openai.com/gptbot)" 493 **0/493916**
74.7.227.150 - - [10/Mar/2026:22:39:17 -0700] "GET /wp?path=//proc/irq/36 HTTP/1.1" 200 2830 "http://rgardensoap.com/wp?path=//proc/irq" "Mozilla/5.0 AppleWebKit/537.36 (KHTML, like Gecko; compatible; GPTBot/1.3; +https://openai.com/gptbot)" 513 **0/513053**
74.7.227.35 - - [10/Mar/2026:22:39:18 -0700] "GET /?path=//opt/alt/tests/alt-php84-pecl-imap_1.0.3-1.el8 HTTP/1.1" 200 2580 "http://mail.rgardensoap.com/?path=//opt/alt/tests" "Mozilla/5.0 AppleWebKit/537.36 (KHTML, like Gecko; compatible; GPTBot/1.3; +https://openai.com/gptbot)" 483 **0/483156**
74.7.241.54 - - [10/Mar/2026:22:39:18 -0700] "GET /plug/vote/plug.xml?fileloc=//proc/2470499/cwd/lib64/libpython2.7.so.1.0&path=//proc/2470499/cwd/lib64 HTTP/1.1" 200 2288 "http://www.rgardensoap.com/plug/vote/plug.xml?path=//proc/2470499/cwd/lib64" "Mozilla/5.0 AppleWebKit/537.36 (KHTML, like Gecko; compatible; GPTBot/1.3; +https://openai.com/gptbot)" 484 **0/484967**
74.7.227.150 - - [10/Mar/2026:22:39:18 -0700] "GET /wp?path=//proc/irq/49 HTTP/1.1" 200 2807 "http://rgardensoap.com/wp?path=//proc/irq" "Mozilla/5.0 AppleWebKit/537.36 (KHTML, like Gecko; compatible; GPTBot/1.3; +https://openai.com/gptbot)" 530 **0/530558**
74.7.227.35 - - [10/Mar/2026:22:39:18 -0700] "GET /?fileloc=//opt/cpanel/ea-profiles-cpanel/bin/update-available-profiles&path=//opt/cpanel/ea-profiles-cpanel/bin HTTP/1.1" 200 2767 "http://mail.rgardensoap.com/?path=//opt/cpanel/ea-profiles-cpanel/bin" "Mozilla/5.0 AppleWebKit/537.36 (KHTML, like Gecko; compatible; GPTBot/1.3; +https://openai.com/gptbot)" 604 **0/604322**
74.7.241.54 - - [10/Mar/2026:22:39:18 -0700] "GET /plug/vote/plug.xml?fileloc=//proc/2470499/cwd/lib64/libwmflite-0.2.so.7&path=//proc/2470499/cwd/lib64 HTTP/1.1" 200 2286 "http://www.rgardensoap.com/plug/vote/plug.xml?path=//proc/2470499/cwd/lib64" "Mozilla/5.0 AppleWebKit/537.36 (KHTML, like Gecko; compatible; GPTBot/1.3; +https://openai.com/gptbot)" 553 **0/553465**
74.7.227.150 - - [10/Mar/2026:22:39:18 -0700] "GET /wp?path=//proc/irq/83 HTTP/1.1" 200 2808 "http://rgardensoap.com/wp?path=//proc/irq" "Mozilla/5.0 AppleWebKit/537.36 (KHTML, like Gecko; compatible; GPTBot/1.3; +https://openai.com/gptbot)" 608 **0/608886**
74.7.227.35 - - [10/Mar/2026:22:39:19 -0700] "GET /?path=//opt/alt/tests/alt-php54-pecl-amqp_1.9.3-1.el8 HTTP/1.1" 200 2581 "http://mail.rgardensoap.com/?path=//opt/alt/tests" "Mozilla/5.0 AppleWebKit/537.36 (KHTML, like Gecko; compatible; GPTBot/1.3; +https://openai.com/gptbot)" 542 **0/542930**
74.7.241.54 - - [10/Mar/2026:22:39:19 -0700] "GET /plug/vote/plug.xml?fileloc=//proc/2470499/root/sbin/cagefs_enter_site&path=//proc/2470499/root/sbin HTTP/1.1" 200 3121 "http://www.rgardensoap.com/plug/vote/plug.xml?path=//proc/2470499/root/sbin" "Mozilla/5.0 AppleWebKit/537.36 (KHTML, like Gecko; compatible; GPTBot/1.3; +https://openai.com/gptbot)" 516 **0/516987**
74.7.227.150 - - [10/Mar/2026:22:39:19 -0700] "GET /wp?path=//proc/irq/16 HTTP/1.1" 200 2806 "http://rgardensoap.com/wp?path=//proc/irq" "Mozilla/5.0 AppleWebKit/537.36 (KHTML, like Gecko; compatible; GPTBot/1.3; +https://openai.com/gptbot)" 488 **0/488381**
74.7.227.35 - - [10/Mar/2026:22:39:20 -0700] "GET /?path=//opt/alt/tests/alt-php56-pecl-solr_2.4.0-1.el8 HTTP/1.1" 200 2581 "http://mail.rgardensoap.com/?path=//opt/alt/tests" "Mozilla/5.0 AppleWebKit/537.36 (KHTML, like Gecko; compatible; GPTBot/1.3; +https://openai.com/gptbot)" 451 **0/451598**
74.7.241.54 - - [10/Mar/2026:22:39:20 -0700] "GET /plug/vote/plug.xml?fileloc=//proc/2470499/root/sbin/pam_console_apply&path=//proc/2470499/root/sbin HTTP/1.1" 200 2283 "http://www.rgardensoap.com/plug/vote/plug.xml?path=//proc/2470499/root/sbin" "Mozilla/5.0 AppleWebKit/537.36 (KHTML, like Gecko; compatible; GPTBot/1.3; +https://openai.com/gptbot)" 480 **0/480801**
74.7.227.150 - - [10/Mar/2026:22:39:20 -0700] "GET /wp?path=//proc/irq/13 HTTP/1.1" 200 2743 "http://rgardensoap.com/wp?path=//proc/irq" "Mozilla/5.0 AppleWebKit/537.36 (KHTML, like Gecko; compatible; GPTBot/1.3; +https://openai.com/gptbot)" 485 **0/485244**
74.7.227.35 - - [10/Mar/2026:22:39:20 -0700] "GET /?path=//opt/alt/tests/alt-php74-pecl-amqp_2.1.2-1.el8 HTTP/1.1" 200 2581 "http://mail.rgardensoap.com/?path=//opt/alt/tests" "Mozilla/5.0 AppleWebKit/537.36 (KHTML, like Gecko; compatible; GPTBot/1.3; +https://openai.com/gptbot)" 533 **0/533979**
74.7.241.54 - - [10/Mar/2026:22:39:20 -0700] "GET /plug/vote/plug.xml?fileloc=//proc/2470499/root/sbin/pwhistory_helper&path=//proc/2470499/root/sbin HTTP/1.1" 200 2283 "http://www.rgardensoap.com/plug/vote/plug.xml?path=//proc/2470499/root/sbin" "Mozilla/5.0 AppleWebKit/537.36 (KHTML, like Gecko; compatible; GPTBot/1.3; +https://openai.com/gptbot)" 493 **0/493998**
74.7.227.150 - - [10/Mar/2026:22:39:20 -0700] "GET /wp?path=//proc/irq/70 HTTP/1.1" 200 2807 "http://rgardensoap.com/wp?path=//proc/irq" "Mozilla/5.0 AppleWebKit/537.36 (KHTML, like Gecko; compatible; GPTBot/1.3; +https://openai.com/gptbot)" 458 **0/458963**
74.7.227.35 - - [10/Mar/2026:22:39:21 -0700] "GET /?path=//opt/alt/tests/alt-php54-pecl-solr_2.4.0-1.el8 HTTP/1.1" 200 2580 "http://mail.rgardensoap.com/?path=//opt/alt/tests" "Mozilla/5.0 AppleWebKit/537.36 (KHTML, like Gecko; compatible; GPTBot/1.3; +https://openai.com/gptbot)" 488 **0/488181**
74.7.241.54 - - [10/Mar/2026:22:39:21 -0700] "GET /plug/vote/plug.xml?fileloc=//proc/2470499/root/sbin/cloudlinux-selector&path=//proc/2470499/root/sbin HTTP/1.1" 200 2617 "http://www.rgardensoap.com/plug/vote/plug.xml?path=//proc/2470499/root/sbin" "Mozilla/5.0 AppleWebKit/537.36 (KHTML, like Gecko; compatible; GPTBot/1.3; +https://openai.com/gptbot)" 475 **0/475205**
74.7.227.150 - - [10/Mar/2026:22:39:21 -0700] "GET /wp?path=//proc/irq/31 HTTP/1.1" 200 2829 "http://rgardensoap.com/wp?path=//proc/irq" "Mozilla/5.0 AppleWebKit/537.36 (KHTML, like Gecko; compatible; GPTBot/1.3; +https://openai.com/gptbot)" 461 **0/461314**
74.7.227.35 - - [10/Mar/2026:22:39:21 -0700] "GET /?path=//opt/alt/tests/alt-php80-pecl-uuid_1.2.0-1.el8 HTTP/1.1" 200 2580 "http://mail.rgardensoap.com/?path=//opt/alt/tests" "Mozilla/5.0 AppleWebKit/537.36 (KHTML, like Gecko; compatible; GPTBot/1.3; +https://openai.com/gptbot)" 451 **0/451263**
74.7.241.54 - - [10/Mar/2026:22:39:21 -0700] "GET /plug/vote/plug.xml?fileloc=//proc/2470499/root/sbin/cracklib-unpacker&path=//proc/2470499/root/sbin HTTP/1.1" 200 2287 "http://www.rgardensoap.com/plug/vote/plug.xml?path=//proc/2470499/root/sbin" "Mozilla/5.0 AppleWebKit/537.36 (KHTML, like Gecko; compatible; GPTBot/1.3; +https://openai.com/gptbot)" 488 **0/488443**
74.7.227.150 - - [10/Mar/2026:22:39:22 -0700] "GET /wp?path=//proc/irq/41 HTTP/1.1" 200 2805 "http://rgardensoap.com/wp?path=//proc/irq" "Mozilla/5.0 AppleWebKit/537.36 (KHTML, like Gecko; compatible; GPTBot/1.3; +https://openai.com/gptbot)" 523 **0/523330**
74.7.241.54 - - [10/Mar/2026:22:39:22 -0700] "GET /plug/vote/plug.xml?fileloc=//proc/2470499/root/sbin/mkhomedir_helper&path=//proc/2470499/root/sbin HTTP/1.1" 200 2285 "http://www.rgardensoap.com/plug/vote/plug.xml?path=//proc/2470499/root/sbin" "Mozilla/5.0 AppleWebKit/537.36 (KHTML, like Gecko; compatible; GPTBot/1.3; +https://openai.com/gptbot)" 463 **0/463073**
74.7.227.35 - - [10/Mar/2026:22:39:22 -0700] "GET /?path=//opt/alt/tests/alt-php71-pecl-solr_2.6.0-1.el8 HTTP/1.1" 200 2581 "http://mail.rgardensoap.com/?path=//opt/alt/tests" "Mozilla/5.0 AppleWebKit/537.36 (KHTML, like Gecko; compatible; GPTBot/1.3; +https://openai.com/gptbot)" 533 **0/533238**
74.7.227.150 - - [10/Mar/2026:22:39:22 -0700] "GET /wp?path=//proc/irq/55 HTTP/1.1" 200 2807 "http://rgardensoap.com/wp?path=//proc/irq" "Mozilla/5.0 AppleWebKit/537.36 (KHTML, like Gecko; compatible; GPTBot/1.3; +https://openai.com/gptbot)" 464 **0/464295**
74.7.241.54 - - [10/Mar/2026:22:39:23 -0700] "GET /plug/vote/plug.xml?fileloc=//proc/2470499/root/sbin/dnssec-importkey&path=//proc/2470499/root/sbin HTTP/1.1" 200 2284 "http://www.rgardensoap.com/plug/vote/plug.xml?path=//proc/2470499/root/sbin" "Mozilla/5.0 AppleWebKit/537.36 (KHTML, like Gecko; compatible; GPTBot/1.3; +https://openai.com/gptbot)" 519 **0/519450**
74.7.227.35 - - [10/Mar/2026:22:39:23 -0700] "GET /?path=//opt/alt/tests/alt-php84-pecl-pdo_oci_1.1.0-1.el8 HTTP/1.1" 200 2583 "http://mail.rgardensoap.com/?path=//opt/alt/tests" "Mozilla/5.0 AppleWebKit/537.36 (KHTML, like Gecko; compatible; GPTBot/1.3; +https://openai.com/gptbot)" 461 **0/461172**
74.7.227.150 - - [10/Mar/2026:22:39:23 -0700] "GET /wp?path=//proc/bus HTTP/1.1" 200 2571 "http://rgardensoap.com/wp?path=//proc" "Mozilla/5.0 AppleWebKit/537.36 (KHTML, like Gecko; compatible; GPTBot/1.3; +https://openai.com/gptbot)" 491 **0/491493**
74.7.241.54 - - [10/Mar/2026:22:39:23 -0700] "GET /plug/vote/plug.xml?fileloc=//proc/2470499/root/sbin/create-cracklib-dict&path=//proc/2470499/root/sbin HTTP/1.1" 200 2788 "http://www.rgardensoap.com/plug/vote/plug.xml?path=//proc/2470499/root/sbin" "Mozilla/5.0 AppleWebKit/537.36 (KHTML, like Gecko; compatible; GPTBot/1.3; +https://openai.com/gptbot)" 480 **0/480304**
74.7.227.35 - - [10/Mar/2026:22:39:23 -0700] "GET /?path=//opt/alt/tests/alt-php70-pecl-solr_2.6.0-1.el8 HTTP/1.1" 200 2581 "http://mail.rgardensoap.com/?path=//opt/alt/tests" "Mozilla/5.0 AppleWebKit/537.36 (KHTML, like Gecko; compatible; GPTBot/1.3; +https://openai.com/gptbot)" 467 **0/467806**
74.7.227.150 - - [10/Mar/2026:22:39:23 -0700] "GET /wp?path=//etc/mail HTTP/1.1" 200 2547 "http://rgardensoap.com/wp?path=//etc" "Mozilla/5.0 AppleWebKit/537.36 (KHTML, like Gecko; compatible; GPTBot/1.3; +https://openai.com/gptbot)" 518 **0/518648**
74.7.241.54 - - [10/Mar/2026:22:39:24 -0700] "GET /plug/vote/plug.xml?fileloc=//proc/2470499/root/sbin/dnssec-signzone&path=//proc/2470499/root/sbin HTTP/1.1" 200 2284 "http://www.rgardensoap.com/plug/vote/plug.xml?path=//proc/2470499/root/sbin" "Mozilla/5.0 AppleWebKit/537.36 (KHTML, like Gecko; compatible; GPTBot/1.3; +https://openai.com/gptbot)" 479 **0/479352**
74.7.227.35 - - [10/Mar/2026:22:39:24 -0700] "GET /?path=//opt/alt/tests/alt-php84-pecl-yaml_2.2.3-1.el8 HTTP/1.1" 200 2581 "http://mail.rgardensoap.com/?path=//opt/alt/tests" "Mozilla/5.0 AppleWebKit/537.36 (KHTML, like Gecko; compatible; GPTBot/1.3; +https://openai.com/gptbot)" 478 **0/478259**
74.7.227.150 - - [10/Mar/2026:22:39:24 -0700] "GET /wp?path=//run/nscd HTTP/1.1" 200 2563 "http://rgardensoap.com/wp?path=//run" "Mozilla/5.0 AppleWebKit/537.36 (KHTML, like Gecko; compatible; GPTBot/1.3; +https://openai.com/gptbot)" 486 **0/486306**
74.7.241.54 - - [10/Mar/2026:22:39:25 -0700] "GET /plug/vote/plug.xml?fileloc=//proc/2470499/root/sbin/named-checkzone&path=//proc/2470499/root/sbin HTTP/1.1" 200 2282 "http://www.rgardensoap.com/plug/vote/plug.xml?path=//proc/2470499/root/sbin" "Mozilla/5.0 AppleWebKit/537.36 (KHTML, like Gecko; compatible; GPTBot/1.3; +https://openai.com/gptbot)" 491 **0/491150**
74.7.227.35 - - [10/Mar/2026:22:39:25 -0700] "GET /?path=//opt/alt/tests/alt-php72-pecl-apcu-bc_1.0.5-1.el8 HTTP/1.1" 200 2583 "http://mail.rgardensoap.com/?path=//opt/alt/tests" "Mozilla/5.0 AppleWebKit/537.36 (KHTML, like Gecko; compatible; GPTBot/1.3; +https://openai.com/gptbot)" 458 **0/458542**
