74.7.241.54 - - [10/Mar/2026:22:31:26 -0700] "GET /fizzy-bath-bombs.html?fileloc=/home/p8pyefaexf70/public_html/wp-admin/import.php&path=/home/p8pyefaexf70/public_html/wp-admin HTTP/1.1" 200 4852 "http://www.rgardensoap.com/fizzy-bath-bombs.html?path=/home/p8pyefaexf70/public_html/wp-admin" "Mozilla/5.0 AppleWebKit/537.36 (KHTML, like Gecko; compatible; GPTBot/1.3; +https://openai.com/gptbot)" 594 **0/594004**
74.7.241.54 - - [10/Mar/2026:22:31:27 -0700] "GET /fizzy-bath-bombs.html?fileloc=/home/p8pyefaexf70/public_html/wp-admin/revision.php&path=/home/p8pyefaexf70/public_html/wp-admin HTTP/1.1" 200 4216 "http://www.rgardensoap.com/fizzy-bath-bombs.html?path=/home/p8pyefaexf70/public_html/wp-admin" "Mozilla/5.0 AppleWebKit/537.36 (KHTML, like Gecko; compatible; GPTBot/1.3; +https://openai.com/gptbot)" 503 **0/503378**
74.7.227.150 - - [10/Mar/2026:22:31:27 -0700] "GET /blog?fileloc=//proc/net/icmp6&path=//proc/net HTTP/1.1" 200 2256 "http://rgardensoap.com/blog?path=//proc/net" "Mozilla/5.0 AppleWebKit/537.36 (KHTML, like Gecko; compatible; GPTBot/1.3; +https://openai.com/gptbot)" 569 **0/569857**
74.7.227.35 - - [10/Mar/2026:22:31:27 -0700] "GET /?fileloc=//lib64/libpthread.so&path=//lib64 HTTP/1.1" 200 2250 "http://mail.rgardensoap.com/?path=//lib64" "Mozilla/5.0 AppleWebKit/537.36 (KHTML, like Gecko; compatible; GPTBot/1.3; +https://openai.com/gptbot)" 508 **0/508968**
74.7.241.54 - - [10/Mar/2026:22:31:27 -0700] "GET /fizzy-bath-bombs.html?fileloc=/home/p8pyefaexf70/public_html/wp-admin/plugins.php&path=/home/p8pyefaexf70/public_html/wp-admin HTTP/1.1" 200 9574 "http://www.rgardensoap.com/fizzy-bath-bombs.html?path=/home/p8pyefaexf70/public_html/wp-admin" "Mozilla/5.0 AppleWebKit/537.36 (KHTML, like Gecko; compatible; GPTBot/1.3; +https://openai.com/gptbot)" 501 **0/501344**
74.7.227.150 - - [10/Mar/2026:22:31:27 -0700] "GET /blog?fileloc=//proc/net/ip_mr_cache&path=//proc/net HTTP/1.1" 200 2260 "http://rgardensoap.com/blog?path=//proc/net" "Mozilla/5.0 AppleWebKit/537.36 (KHTML, like Gecko; compatible; GPTBot/1.3; +https://openai.com/gptbot)" 511 **0/511351**
74.7.227.35 - - [10/Mar/2026:22:31:28 -0700] "GET /?fileloc=//lib64/libformw.so&path=//lib64 HTTP/1.1" 200 2249 "http://mail.rgardensoap.com/?path=//lib64" "Mozilla/5.0 AppleWebKit/537.36 (KHTML, like Gecko; compatible; GPTBot/1.3; +https://openai.com/gptbot)" 544 **0/544451**
74.7.241.54 - - [10/Mar/2026:22:31:28 -0700] "GET /fizzy-bath-bombs.html?fileloc=/home/p8pyefaexf70/public_html/wp-admin/credits.php&path=/home/p8pyefaexf70/public_html/wp-admin HTTP/1.1" 200 3558 "http://www.rgardensoap.com/fizzy-bath-bombs.html?path=/home/p8pyefaexf70/public_html/wp-admin" "Mozilla/5.0 AppleWebKit/537.36 (KHTML, like Gecko; compatible; GPTBot/1.3; +https://openai.com/gptbot)" 568 **0/568359**
74.7.227.150 - - [10/Mar/2026:22:31:28 -0700] "GET /blog?fileloc=//proc/net/udp6&path=//proc/net HTTP/1.1" 200 2416 "http://rgardensoap.com/blog?path=//proc/net" "Mozilla/5.0 AppleWebKit/537.36 (KHTML, like Gecko; compatible; GPTBot/1.3; +https://openai.com/gptbot)" 502 **0/502104**
74.7.227.35 - - [10/Mar/2026:22:31:28 -0700] "GET /?fileloc=//lib64/libjasper.so&path=//lib64 HTTP/1.1" 200 2251 "http://mail.rgardensoap.com/?path=//lib64" "Mozilla/5.0 AppleWebKit/537.36 (KHTML, like Gecko; compatible; GPTBot/1.3; +https://openai.com/gptbot)" 515 **0/515266**
74.7.241.54 - - [10/Mar/2026:22:31:29 -0700] "GET /fizzy-bath-bombs.html?fileloc=/home/p8pyefaexf70/public_html/wp-admin/freedoms.php&path=/home/p8pyefaexf70/public_html/wp-admin HTTP/1.1" 200 3912 "http://www.rgardensoap.com/fizzy-bath-bombs.html?path=/home/p8pyefaexf70/public_html/wp-admin" "Mozilla/5.0 AppleWebKit/537.36 (KHTML, like Gecko; compatible; GPTBot/1.3; +https://openai.com/gptbot)" 497 **0/497180**
74.7.227.150 - - [10/Mar/2026:22:31:29 -0700] "GET /blog?fileloc=//proc/net/snmp6&path=//proc/net HTTP/1.1" 200 2256 "http://rgardensoap.com/blog?path=//proc/net" "Mozilla/5.0 AppleWebKit/537.36 (KHTML, like Gecko; compatible; GPTBot/1.3; +https://openai.com/gptbot)" 764 **0/764336**
74.7.241.54 - - [10/Mar/2026:22:31:29 -0700] "GET /fizzy-bath-bombs.html?fileloc=/home/p8pyefaexf70/public_html/wp-admin/themes.php&path=/home/p8pyefaexf70/public_html/wp-admin HTTP/1.1" 200 10751 "http://www.rgardensoap.com/fizzy-bath-bombs.html?path=/home/p8pyefaexf70/public_html/wp-admin" "Mozilla/5.0 AppleWebKit/537.36 (KHTML, like Gecko; compatible; GPTBot/1.3; +https://openai.com/gptbot)" 796 **0/796667**
74.7.227.150 - - [10/Mar/2026:22:31:30 -0700] "GET /blog/?fileloc=//proc/net/packet&path=//proc/net HTTP/1.1" 200 2256 "http://rgardensoap.com/blog/?path=//proc/net" "Mozilla/5.0 AppleWebKit/537.36 (KHTML, like Gecko; compatible; GPTBot/1.3; +https://openai.com/gptbot)" 606 **0/606178**
74.7.241.54 - - [10/Mar/2026:22:31:30 -0700] "GET /fizzy-bath-bombs.html?fileloc=/home/p8pyefaexf70/public_html/wp-admin/widgets.php&path=/home/p8pyefaexf70/public_html/wp-admin HTTP/1.1" 200 2775 "http://www.rgardensoap.com/fizzy-bath-bombs.html?path=/home/p8pyefaexf70/public_html/wp-admin" "Mozilla/5.0 AppleWebKit/537.36 (KHTML, like Gecko; compatible; GPTBot/1.3; +https://openai.com/gptbot)" 527 **0/527807**
74.7.227.150 - - [10/Mar/2026:22:31:30 -0700] "GET /blog?fileloc=//proc/net/rt_acct&path=//proc/net HTTP/1.1" 200 2256 "http://rgardensoap.com/blog?path=//proc/net" "Mozilla/5.0 AppleWebKit/537.36 (KHTML, like Gecko; compatible; GPTBot/1.3; +https://openai.com/gptbot)" 739 **0/739258**
74.7.227.35 - - [10/Mar/2026:22:31:29 -0700] "GET /?fileloc=//lib64/libmysqld.so&path=//lib64 HTTP/1.1" 200 2253 "http://mail.rgardensoap.com/?path=//lib64" "Mozilla/5.0 AppleWebKit/537.36 (KHTML, like Gecko; compatible; GPTBot/1.3; +https://openai.com/gptbot)" 2317 **2/2317754**
74.7.241.54 - - [10/Mar/2026:22:31:31 -0700] "GET /fizzy-bath-bombs.html?fileloc=/home/p8pyefaexf70/public_html/wp-admin/customize.php&path=/home/p8pyefaexf70/public_html/wp-admin HTTP/1.1" 200 5876 "http://www.rgardensoap.com/fizzy-bath-bombs.html?path=/home/p8pyefaexf70/public_html/wp-admin" "Mozilla/5.0 AppleWebKit/537.36 (KHTML, like Gecko; compatible; GPTBot/1.3; +https://openai.com/gptbot)" 555 **0/555451**
74.7.227.150 - - [10/Mar/2026:22:31:31 -0700] "GET /blog/?fileloc=//proc/net/psched&path=//proc/net HTTP/1.1" 200 2256 "http://rgardensoap.com/blog/?path=//proc/net" "Mozilla/5.0 AppleWebKit/537.36 (KHTML, like Gecko; compatible; GPTBot/1.3; +https://openai.com/gptbot)" 527 **0/527364**
74.7.227.35 - - [10/Mar/2026:22:31:31 -0700] "GET /?fileloc=//lib64/libcursesw.so&path=//lib64 HTTP/1.1" 200 2263 "http://mail.rgardensoap.com/?path=//lib64" "Mozilla/5.0 AppleWebKit/537.36 (KHTML, like Gecko; compatible; GPTBot/1.3; +https://openai.com/gptbot)" 579 **0/579457**
74.7.241.54 - - [10/Mar/2026:22:31:31 -0700] "GET /fizzy-bath-bombs.html?fileloc=/home/p8pyefaexf70/public_html/wp-admin/efriqf.php&path=/home/p8pyefaexf70/public_html/wp-admin HTTP/1.1" 200 2469 "http://www.rgardensoap.com/fizzy-bath-bombs.html?path=/home/p8pyefaexf70/public_html/wp-admin" "Mozilla/5.0 AppleWebKit/537.36 (KHTML, like Gecko; compatible; GPTBot/1.3; +https://openai.com/gptbot)" 589 **0/589554**
74.7.227.150 - - [10/Mar/2026:22:31:32 -0700] "GET /blog?fileloc=//proc/net/ip6_mr_cache&path=//proc/net HTTP/1.1" 200 2261 "http://rgardensoap.com/blog?path=//proc/net" "Mozilla/5.0 AppleWebKit/537.36 (KHTML, like Gecko; compatible; GPTBot/1.3; +https://openai.com/gptbot)" 479 **0/479284**
74.7.227.35 - - [10/Mar/2026:22:31:32 -0700] "GET /?fileloc=//lib64/libext2fs.so&path=//lib64 HTTP/1.1" 200 2250 "http://mail.rgardensoap.com/?path=//lib64" "Mozilla/5.0 AppleWebKit/537.36 (KHTML, like Gecko; compatible; GPTBot/1.3; +https://openai.com/gptbot)" 588 **0/588080**
74.7.241.54 - - [10/Mar/2026:22:31:32 -0700] "GET /fizzy-bath-bombs.html?fileloc=/home/p8pyefaexf70/public_html/wp-admin/options.php&path=/home/p8pyefaexf70/public_html/wp-admin HTTP/1.1" 200 6587 "http://www.rgardensoap.com/fizzy-bath-bombs.html?path=/home/p8pyefaexf70/public_html/wp-admin" "Mozilla/5.0 AppleWebKit/537.36 (KHTML, like Gecko; compatible; GPTBot/1.3; +https://openai.com/gptbot)" 583 **0/583191**
74.7.227.150 - - [10/Mar/2026:22:31:33 -0700] "GET /blog?fileloc=//proc/net/dev_mcast&path=//proc/net HTTP/1.1" 200 2258 "http://rgardensoap.com/blog?path=//proc/net" "Mozilla/5.0 AppleWebKit/537.36 (KHTML, like Gecko; compatible; GPTBot/1.3; +https://openai.com/gptbot)" 787 **0/787505**
74.7.227.35 - - [10/Mar/2026:22:31:33 -0700] "GET /?fileloc=//lib64/libpython3.so&path=//lib64 HTTP/1.1" 200 2252 "http://mail.rgardensoap.com/?path=//lib64" "Mozilla/5.0 AppleWebKit/537.36 (KHTML, like Gecko; compatible; GPTBot/1.3; +https://openai.com/gptbot)" 604 **0/604784**
74.7.241.54 - - [10/Mar/2026:22:31:33 -0700] "GET /fizzy-bath-bombs.html?fileloc=/home/p8pyefaexf70/public_html/wp-admin/upgrade.php&path=/home/p8pyefaexf70/public_html/wp-admin HTTP/1.1" 200 4246 "http://www.rgardensoap.com/fizzy-bath-bombs.html?path=/home/p8pyefaexf70/public_html/wp-admin" "Mozilla/5.0 AppleWebKit/537.36 (KHTML, like Gecko; compatible; GPTBot/1.3; +https://openai.com/gptbot)" 515 **0/515139**
74.7.227.150 - - [10/Mar/2026:22:31:33 -0700] "GET /blog/?fileloc=//proc/net/ipv6_route&path=//proc/net HTTP/1.1" 200 2257 "http://rgardensoap.com/blog/?path=//proc/net" "Mozilla/5.0 AppleWebKit/537.36 (KHTML, like Gecko; compatible; GPTBot/1.3; +https://openai.com/gptbot)" 527 **0/527135**
74.7.241.54 - - [10/Mar/2026:22:31:34 -0700] "GET /fizzy-bath-bombs.html?fileloc=/home/p8pyefaexf70/public_html/wp-admin/export.php&path=/home/p8pyefaexf70/public_html/wp-admin HTTP/1.1" 200 5323 "http://www.rgardensoap.com/fizzy-bath-bombs.html?path=/home/p8pyefaexf70/public_html/wp-admin" "Mozilla/5.0 AppleWebKit/537.36 (KHTML, like Gecko; compatible; GPTBot/1.3; +https://openai.com/gptbot)" 489 **0/489944**
74.7.227.35 - - [10/Mar/2026:22:31:34 -0700] "GET /?fileloc=//lib64/libncurses.so&path=//lib64 HTTP/1.1" 200 2269 "http://mail.rgardensoap.com/?path=//lib64" "Mozilla/5.0 AppleWebKit/537.36 (KHTML, like Gecko; compatible; GPTBot/1.3; +https://openai.com/gptbot)" 870 **0/870874**
74.7.227.150 - - [10/Mar/2026:22:31:34 -0700] "GET /blog/?fileloc=//proc/net/arp&path=//proc/net HTTP/1.1" 200 2254 "http://rgardensoap.com/blog/?path=//proc/net" "Mozilla/5.0 AppleWebKit/537.36 (KHTML, like Gecko; compatible; GPTBot/1.3; +https://openai.com/gptbot)" 656 **0/656252**
74.7.241.54 - - [10/Mar/2026:22:31:34 -0700] "GET /plug/vote/plug.xml?fileloc=//proc/vmstat&path=//proc HTTP/1.1" 200 2246 "http://www.rgardensoap.com/plug/vote/plug.xml?path=//proc" "Mozilla/5.0 AppleWebKit/537.36 (KHTML, like Gecko; compatible; GPTBot/1.3; +https://openai.com/gptbot)" 690 **0/690229**
74.7.241.54 - - [10/Mar/2026:22:31:35 -0700] "GET /plug/vote/plug.xml?path=/home/p8pyefaexf70/public_html/wp-includes/blocks/video HTTP/1.1" 200 2880 "http://www.rgardensoap.com/plug/vote/plug.xml?path=/home/p8pyefaexf70/public_html/wp-includes/blocks" "Mozilla/5.0 AppleWebKit/537.36 (KHTML, like Gecko; compatible; GPTBot/1.3; +https://openai.com/gptbot)" 598 **0/598446**
74.7.227.150 - - [10/Mar/2026:22:31:35 -0700] "GET /blog/?fileloc=//proc/net/tcp&path=//proc/net HTTP/1.1" 200 17035 "http://rgardensoap.com/blog/?path=//proc/net" "Mozilla/5.0 AppleWebKit/537.36 (KHTML, like Gecko; compatible; GPTBot/1.3; +https://openai.com/gptbot)" 886 **0/886781**
74.7.241.54 - - [10/Mar/2026:22:31:36 -0700] "GET /plug/vote/plug.xml?path=/home/p8pyefaexf70/public_html/wp-includes/blocks/query-pagination-previous HTTP/1.1" 200 2614 "http://www.rgardensoap.com/plug/vote/plug.xml?path=/home/p8pyefaexf70/public_html/wp-includes/blocks" "Mozilla/5.0 AppleWebKit/537.36 (KHTML, like Gecko; compatible; GPTBot/1.3; +https://openai.com/gptbot)" 668 **0/668374**
74.7.227.150 - - [10/Mar/2026:22:31:36 -0700] "GET /blog/?fileloc=//proc/net/rt_cache&path=//proc/net HTTP/1.1" 200 2256 "http://rgardensoap.com/blog/?path=//proc/net" "Mozilla/5.0 AppleWebKit/537.36 (KHTML, like Gecko; compatible; GPTBot/1.3; +https://openai.com/gptbot)" 706 **0/706259**
74.7.227.150 - - [10/Mar/2026:22:31:37 -0700] "GET /blog/?fileloc=//proc/net/raw&path=//proc/net HTTP/1.1" 200 2365 "http://rgardensoap.com/blog/?path=//proc/net" "Mozilla/5.0 AppleWebKit/537.36 (KHTML, like Gecko; compatible; GPTBot/1.3; +https://openai.com/gptbot)" 528 **0/528091**
74.7.241.54 - - [10/Mar/2026:22:31:37 -0700] "GET /plug/vote/plug.xml?fileloc=/home/p8pyefaexf70/public_html/wp-includes/blocks/post-content.php&path=/home/p8pyefaexf70/public_html/wp-includes/blocks HTTP/1.1" 200 3232 "http://www.rgardensoap.com/plug/vote/plug.xml?path=/home/p8pyefaexf70/public_html/wp-includes/blocks" "Mozilla/5.0 AppleWebKit/537.36 (KHTML, like Gecko; compatible; GPTBot/1.3; +https://openai.com/gptbot)" 599 **0/599425**
74.7.241.54 - - [10/Mar/2026:22:31:37 -0700] "GET /plug/vote/plug.xml?fileloc=/home/p8pyefaexf70/public_html/wp-includes/js/wp-pointer.min.js&path=/home/p8pyefaexf70/public_html/wp-includes/js HTTP/1.1" 200 3568 "http://www.rgardensoap.com/plug/vote/plug.xml?path=/home/p8pyefaexf70/public_html/wp-includes/js" "Mozilla/5.0 AppleWebKit/537.36 (KHTML, like Gecko; compatible; GPTBot/1.3; +https://openai.com/gptbot)" 409 **0/409715**
74.7.227.150 - - [10/Mar/2026:22:31:37 -0700] "GET /blog/?fileloc=//proc/net/igmp&path=//proc/net HTTP/1.1" 200 2255 "http://rgardensoap.com/blog/?path=//proc/net" "Mozilla/5.0 AppleWebKit/537.36 (KHTML, like Gecko; compatible; GPTBot/1.3; +https://openai.com/gptbot)" 647 **0/647328**
74.7.241.54 - - [10/Mar/2026:22:31:38 -0700] "GET /plug/vote/plug.xml?fileloc=/home/p8pyefaexf70/public_html/wp-includes/js/wp-custom-header.js&path=/home/p8pyefaexf70/public_html/wp-includes/js HTTP/1.1" 200 5048 "http://www.rgardensoap.com/plug/vote/plug.xml?path=/home/p8pyefaexf70/public_html/wp-includes/js" "Mozilla/5.0 AppleWebKit/537.36 (KHTML, like Gecko; compatible; GPTBot/1.3; +https://openai.com/gptbot)" 789 **0/789956**
74.7.227.150 - - [10/Mar/2026:22:31:38 -0700] "GET /blog/?fileloc=//proc/net/rt_acct&path=//proc/net HTTP/1.1" 200 2256 "http://rgardensoap.com/blog/?path=//proc/net" "Mozilla/5.0 AppleWebKit/537.36 (KHTML, like Gecko; compatible; GPTBot/1.3; +https://openai.com/gptbot)" 770 **0/770595**
74.7.227.35 - - [10/Mar/2026:22:31:35 -0700] "GET /?fileloc=//lib64/libmysqld.a&path=//lib64 HTTP/1.1" 200 2252 "http://mail.rgardensoap.com/?path=//lib64" "Mozilla/5.0 AppleWebKit/537.36 (KHTML, like Gecko; compatible; GPTBot/1.3; +https://openai.com/gptbot)" 4252 **4/4252383**
74.7.241.54 - - [10/Mar/2026:22:31:39 -0700] "GET /plug/vote/plug.xml?fileloc=/home/p8pyefaexf70/public_html/wp-includes/js/wp-sanitize.min.js&path=/home/p8pyefaexf70/public_html/wp-includes/js HTTP/1.1" 200 2512 "http://www.rgardensoap.com/plug/vote/plug.xml?path=/home/p8pyefaexf70/public_html/wp-includes/js" "Mozilla/5.0 AppleWebKit/537.36 (KHTML, like Gecko; compatible; GPTBot/1.3; +https://openai.com/gptbot)" 473 **0/473177**
74.7.227.150 - - [10/Mar/2026:22:31:39 -0700] "GET /blog/?fileloc=//proc/net/route&path=//proc/net HTTP/1.1" 200 2255 "http://rgardensoap.com/blog/?path=//proc/net" "Mozilla/5.0 AppleWebKit/537.36 (KHTML, like Gecko; compatible; GPTBot/1.3; +https://openai.com/gptbot)" 682 **0/682905**
74.7.241.54 - - [10/Mar/2026:22:31:39 -0700] "GET /plug/vote/plug.xml?fileloc=/home/p8pyefaexf70/public_html/wp-includes/js/wp-auth-check.min.js&path=/home/p8pyefaexf70/public_html/wp-includes/js HTTP/1.1" 200 3015 "http://www.rgardensoap.com/plug/vote/plug.xml?path=/home/p8pyefaexf70/public_html/wp-includes/js" "Mozilla/5.0 AppleWebKit/537.36 (KHTML, like Gecko; compatible; GPTBot/1.3; +https://openai.com/gptbot)" 434 **0/434691**
74.7.227.35 - - [10/Mar/2026:22:31:39 -0700] "GET /?fileloc=//lib64/libauparse.so&path=//lib64 HTTP/1.1" 200 2251 "http://mail.rgardensoap.com/?path=//lib64" "Mozilla/5.0 AppleWebKit/537.36 (KHTML, like Gecko; compatible; GPTBot/1.3; +https://openai.com/gptbot)" 701 **0/701486**
74.7.241.54 - - [10/Mar/2026:22:31:40 -0700] "GET /plug/vote/plug.xml?fileloc=/home/p8pyefaexf70/public_html/wp-includes/js/wp-ajax-response.js&path=/home/p8pyefaexf70/public_html/wp-includes/js HTTP/1.1" 200 3654 "http://www.rgardensoap.com/plug/vote/plug.xml?path=/home/p8pyefaexf70/public_html/wp-includes/js" "Mozilla/5.0 AppleWebKit/537.36 (KHTML, like Gecko; compatible; GPTBot/1.3; +https://openai.com/gptbot)" 363 **0/363848**
74.7.227.150 - - [10/Mar/2026:22:31:40 -0700] "GET /blog/?fileloc=//proc/net/ptype&path=//proc/net HTTP/1.1" 200 2255 "http://rgardensoap.com/blog/?path=//proc/net" "Mozilla/5.0 AppleWebKit/537.36 (KHTML, like Gecko; compatible; GPTBot/1.3; +https://openai.com/gptbot)" 525 **0/525719**
74.7.227.35 - - [10/Mar/2026:22:31:40 -0700] "GET /?fileloc=//lib64/xsltConf.sh&path=//lib64 HTTP/1.1" 200 2367 "http://mail.rgardensoap.com/?path=//lib64" "Mozilla/5.0 AppleWebKit/537.36 (KHTML, like Gecko; compatible; GPTBot/1.3; +https://openai.com/gptbot)" 701 **0/701910**
74.7.241.54 - - [10/Mar/2026:22:31:40 -0700] "GET /plug/vote/plug.xml?fileloc=/home/p8pyefaexf70/public_html/wp-includes/js/wp-backbone.min.js&path=/home/p8pyefaexf70/public_html/wp-includes/js HTTP/1.1" 200 3434 "http://www.rgardensoap.com/plug/vote/plug.xml?path=/home/p8pyefaexf70/public_html/wp-includes/js" "Mozilla/5.0 AppleWebKit/537.36 (KHTML, like Gecko; compatible; GPTBot/1.3; +https://openai.com/gptbot)" 339 **0/339195**
74.7.227.150 - - [10/Mar/2026:22:31:40 -0700] "GET /blog/?fileloc=//proc/net/icmp&path=//proc/net HTTP/1.1" 200 2255 "http://rgardensoap.com/blog/?path=//proc/net" "Mozilla/5.0 AppleWebKit/537.36 (KHTML, like Gecko; compatible; GPTBot/1.3; +https://openai.com/gptbot)" 558 **0/558762**
74.7.241.54 - - [10/Mar/2026:22:31:41 -0700] "GET /plug/vote/plug.xml?fileloc=/home/p8pyefaexf70/public_html/wp-includes/js/wp-emoji-loader.js&path=/home/p8pyefaexf70/public_html/wp-includes/js HTTP/1.1" 200 5907 "http://www.rgardensoap.com/plug/vote/plug.xml?path=/home/p8pyefaexf70/public_html/wp-includes/js" "Mozilla/5.0 AppleWebKit/537.36 (KHTML, like Gecko; compatible; GPTBot/1.3; +https://openai.com/gptbot)" 351 **0/351671**
74.7.227.35 - - [10/Mar/2026:22:31:41 -0700] "GET /?fileloc=//lib64/libHalf.so.12&path=//lib64 HTTP/1.1" 200 2250 "http://mail.rgardensoap.com/?path=//lib64" "Mozilla/5.0 AppleWebKit/537.36 (KHTML, like Gecko; compatible; GPTBot/1.3; +https://openai.com/gptbot)" 653 **0/653682**
74.7.227.150 - - [10/Mar/2026:22:31:41 -0700] "GET /blog/?fileloc=//proc/net/rt6_stats&path=//proc/net HTTP/1.1" 200 2257 "http://rgardensoap.com/blog/?path=//proc/net" "Mozilla/5.0 AppleWebKit/537.36 (KHTML, like Gecko; compatible; GPTBot/1.3; +https://openai.com/gptbot)" 566 **0/566680**
74.7.241.54 - - [10/Mar/2026:22:31:41 -0700] "GET /fizzy-bath-bombs.html?fileloc=/home/p8pyefaexf70/public_html/wp-admin/site-health-info.php&path=/home/p8pyefaexf70/public_html/wp-admin HTTP/1.1" 200 3792 "http://www.rgardensoap.com/fizzy-bath-bombs.html?path=/home/p8pyefaexf70/public_html/wp-admin" "Mozilla/5.0 AppleWebKit/537.36 (KHTML, like Gecko; compatible; GPTBot/1.3; +https://openai.com/gptbot)" 554 **0/554506**
74.7.227.35 - - [10/Mar/2026:22:31:41 -0700] "GET /?fileloc=//lib64/libmenuw.so&path=//lib64 HTTP/1.1" 200 2250 "http://mail.rgardensoap.com/?path=//lib64" "Mozilla/5.0 AppleWebKit/537.36 (KHTML, like Gecko; compatible; GPTBot/1.3; +https://openai.com/gptbot)" 518 **0/518266**
74.7.227.150 - - [10/Mar/2026:22:31:42 -0700] "GET /blog/?fileloc=//proc/net/snmp&path=//proc/net HTTP/1.1" 200 2255 "http://rgardensoap.com/blog/?path=//proc/net" "Mozilla/5.0 AppleWebKit/537.36 (KHTML, like Gecko; compatible; GPTBot/1.3; +https://openai.com/gptbot)" 554 **0/554114**
74.7.241.54 - - [10/Mar/2026:22:31:42 -0700] "GET /plug/vote/plug.xml?fileloc=/home/p8pyefaexf70/public_html/wp-includes/pluggable.php&path=/home/p8pyefaexf70/public_html/wp-includes HTTP/1.1" 200 29769 "http://www.rgardensoap.com/plug/vote/plug.xml?path=/home/p8pyefaexf70/public_html/wp-includes" "Mozilla/5.0 AppleWebKit/537.36 (KHTML, like Gecko; compatible; GPTBot/1.3; +https://openai.com/gptbot)" 582 **0/582504**
74.7.227.35 - - [10/Mar/2026:22:31:42 -0700] "GET /?fileloc=//lib64/libnssdbm3.so&path=//lib64 HTTP/1.1" 200 2251 "http://mail.rgardensoap.com/?path=//lib64" "Mozilla/5.0 AppleWebKit/537.36 (KHTML, like Gecko; compatible; GPTBot/1.3; +https://openai.com/gptbot)" 549 **0/549698**
74.7.241.54 - - [10/Mar/2026:22:31:43 -0700] "GET /plug/vote/plug.xml?fileloc=/home/p8pyefaexf70/public_html/wp-includes/template.php&path=/home/p8pyefaexf70/public_html/wp-includes HTTP/1.1" 200 10325 "http://www.rgardensoap.com/plug/vote/plug.xml?path=/home/p8pyefaexf70/public_html/wp-includes" "Mozilla/5.0 AppleWebKit/537.36 (KHTML, like Gecko; compatible; GPTBot/1.3; +https://openai.com/gptbot)" 538 **0/538760**
74.7.227.150 - - [10/Mar/2026:22:31:43 -0700] "GET /blog/?fileloc=//proc/net/udp&path=//proc/net HTTP/1.1" 200 2439 "http://rgardensoap.com/blog/?path=//proc/net" "Mozilla/5.0 AppleWebKit/537.36 (KHTML, like Gecko; compatible; GPTBot/1.3; +https://openai.com/gptbot)" 980 **0/980206**
74.7.227.35 - - [10/Mar/2026:22:31:43 -0700] "GET /?fileloc=//lib64/libfftw3.so.3&path=//lib64 HTTP/1.1" 200 2251 "http://mail.rgardensoap.com/?path=//lib64" "Mozilla/5.0 AppleWebKit/537.36 (KHTML, like Gecko; compatible; GPTBot/1.3; +https://openai.com/gptbot)" 797 **0/797433**
74.7.241.54 - - [10/Mar/2026:22:31:43 -0700] "GET /plug/vote/plug.xml?fileloc=/home/p8pyefaexf70/public_html/wp-includes/sitemaps.php&path=/home/p8pyefaexf70/public_html/wp-includes HTTP/1.1" 200 3234 "http://www.rgardensoap.com/plug/vote/plug.xml?path=/home/p8pyefaexf70/public_html/wp-includes" "Mozilla/5.0 AppleWebKit/537.36 (KHTML, like Gecko; compatible; GPTBot/1.3; +https://openai.com/gptbot)" 668 **0/668719**
74.7.227.150 - - [10/Mar/2026:22:31:44 -0700] "GET /blog/?fileloc=//proc/net/unix&path=//proc/net HTTP/1.1" 200 9112 "http://rgardensoap.com/blog/?path=//proc/net" "Mozilla/5.0 AppleWebKit/537.36 (KHTML, like Gecko; compatible; GPTBot/1.3; +https://openai.com/gptbot)" 563 **0/563082**
74.7.227.35 - - [10/Mar/2026:22:31:44 -0700] "GET /?fileloc=//lib64/libexif.so.12&path=//lib64 HTTP/1.1" 200 2251 "http://mail.rgardensoap.com/?path=//lib64" "Mozilla/5.0 AppleWebKit/537.36 (KHTML, like Gecko; compatible; GPTBot/1.3; +https://openai.com/gptbot)" 840 **0/840773**
74.7.241.54 - - [10/Mar/2026:22:31:44 -0700] "GET /plug/vote/plug.xml?fileloc=/home/p8pyefaexf70/public_html/wp-includes/cache-compat.php&path=/home/p8pyefaexf70/public_html/wp-includes HTTP/1.1" 200 4181 "http://www.rgardensoap.com/plug/vote/plug.xml?path=/home/p8pyefaexf70/public_html/wp-includes" "Mozilla/5.0 AppleWebKit/537.36 (KHTML, like Gecko; compatible; GPTBot/1.3; +https://openai.com/gptbot)" 472 **0/472642**
74.7.227.150 - - [10/Mar/2026:22:31:44 -0700] "GET /blog/?fileloc=//proc/net/fib_trie&path=//proc/net HTTP/1.1" 200 2257 "http://rgardensoap.com/blog/?path=//proc/net" "Mozilla/5.0 AppleWebKit/537.36 (KHTML, like Gecko; compatible; GPTBot/1.3; +https://openai.com/gptbot)" 535 **0/535590**
74.7.227.35 - - [10/Mar/2026:22:31:45 -0700] "GET /?fileloc=//lib64/libjpeg.so.62&path=//lib64 HTTP/1.1" 200 2252 "http://mail.rgardensoap.com/?path=//lib64" "Mozilla/5.0 AppleWebKit/537.36 (KHTML, like Gecko; compatible; GPTBot/1.3; +https://openai.com/gptbot)" 467 **0/467680**
74.7.241.54 - - [10/Mar/2026:22:31:45 -0700] "GET /plug/vote/plug.xml?fileloc=/home/p8pyefaexf70/public_html/wp-includes/class-phpass.php&path=/home/p8pyefaexf70/public_html/wp-includes HTTP/1.1" 200 4621 "http://www.rgardensoap.com/plug/vote/plug.xml?path=/home/p8pyefaexf70/public_html/wp-includes" "Mozilla/5.0 AppleWebKit/537.36 (KHTML, like Gecko; compatible; GPTBot/1.3; +https://openai.com/gptbot)" 811 **0/811119**
74.7.227.150 - - [10/Mar/2026:22:31:45 -0700] "GET /blog/?fileloc=//proc/net/ip6_mr_cache&path=//proc/net HTTP/1.1" 200 2261 "http://rgardensoap.com/blog/?path=//proc/net" "Mozilla/5.0 AppleWebKit/537.36 (KHTML, like Gecko; compatible; GPTBot/1.3; +https://openai.com/gptbot)" 934 **0/934230**
74.7.227.35 - - [10/Mar/2026:22:31:45 -0700] "GET /?fileloc=//lib64/libtasn1.so.6&path=//lib64 HTTP/1.1" 200 2251 "http://mail.rgardensoap.com/?path=//lib64" "Mozilla/5.0 AppleWebKit/537.36 (KHTML, like Gecko; compatible; GPTBot/1.3; +https://openai.com/gptbot)" 731 **0/731068**
74.7.241.54 - - [10/Mar/2026:22:31:46 -0700] "GET /plug/vote/plug.xml?path=/home/p8pyefaexf70/public_html/wp-includes/blocks/accordion-heading HTTP/1.1" 200 2734 "http://www.rgardensoap.com/plug/vote/plug.xml?path=/home/p8pyefaexf70/public_html/wp-includes/blocks" "Mozilla/5.0 AppleWebKit/537.36 (KHTML, like Gecko; compatible; GPTBot/1.3; +https://openai.com/gptbot)" 597 **0/597308**
74.7.227.150 - - [10/Mar/2026:22:31:46 -0700] "GET /blog/?fileloc=//proc/net/ip_mr_cache&path=//proc/net HTTP/1.1" 200 2260 "http://rgardensoap.com/blog/?path=//proc/net" "Mozilla/5.0 AppleWebKit/537.36 (KHTML, like Gecko; compatible; GPTBot/1.3; +https://openai.com/gptbot)" 550 **0/550206**
74.7.227.35 - - [10/Mar/2026:22:31:46 -0700] "GET /?fileloc=//lib64/libX11-xcb.so&path=//lib64 HTTP/1.1" 200 2250 "http://mail.rgardensoap.com/?path=//lib64" "Mozilla/5.0 AppleWebKit/537.36 (KHTML, like Gecko; compatible; GPTBot/1.3; +https://openai.com/gptbot)" 653 **0/653041**
74.7.241.54 - - [10/Mar/2026:22:31:46 -0700] "GET /plug/vote/plug.xml?fileloc=/home/p8pyefaexf70/public_html/wp-includes/class-wp-http-ixr-client.php&path=/home/p8pyefaexf70/public_html/wp-includes HTTP/1.1" 200 3587 "http://www.rgardensoap.com/plug/vote/plug.xml?path=/home/p8pyefaexf70/public_html/wp-includes" "Mozilla/5.0 AppleWebKit/537.36 (KHTML, like Gecko; compatible; GPTBot/1.3; +https://openai.com/gptbot)" 495 **0/495776**
74.7.227.150 - - [10/Mar/2026:22:31:47 -0700] "GET /blog/?fileloc=//proc/net/tcp6&path=//proc/net HTTP/1.1" 200 2660 "http://rgardensoap.com/blog/?path=//proc/net" "Mozilla/5.0 AppleWebKit/537.36 (KHTML, like Gecko; compatible; GPTBot/1.3; +https://openai.com/gptbot)" 597 **0/597279**
74.7.241.54 - - [10/Mar/2026:22:31:47 -0700] "GET /plug/vote/plug.xml?fileloc=/home/p8pyefaexf70/public_html/wp-includes/js/wp-emoji-loader.min.js&path=/home/p8pyefaexf70/public_html/wp-includes/js HTTP/1.1" 200 3453 "http://www.rgardensoap.com/plug/vote/plug.xml?path=/home/p8pyefaexf70/public_html/wp-includes/js" "Mozilla/5.0 AppleWebKit/537.36 (KHTML, like Gecko; compatible; GPTBot/1.3; +https://openai.com/gptbot)" 289 **0/289261**
74.7.227.35 - - [10/Mar/2026:22:31:47 -0700] "GET /?fileloc=//lib64/libdav1d.so.3&path=//lib64 HTTP/1.1" 200 2251 "http://mail.rgardensoap.com/?path=//lib64" "Mozilla/5.0 AppleWebKit/537.36 (KHTML, like Gecko; compatible; GPTBot/1.3; +https://openai.com/gptbot)" 569 **0/569388**
74.7.227.150 - - [10/Mar/2026:22:31:47 -0700] "GET /blog/?fileloc=//proc/net/if_inet6&path=//proc/net HTTP/1.1" 200 2258 "http://rgardensoap.com/blog/?path=//proc/net" "Mozilla/5.0 AppleWebKit/537.36 (KHTML, like Gecko; compatible; GPTBot/1.3; +https://openai.com/gptbot)" 512 **0/512321**
74.7.241.54 - - [10/Mar/2026:22:31:48 -0700] "GET /plug/vote/plug.xml?fileloc=/home/p8pyefaexf70/public_html/wp-includes/class-wp-image-editor-gd.php&path=/home/p8pyefaexf70/public_html/wp-includes HTTP/1.1" 200 7172 "http://www.rgardensoap.com/plug/vote/plug.xml?path=/home/p8pyefaexf70/public_html/wp-includes" "Mozilla/5.0 AppleWebKit/537.36 (KHTML, like Gecko; compatible; GPTBot/1.3; +https://openai.com/gptbot)" 998 **0/998259**
74.7.227.35 - - [10/Mar/2026:22:31:48 -0700] "GET /?fileloc=//lib64/libpcre2-8.so&path=//lib64 HTTP/1.1" 200 2251 "http://mail.rgardensoap.com/?path=//lib64" "Mozilla/5.0 AppleWebKit/537.36 (KHTML, like Gecko; compatible; GPTBot/1.3; +https://openai.com/gptbot)" 897 **0/897816**
74.7.227.150 - - [10/Mar/2026:22:31:48 -0700] "GET /blog/?fileloc=//proc/net/snmp6&path=//proc/net HTTP/1.1" 200 2256 "http://rgardensoap.com/blog/?path=//proc/net" "Mozilla/5.0 AppleWebKit/537.36 (KHTML, like Gecko; compatible; GPTBot/1.3; +https://openai.com/gptbot)" 687 **0/687393**
74.7.241.54 - - [10/Mar/2026:22:31:49 -0700] "GET /plug/vote/plug.xml?fileloc=/home/p8pyefaexf70/public_html/wp-includes/version.php&path=/home/p8pyefaexf70/public_html/wp-includes HTTP/1.1" 200 2667 "http://www.rgardensoap.com/plug/vote/plug.xml?path=/home/p8pyefaexf70/public_html/wp-includes" "Mozilla/5.0 AppleWebKit/537.36 (KHTML, like Gecko; compatible; GPTBot/1.3; +https://openai.com/gptbot)" 594 **0/594883**
74.7.227.35 - - [10/Mar/2026:22:31:49 -0700] "GET /?fileloc=//lib64/libtinfo.so&path=//lib64 HTTP/1.1" 200 2250 "http://mail.rgardensoap.com/?path=//lib64" "Mozilla/5.0 AppleWebKit/537.36 (KHTML, like Gecko; compatible; GPTBot/1.3; +https://openai.com/gptbot)" 661 **0/661663**
74.7.227.150 - - [10/Mar/2026:22:31:49 -0700] "GET /blog/?fileloc=//proc/net/icmp6&path=//proc/net HTTP/1.1" 200 2256 "http://rgardensoap.com/blog/?path=//proc/net" "Mozilla/5.0 AppleWebKit/537.36 (KHTML, like Gecko; compatible; GPTBot/1.3; +https://openai.com/gptbot)" 655 **0/655487**
74.7.241.54 - - [10/Mar/2026:22:31:49 -0700] "GET /plug/vote/plug.xml?fileloc=/home/p8pyefaexf70/public_html/wp-includes/session.php&path=/home/p8pyefaexf70/public_html/wp-includes HTTP/1.1" 200 2407 "http://www.rgardensoap.com/plug/vote/plug.xml?path=/home/p8pyefaexf70/public_html/wp-includes" "Mozilla/5.0 AppleWebKit/537.36 (KHTML, like Gecko; compatible; GPTBot/1.3; +https://openai.com/gptbot)" 605 **0/605697**
74.7.227.35 - - [10/Mar/2026:22:31:50 -0700] "GET /?fileloc=//lib64/libmariadb.a&path=//lib64 HTTP/1.1" 200 2250 "http://mail.rgardensoap.com/?path=//lib64" "Mozilla/5.0 AppleWebKit/537.36 (KHTML, like Gecko; compatible; GPTBot/1.3; +https://openai.com/gptbot)" 583 **0/583817**
74.7.227.150 - - [10/Mar/2026:22:31:50 -0700] "GET /blog/?fileloc=//proc/net/udp6&path=//proc/net HTTP/1.1" 200 2416 "http://rgardensoap.com/blog/?path=//proc/net" "Mozilla/5.0 AppleWebKit/537.36 (KHTML, like Gecko; compatible; GPTBot/1.3; +https://openai.com/gptbot)" 900 **0/900724**
74.7.227.35 - - [10/Mar/2026:22:31:50 -0700] "GET /?fileloc=//lib64/libsepol.so&path=//lib64 HTTP/1.1" 200 2250 "http://mail.rgardensoap.com/?path=//lib64" "Mozilla/5.0 AppleWebKit/537.36 (KHTML, like Gecko; compatible; GPTBot/1.3; +https://openai.com/gptbot)" 467 **0/467017**
74.7.241.54 - - [10/Mar/2026:22:31:50 -0700] "GET /plug/vote/plug.xml?fileloc=/home/p8pyefaexf70/public_html/wp-includes/widgets.php&path=/home/p8pyefaexf70/public_html/wp-includes HTTP/1.1" 200 17570 "http://www.rgardensoap.com/plug/vote/plug.xml?path=/home/p8pyefaexf70/public_html/wp-includes" "Mozilla/5.0 AppleWebKit/537.36 (KHTML, like Gecko; compatible; GPTBot/1.3; +https://openai.com/gptbot)" 842 **0/842911**
74.7.227.150 - - [10/Mar/2026:22:31:51 -0700] "GET /blog/?fileloc=//proc/net/raw6&path=//proc/net HTTP/1.1" 200 2374 "http://rgardensoap.com/blog/?path=//proc/net" "Mozilla/5.0 AppleWebKit/537.36 (KHTML, like Gecko; compatible; GPTBot/1.3; +https://openai.com/gptbot)" 489 **0/489806**
74.7.241.54 - - [10/Mar/2026:22:31:51 -0700] "GET /plug/vote/plug.xml?fileloc=/home/p8pyefaexf70/public_html/wp-includes/rewrite.php&path=/home/p8pyefaexf70/public_html/wp-includes HTTP/1.1" 200 7998 "http://www.rgardensoap.com/plug/vote/plug.xml?path=/home/p8pyefaexf70/public_html/wp-includes" "Mozilla/5.0 AppleWebKit/537.36 (KHTML, like Gecko; compatible; GPTBot/1.3; +https://openai.com/gptbot)" 491 **0/491657**
74.7.227.35 - - [10/Mar/2026:22:31:51 -0700] "GET /?fileloc=//lib64/liblscapi.so&path=//lib64 HTTP/1.1" 200 2250 "http://mail.rgardensoap.com/?path=//lib64" "Mozilla/5.0 AppleWebKit/537.36 (KHTML, like Gecko; compatible; GPTBot/1.3; +https://openai.com/gptbot)" 502 **0/502647**
74.7.241.54 - - [10/Mar/2026:22:31:51 -0700] "GET /plug/vote/plug.xml?fileloc=/home/p8pyefaexf70/public_html/wp-includes/atomlib.php&path=/home/p8pyefaexf70/public_html/wp-includes HTTP/1.1" 200 5521 "http://www.rgardensoap.com/plug/vote/plug.xml?path=/home/p8pyefaexf70/public_html/wp-includes" "Mozilla/5.0 AppleWebKit/537.36 (KHTML, like Gecko; compatible; GPTBot/1.3; +https://openai.com/gptbot)" 548 **0/548887**
74.7.227.150 - - [10/Mar/2026:22:31:51 -0700] "GET /blog/?fileloc=//proc/net/igmp6&path=//proc/net HTTP/1.1" 200 2256 "http://rgardensoap.com/blog/?path=//proc/net" "Mozilla/5.0 AppleWebKit/537.36 (KHTML, like Gecko; compatible; GPTBot/1.3; +https://openai.com/gptbot)" 629 **0/629072**
74.7.227.35 - - [10/Mar/2026:22:31:52 -0700] "GET /?fileloc=//lib64/libtiffxx.so&path=//lib64 HTTP/1.1" 200 2250 "http://mail.rgardensoap.com/?path=//lib64" "Mozilla/5.0 AppleWebKit/537.36 (KHTML, like Gecko; compatible; GPTBot/1.3; +https://openai.com/gptbot)" 546 **0/546995**
74.7.241.54 - - [10/Mar/2026:22:31:52 -0700] "GET /plug/vote/plug.xml?fileloc=/home/p8pyefaexf70/public_html/wp-includes/js/zxcvbn-async.min.js&path=/home/p8pyefaexf70/public_html/wp-includes/js HTTP/1.1" 200 2459 "http://www.rgardensoap.com/plug/vote/plug.xml?path=/home/p8pyefaexf70/public_html/wp-includes/js" "Mozilla/5.0 AppleWebKit/537.36 (KHTML, like Gecko; compatible; GPTBot/1.3; +https://openai.com/gptbot)" 274 **0/274029**
74.7.227.35 - - [10/Mar/2026:22:31:52 -0700] "GET /?fileloc=//lib64/libexslt.so&path=//lib64 HTTP/1.1" 200 2250 "http://mail.rgardensoap.com/?path=//lib64" "Mozilla/5.0 AppleWebKit/537.36 (KHTML, like Gecko; compatible; GPTBot/1.3; +https://openai.com/gptbot)" 615 **0/615651**
74.7.227.150 - - [10/Mar/2026:22:31:52 -0700] "GET /blog?fileloc=//lib64/libssl.so.10&path=//lib64 HTTP/1.1" 200 2250 "http://rgardensoap.com/blog?path=//lib64" "Mozilla/5.0 AppleWebKit/537.36 (KHTML, like Gecko; compatible; GPTBot/1.3; +https://openai.com/gptbot)" 709 **0/709425**
74.7.241.54 - - [10/Mar/2026:22:31:53 -0700] "GET /plug/vote/plug.xml?path=/home/p8pyefaexf70/public_html/wp-includes/blocks/comments-pagination-next HTTP/1.1" 200 2613 "http://www.rgardensoap.com/plug/vote/plug.xml?path=/home/p8pyefaexf70/public_html/wp-includes/blocks" "Mozilla/5.0 AppleWebKit/537.36 (KHTML, like Gecko; compatible; GPTBot/1.3; +https://openai.com/gptbot)" 570 **0/570475**
74.7.227.35 - - [10/Mar/2026:22:31:53 -0700] "GET /?fileloc=//lib64/libplds4.so&path=//lib64 HTTP/1.1" 200 2250 "http://mail.rgardensoap.com/?path=//lib64" "Mozilla/5.0 AppleWebKit/537.36 (KHTML, like Gecko; compatible; GPTBot/1.3; +https://openai.com/gptbot)" 689 **0/689104**
74.7.227.150 - - [10/Mar/2026:22:31:53 -0700] "GET /blog/?fileloc=//proc/net/xfrm_stat&path=//proc/net HTTP/1.1" 200 2258 "http://rgardensoap.com/blog/?path=//proc/net" "Mozilla/5.0 AppleWebKit/537.36 (KHTML, like Gecko; compatible; GPTBot/1.3; +https://openai.com/gptbot)" 638 **0/638800**
74.7.241.54 - - [10/Mar/2026:22:31:53 -0700] "GET /plug/vote/plug.xml?fileloc=/home/p8pyefaexf70/public_html/wp-includes/blocks/comments-pagination-next.php&path=/home/p8pyefaexf70/public_html/wp-includes/blocks HTTP/1.1" 200 2948 "http://www.rgardensoap.com/plug/vote/plug.xml?path=/home/p8pyefaexf70/public_html/wp-includes/blocks" "Mozilla/5.0 AppleWebKit/537.36 (KHTML, like Gecko; compatible; GPTBot/1.3; +https://openai.com/gptbot)" 506 **0/506874**
74.7.227.35 - - [10/Mar/2026:22:31:54 -0700] "GET /?fileloc=//lib64/libisccfg.so&path=//lib64 HTTP/1.1" 200 2251 "http://mail.rgardensoap.com/?path=//lib64" "Mozilla/5.0 AppleWebKit/537.36 (KHTML, like Gecko; compatible; GPTBot/1.3; +https://openai.com/gptbot)" 576 **0/576232**
74.7.241.54 - - [10/Mar/2026:22:31:54 -0700] "GET /fizzy-bath-bombs.html?fileloc=/home/p8pyefaexf70/public_html/wp-admin/images/menu-vs.png&path=/home/p8pyefaexf70/public_html/wp-admin/images HTTP/1.1" 200 2283 "http://www.rgardensoap.com/fizzy-bath-bombs.html?path=/home/p8pyefaexf70/public_html/wp-admin/images" "Mozilla/5.0 AppleWebKit/537.36 (KHTML, like Gecko; compatible; GPTBot/1.3; +https://openai.com/gptbot)" 632 **0/632166**
74.7.227.150 - - [10/Mar/2026:22:31:54 -0700] "GET /blog?path=//proc/net/rpc HTTP/1.1" 200 2312 "http://rgardensoap.com/blog?path=//proc/net" "Mozilla/5.0 AppleWebKit/537.36 (KHTML, like Gecko; compatible; GPTBot/1.3; +https://openai.com/gptbot)" 817 **0/817559**
74.7.227.35 - - [10/Mar/2026:22:31:55 -0700] "GET /?fileloc=//lib64/libpanel.so&path=//lib64 HTTP/1.1" 200 2250 "http://mail.rgardensoap.com/?path=//lib64" "Mozilla/5.0 AppleWebKit/537.36 (KHTML, like Gecko; compatible; GPTBot/1.3; +https://openai.com/gptbot)" 486 **0/486086**
74.7.241.54 - - [10/Mar/2026:22:31:55 -0700] "GET /fizzy-bath-bombs.html?fileloc=/home/p8pyefaexf70/public_html/wp-admin/js/site-health.min.js&path=/home/p8pyefaexf70/public_html/wp-admin/js HTTP/1.1" 200 4426 "http://www.rgardensoap.com/fizzy-bath-bombs.html?path=/home/p8pyefaexf70/public_html/wp-admin/js" "Mozilla/5.0 AppleWebKit/537.36 (KHTML, like Gecko; compatible; GPTBot/1.3; +https://openai.com/gptbot)" 335 **0/335291**
74.7.241.54 - - [10/Mar/2026:22:31:55 -0700] "GET /fizzy-bath-bombs.html?fileloc=/home/p8pyefaexf70/public_html/wp-admin/js/media-upload.min.js&path=/home/p8pyefaexf70/public_html/wp-admin/js HTTP/1.1" 200 2849 "http://www.rgardensoap.com/fizzy-bath-bombs.html?path=/home/p8pyefaexf70/public_html/wp-admin/js" "Mozilla/5.0 AppleWebKit/537.36 (KHTML, like Gecko; compatible; GPTBot/1.3; +https://openai.com/gptbot)" 300 **0/300360**
74.7.227.150 - - [10/Mar/2026:22:31:55 -0700] "GET /blog?fileloc=//proc/net/ip6_mr_vif&path=//proc/net HTTP/1.1" 200 2259 "http://rgardensoap.com/blog?path=//proc/net" "Mozilla/5.0 AppleWebKit/537.36 (KHTML, like Gecko; compatible; GPTBot/1.3; +https://openai.com/gptbot)" 758 **0/758528**
74.7.227.35 - - [10/Mar/2026:22:31:55 -0700] "GET /?fileloc=//lib64/libbsock.so&path=//lib64 HTTP/1.1" 200 2250 "http://mail.rgardensoap.com/?path=//lib64" "Mozilla/5.0 AppleWebKit/537.36 (KHTML, like Gecko; compatible; GPTBot/1.3; +https://openai.com/gptbot)" 652 **0/652079**
74.7.241.54 - - [10/Mar/2026:22:31:56 -0700] "GET /fizzy-bath-bombs.html?fileloc=/home/p8pyefaexf70/public_html/wp-admin/js/inline-edit-tax.js&path=/home/p8pyefaexf70/public_html/wp-admin/js HTTP/1.1" 200 4635 "http://www.rgardensoap.com/fizzy-bath-bombs.html?path=/home/p8pyefaexf70/public_html/wp-admin/js" "Mozilla/5.0 AppleWebKit/537.36 (KHTML, like Gecko; compatible; GPTBot/1.3; +https://openai.com/gptbot)" 337 **0/337498**
74.7.227.35 - - [10/Mar/2026:22:31:56 -0700] "GET /?fileloc=//lib64/libltdl.so&path=//lib64 HTTP/1.1" 200 2249 "http://mail.rgardensoap.com/?path=//lib64" "Mozilla/5.0 AppleWebKit/537.36 (KHTML, like Gecko; compatible; GPTBot/1.3; +https://openai.com/gptbot)" 591 **0/591181**
74.7.227.150 - - [10/Mar/2026:22:31:56 -0700] "GET /blog/?fileloc=//proc/net/ip_mr_vif&path=//proc/net HTTP/1.1" 200 2258 "http://rgardensoap.com/blog/?path=//proc/net" "Mozilla/5.0 AppleWebKit/537.36 (KHTML, like Gecko; compatible; GPTBot/1.3; +https://openai.com/gptbot)" 690 **0/690782**
74.7.241.54 - - [10/Mar/2026:22:31:56 -0700] "GET /archivarix.cms.php?path=/home/p8pyefaexf70/public_html/wp-content/themes/consultstreet HTTP/1.1" 200 3445 "http://www.rgardensoap.com/archivarix.cms.php?path=/home/p8pyefaexf70/public_html/wp-content/themes" "Mozilla/5.0 AppleWebKit/537.36 (KHTML, like Gecko; compatible; GPTBot/1.3; +https://openai.com/gptbot)" 596 **0/596814**
74.7.227.35 - - [10/Mar/2026:22:31:57 -0700] "GET /?fileloc=//lib64/libutil.so&path=//lib64 HTTP/1.1" 200 2249 "http://mail.rgardensoap.com/?path=//lib64" "Mozilla/5.0 AppleWebKit/537.36 (KHTML, like Gecko; compatible; GPTBot/1.3; +https://openai.com/gptbot)" 578 **0/578173**
74.7.227.150 - - [10/Mar/2026:22:31:57 -0700] "GET /blog?fileloc=//bin/zipsplit&path=//bin HTTP/1.1" 200 2247 "http://rgardensoap.com/blog?path=//bin" "Mozilla/5.0 AppleWebKit/537.36 (KHTML, like Gecko; compatible; GPTBot/1.3; +https://openai.com/gptbot)" 617 **0/617068**
74.7.241.54 - - [10/Mar/2026:22:31:57 -0700] "GET /plug/vote/plug.xml?fileloc=/home/p8pyefaexf70/public_html/wp-includes/Requests/src/Capability.php&path=/home/p8pyefaexf70/public_html/wp-includes/Requests/src HTTP/1.1" 200 2571 "http://www.rgardensoap.com/plug/vote/plug.xml?path=/home/p8pyefaexf70/public_html/wp-includes/Requests/src" "Mozilla/5.0 AppleWebKit/537.36 (KHTML, like Gecko; compatible; GPTBot/1.3; +https://openai.com/gptbot)" 542 **0/542645**
74.7.227.35 - - [10/Mar/2026:22:31:57 -0700] "GET /?fileloc=//lib64/libtiff.so&path=//lib64 HTTP/1.1" 200 2249 "http://mail.rgardensoap.com/?path=//lib64" "Mozilla/5.0 AppleWebKit/537.36 (KHTML, like Gecko; compatible; GPTBot/1.3; +https://openai.com/gptbot)" 752 **0/752344**
74.7.227.150 - - [10/Mar/2026:22:31:58 -0700] "GET /blog?fileloc=//proc/net/ip_mr_vif&path=//proc/net HTTP/1.1" 200 2258 "http://rgardensoap.com/blog?path=//proc/net" "Mozilla/5.0 AppleWebKit/537.36 (KHTML, like Gecko; compatible; GPTBot/1.3; +https://openai.com/gptbot)" 601 **0/601867**
74.7.241.54 - - [10/Mar/2026:22:31:58 -0700] "GET /plug/vote/plug.xml?fileloc=/home/p8pyefaexf70/public_html/wp-includes/abilities-api.php&path=/home/p8pyefaexf70/public_html/wp-includes HTTP/1.1" 200 7289 "http://www.rgardensoap.com/plug/vote/plug.xml?path=/home/p8pyefaexf70/public_html/wp-includes" "Mozilla/5.0 AppleWebKit/537.36 (KHTML, like Gecko; compatible; GPTBot/1.3; +https://openai.com/gptbot)" 791 **0/791166**
74.7.227.35 - - [10/Mar/2026:22:31:58 -0700] "GET /?fileloc=//lib64/libwebp.so&path=//lib64 HTTP/1.1" 200 2249 "http://mail.rgardensoap.com/?path=//lib64" "Mozilla/5.0 AppleWebKit/537.36 (KHTML, like Gecko; compatible; GPTBot/1.3; +https://openai.com/gptbot)" 435 **0/435275**
74.7.227.150 - - [10/Mar/2026:22:31:59 -0700] "GET /blog?path=//lib64/tk8.6 HTTP/1.1" 200 2570 "http://rgardensoap.com/blog?path=//lib64" "Mozilla/5.0 AppleWebKit/537.36 (KHTML, like Gecko; compatible; GPTBot/1.3; +https://openai.com/gptbot)" 531 **0/531260**
74.7.241.54 - - [10/Mar/2026:22:31:58 -0700] "GET /plug/vote/plug.xml?fileloc=/home/p8pyefaexf70/public_html/wp-includes/class-simplepie.php&path=/home/p8pyefaexf70/public_html/wp-includes HTTP/1.1" 200 2519 "http://www.rgardensoap.com/plug/vote/plug.xml?path=/home/p8pyefaexf70/public_html/wp-includes" "Mozilla/5.0 AppleWebKit/537.36 (KHTML, like Gecko; compatible; GPTBot/1.3; +https://openai.com/gptbot)" 634 **0/634654**
74.7.227.35 - - [10/Mar/2026:22:31:59 -0700] "GET /?fileloc=//lib64/libperl.so&path=//lib64 HTTP/1.1" 200 2249 "http://mail.rgardensoap.com/?path=//lib64" "Mozilla/5.0 AppleWebKit/537.36 (KHTML, like Gecko; compatible; GPTBot/1.3; +https://openai.com/gptbot)" 602 **0/602368**
74.7.241.54 - - [10/Mar/2026:22:31:59 -0700] "GET /plug/vote/plug.xml?fileloc=/home/p8pyefaexf70/public_html/wp-includes/media-template.php&path=/home/p8pyefaexf70/public_html/wp-includes HTTP/1.1" 200 14004 "http://www.rgardensoap.com/plug/vote/plug.xml?path=/home/p8pyefaexf70/public_html/wp-includes" "Mozilla/5.0 AppleWebKit/537.36 (KHTML, like Gecko; compatible; GPTBot/1.3; +https://openai.com/gptbot)" 591 **0/591535**
74.7.227.150 - - [10/Mar/2026:22:31:59 -0700] "GET /blog/?path=//lib64 HTTP/1.1" 200 33809 "http://rgardensoap.com/blog/?path=/" "Mozilla/5.0 AppleWebKit/537.36 (KHTML, like Gecko; compatible; GPTBot/1.3; +https://openai.com/gptbot)" 605 **0/605416**
74.7.227.35 - - [10/Mar/2026:22:32:00 -0700] "GET /?fileloc=//lib64/libxslt.so&path=//lib64 HTTP/1.1" 200 2249 "http://mail.rgardensoap.com/?path=//lib64" "Mozilla/5.0 AppleWebKit/537.36 (KHTML, like Gecko; compatible; GPTBot/1.3; +https://openai.com/gptbot)" 637 **0/637625**
74.7.241.54 - - [10/Mar/2026:22:32:00 -0700] "GET /plug/vote/plug.xml?fileloc=/home/p8pyefaexf70/public_html/wp-includes/theme-templates.php&path=/home/p8pyefaexf70/public_html/wp-includes HTTP/1.1" 200 4483 "http://www.rgardensoap.com/plug/vote/plug.xml?path=/home/p8pyefaexf70/public_html/wp-includes" "Mozilla/5.0 AppleWebKit/537.36 (KHTML, like Gecko; compatible; GPTBot/1.3; +https://openai.com/gptbot)" 606 **0/606467**
74.7.227.150 - - [10/Mar/2026:22:32:00 -0700] "GET /blog/?fileloc=//proc/net/ip6_mr_vif&path=//proc/net HTTP/1.1" 200 2259 "http://rgardensoap.com/blog/?path=//proc/net" "Mozilla/5.0 AppleWebKit/537.36 (KHTML, like Gecko; compatible; GPTBot/1.3; +https://openai.com/gptbot)" 509 **0/509341**
74.7.227.35 - - [10/Mar/2026:22:32:00 -0700] "GET /?fileloc=//lib64/libssl3.so&path=//lib64 HTTP/1.1" 200 2249 "http://mail.rgardensoap.com/?path=//lib64" "Mozilla/5.0 AppleWebKit/537.36 (KHTML, like Gecko; compatible; GPTBot/1.3; +https://openai.com/gptbot)" 603 **0/603203**
74.7.241.54 - - [10/Mar/2026:22:32:01 -0700] "GET /fizzy-bath-bombs.html?fileloc=/home/p8pyefaexf70/public_html/wp-admin/js/site-icon.js&path=/home/p8pyefaexf70/public_html/wp-admin/js HTTP/1.1" 200 4070 "http://www.rgardensoap.com/fizzy-bath-bombs.html?path=/home/p8pyefaexf70/public_html/wp-admin/js" "Mozilla/5.0 AppleWebKit/537.36 (KHTML, like Gecko; compatible; GPTBot/1.3; +https://openai.com/gptbot)" 417 **0/417185**
74.7.241.54 - - [10/Mar/2026:22:32:01 -0700] "GET /fizzy-bath-bombs.html?fileloc=/home/p8pyefaexf70/public_html/wp-admin/js/postbox.js&path=/home/p8pyefaexf70/public_html/wp-admin/js HTTP/1.1" 200 7062 "http://www.rgardensoap.com/fizzy-bath-bombs.html?path=/home/p8pyefaexf70/public_html/wp-admin/js" "Mozilla/5.0 AppleWebKit/537.36 (KHTML, like Gecko; compatible; GPTBot/1.3; +https://openai.com/gptbot)" 480 **0/480493**
74.7.227.35 - - [10/Mar/2026:22:32:01 -0700] "GET /?fileloc=//lib64/libplc4.so&path=//lib64 HTTP/1.1" 200 2249 "http://mail.rgardensoap.com/?path=//lib64" "Mozilla/5.0 AppleWebKit/537.36 (KHTML, like Gecko; compatible; GPTBot/1.3; +https://openai.com/gptbot)" 736 **0/736946**
74.7.227.150 - - [10/Mar/2026:22:32:01 -0700] "GET /blog?path=//var/php HTTP/1.1" 200 2543 "http://rgardensoap.com/blog?path=//var" "Mozilla/5.0 AppleWebKit/537.36 (KHTML, like Gecko; compatible; GPTBot/1.3; +https://openai.com/gptbot)" 718 **0/718338**
74.7.241.54 - - [10/Mar/2026:22:32:02 -0700] "GET /fizzy-bath-bombs.html?fileloc=/home/p8pyefaexf70/public_html/wp-admin/js/auth-app.js&path=/home/p8pyefaexf70/public_html/wp-admin/js HTTP/1.1" 200 4079 "http://www.rgardensoap.com/fizzy-bath-bombs.html?path=/home/p8pyefaexf70/public_html/wp-admin/js" "Mozilla/5.0 AppleWebKit/537.36 (KHTML, like Gecko; compatible; GPTBot/1.3; +https://openai.com/gptbot)" 391 **0/391221**
74.7.227.35 - - [10/Mar/2026:22:32:02 -0700] "GET /?fileloc=//lib64/libodbc.so&path=//lib64 HTTP/1.1" 200 2249 "http://mail.rgardensoap.com/?path=//lib64" "Mozilla/5.0 AppleWebKit/537.36 (KHTML, like Gecko; compatible; GPTBot/1.3; +https://openai.com/gptbot)" 534 **0/534448**
74.7.227.150 - - [10/Mar/2026:22:32:02 -0700] "GET /blog/?path=//opt HTTP/1.1" 200 2783 "http://rgardensoap.com/blog/?path=/" "Mozilla/5.0 AppleWebKit/537.36 (KHTML, like Gecko; compatible; GPTBot/1.3; +https://openai.com/gptbot)" 660 **0/660010**
74.7.241.54 - - [10/Mar/2026:22:32:02 -0700] "GET /fizzy-bath-bombs.html?fileloc=/home/p8pyefaexf70/public_html/wp-admin/js/media.min.js&path=/home/p8pyefaexf70/public_html/wp-admin/js HTTP/1.1" 200 3302 "http://www.rgardensoap.com/fizzy-bath-bombs.html?path=/home/p8pyefaexf70/public_html/wp-admin/js" "Mozilla/5.0 AppleWebKit/537.36 (KHTML, like Gecko; compatible; GPTBot/1.3; +https://openai.com/gptbot)" 471 **0/471780**
74.7.227.35 - - [10/Mar/2026:22:32:03 -0700] "GET /?fileloc=//lib64/libe2p.so.2.3&path=//lib64 HTTP/1.1" 200 2251 "http://mail.rgardensoap.com/?path=//lib64" "Mozilla/5.0 AppleWebKit/537.36 (KHTML, like Gecko; compatible; GPTBot/1.3; +https://openai.com/gptbot)" 525 **0/525433**
74.7.241.54 - - [10/Mar/2026:22:32:03 -0700] "GET /fizzy-bath-bombs.html?fileloc=/home/p8pyefaexf70/public_html/wp-admin/js/common.js&path=/home/p8pyefaexf70/public_html/wp-admin/js HTTP/1.1" 200 18271 "http://www.rgardensoap.com/fizzy-bath-bombs.html?path=/home/p8pyefaexf70/public_html/wp-admin/js" "Mozilla/5.0 AppleWebKit/537.36 (KHTML, like Gecko; compatible; GPTBot/1.3; +https://openai.com/gptbot)" 380 **0/380063**
74.7.227.150 - - [10/Mar/2026:22:32:03 -0700] "GET /blog?path=//etc/scl HTTP/1.1" 200 2686 "http://rgardensoap.com/blog?path=//etc" "Mozilla/5.0 AppleWebKit/537.36 (KHTML, like Gecko; compatible; GPTBot/1.3; +https://openai.com/gptbot)" 535 **0/535799**
74.7.241.54 - - [10/Mar/2026:22:32:03 -0700] "GET /fizzy-bath-bombs.html?fileloc=/home/p8pyefaexf70/public_html/wp-admin/js/updates.js&path=/home/p8pyefaexf70/public_html/wp-admin/js HTTP/1.1" 200 21413 "http://www.rgardensoap.com/fizzy-bath-bombs.html?path=/home/p8pyefaexf70/public_html/wp-admin/js" "Mozilla/5.0 AppleWebKit/537.36 (KHTML, like Gecko; compatible; GPTBot/1.3; +https://openai.com/gptbot)" 290 **0/290116**
74.7.227.35 - - [10/Mar/2026:22:32:03 -0700] "GET /?fileloc=//lib64/libc-2.28.so&path=//lib64 HTTP/1.1" 200 2250 "http://mail.rgardensoap.com/?path=//lib64" "Mozilla/5.0 AppleWebKit/537.36 (KHTML, like Gecko; compatible; GPTBot/1.3; +https://openai.com/gptbot)" 538 **0/538399**
74.7.227.150 - - [10/Mar/2026:22:32:04 -0700] "GET /blog/?path=//var/php HTTP/1.1" 200 2543 "http://rgardensoap.com/blog/?path=//var" "Mozilla/5.0 AppleWebKit/537.36 (KHTML, like Gecko; compatible; GPTBot/1.3; +https://openai.com/gptbot)" 607 **0/607221**
74.7.241.54 - - [10/Mar/2026:22:32:04 -0700] "GET /fizzy-bath-bombs.html?fileloc=/home/p8pyefaexf70/public_html/wp-admin/js/common.min.js&path=/home/p8pyefaexf70/public_html/wp-admin/js HTTP/1.1" 200 10224 "http://www.rgardensoap.com/fizzy-bath-bombs.html?path=/home/p8pyefaexf70/public_html/wp-admin/js" "Mozilla/5.0 AppleWebKit/537.36 (KHTML, like Gecko; compatible; GPTBot/1.3; +https://openai.com/gptbot)" 285 **0/285691**
74.7.227.35 - - [10/Mar/2026:22:32:04 -0700] "GET /?fileloc=//lib64/libtdsS.so&path=//lib64 HTTP/1.1" 200 2248 "http://mail.rgardensoap.com/?path=//lib64" "Mozilla/5.0 AppleWebKit/537.36 (KHTML, like Gecko; compatible; GPTBot/1.3; +https://openai.com/gptbot)" 506 **0/506253**
