74.7.241.54 - - [10/Mar/2026:22:43:24 -0700] "GET /plug/vote/plug.xml?path=//proc/2470499/root/usr/share/locale/pap HTTP/1.1" 200 2609 "http://www.rgardensoap.com/plug/vote/plug.xml?path=//proc/2470499/root/usr/share/locale" "Mozilla/5.0 AppleWebKit/537.36 (KHTML, like Gecko; compatible; GPTBot/1.3; +https://openai.com/gptbot)" 727 **0/727982**
74.7.227.150 - - [10/Mar/2026:22:43:24 -0700] "GET /blog/?path=//proc/2470499/net HTTP/1.1" 200 3696 "http://rgardensoap.com/blog/?path=//proc/2470499" "Mozilla/5.0 AppleWebKit/537.36 (KHTML, like Gecko; compatible; GPTBot/1.3; +https://openai.com/gptbot)" 502 **0/502064**
74.7.227.35 - - [10/Mar/2026:22:43:24 -0700] "GET /?path=//opt/alt/tests/alt-php81-pecl-yaml_2.2.3-1.el8/tests HTTP/1.1" 200 4276 "http://mail.rgardensoap.com/?path=//opt/alt/tests/alt-php81-pecl-yaml_2.2.3-1.el8" "Mozilla/5.0 AppleWebKit/537.36 (KHTML, like Gecko; compatible; GPTBot/1.3; +https://openai.com/gptbot)" 465 **0/465002**
74.7.241.54 - - [10/Mar/2026:22:43:25 -0700] "GET /plug/vote/plug.xml?path=//proc/2470499/root/usr/share/locale/ale HTTP/1.1" 200 2602 "http://www.rgardensoap.com/plug/vote/plug.xml?path=//proc/2470499/root/usr/share/locale" "Mozilla/5.0 AppleWebKit/537.36 (KHTML, like Gecko; compatible; GPTBot/1.3; +https://openai.com/gptbot)" 470 **0/470085**
74.7.227.150 - - [10/Mar/2026:22:43:25 -0700] "GET /blog/?path=//lib/icinga2 HTTP/1.1" 200 2610 "http://rgardensoap.com/blog/?path=//lib" "Mozilla/5.0 AppleWebKit/537.36 (KHTML, like Gecko; compatible; GPTBot/1.3; +https://openai.com/gptbot)" 483 **0/483607**
74.7.227.35 - - [10/Mar/2026:22:43:25 -0700] "GET /?path=//opt/alt/tests/alt-php84-pecl-psr_1.2.0-1.el8/tests HTTP/1.1" 200 4668 "http://mail.rgardensoap.com/?path=//opt/alt/tests/alt-php84-pecl-psr_1.2.0-1.el8" "Mozilla/5.0 AppleWebKit/537.36 (KHTML, like Gecko; compatible; GPTBot/1.3; +https://openai.com/gptbot)" 469 **0/469164**
74.7.241.54 - - [10/Mar/2026:22:43:25 -0700] "GET /plug/vote/plug.xml?path=//proc/2470499/root/usr/share/locale/wal HTTP/1.1" 200 2609 "http://www.rgardensoap.com/plug/vote/plug.xml?path=//proc/2470499/root/usr/share/locale" "Mozilla/5.0 AppleWebKit/537.36 (KHTML, like Gecko; compatible; GPTBot/1.3; +https://openai.com/gptbot)" 478 **0/478522**
74.7.227.150 - - [10/Mar/2026:22:43:25 -0700] "GET /blog/?path=//lib64/mysql HTTP/1.1" 200 2793 "http://rgardensoap.com/blog/?path=//lib64" "Mozilla/5.0 AppleWebKit/537.36 (KHTML, like Gecko; compatible; GPTBot/1.3; +https://openai.com/gptbot)" 467 **0/467989**
74.7.227.35 - - [10/Mar/2026:22:43:26 -0700] "GET /?path=//opt/alt/tests/alt-php83-pecl-rrd_2.0.3-1.el8/tests HTTP/1.1" 200 3134 "http://mail.rgardensoap.com/?path=//opt/alt/tests/alt-php83-pecl-rrd_2.0.3-1.el8" "Mozilla/5.0 AppleWebKit/537.36 (KHTML, like Gecko; compatible; GPTBot/1.3; +https://openai.com/gptbot)" 450 **0/450675**
74.7.241.54 - - [10/Mar/2026:22:43:26 -0700] "GET /plug/vote/plug.xml?path=//proc/2470499/root/usr/share/locale/bal HTTP/1.1" 200 2609 "http://www.rgardensoap.com/plug/vote/plug.xml?path=//proc/2470499/root/usr/share/locale" "Mozilla/5.0 AppleWebKit/537.36 (KHTML, like Gecko; compatible; GPTBot/1.3; +https://openai.com/gptbot)" 491 **0/491348**
74.7.227.150 - - [10/Mar/2026:22:43:26 -0700] "GET /blog?path=//etc/cl.php.d HTTP/1.1" 200 2706 "http://rgardensoap.com/blog?path=//etc" "Mozilla/5.0 AppleWebKit/537.36 (KHTML, like Gecko; compatible; GPTBot/1.3; +https://openai.com/gptbot)" 467 **0/467355**
74.7.227.35 - - [10/Mar/2026:22:43:26 -0700] "GET /?path=//opt/alt/tests/alt-php84-pecl-yaz_1.2.4-1.el8/tests HTTP/1.1" 200 2637 "http://mail.rgardensoap.com/?path=//opt/alt/tests/alt-php84-pecl-yaz_1.2.4-1.el8" "Mozilla/5.0 AppleWebKit/537.36 (KHTML, like Gecko; compatible; GPTBot/1.3; +https://openai.com/gptbot)" 491 **0/491570**
74.7.241.54 - - [10/Mar/2026:22:43:26 -0700] "GET /plug/vote/plug.xml?path=//proc/2470499/root/usr/share/locale/sat HTTP/1.1" 200 2606 "http://www.rgardensoap.com/plug/vote/plug.xml?path=//proc/2470499/root/usr/share/locale" "Mozilla/5.0 AppleWebKit/537.36 (KHTML, like Gecko; compatible; GPTBot/1.3; +https://openai.com/gptbot)" 459 **0/459083**
74.7.227.150 - - [10/Mar/2026:22:43:27 -0700] "GET /blog/?fileloc=//proc/irq/62/affinity_hint&path=//proc/irq/62 HTTP/1.1" 200 2273 "http://rgardensoap.com/blog/?path=//proc/irq/62" "Mozilla/5.0 AppleWebKit/537.36 (KHTML, like Gecko; compatible; GPTBot/1.3; +https://openai.com/gptbot)" 484 **0/484863**
74.7.227.35 - - [10/Mar/2026:22:43:27 -0700] "GET /?path=//opt/alt/tests/alt-php56-pecl-lzf_1.6.8-1.el8/tests HTTP/1.1" 200 2733 "http://mail.rgardensoap.com/?path=//opt/alt/tests/alt-php56-pecl-lzf_1.6.8-1.el8" "Mozilla/5.0 AppleWebKit/537.36 (KHTML, like Gecko; compatible; GPTBot/1.3; +https://openai.com/gptbot)" 480 **0/480799**
74.7.241.54 - - [10/Mar/2026:22:43:27 -0700] "GET /plug/vote/plug.xml?path=//proc/2470499/root/usr/share/locale/moh HTTP/1.1" 200 2609 "http://www.rgardensoap.com/plug/vote/plug.xml?path=//proc/2470499/root/usr/share/locale" "Mozilla/5.0 AppleWebKit/537.36 (KHTML, like Gecko; compatible; GPTBot/1.3; +https://openai.com/gptbot)" 453 **0/453940**
74.7.227.150 - - [10/Mar/2026:22:43:27 -0700] "GET /blog?path=//proc/2867490 HTTP/1.1" 200 2307 "http://rgardensoap.com/blog?path=//proc" "Mozilla/5.0 AppleWebKit/537.36 (KHTML, like Gecko; compatible; GPTBot/1.3; +https://openai.com/gptbot)" 509 **0/509478**
74.7.227.35 - - [10/Mar/2026:22:43:27 -0700] "GET /?path=//opt/alt/tests/alt-php80-pecl-psr_1.2.0-1.el8/tests HTTP/1.1" 200 4668 "http://mail.rgardensoap.com/?path=//opt/alt/tests/alt-php80-pecl-psr_1.2.0-1.el8" "Mozilla/5.0 AppleWebKit/537.36 (KHTML, like Gecko; compatible; GPTBot/1.3; +https://openai.com/gptbot)" 485 **0/485865**
74.7.241.54 - - [10/Mar/2026:22:43:28 -0700] "GET /plug/vote/plug.xml?path=//proc/2470499/root/usr/share/locale/agr HTTP/1.1" 200 2607 "http://www.rgardensoap.com/plug/vote/plug.xml?path=//proc/2470499/root/usr/share/locale" "Mozilla/5.0 AppleWebKit/537.36 (KHTML, like Gecko; compatible; GPTBot/1.3; +https://openai.com/gptbot)" 475 **0/475738**
74.7.227.150 - - [10/Mar/2026:22:43:28 -0700] "GET /blog?path=//proc/2867493 HTTP/1.1" 200 2307 "http://rgardensoap.com/blog?path=//proc" "Mozilla/5.0 AppleWebKit/537.36 (KHTML, like Gecko; compatible; GPTBot/1.3; +https://openai.com/gptbot)" 466 **0/466903**
74.7.227.35 - - [10/Mar/2026:22:43:28 -0700] "GET /?path=//opt/alt/tests/alt-php81-pecl-uuid_1.2.0-1.el8/tests HTTP/1.1" 200 2944 "http://mail.rgardensoap.com/?path=//opt/alt/tests/alt-php81-pecl-uuid_1.2.0-1.el8" "Mozilla/5.0 AppleWebKit/537.36 (KHTML, like Gecko; compatible; GPTBot/1.3; +https://openai.com/gptbot)" 495 **0/495850**
74.7.241.54 - - [10/Mar/2026:22:43:28 -0700] "GET /plug/vote/plug.xml?path=//proc/2470499/root/usr/share/locale/pra HTTP/1.1" 200 2608 "http://www.rgardensoap.com/plug/vote/plug.xml?path=//proc/2470499/root/usr/share/locale" "Mozilla/5.0 AppleWebKit/537.36 (KHTML, like Gecko; compatible; GPTBot/1.3; +https://openai.com/gptbot)" 458 **0/458710**
74.7.227.150 - - [10/Mar/2026:22:43:29 -0700] "GET /blog?path=//lib/modules HTTP/1.1" 200 2614 "http://rgardensoap.com/blog?path=//lib" "Mozilla/5.0 AppleWebKit/537.36 (KHTML, like Gecko; compatible; GPTBot/1.3; +https://openai.com/gptbot)" 455 **0/455052**
74.7.227.35 - - [10/Mar/2026:22:43:29 -0700] "GET /?path=//opt/alt/tests/alt-php74-pecl-yaf_3.3.6-1.el8/tests HTTP/1.1" 200 4738 "http://mail.rgardensoap.com/?path=//opt/alt/tests/alt-php74-pecl-yaf_3.3.6-1.el8" "Mozilla/5.0 AppleWebKit/537.36 (KHTML, like Gecko; compatible; GPTBot/1.3; +https://openai.com/gptbot)" 511 **0/511137**
74.7.241.54 - - [10/Mar/2026:22:43:29 -0700] "GET /plug/vote/plug.xml?path=//proc/2470499/root/usr/share/locale/crp HTTP/1.1" 200 2609 "http://www.rgardensoap.com/plug/vote/plug.xml?path=//proc/2470499/root/usr/share/locale" "Mozilla/5.0 AppleWebKit/537.36 (KHTML, like Gecko; compatible; GPTBot/1.3; +https://openai.com/gptbot)" 483 **0/483022**
74.7.227.150 - - [10/Mar/2026:22:43:29 -0700] "GET /blog/?path=//proc/2470499/cwd/lib HTTP/1.1" 200 3552 "http://rgardensoap.com/blog/?path=//proc/2470499/cwd" "Mozilla/5.0 AppleWebKit/537.36 (KHTML, like Gecko; compatible; GPTBot/1.3; +https://openai.com/gptbot)" 531 **0/531815**
74.7.227.35 - - [10/Mar/2026:22:43:29 -0700] "GET /?path=//opt/alt/tests/alt-php56-pecl-yaml_1.3.2-1.el8/tests HTTP/1.1" 200 3936 "http://mail.rgardensoap.com/?path=//opt/alt/tests/alt-php56-pecl-yaml_1.3.2-1.el8" "Mozilla/5.0 AppleWebKit/537.36 (KHTML, like Gecko; compatible; GPTBot/1.3; +https://openai.com/gptbot)" 547 **0/547931**
74.7.241.54 - - [10/Mar/2026:22:43:29 -0700] "GET /plug/vote/plug.xml?path=//proc/2470499/root/usr/share/locale/zap HTTP/1.1" 200 2609 "http://www.rgardensoap.com/plug/vote/plug.xml?path=//proc/2470499/root/usr/share/locale" "Mozilla/5.0 AppleWebKit/537.36 (KHTML, like Gecko; compatible; GPTBot/1.3; +https://openai.com/gptbot)" 475 **0/475633**
74.7.227.150 - - [10/Mar/2026:22:43:30 -0700] "GET /blog?fileloc=//lib64/python2.7/_abcoll.pyc&path=//lib64/python2.7 HTTP/1.1" 200 2266 "http://rgardensoap.com/blog?path=//lib64/python2.7" "Mozilla/5.0 AppleWebKit/537.36 (KHTML, like Gecko; compatible; GPTBot/1.3; +https://openai.com/gptbot)" 544 **0/544856**
74.7.227.35 - - [10/Mar/2026:22:43:30 -0700] "GET /?path=//opt/alt/tests/alt-php82-pecl-http_4.2.6-4.el8/tests/data HTTP/1.1" 200 2871 "http://mail.rgardensoap.com/?path=//opt/alt/tests/alt-php82-pecl-http_4.2.6-4.el8/tests" "Mozilla/5.0 AppleWebKit/537.36 (KHTML, like Gecko; compatible; GPTBot/1.3; +https://openai.com/gptbot)" 535 **0/535145**
74.7.241.54 - - [10/Mar/2026:22:43:30 -0700] "GET /plug/vote/plug.xml?path=//proc/2470499/root/usr/share/locale/map HTTP/1.1" 200 2609 "http://www.rgardensoap.com/plug/vote/plug.xml?path=//proc/2470499/root/usr/share/locale" "Mozilla/5.0 AppleWebKit/537.36 (KHTML, like Gecko; compatible; GPTBot/1.3; +https://openai.com/gptbot)" 500 **0/500061**
74.7.227.150 - - [10/Mar/2026:22:43:31 -0700] "GET /blog/?path=//proc/2470499/cwd/opt HTTP/1.1" 200 2816 "http://rgardensoap.com/blog/?path=//proc/2470499/cwd" "Mozilla/5.0 AppleWebKit/537.36 (KHTML, like Gecko; compatible; GPTBot/1.3; +https://openai.com/gptbot)" 533 **0/533296**
74.7.227.35 - - [10/Mar/2026:22:43:31 -0700] "GET /?fileloc=//opt/alt/tests/alt-php82-pecl-http_4.2.6-4.el8/tests/urlparser013.phpt&path=//opt/alt/tests/alt-php82-pecl-http_4.2.6-4.el8/tests HTTP/1.1" 200 2779 "http://mail.rgardensoap.com/?path=//opt/alt/tests/alt-php82-pecl-http_4.2.6-4.el8/tests" "Mozilla/5.0 AppleWebKit/537.36 (KHTML, like Gecko; compatible; GPTBot/1.3; +https://openai.com/gptbot)" 487 **0/487751**
74.7.241.54 - - [10/Mar/2026:22:43:31 -0700] "GET /plug/vote/plug.xml?path=//proc/2470499/root/usr/share/locale/mhr HTTP/1.1" 200 2607 "http://www.rgardensoap.com/plug/vote/plug.xml?path=//proc/2470499/root/usr/share/locale" "Mozilla/5.0 AppleWebKit/537.36 (KHTML, like Gecko; compatible; GPTBot/1.3; +https://openai.com/gptbot)" 493 **0/493970**
74.7.227.150 - - [10/Mar/2026:22:43:31 -0700] "GET /blog/?path=//proc/2470499/net/stat HTTP/1.1" 200 2326 "http://rgardensoap.com/blog/?path=//proc/2470499/net" "Mozilla/5.0 AppleWebKit/537.36 (KHTML, like Gecko; compatible; GPTBot/1.3; +https://openai.com/gptbot)" 492 **0/492904**
74.7.241.54 - - [10/Mar/2026:22:43:31 -0700] "GET /plug/vote/plug.xml?path=//proc/2470499/root/usr/share/locale/luo HTTP/1.1" 200 2609 "http://www.rgardensoap.com/plug/vote/plug.xml?path=//proc/2470499/root/usr/share/locale" "Mozilla/5.0 AppleWebKit/537.36 (KHTML, like Gecko; compatible; GPTBot/1.3; +https://openai.com/gptbot)" 458 **0/458897**
74.7.227.35 - - [10/Mar/2026:22:43:31 -0700] "GET /?path=//opt/alt/tests/alt-php56-pecl-yaz_1.2.4-1.el8/tests HTTP/1.1" 200 2637 "http://mail.rgardensoap.com/?path=//opt/alt/tests/alt-php56-pecl-yaz_1.2.4-1.el8" "Mozilla/5.0 AppleWebKit/537.36 (KHTML, like Gecko; compatible; GPTBot/1.3; +https://openai.com/gptbot)" 491 **0/491111**
74.7.227.150 - - [10/Mar/2026:22:43:32 -0700] "GET /blog/?path=//proc/2470499/net/rpc HTTP/1.1" 200 2325 "http://rgardensoap.com/blog/?path=//proc/2470499/net" "Mozilla/5.0 AppleWebKit/537.36 (KHTML, like Gecko; compatible; GPTBot/1.3; +https://openai.com/gptbot)" 519 **0/519187**
74.7.241.54 - - [10/Mar/2026:22:43:32 -0700] "GET /plug/vote/plug.xml?path=//proc/2470499/root/usr/share/locale/sga HTTP/1.1" 200 2609 "http://www.rgardensoap.com/plug/vote/plug.xml?path=//proc/2470499/root/usr/share/locale" "Mozilla/5.0 AppleWebKit/537.36 (KHTML, like Gecko; compatible; GPTBot/1.3; +https://openai.com/gptbot)" 522 **0/522027**
74.7.227.35 - - [10/Mar/2026:22:43:32 -0700] "GET /?path=//opt/alt/tests/alt-php82-pecl-lzf_1.7.0-1.el8/tests HTTP/1.1" 200 2746 "http://mail.rgardensoap.com/?path=//opt/alt/tests/alt-php82-pecl-lzf_1.7.0-1.el8" "Mozilla/5.0 AppleWebKit/537.36 (KHTML, like Gecko; compatible; GPTBot/1.3; +https://openai.com/gptbot)" 512 **0/512167**
74.7.227.150 - - [10/Mar/2026:22:43:33 -0700] "GET /blog?path=//run/screen HTTP/1.1" 200 2294 "http://rgardensoap.com/blog?path=//run" "Mozilla/5.0 AppleWebKit/537.36 (KHTML, like Gecko; compatible; GPTBot/1.3; +https://openai.com/gptbot)" 540 **0/540157**
74.7.241.54 - - [10/Mar/2026:22:43:33 -0700] "GET /plug/vote/plug.xml?path=//proc/2470499/root/usr/share/locale/nso HTTP/1.1" 200 2609 "http://www.rgardensoap.com/plug/vote/plug.xml?path=//proc/2470499/root/usr/share/locale" "Mozilla/5.0 AppleWebKit/537.36 (KHTML, like Gecko; compatible; GPTBot/1.3; +https://openai.com/gptbot)" 489 **0/489012**
74.7.227.35 - - [10/Mar/2026:22:43:33 -0700] "GET /?fileloc=//opt/alt/tests/alt-php83-pecl-rrd_2.0.3-1.el8/tests/rrd_019.phpt&path=//opt/alt/tests/alt-php83-pecl-rrd_2.0.3-1.el8/tests HTTP/1.1" 200 2858 "http://mail.rgardensoap.com/?path=//opt/alt/tests/alt-php83-pecl-rrd_2.0.3-1.el8/tests" "Mozilla/5.0 AppleWebKit/537.36 (KHTML, like Gecko; compatible; GPTBot/1.3; +https://openai.com/gptbot)" 478 **0/478515**
74.7.241.54 - - [10/Mar/2026:22:43:33 -0700] "GET /plug/vote/plug.xml?path=//proc/2470499/root/usr/share/locale/mvo HTTP/1.1" 200 2609 "http://www.rgardensoap.com/plug/vote/plug.xml?path=//proc/2470499/root/usr/share/locale" "Mozilla/5.0 AppleWebKit/537.36 (KHTML, like Gecko; compatible; GPTBot/1.3; +https://openai.com/gptbot)" 507 **0/507229**
74.7.227.35 - - [10/Mar/2026:22:43:33 -0700] "GET /?path=//opt/alt/tests/alt-php73-pecl-yaf_3.3.6-1.el8/tests HTTP/1.1" 200 4738 "http://mail.rgardensoap.com/?path=//opt/alt/tests/alt-php73-pecl-yaf_3.3.6-1.el8" "Mozilla/5.0 AppleWebKit/537.36 (KHTML, like Gecko; compatible; GPTBot/1.3; +https://openai.com/gptbot)" 489 **0/489755**
74.7.227.150 - - [10/Mar/2026:22:43:33 -0700] "GET /blog?path=//lib/systemd HTTP/1.1" 200 4299 "http://rgardensoap.com/blog?path=//lib" "Mozilla/5.0 AppleWebKit/537.36 (KHTML, like Gecko; compatible; GPTBot/1.3; +https://openai.com/gptbot)" 624 **0/624097**
74.7.241.54 - - [10/Mar/2026:22:43:34 -0700] "GET /plug/vote/plug.xml?path=//proc/2470499/root/usr/share/locale/ter HTTP/1.1" 200 2606 "http://www.rgardensoap.com/plug/vote/plug.xml?path=//proc/2470499/root/usr/share/locale" "Mozilla/5.0 AppleWebKit/537.36 (KHTML, like Gecko; compatible; GPTBot/1.3; +https://openai.com/gptbot)" 471 **0/471978**
74.7.227.35 - - [10/Mar/2026:22:43:34 -0700] "GET /?path=//opt/alt/tests/alt-php74-pecl-psr_1.2.0-1.el8/tests HTTP/1.1" 200 4667 "http://mail.rgardensoap.com/?path=//opt/alt/tests/alt-php74-pecl-psr_1.2.0-1.el8" "Mozilla/5.0 AppleWebKit/537.36 (KHTML, like Gecko; compatible; GPTBot/1.3; +https://openai.com/gptbot)" 538 **0/538219**
74.7.227.150 - - [10/Mar/2026:22:43:34 -0700] "GET /blog?path=//run/console HTTP/1.1" 200 2305 "http://rgardensoap.com/blog?path=//run" "Mozilla/5.0 AppleWebKit/537.36 (KHTML, like Gecko; compatible; GPTBot/1.3; +https://openai.com/gptbot)" 478 **0/478442**
74.7.241.54 - - [10/Mar/2026:22:43:35 -0700] "GET /plug/vote/plug.xml?path=//proc/2470499/root/usr/share/locale/cus HTTP/1.1" 200 2609 "http://www.rgardensoap.com/plug/vote/plug.xml?path=//proc/2470499/root/usr/share/locale" "Mozilla/5.0 AppleWebKit/537.36 (KHTML, like Gecko; compatible; GPTBot/1.3; +https://openai.com/gptbot)" 505 **0/505679**
74.7.227.35 - - [10/Mar/2026:22:43:35 -0700] "GET /?path=//opt/alt/tests/alt-php84-pecl-eio_3.1.3-3.el8/tests HTTP/1.1" 200 3433 "http://mail.rgardensoap.com/?path=//opt/alt/tests/alt-php84-pecl-eio_3.1.3-3.el8" "Mozilla/5.0 AppleWebKit/537.36 (KHTML, like Gecko; compatible; GPTBot/1.3; +https://openai.com/gptbot)" 498 **0/498802**
74.7.227.150 - - [10/Mar/2026:22:43:35 -0700] "GET /blog?path=//proc/driver HTTP/1.1" 200 2589 "http://rgardensoap.com/blog?path=//proc" "Mozilla/5.0 AppleWebKit/537.36 (KHTML, like Gecko; compatible; GPTBot/1.3; +https://openai.com/gptbot)" 464 **0/464748**
74.7.227.35 - - [10/Mar/2026:22:43:35 -0700] "GET /?path=//opt/alt/tests/alt-php80-pecl-yaz_1.2.4-1.el8/tests HTTP/1.1" 200 2637 "http://mail.rgardensoap.com/?path=//opt/alt/tests/alt-php80-pecl-yaz_1.2.4-1.el8" "Mozilla/5.0 AppleWebKit/537.36 (KHTML, like Gecko; compatible; GPTBot/1.3; +https://openai.com/gptbot)" 489 **0/489568**
74.7.241.54 - - [10/Mar/2026:22:43:35 -0700] "GET /plug/vote/plug.xml?path=//proc/2470499/root/usr/share/locale/cel HTTP/1.1" 200 2609 "http://www.rgardensoap.com/plug/vote/plug.xml?path=//proc/2470499/root/usr/share/locale" "Mozilla/5.0 AppleWebKit/537.36 (KHTML, like Gecko; compatible; GPTBot/1.3; +https://openai.com/gptbot)" 698 **0/698381**
74.7.227.150 - - [10/Mar/2026:22:43:36 -0700] "GET /blog/?path=//lib64/python3.12/re HTTP/1.1" 200 2778 "http://rgardensoap.com/blog/?path=//lib64/python3.12" "Mozilla/5.0 AppleWebKit/537.36 (KHTML, like Gecko; compatible; GPTBot/1.3; +https://openai.com/gptbot)" 556 **0/556615**
74.7.241.54 - - [10/Mar/2026:22:43:36 -0700] "GET /plug/vote/plug.xml?path=//proc/2470499/root/usr/share/locale/cpe HTTP/1.1" 200 2608 "http://www.rgardensoap.com/plug/vote/plug.xml?path=//proc/2470499/root/usr/share/locale" "Mozilla/5.0 AppleWebKit/537.36 (KHTML, like Gecko; compatible; GPTBot/1.3; +https://openai.com/gptbot)" 490 **0/490637**
74.7.227.35 - - [10/Mar/2026:22:43:36 -0700] "GET /?fileloc=//opt/alt/tests/alt-php74-pecl-yaf_3.3.6-1.el8/tests/015.phpt&path=//opt/alt/tests/alt-php74-pecl-yaf_3.3.6-1.el8/tests HTTP/1.1" 200 2575 "http://mail.rgardensoap.com/?path=//opt/alt/tests/alt-php74-pecl-yaf_3.3.6-1.el8/tests" "Mozilla/5.0 AppleWebKit/537.36 (KHTML, like Gecko; compatible; GPTBot/1.3; +https://openai.com/gptbot)" 575 **0/575587**
74.7.227.150 - - [10/Mar/2026:22:43:36 -0700] "GET /wp?path=//var/tmp HTTP/1.1" 200 2593 "http://rgardensoap.com/wp?path=//var" "Mozilla/5.0 AppleWebKit/537.36 (KHTML, like Gecko; compatible; GPTBot/1.3; +https://openai.com/gptbot)" 471 **0/471054**
74.7.241.54 - - [10/Mar/2026:22:43:37 -0700] "GET /plug/vote/plug.xml?path=//proc/2470499/root/usr/share/locale/aln HTTP/1.1" 200 2609 "http://www.rgardensoap.com/plug/vote/plug.xml?path=//proc/2470499/root/usr/share/locale" "Mozilla/5.0 AppleWebKit/537.36 (KHTML, like Gecko; compatible; GPTBot/1.3; +https://openai.com/gptbot)" 471 **0/471297**
74.7.227.35 - - [10/Mar/2026:22:43:37 -0700] "GET /?path=//opt/alt/tests/alt-php71-pecl-yaz_1.2.4-1.el8/tests HTTP/1.1" 200 2637 "http://mail.rgardensoap.com/?path=//opt/alt/tests/alt-php71-pecl-yaz_1.2.4-1.el8" "Mozilla/5.0 AppleWebKit/537.36 (KHTML, like Gecko; compatible; GPTBot/1.3; +https://openai.com/gptbot)" 489 **0/489367**
74.7.227.150 - - [10/Mar/2026:22:43:37 -0700] "GET /blog/?path=//proc/2470499/cwd/lib/.build-id HTTP/1.1" 200 4678 "http://rgardensoap.com/blog/?path=//proc/2470499/cwd/lib" "Mozilla/5.0 AppleWebKit/537.36 (KHTML, like Gecko; compatible; GPTBot/1.3; +https://openai.com/gptbot)" 507 **0/507883**
74.7.227.35 - - [10/Mar/2026:22:43:37 -0700] "GET /?fileloc=//opt/alt/tests/alt-php82-pecl-http_4.2.6-4.el8/tests/data/message_rr_helloworld_chunked.txt&path=//opt/alt/tests/alt-php82-pecl-http_4.2.6-4.el8/tests/data HTTP/1.1" 200 2515 "http://mail.rgardensoap.com/?path=//opt/alt/tests/alt-php82-pecl-http_4.2.6-4.el8/tests/data" "Mozilla/5.0 AppleWebKit/537.36 (KHTML, like Gecko; compatible; GPTBot/1.3; +https://openai.com/gptbot)" 232 **0/232631**
74.7.241.54 - - [10/Mar/2026:22:43:37 -0700] "GET /plug/vote/plug.xml?path=//proc/2470499/root/usr/share/locale/ltg HTTP/1.1" 200 2609 "http://www.rgardensoap.com/plug/vote/plug.xml?path=//proc/2470499/root/usr/share/locale" "Mozilla/5.0 AppleWebKit/537.36 (KHTML, like Gecko; compatible; GPTBot/1.3; +https://openai.com/gptbot)" 487 **0/487814**
74.7.227.150 - - [10/Mar/2026:22:43:38 -0700] "GET /wp?path=//var/opt HTTP/1.1" 200 2546 "http://rgardensoap.com/wp?path=//var" "Mozilla/5.0 AppleWebKit/537.36 (KHTML, like Gecko; compatible; GPTBot/1.3; +https://openai.com/gptbot)" 456 **0/456317**
74.7.241.54 - - [10/Mar/2026:22:43:38 -0700] "GET /plug/vote/plug.xml?path=//proc/2470499/root/usr/share/locale/tli HTTP/1.1" 200 2609 "http://www.rgardensoap.com/plug/vote/plug.xml?path=//proc/2470499/root/usr/share/locale" "Mozilla/5.0 AppleWebKit/537.36 (KHTML, like Gecko; compatible; GPTBot/1.3; +https://openai.com/gptbot)" 466 **0/466843**
74.7.227.35 - - [10/Mar/2026:22:43:38 -0700] "GET /?path=//opt/alt/tests/alt-php54-pecl-amqp_1.9.3-1.el8/tests HTTP/1.1" 200 3687 "http://mail.rgardensoap.com/?path=//opt/alt/tests/alt-php54-pecl-amqp_1.9.3-1.el8" "Mozilla/5.0 AppleWebKit/537.36 (KHTML, like Gecko; compatible; GPTBot/1.3; +https://openai.com/gptbot)" 738 **0/738460**
74.7.227.150 - - [10/Mar/2026:22:43:38 -0700] "GET /wp?path=//opt/alt HTTP/1.1" 200 4003 "http://rgardensoap.com/wp?path=//opt" "Mozilla/5.0 AppleWebKit/537.36 (KHTML, like Gecko; compatible; GPTBot/1.3; +https://openai.com/gptbot)" 483 **0/483449**
74.7.241.54 - - [10/Mar/2026:22:43:39 -0700] "GET /plug/vote/plug.xml?path=//proc/2470499/root/usr/share/locale/rar HTTP/1.1" 200 2606 "http://www.rgardensoap.com/plug/vote/plug.xml?path=//proc/2470499/root/usr/share/locale" "Mozilla/5.0 AppleWebKit/537.36 (KHTML, like Gecko; compatible; GPTBot/1.3; +https://openai.com/gptbot)" 551 **0/551699**
74.7.227.35 - - [10/Mar/2026:22:43:39 -0700] "GET /?path=//opt/alt/tests/alt-php82-pecl-yaz_1.2.4-1.el8/tests HTTP/1.1" 200 2637 "http://mail.rgardensoap.com/?path=//opt/alt/tests/alt-php82-pecl-yaz_1.2.4-1.el8" "Mozilla/5.0 AppleWebKit/537.36 (KHTML, like Gecko; compatible; GPTBot/1.3; +https://openai.com/gptbot)" 465 **0/465026**
74.7.227.150 - - [10/Mar/2026:22:43:39 -0700] "GET /blog/?path=//usr/lib64/aspell-0.60 HTTP/1.1" 200 4141 "http://rgardensoap.com/blog/?path=//usr/lib64" "Mozilla/5.0 AppleWebKit/537.36 (KHTML, like Gecko; compatible; GPTBot/1.3; +https://openai.com/gptbot)" 470 **0/470270**
74.7.227.35 - - [10/Mar/2026:22:43:39 -0700] "GET /?path=//opt/alt/tests/alt-php83-pecl-eio_3.1.3-3.el8/tests HTTP/1.1" 200 3433 "http://mail.rgardensoap.com/?path=//opt/alt/tests/alt-php83-pecl-eio_3.1.3-3.el8" "Mozilla/5.0 AppleWebKit/537.36 (KHTML, like Gecko; compatible; GPTBot/1.3; +https://openai.com/gptbot)" 491 **0/491193**
74.7.241.54 - - [10/Mar/2026:22:43:39 -0700] "GET /plug/vote/plug.xml?path=//proc/2470499/root/usr/share/locale/sal HTTP/1.1" 200 2609 "http://www.rgardensoap.com/plug/vote/plug.xml?path=//proc/2470499/root/usr/share/locale" "Mozilla/5.0 AppleWebKit/537.36 (KHTML, like Gecko; compatible; GPTBot/1.3; +https://openai.com/gptbot)" 558 **0/558353**
74.7.227.150 - - [10/Mar/2026:22:43:40 -0700] "GET /blog?path=//usr/lib/grub HTTP/1.1" 200 2555 "http://rgardensoap.com/blog?path=//usr/lib" "Mozilla/5.0 AppleWebKit/537.36 (KHTML, like Gecko; compatible; GPTBot/1.3; +https://openai.com/gptbot)" 523 **0/523564**
74.7.241.54 - - [10/Mar/2026:22:43:40 -0700] "GET /plug/vote/plug.xml?path=//proc/2470499/root/usr/share/locale/arp HTTP/1.1" 200 2609 "http://www.rgardensoap.com/plug/vote/plug.xml?path=//proc/2470499/root/usr/share/locale" "Mozilla/5.0 AppleWebKit/537.36 (KHTML, like Gecko; compatible; GPTBot/1.3; +https://openai.com/gptbot)" 477 **0/477920**
74.7.227.35 - - [10/Mar/2026:22:43:40 -0700] "GET /?path=//opt/alt/tests/alt-php71-pecl-eio_3.1.3-3.el8/tests HTTP/1.1" 200 3434 "http://mail.rgardensoap.com/?path=//opt/alt/tests/alt-php71-pecl-eio_3.1.3-3.el8" "Mozilla/5.0 AppleWebKit/537.36 (KHTML, like Gecko; compatible; GPTBot/1.3; +https://openai.com/gptbot)" 489 **0/489193**
74.7.227.150 - - [10/Mar/2026:22:43:40 -0700] "GET /blog?path=//opt/ai-bolit HTTP/1.1" 200 2667 "http://rgardensoap.com/blog?path=//opt" "Mozilla/5.0 AppleWebKit/537.36 (KHTML, like Gecko; compatible; GPTBot/1.3; +https://openai.com/gptbot)" 532 **0/532456**
74.7.241.54 - - [10/Mar/2026:22:43:41 -0700] "GET /plug/vote/plug.xml?path=//proc/2470499/root/usr/share/locale/lam HTTP/1.1" 200 2609 "http://www.rgardensoap.com/plug/vote/plug.xml?path=//proc/2470499/root/usr/share/locale" "Mozilla/5.0 AppleWebKit/537.36 (KHTML, like Gecko; compatible; GPTBot/1.3; +https://openai.com/gptbot)" 538 **0/538189**
74.7.227.35 - - [10/Mar/2026:22:43:41 -0700] "GET /?path=//opt/alt/tests/alt-php82-pecl-rrd_2.0.3-1.el8/tests HTTP/1.1" 200 3134 "http://mail.rgardensoap.com/?path=//opt/alt/tests/alt-php82-pecl-rrd_2.0.3-1.el8" "Mozilla/5.0 AppleWebKit/537.36 (KHTML, like Gecko; compatible; GPTBot/1.3; +https://openai.com/gptbot)" 543 **0/543430**
74.7.227.150 - - [10/Mar/2026:22:43:41 -0700] "GET /blog?fileloc=//lib/systemd/systemd-ac-power&path=//lib/systemd HTTP/1.1" 200 2261 "http://rgardensoap.com/blog?path=//lib/systemd" "Mozilla/5.0 AppleWebKit/537.36 (KHTML, like Gecko; compatible; GPTBot/1.3; +https://openai.com/gptbot)" 623 **0/623965**
74.7.241.54 - - [10/Mar/2026:22:43:41 -0700] "GET /plug/vote/plug.xml?path=//proc/2470499/root/usr/share/locale/paa HTTP/1.1" 200 2609 "http://www.rgardensoap.com/plug/vote/plug.xml?path=//proc/2470499/root/usr/share/locale" "Mozilla/5.0 AppleWebKit/537.36 (KHTML, like Gecko; compatible; GPTBot/1.3; +https://openai.com/gptbot)" 462 **0/462030**
74.7.227.35 - - [10/Mar/2026:22:43:41 -0700] "GET /?path=//opt/alt/tests/alt-php56-pecl-eio_3.1.3-3.el8/tests HTTP/1.1" 200 3434 "http://mail.rgardensoap.com/?path=//opt/alt/tests/alt-php56-pecl-eio_3.1.3-3.el8" "Mozilla/5.0 AppleWebKit/537.36 (KHTML, like Gecko; compatible; GPTBot/1.3; +https://openai.com/gptbot)" 487 **0/487229**
74.7.227.150 - - [10/Mar/2026:22:43:42 -0700] "GET /wp?path=//lib64/man-db HTTP/1.1" 200 2639 "http://rgardensoap.com/wp?path=//lib64" "Mozilla/5.0 AppleWebKit/537.36 (KHTML, like Gecko; compatible; GPTBot/1.3; +https://openai.com/gptbot)" 477 **0/477291**
74.7.241.54 - - [10/Mar/2026:22:43:42 -0700] "GET /plug/vote/plug.xml?path=//proc/2470499/root/usr/share/locale/cgg HTTP/1.1" 200 2610 "http://www.rgardensoap.com/plug/vote/plug.xml?path=//proc/2470499/root/usr/share/locale" "Mozilla/5.0 AppleWebKit/537.36 (KHTML, like Gecko; compatible; GPTBot/1.3; +https://openai.com/gptbot)" 460 **0/460029**
74.7.227.35 - - [10/Mar/2026:22:43:42 -0700] "GET /?path=//opt/alt/tests/alt-php56-pecl-yaf_2.3.5-1.el8/tests HTTP/1.1" 200 3977 "http://mail.rgardensoap.com/?path=//opt/alt/tests/alt-php56-pecl-yaf_2.3.5-1.el8" "Mozilla/5.0 AppleWebKit/537.36 (KHTML, like Gecko; compatible; GPTBot/1.3; +https://openai.com/gptbot)" 480 **0/480975**
15.220.168.65 - - [10/Mar/2026:22:43:42 -0700] "POST /xmlrpc.php HTTP/1.1" 200 73756 "-" "Mozilla/5.0 (Windows NT 6.1) AppleWebKit/537.36 (KHTML, like Gecko) Chrome/49.0.2623.112 Safari/537.36" 73 **0/73561**
74.7.241.54 - - [10/Mar/2026:22:43:42 -0700] "GET /plug/vote/plug.xml?path=//proc/2470499/root/usr/share/locale/cho HTTP/1.1" 200 2609 "http://www.rgardensoap.com/plug/vote/plug.xml?path=//proc/2470499/root/usr/share/locale" "Mozilla/5.0 AppleWebKit/537.36 (KHTML, like Gecko; compatible; GPTBot/1.3; +https://openai.com/gptbot)" 458 **0/458557**
74.7.227.150 - - [10/Mar/2026:22:43:42 -0700] "GET /wp?path=//lib/python3.6 HTTP/1.1" 200 2554 "http://rgardensoap.com/wp?path=//lib" "Mozilla/5.0 AppleWebKit/537.36 (KHTML, like Gecko; compatible; GPTBot/1.3; +https://openai.com/gptbot)" 530 **0/530956**
74.7.227.35 - - [10/Mar/2026:22:43:43 -0700] "GET /?path=//opt/alt/tests/alt-php56-pecl-rar_4.2.0-3.el8/tests HTTP/1.1" 200 4968 "http://mail.rgardensoap.com/?path=//opt/alt/tests/alt-php56-pecl-rar_4.2.0-3.el8" "Mozilla/5.0 AppleWebKit/537.36 (KHTML, like Gecko; compatible; GPTBot/1.3; +https://openai.com/gptbot)" 491 **0/491126**
15.220.168.65 - - [10/Mar/2026:22:43:43 -0700] "POST /xmlrpc.php HTTP/1.1" 200 73756 "-" "Mozilla/5.0 (Windows NT 6.1) AppleWebKit/537.36 (KHTML, like Gecko) Chrome/49.0.2623.112 Safari/537.36" 67 **0/67956**
15.220.168.65 - - [10/Mar/2026:22:43:43 -0700] "POST /xmlrpc.php HTTP/1.1" 200 73756 "-" "Mozilla/5.0 (Windows NT 6.1) AppleWebKit/537.36 (KHTML, like Gecko) Chrome/49.0.2623.112 Safari/537.36" 70 **0/70047**
74.7.241.54 - - [10/Mar/2026:22:43:43 -0700] "GET /plug/vote/plug.xml?path=//proc/2470499/root/usr/share/locale/ota HTTP/1.1" 200 2609 "http://www.rgardensoap.com/plug/vote/plug.xml?path=//proc/2470499/root/usr/share/locale" "Mozilla/5.0 AppleWebKit/537.36 (KHTML, like Gecko; compatible; GPTBot/1.3; +https://openai.com/gptbot)" 439 **0/439731**
74.7.227.150 - - [10/Mar/2026:22:43:43 -0700] "GET /wp?path=//lib/python2.7 HTTP/1.1" 200 2554 "http://rgardensoap.com/wp?path=//lib" "Mozilla/5.0 AppleWebKit/537.36 (KHTML, like Gecko; compatible; GPTBot/1.3; +https://openai.com/gptbot)" 469 **0/469486**
74.7.227.35 - - [10/Mar/2026:22:43:43 -0700] "GET /?path=//opt/alt/tests/alt-php80-pecl-rar_4.2.0-3.el8/tests HTTP/1.1" 200 4966 "http://mail.rgardensoap.com/?path=//opt/alt/tests/alt-php80-pecl-rar_4.2.0-3.el8" "Mozilla/5.0 AppleWebKit/537.36 (KHTML, like Gecko; compatible; GPTBot/1.3; +https://openai.com/gptbot)" 514 **0/514286**
15.220.168.65 - - [10/Mar/2026:22:43:44 -0700] "POST /xmlrpc.php HTTP/1.1" 200 73756 "-" "Mozilla/5.0 (Windows NT 6.1) AppleWebKit/537.36 (KHTML, like Gecko) Chrome/49.0.2623.112 Safari/537.36" 102 **0/102515**
74.7.241.54 - - [10/Mar/2026:22:43:44 -0700] "GET /plug/vote/plug.xml?path=//proc/2470499/root/usr/share/locale/gmh HTTP/1.1" 200 2610 "http://www.rgardensoap.com/plug/vote/plug.xml?path=//proc/2470499/root/usr/share/locale" "Mozilla/5.0 AppleWebKit/537.36 (KHTML, like Gecko; compatible; GPTBot/1.3; +https://openai.com/gptbot)" 512 **0/512541**
74.7.227.35 - - [10/Mar/2026:22:43:44 -0700] "GET /?path=//opt/alt/tests/alt-php80-pecl-rrd_2.0.3-1.el8/tests HTTP/1.1" 200 3134 "http://mail.rgardensoap.com/?path=//opt/alt/tests/alt-php80-pecl-rrd_2.0.3-1.el8" "Mozilla/5.0 AppleWebKit/537.36 (KHTML, like Gecko; compatible; GPTBot/1.3; +https://openai.com/gptbot)" 460 **0/460728**
74.7.227.150 - - [10/Mar/2026:22:43:44 -0700] "GET /blog/?path=//lib64/gconv HTTP/1.1" 200 6865 "http://rgardensoap.com/blog/?path=//lib64" "Mozilla/5.0 AppleWebKit/537.36 (KHTML, like Gecko; compatible; GPTBot/1.3; +https://openai.com/gptbot)" 804 **0/804625**
74.7.241.54 - - [10/Mar/2026:22:43:44 -0700] "GET /plug/vote/plug.xml?path=//proc/2470499/root/usr/share/locale/tai HTTP/1.1" 200 2609 "http://www.rgardensoap.com/plug/vote/plug.xml?path=//proc/2470499/root/usr/share/locale" "Mozilla/5.0 AppleWebKit/537.36 (KHTML, like Gecko; compatible; GPTBot/1.3; +https://openai.com/gptbot)" 495 **0/495932**
74.7.227.35 - - [10/Mar/2026:22:43:44 -0700] "GET /?path=//opt/alt/tests/alt-php73-pecl-psr_1.2.0-1.el8/tests HTTP/1.1" 200 4667 "http://mail.rgardensoap.com/?path=//opt/alt/tests/alt-php73-pecl-psr_1.2.0-1.el8" "Mozilla/5.0 AppleWebKit/537.36 (KHTML, like Gecko; compatible; GPTBot/1.3; +https://openai.com/gptbot)" 493 **0/493929**
74.7.227.150 - - [10/Mar/2026:22:43:45 -0700] "GET /blog/?path=//proc/2470499/cwd/lib/.build-id/c5 HTTP/1.1" 200 3248 "http://rgardensoap.com/blog/?path=//proc/2470499/cwd/lib/.build-id" "Mozilla/5.0 AppleWebKit/537.36 (KHTML, like Gecko; compatible; GPTBot/1.3; +https://openai.com/gptbot)" 474 **0/474461**
74.7.241.54 - - [10/Mar/2026:22:43:45 -0700] "GET /plug/vote/plug.xml?fileloc=//proc/2470499/root/usr/share/perl5/if.pm&path=//proc/2470499/root/usr/share/perl5 HTTP/1.1" 200 3876 "http://www.rgardensoap.com/plug/vote/plug.xml?path=//proc/2470499/root/usr/share/perl5" "Mozilla/5.0 AppleWebKit/537.36 (KHTML, like Gecko; compatible; GPTBot/1.3; +https://openai.com/gptbot)" 488 **0/488073**
74.7.227.35 - - [10/Mar/2026:22:43:45 -0700] "GET /?path=//opt/alt/tests/alt-php54-pecl-eio_3.1.3-1.el8/tests HTTP/1.1" 200 3434 "http://mail.rgardensoap.com/?path=//opt/alt/tests/alt-php54-pecl-eio_3.1.3-1.el8" "Mozilla/5.0 AppleWebKit/537.36 (KHTML, like Gecko; compatible; GPTBot/1.3; +https://openai.com/gptbot)" 466 **0/466807**
74.7.227.150 - - [10/Mar/2026:22:43:45 -0700] "GET /blog/?path=//proc/2470499/cwd/lib/.build-id/3a HTTP/1.1" 200 3502 "http://rgardensoap.com/blog/?path=//proc/2470499/cwd/lib/.build-id" "Mozilla/5.0 AppleWebKit/537.36 (KHTML, like Gecko; compatible; GPTBot/1.3; +https://openai.com/gptbot)" 451 **0/451567**
74.7.241.54 - - [10/Mar/2026:22:43:46 -0700] "GET /plug/vote/plug.xml?path=//proc/2470499/root/usr/share/locale/ig HTTP/1.1" 200 2608 "http://www.rgardensoap.com/plug/vote/plug.xml?path=//proc/2470499/root/usr/share/locale" "Mozilla/5.0 AppleWebKit/537.36 (KHTML, like Gecko; compatible; GPTBot/1.3; +https://openai.com/gptbot)" 439 **0/439461**
74.7.227.35 - - [10/Mar/2026:22:43:46 -0700] "GET /?path=//opt/alt/tests/alt-php73-pecl-yaml_2.2.3-1.el8/tests HTTP/1.1" 200 4276 "http://mail.rgardensoap.com/?path=//opt/alt/tests/alt-php73-pecl-yaml_2.2.3-1.el8" "Mozilla/5.0 AppleWebKit/537.36 (KHTML, like Gecko; compatible; GPTBot/1.3; +https://openai.com/gptbot)" 479 **0/479053**
74.7.227.150 - - [10/Mar/2026:22:43:46 -0700] "GET /wp?path=//opt/alt/php85 HTTP/1.1" 200 2581 "http://rgardensoap.com/wp?path=//opt/alt" "Mozilla/5.0 AppleWebKit/537.36 (KHTML, like Gecko; compatible; GPTBot/1.3; +https://openai.com/gptbot)" 439 **0/439027**
74.7.241.54 - - [10/Mar/2026:22:43:46 -0700] "GET /plug/vote/plug.xml?path=//proc/2470499/root/usr/share/perl5/Time HTTP/1.1" 200 2682 "http://www.rgardensoap.com/plug/vote/plug.xml?path=//proc/2470499/root/usr/share/perl5" "Mozilla/5.0 AppleWebKit/537.36 (KHTML, like Gecko; compatible; GPTBot/1.3; +https://openai.com/gptbot)" 461 **0/461216**
74.7.227.35 - - [10/Mar/2026:22:43:46 -0700] "GET /?path=//opt/alt/tests/alt-php81-pecl-rrd_2.0.3-1.el8/tests HTTP/1.1" 200 3134 "http://mail.rgardensoap.com/?path=//opt/alt/tests/alt-php81-pecl-rrd_2.0.3-1.el8" "Mozilla/5.0 AppleWebKit/537.36 (KHTML, like Gecko; compatible; GPTBot/1.3; +https://openai.com/gptbot)" 456 **0/456993**
74.7.227.150 - - [10/Mar/2026:22:43:46 -0700] "GET /wp?path=//opt/alt/php82 HTTP/1.1" 200 2639 "http://rgardensoap.com/wp?path=//opt/alt" "Mozilla/5.0 AppleWebKit/537.36 (KHTML, like Gecko; compatible; GPTBot/1.3; +https://openai.com/gptbot)" 629 **0/629948**
74.7.241.54 - - [10/Mar/2026:22:43:47 -0700] "GET /plug/vote/plug.xml?path=//proc/2470499/root/usr/share/perl5/File HTTP/1.1" 200 2784 "http://www.rgardensoap.com/plug/vote/plug.xml?path=//proc/2470499/root/usr/share/perl5" "Mozilla/5.0 AppleWebKit/537.36 (KHTML, like Gecko; compatible; GPTBot/1.3; +https://openai.com/gptbot)" 459 **0/459125**
74.7.227.35 - - [10/Mar/2026:22:43:47 -0700] "GET /?path=//opt/alt/tests/alt-php72-pecl-lzf_1.7.0-1.el8/tests HTTP/1.1" 200 2746 "http://mail.rgardensoap.com/?path=//opt/alt/tests/alt-php72-pecl-lzf_1.7.0-1.el8" "Mozilla/5.0 AppleWebKit/537.36 (KHTML, like Gecko; compatible; GPTBot/1.3; +https://openai.com/gptbot)" 458 **0/458290**
74.7.241.54 - - [10/Mar/2026:22:43:47 -0700] "GET /plug/vote/plug.xml?fileloc=//proc/2470499/root/usr/share/bison/glr.c&path=//proc/2470499/root/usr/share/bison HTTP/1.1" 200 22565 "http://www.rgardensoap.com/plug/vote/plug.xml?path=//proc/2470499/root/usr/share/bison" "Mozilla/5.0 AppleWebKit/537.36 (KHTML, like Gecko; compatible; GPTBot/1.3; +https://openai.com/gptbot)" 460 **0/460860**
74.7.227.150 - - [10/Mar/2026:22:43:47 -0700] "GET /blog/?path=//proc/2470499/cwd/lib/.build-id/da HTTP/1.1" 200 3099 "http://rgardensoap.com/blog/?path=//proc/2470499/cwd/lib/.build-id" "Mozilla/5.0 AppleWebKit/537.36 (KHTML, like Gecko; compatible; GPTBot/1.3; +https://openai.com/gptbot)" 644 **0/644070**
74.7.227.35 - - [10/Mar/2026:22:43:47 -0700] "GET /?fileloc=//opt/alt/tests/alt-php82-pecl-rrd_2.0.3-1.el8/tests/rrd_021.phpt&path=//opt/alt/tests/alt-php82-pecl-rrd_2.0.3-1.el8/tests HTTP/1.1" 200 2833 "http://mail.rgardensoap.com/?path=//opt/alt/tests/alt-php82-pecl-rrd_2.0.3-1.el8/tests" "Mozilla/5.0 AppleWebKit/537.36 (KHTML, like Gecko; compatible; GPTBot/1.3; +https://openai.com/gptbot)" 540 **0/540573**
74.7.241.54 - - [10/Mar/2026:22:43:48 -0700] "GET /plug/vote/plug.xml?path=//proc/2470499/root/usr/share/locale/tut/LC_MESSAGES HTTP/1.1" 200 2377 "http://www.rgardensoap.com/plug/vote/plug.xml?path=//proc/2470499/root/usr/share/locale/tut" "Mozilla/5.0 AppleWebKit/537.36 (KHTML, like Gecko; compatible; GPTBot/1.3; +https://openai.com/gptbot)" 512 **0/512702**
74.7.227.35 - - [10/Mar/2026:22:43:48 -0700] "GET /?path=//opt/alt/tests/alt-php72-pecl-solr_2.6.0-1.el8/tests HTTP/1.1" 200 7391 "http://mail.rgardensoap.com/?path=//opt/alt/tests/alt-php72-pecl-solr_2.6.0-1.el8" "Mozilla/5.0 AppleWebKit/537.36 (KHTML, like Gecko; compatible; GPTBot/1.3; +https://openai.com/gptbot)" 515 **0/515722**
74.7.227.150 - - [10/Mar/2026:22:43:48 -0700] "GET /blog/?path=//proc/2470499/cwd/lib/.build-id/7b HTTP/1.1" 200 3449 "http://rgardensoap.com/blog/?path=//proc/2470499/cwd/lib/.build-id" "Mozilla/5.0 AppleWebKit/537.36 (KHTML, like Gecko; compatible; GPTBot/1.3; +https://openai.com/gptbot)" 476 **0/476665**
74.7.241.54 - - [10/Mar/2026:22:43:49 -0700] "GET /plug/vote/plug.xml?path=//proc/2470499/root/usr/share/locale/xal/LC_MESSAGES HTTP/1.1" 200 2377 "http://www.rgardensoap.com/plug/vote/plug.xml?path=//proc/2470499/root/usr/share/locale/xal" "Mozilla/5.0 AppleWebKit/537.36 (KHTML, like Gecko; compatible; GPTBot/1.3; +https://openai.com/gptbot)" 496 **0/496774**
74.7.227.150 - - [10/Mar/2026:22:43:49 -0700] "GET /blog/?path=//proc/2470499/cwd/lib/.build-id/ad HTTP/1.1" 200 3143 "http://rgardensoap.com/blog/?path=//proc/2470499/cwd/lib/.build-id" "Mozilla/5.0 AppleWebKit/537.36 (KHTML, like Gecko; compatible; GPTBot/1.3; +https://openai.com/gptbot)" 458 **0/458712**
74.7.227.35 - - [10/Mar/2026:22:43:49 -0700] "GET /?path=//opt/alt/krb5 HTTP/1.1" 200 2553 "http://mail.rgardensoap.com/?path=//opt/alt" "Mozilla/5.0 AppleWebKit/537.36 (KHTML, like Gecko; compatible; GPTBot/1.3; +https://openai.com/gptbot)" 552 **0/552666**
74.7.241.54 - - [10/Mar/2026:22:43:49 -0700] "GET /plug/vote/plug.xml?path=//proc/2470499/root/usr/share/locale/sat/LC_MESSAGES HTTP/1.1" 200 2377 "http://www.rgardensoap.com/plug/vote/plug.xml?path=//proc/2470499/root/usr/share/locale/sat" "Mozilla/5.0 AppleWebKit/537.36 (KHTML, like Gecko; compatible; GPTBot/1.3; +https://openai.com/gptbot)" 456 **0/456206**
74.7.227.150 - - [10/Mar/2026:22:43:49 -0700] "GET /blog/?path=//proc/2470499/cwd/lib/.build-id/32 HTTP/1.1" 200 3083 "http://rgardensoap.com/blog/?path=//proc/2470499/cwd/lib/.build-id" "Mozilla/5.0 AppleWebKit/537.36 (KHTML, like Gecko; compatible; GPTBot/1.3; +https://openai.com/gptbot)" 468 **0/468103**
74.7.227.35 - - [10/Mar/2026:22:43:49 -0700] "GET /?path=//lib/polkit-1 HTTP/1.1" 200 2613 "http://mail.rgardensoap.com/?path=//lib" "Mozilla/5.0 AppleWebKit/537.36 (KHTML, like Gecko; compatible; GPTBot/1.3; +https://openai.com/gptbot)" 488 **0/488984**
74.7.241.54 - - [10/Mar/2026:22:43:50 -0700] "GET /plug/vote/plug.xml?path=//proc/2470499/root/usr/share/locale/rar/LC_MESSAGES HTTP/1.1" 200 2377 "http://www.rgardensoap.com/plug/vote/plug.xml?path=//proc/2470499/root/usr/share/locale/rar" "Mozilla/5.0 AppleWebKit/537.36 (KHTML, like Gecko; compatible; GPTBot/1.3; +https://openai.com/gptbot)" 462 **0/462017**
74.7.227.150 - - [10/Mar/2026:22:43:50 -0700] "GET /blog/?path=//proc/2470499/cwd/lib/.build-id/bb HTTP/1.1" 200 3203 "http://rgardensoap.com/blog/?path=//proc/2470499/cwd/lib/.build-id" "Mozilla/5.0 AppleWebKit/537.36 (KHTML, like Gecko; compatible; GPTBot/1.3; +https://openai.com/gptbot)" 537 **0/537630**
74.7.227.35 - - [10/Mar/2026:22:43:50 -0700] "GET /?fileloc=//opt/alt/tests/alt-php80-pecl-rar_4.2.0-3.el8/tests/secret-none.rar&path=//opt/alt/tests/alt-php80-pecl-rar_4.2.0-3.el8/tests HTTP/1.1" 200 2300 "http://mail.rgardensoap.com/?path=//opt/alt/tests/alt-php80-pecl-rar_4.2.0-3.el8/tests" "Mozilla/5.0 AppleWebKit/537.36 (KHTML, like Gecko; compatible; GPTBot/1.3; +https://openai.com/gptbot)" 490 **0/490814**
74.7.241.54 - - [10/Mar/2026:22:43:50 -0700] "GET /plug/vote/plug.xml?path=//proc/2470499/root/usr/share/locale/aus/LC_MESSAGES HTTP/1.1" 200 2377 "http://www.rgardensoap.com/plug/vote/plug.xml?path=//proc/2470499/root/usr/share/locale/aus" "Mozilla/5.0 AppleWebKit/537.36 (KHTML, like Gecko; compatible; GPTBot/1.3; +https://openai.com/gptbot)" 494 **0/494615**
74.7.227.150 - - [10/Mar/2026:22:43:51 -0700] "GET /blog/?path=//proc/2470499/cwd/lib/.build-id/dd HTTP/1.1" 200 3141 "http://rgardensoap.com/blog/?path=//proc/2470499/cwd/lib/.build-id" "Mozilla/5.0 AppleWebKit/537.36 (KHTML, like Gecko; compatible; GPTBot/1.3; +https://openai.com/gptbot)" 461 **0/461000**
74.7.227.35 - - [10/Mar/2026:22:43:51 -0700] "GET /?fileloc=//opt/alt/tests/alt-php80-pecl-rar_4.2.0-3.el8/tests/corrupted.rar&path=//opt/alt/tests/alt-php80-pecl-rar_4.2.0-3.el8/tests HTTP/1.1" 200 2301 "http://mail.rgardensoap.com/?path=//opt/alt/tests/alt-php80-pecl-rar_4.2.0-3.el8/tests" "Mozilla/5.0 AppleWebKit/537.36 (KHTML, like Gecko; compatible; GPTBot/1.3; +https://openai.com/gptbot)" 497 **0/497692**
74.7.241.54 - - [10/Mar/2026:22:43:51 -0700] "GET /plug/vote/plug.xml?path=//proc/2470499/root/usr/share/locale/sam/LC_MESSAGES HTTP/1.1" 200 2377 "http://www.rgardensoap.com/plug/vote/plug.xml?path=//proc/2470499/root/usr/share/locale/sam" "Mozilla/5.0 AppleWebKit/537.36 (KHTML, like Gecko; compatible; GPTBot/1.3; +https://openai.com/gptbot)" 440 **0/440259**
74.7.227.150 - - [10/Mar/2026:22:43:51 -0700] "GET /blog/?path=//lib64/audit HTTP/1.1" 200 2572 "http://rgardensoap.com/blog/?path=//lib64" "Mozilla/5.0 AppleWebKit/537.36 (KHTML, like Gecko; compatible; GPTBot/1.3; +https://openai.com/gptbot)" 472 **0/472354**
74.7.227.35 - - [10/Mar/2026:22:43:51 -0700] "GET /?fileloc=//opt/alt/tests/alt-php73-pecl-psr_1.2.0-1.el8/tests/PsrCacheInvalidArgumentException.phpt&path=//opt/alt/tests/alt-php73-pecl-psr_1.2.0-1.el8/tests HTTP/1.1" 200 2540 "http://mail.rgardensoap.com/?path=//opt/alt/tests/alt-php73-pecl-psr_1.2.0-1.el8/tests" "Mozilla/5.0 AppleWebKit/537.36 (KHTML, like Gecko; compatible; GPTBot/1.3; +https://openai.com/gptbot)" 485 **0/485944**
74.7.241.54 - - [10/Mar/2026:22:43:52 -0700] "GET /plug/vote/plug.xml?path=//proc/2470499/root/usr/share/locale/map/LC_MESSAGES HTTP/1.1" 200 2377 "http://www.rgardensoap.com/plug/vote/plug.xml?path=//proc/2470499/root/usr/share/locale/map" "Mozilla/5.0 AppleWebKit/537.36 (KHTML, like Gecko; compatible; GPTBot/1.3; +https://openai.com/gptbot)" 516 **0/516389**
74.7.227.150 - - [10/Mar/2026:22:43:52 -0700] "GET /blog?path=//usr/lib64/sa HTTP/1.1" 200 2627 "http://rgardensoap.com/blog?path=//usr/lib64" "Mozilla/5.0 AppleWebKit/537.36 (KHTML, like Gecko; compatible; GPTBot/1.3; +https://openai.com/gptbot)" 479 **0/479247**
74.7.227.35 - - [10/Mar/2026:22:43:52 -0700] "GET /?path=//opt/alt/tests/alt-php73-pecl-mongodb_1.16.2-1.el8 HTTP/1.1" 200 2611 "http://mail.rgardensoap.com/?path=//opt/alt/tests" "Mozilla/5.0 AppleWebKit/537.36 (KHTML, like Gecko; compatible; GPTBot/1.3; +https://openai.com/gptbot)" 504 **0/504072**
74.7.241.54 - - [10/Mar/2026:22:43:52 -0700] "GET /plug/vote/plug.xml?path=//proc/2470499/root/usr/share/locale/vot/LC_MESSAGES HTTP/1.1" 200 2380 "http://www.rgardensoap.com/plug/vote/plug.xml?path=//proc/2470499/root/usr/share/locale/vot" "Mozilla/5.0 AppleWebKit/537.36 (KHTML, like Gecko; compatible; GPTBot/1.3; +https://openai.com/gptbot)" 484 **0/484617**
74.7.227.150 - - [10/Mar/2026:22:43:52 -0700] "GET /blog/?path=//lib64/games HTTP/1.1" 200 2305 "http://rgardensoap.com/blog/?path=//lib64" "Mozilla/5.0 AppleWebKit/537.36 (KHTML, like Gecko; compatible; GPTBot/1.3; +https://openai.com/gptbot)" 480 **0/480298**
74.7.227.35 - - [10/Mar/2026:22:43:53 -0700] "GET /?path=//opt/alt/tests/alt-php54-pecl-imagick_3.7.0-10.el8 HTTP/1.1" 200 2614 "http://mail.rgardensoap.com/?path=//opt/alt/tests" "Mozilla/5.0 AppleWebKit/537.36 (KHTML, like Gecko; compatible; GPTBot/1.3; +https://openai.com/gptbot)" 472 **0/472709**
74.7.241.54 - - [10/Mar/2026:22:43:53 -0700] "GET /plug/vote/plug.xml?fileloc=//proc/2470499/root/usr/share/perl5/Time/gmtime.pm&path=//proc/2470499/root/usr/share/perl5/Time HTTP/1.1" 200 3464 "http://www.rgardensoap.com/plug/vote/plug.xml?path=//proc/2470499/root/usr/share/perl5/Time" "Mozilla/5.0 AppleWebKit/537.36 (KHTML, like Gecko; compatible; GPTBot/1.3; +https://openai.com/gptbot)" 460 **0/460370**
74.7.227.35 - - [10/Mar/2026:22:43:53 -0700] "GET /?path=//lib64/security HTTP/1.1" 200 4296 "http://mail.rgardensoap.com/?path=//lib64" "Mozilla/5.0 AppleWebKit/537.36 (KHTML, like Gecko; compatible; GPTBot/1.3; +https://openai.com/gptbot)" 489 **0/489639**
74.7.227.150 - - [10/Mar/2026:22:43:53 -0700] "GET /blog/?path=//lib64/groff HTTP/1.1" 200 2305 "http://rgardensoap.com/blog/?path=//lib64" "Mozilla/5.0 AppleWebKit/537.36 (KHTML, like Gecko; compatible; GPTBot/1.3; +https://openai.com/gptbot)" 669 **0/669100**
74.7.241.54 - - [10/Mar/2026:22:43:54 -0700] "GET /plug/vote/plug.xml?fileloc=//proc/2470499/root/usr/share/perl5/File/GlobMapper.pm&path=//proc/2470499/root/usr/share/perl5/File HTTP/1.1" 200 7391 "http://www.rgardensoap.com/plug/vote/plug.xml?path=//proc/2470499/root/usr/share/perl5/File" "Mozilla/5.0 AppleWebKit/537.36 (KHTML, like Gecko; compatible; GPTBot/1.3; +https://openai.com/gptbot)" 444 **0/444397**
74.7.227.35 - - [10/Mar/2026:22:43:54 -0700] "GET /?path=//lib64/gssproxy HTTP/1.1" 200 2576 "http://mail.rgardensoap.com/?path=//lib64" "Mozilla/5.0 AppleWebKit/537.36 (KHTML, like Gecko; compatible; GPTBot/1.3; +https://openai.com/gptbot)" 493 **0/493578**
74.7.227.150 - - [10/Mar/2026:22:43:54 -0700] "GET /blog/?path=//lib64/guile HTTP/1.1" 200 2545 "http://rgardensoap.com/blog/?path=//lib64" "Mozilla/5.0 AppleWebKit/537.36 (KHTML, like Gecko; compatible; GPTBot/1.3; +https://openai.com/gptbot)" 458 **0/458692**
74.7.241.54 - - [10/Mar/2026:22:43:54 -0700] "GET /plug/vote/plug.xml?fileloc=//proc/2470499/root/usr/share/perl5/File/Basename.pm&path=//proc/2470499/root/usr/share/perl5/File HTTP/1.1" 200 6166 "http://www.rgardensoap.com/plug/vote/plug.xml?path=//proc/2470499/root/usr/share/perl5/File" "Mozilla/5.0 AppleWebKit/537.36 (KHTML, like Gecko; compatible; GPTBot/1.3; +https://openai.com/gptbot)" 717 **0/717693**
74.7.227.35 - - [10/Mar/2026:22:43:55 -0700] "GET /?path=//opt/alt/tests/alt-php70-pecl-libsodium_2.0.23-1.el8 HTTP/1.1" 200 2585 "http://mail.rgardensoap.com/?path=//opt/alt/tests" "Mozilla/5.0 AppleWebKit/537.36 (KHTML, like Gecko; compatible; GPTBot/1.3; +https://openai.com/gptbot)" 489 **0/489618**
74.7.227.150 - - [10/Mar/2026:22:43:55 -0700] "GET /blog?path=//lib64/python3.12/xml HTTP/1.1" 200 2765 "http://rgardensoap.com/blog?path=//lib64/python3.12" "Mozilla/5.0 AppleWebKit/537.36 (KHTML, like Gecko; compatible; GPTBot/1.3; +https://openai.com/gptbot)" 467 **0/467676**
74.7.241.54 - - [10/Mar/2026:22:43:55 -0700] "GET /plug/vote/plug.xml?fileloc=//proc/2470499/root/usr/share/perl5/File/Copy.pm&path=//proc/2470499/root/usr/share/perl5/File HTTP/1.1" 200 8303 "http://www.rgardensoap.com/plug/vote/plug.xml?path=//proc/2470499/root/usr/share/perl5/File" "Mozilla/5.0 AppleWebKit/537.36 (KHTML, like Gecko; compatible; GPTBot/1.3; +https://openai.com/gptbot)" 481 **0/481671**
74.7.227.150 - - [10/Mar/2026:22:43:55 -0700] "GET /blog/?fileloc=//proc/2470499/cwd/lib/.build-id/7b/763fffd3cc319eaa629d00599221d4aa1ad7ce&path=//proc/2470499/cwd/lib/.build-id/7b HTTP/1.1" 200 2321 "http://rgardensoap.com/blog/?path=//proc/2470499/cwd/lib/.build-id/7b" "Mozilla/5.0 AppleWebKit/537.36 (KHTML, like Gecko; compatible; GPTBot/1.3; +https://openai.com/gptbot)" 498 **0/498278**
74.7.227.35 - - [10/Mar/2026:22:43:55 -0700] "GET /?fileloc=//opt/alt/tests/alt-php72-pecl-solr_2.6.0-1.el8/tests/014.solrclient_addDocument_nested_document.phpt&path=//opt/alt/tests/alt-php72-pecl-solr_2.6.0-1.el8/tests HTTP/1.1" 200 3014 "http://mail.rgardensoap.com/?path=//opt/alt/tests/alt-php72-pecl-solr_2.6.0-1.el8/tests" "Mozilla/5.0 AppleWebKit/537.36 (KHTML, like Gecko; compatible; GPTBot/1.3; +https://openai.com/gptbot)" 484 **0/484167**
74.7.241.54 - - [10/Mar/2026:22:43:56 -0700] "GET /plug/vote/plug.xml?fileloc=//proc/2470499/root/usr/share/perl5/File/Find.pm&path=//proc/2470499/root/usr/share/perl5/File HTTP/1.1" 200 12468 "http://www.rgardensoap.com/plug/vote/plug.xml?path=//proc/2470499/root/usr/share/perl5/File" "Mozilla/5.0 AppleWebKit/537.36 (KHTML, like Gecko; compatible; GPTBot/1.3; +https://openai.com/gptbot)" 476 **0/476468**
74.7.227.150 - - [10/Mar/2026:22:43:56 -0700] "GET /blog/?path=//lib64/python3.12/dbm HTTP/1.1" 200 2745 "http://rgardensoap.com/blog/?path=//lib64/python3.12" "Mozilla/5.0 AppleWebKit/537.36 (KHTML, like Gecko; compatible; GPTBot/1.3; +https://openai.com/gptbot)" 471 **0/471659**
74.7.227.35 - - [10/Mar/2026:22:43:56 -0700] "GET /?path=//opt/alt/tests/alt-php72-pecl-solr_2.6.0-1.el8/tests/files HTTP/1.1" 200 2911 "http://mail.rgardensoap.com/?path=//opt/alt/tests/alt-php72-pecl-solr_2.6.0-1.el8/tests" "Mozilla/5.0 AppleWebKit/537.36 (KHTML, like Gecko; compatible; GPTBot/1.3; +https://openai.com/gptbot)" 513 **0/513422**
74.7.227.150 - - [10/Mar/2026:22:43:56 -0700] "GET /blog/?path=//proc/net/dev_snmp6 HTTP/1.1" 200 2319 "http://rgardensoap.com/blog/?path=//proc/net" "Mozilla/5.0 AppleWebKit/537.36 (KHTML, like Gecko; compatible; GPTBot/1.3; +https://openai.com/gptbot)" 517 **0/517090**
