74.7.227.150 - - [10/Mar/2026:22:39:25 -0700] "GET /wp?path=//lib/exim HTTP/1.1" 200 2544 "http://rgardensoap.com/wp?path=//lib" "Mozilla/5.0 AppleWebKit/537.36 (KHTML, like Gecko; compatible; GPTBot/1.3; +https://openai.com/gptbot)" 443 **0/443774**
74.7.241.54 - - [10/Mar/2026:22:39:25 -0700] "GET /plug/vote/plug.xml?fileloc=//proc/2470499/root/sbin/named-compilezone&path=//proc/2470499/root/sbin HTTP/1.1" 200 2284 "http://www.rgardensoap.com/plug/vote/plug.xml?path=//proc/2470499/root/sbin" "Mozilla/5.0 AppleWebKit/537.36 (KHTML, like Gecko; compatible; GPTBot/1.3; +https://openai.com/gptbot)" 585 **0/585433**
74.7.227.35 - - [10/Mar/2026:22:39:25 -0700] "GET /?path=//opt/alt/tests/alt-php70-pecl-yaml_2.0.3-1.el8 HTTP/1.1" 200 2581 "http://mail.rgardensoap.com/?path=//opt/alt/tests" "Mozilla/5.0 AppleWebKit/537.36 (KHTML, like Gecko; compatible; GPTBot/1.3; +https://openai.com/gptbot)" 572 **0/572393**
74.7.227.150 - - [10/Mar/2026:22:39:25 -0700] "GET /blog?path=//etc/sasl2 HTTP/1.1" 200 2305 "http://rgardensoap.com/blog?path=//etc" "Mozilla/5.0 AppleWebKit/537.36 (KHTML, like Gecko; compatible; GPTBot/1.3; +https://openai.com/gptbot)" 557 **0/557077**
74.7.241.54 - - [10/Mar/2026:22:39:26 -0700] "GET /plug/vote/plug.xml?fileloc=//proc/2470499/root/sbin/dnssec-dsfromkey&path=//proc/2470499/root/sbin HTTP/1.1" 200 2287 "http://www.rgardensoap.com/plug/vote/plug.xml?path=//proc/2470499/root/sbin" "Mozilla/5.0 AppleWebKit/537.36 (KHTML, like Gecko; compatible; GPTBot/1.3; +https://openai.com/gptbot)" 495 **0/495097**
74.7.227.150 - - [10/Mar/2026:22:39:26 -0700] "GET /wp?path=//lib64/lftp HTTP/1.1" 200 2545 "http://rgardensoap.com/wp?path=//lib64" "Mozilla/5.0 AppleWebKit/537.36 (KHTML, like Gecko; compatible; GPTBot/1.3; +https://openai.com/gptbot)" 467 **0/467254**
74.7.227.35 - - [10/Mar/2026:22:39:26 -0700] "GET /?path=//opt/alt/tests/alt-php80-pecl-yaml_2.2.3-1.el8 HTTP/1.1" 200 2581 "http://mail.rgardensoap.com/?path=//opt/alt/tests" "Mozilla/5.0 AppleWebKit/537.36 (KHTML, like Gecko; compatible; GPTBot/1.3; +https://openai.com/gptbot)" 516 **0/516383**
74.7.241.54 - - [10/Mar/2026:22:39:27 -0700] "GET /plug/vote/plug.xml?fileloc=//proc/2470499/root/sbin/dnssec-keyfromlabel&path=//proc/2470499/root/sbin HTTP/1.1" 200 2286 "http://www.rgardensoap.com/plug/vote/plug.xml?path=//proc/2470499/root/sbin" "Mozilla/5.0 AppleWebKit/537.36 (KHTML, like Gecko; compatible; GPTBot/1.3; +https://openai.com/gptbot)" 509 **0/509692**
74.7.227.150 - - [10/Mar/2026:22:39:27 -0700] "GET /blog?path=//lib64/python3.12 HTTP/1.1" 200 7861 "http://rgardensoap.com/blog?path=//lib64" "Mozilla/5.0 AppleWebKit/537.36 (KHTML, like Gecko; compatible; GPTBot/1.3; +https://openai.com/gptbot)" 542 **0/542447**
74.7.227.35 - - [10/Mar/2026:22:39:27 -0700] "GET /?path=//opt/alt/tests/alt-php82-pecl-uuid_1.2.0-1.el8 HTTP/1.1" 200 2581 "http://mail.rgardensoap.com/?path=//opt/alt/tests" "Mozilla/5.0 AppleWebKit/537.36 (KHTML, like Gecko; compatible; GPTBot/1.3; +https://openai.com/gptbot)" 473 **0/473273**
74.7.241.54 - - [10/Mar/2026:22:39:27 -0700] "GET /plug/vote/plug.xml?path=//proc/2470499/root/usr/local/share/perl5 HTTP/1.1" 200 3033 "http://www.rgardensoap.com/plug/vote/plug.xml?path=//proc/2470499/root/usr/local/share" "Mozilla/5.0 AppleWebKit/537.36 (KHTML, like Gecko; compatible; GPTBot/1.3; +https://openai.com/gptbot)" 475 **0/475124**
74.7.227.35 - - [10/Mar/2026:22:39:27 -0700] "GET /?path=//opt/alt/tests/alt-php71-pecl-apcu-bc_1.0.5-1.el8 HTTP/1.1" 200 2583 "http://mail.rgardensoap.com/?path=//opt/alt/tests" "Mozilla/5.0 AppleWebKit/537.36 (KHTML, like Gecko; compatible; GPTBot/1.3; +https://openai.com/gptbot)" 495 **0/495510**
74.7.227.150 - - [10/Mar/2026:22:39:27 -0700] "GET /wp?path=//lib64/sssd HTTP/1.1" 200 3097 "http://rgardensoap.com/wp?path=//lib64" "Mozilla/5.0 AppleWebKit/537.36 (KHTML, like Gecko; compatible; GPTBot/1.3; +https://openai.com/gptbot)" 578 **0/578502**
74.7.241.54 - - [10/Mar/2026:22:39:28 -0700] "GET /plug/vote/plug.xml?fileloc=//proc/2470499/cwd/lib64/libsensors.so.4.4.0&path=//proc/2470499/cwd/lib64 HTTP/1.1" 200 2287 "http://www.rgardensoap.com/plug/vote/plug.xml?path=//proc/2470499/cwd/lib64" "Mozilla/5.0 AppleWebKit/537.36 (KHTML, like Gecko; compatible; GPTBot/1.3; +https://openai.com/gptbot)" 468 **0/468643**
74.7.227.150 - - [10/Mar/2026:22:39:28 -0700] "GET /blog/?path=//proc/sys/net/ipv6 HTTP/1.1" 200 3425 "http://rgardensoap.com/blog/?path=//proc/sys/net" "Mozilla/5.0 AppleWebKit/537.36 (KHTML, like Gecko; compatible; GPTBot/1.3; +https://openai.com/gptbot)" 473 **0/473501**
74.7.227.35 - - [10/Mar/2026:22:39:28 -0700] "GET /?path=//opt/alt/tests/alt-php56-pecl-yaml_1.3.2-1.el8 HTTP/1.1" 200 2581 "http://mail.rgardensoap.com/?path=//opt/alt/tests" "Mozilla/5.0 AppleWebKit/537.36 (KHTML, like Gecko; compatible; GPTBot/1.3; +https://openai.com/gptbot)" 544 **0/544634**
74.7.241.54 - - [10/Mar/2026:22:39:28 -0700] "GET /plug/vote/plug.xml?fileloc=//proc/2470499/cwd/lib64/libenchant.so.1.6.0&path=//proc/2470499/cwd/lib64 HTTP/1.1" 200 2287 "http://www.rgardensoap.com/plug/vote/plug.xml?path=//proc/2470499/cwd/lib64" "Mozilla/5.0 AppleWebKit/537.36 (KHTML, like Gecko; compatible; GPTBot/1.3; +https://openai.com/gptbot)" 508 **0/508938**
74.7.227.150 - - [10/Mar/2026:22:39:29 -0700] "GET /blog/?path=//proc/sys/net/ipv4 HTTP/1.1" 200 5589 "http://rgardensoap.com/blog/?path=//proc/sys/net" "Mozilla/5.0 AppleWebKit/537.36 (KHTML, like Gecko; compatible; GPTBot/1.3; +https://openai.com/gptbot)" 464 **0/464979**
74.7.227.35 - - [10/Mar/2026:22:39:29 -0700] "GET /?path=//opt/alt/tests/alt-php70-pecl-apcu-bc_1.0.5-1.el8 HTTP/1.1" 200 2583 "http://mail.rgardensoap.com/?path=//opt/alt/tests" "Mozilla/5.0 AppleWebKit/537.36 (KHTML, like Gecko; compatible; GPTBot/1.3; +https://openai.com/gptbot)" 465 **0/465664**
74.7.241.54 - - [10/Mar/2026:22:39:29 -0700] "GET /plug/vote/plug.xml?fileloc=//proc/2470499/cwd/lib64/libgmodule-2.0.so.0&path=//proc/2470499/cwd/lib64 HTTP/1.1" 200 2285 "http://www.rgardensoap.com/plug/vote/plug.xml?path=//proc/2470499/cwd/lib64" "Mozilla/5.0 AppleWebKit/537.36 (KHTML, like Gecko; compatible; GPTBot/1.3; +https://openai.com/gptbot)" 483 **0/483162**
74.7.227.150 - - [10/Mar/2026:22:39:29 -0700] "GET /wp?path=//var/php HTTP/1.1" 200 2543 "http://rgardensoap.com/wp?path=//var" "Mozilla/5.0 AppleWebKit/537.36 (KHTML, like Gecko; compatible; GPTBot/1.3; +https://openai.com/gptbot)" 488 **0/488326**
74.7.227.35 - - [10/Mar/2026:22:39:29 -0700] "GET /?path=//opt/alt/tests/alt-php73-pecl-yaml_2.2.3-1.el8 HTTP/1.1" 200 2581 "http://mail.rgardensoap.com/?path=//opt/alt/tests" "Mozilla/5.0 AppleWebKit/537.36 (KHTML, like Gecko; compatible; GPTBot/1.3; +https://openai.com/gptbot)" 522 **0/522878**
74.7.241.54 - - [10/Mar/2026:22:39:30 -0700] "GET /plug/vote/plug.xml?fileloc=//proc/2470499/cwd/lib64/libgirepository-1.0.so.1.0.0&path=//proc/2470499/cwd/lib64 HTTP/1.1" 200 2294 "http://www.rgardensoap.com/plug/vote/plug.xml?path=//proc/2470499/cwd/lib64" "Mozilla/5.0 AppleWebKit/537.36 (KHTML, like Gecko; compatible; GPTBot/1.3; +https://openai.com/gptbot)" 554 **0/554416**
74.7.227.150 - - [10/Mar/2026:22:39:30 -0700] "GET /blog?fileloc=//usr/lib/rpm/rpmrc&path=//usr/lib/rpm HTTP/1.1" 200 5407 "http://rgardensoap.com/blog?path=//usr/lib/rpm" "Mozilla/5.0 AppleWebKit/537.36 (KHTML, like Gecko; compatible; GPTBot/1.3; +https://openai.com/gptbot)" 523 **0/523716**
74.7.227.35 - - [10/Mar/2026:22:39:30 -0700] "GET /?path=//opt/alt/tests/alt-php74-pecl-yaml_2.2.3-1.el8 HTTP/1.1" 200 2581 "http://mail.rgardensoap.com/?path=//opt/alt/tests" "Mozilla/5.0 AppleWebKit/537.36 (KHTML, like Gecko; compatible; GPTBot/1.3; +https://openai.com/gptbot)" 497 **0/497617**
74.7.241.54 - - [10/Mar/2026:22:39:30 -0700] "GET /plug/vote/plug.xml?fileloc=//proc/2470499/cwd/lib64/libfontenc.so.1.0.0&path=//proc/2470499/cwd/lib64 HTTP/1.1" 200 2286 "http://www.rgardensoap.com/plug/vote/plug.xml?path=//proc/2470499/cwd/lib64" "Mozilla/5.0 AppleWebKit/537.36 (KHTML, like Gecko; compatible; GPTBot/1.3; +https://openai.com/gptbot)" 492 **0/492730**
74.7.227.150 - - [10/Mar/2026:22:39:31 -0700] "GET /blog?path=//opt/alt/net-snmp11 HTTP/1.1" 200 2559 "http://rgardensoap.com/blog?path=//opt/alt" "Mozilla/5.0 AppleWebKit/537.36 (KHTML, like Gecko; compatible; GPTBot/1.3; +https://openai.com/gptbot)" 480 **0/480409**
74.7.227.35 - - [10/Mar/2026:22:39:31 -0700] "GET /?path=//opt/alt/tests/alt-php83-pecl-solr_2.7.0-1.el8 HTTP/1.1" 200 2580 "http://mail.rgardensoap.com/?path=//opt/alt/tests" "Mozilla/5.0 AppleWebKit/537.36 (KHTML, like Gecko; compatible; GPTBot/1.3; +https://openai.com/gptbot)" 497 **0/497027**
74.7.241.54 - - [10/Mar/2026:22:39:31 -0700] "GET /plug/vote/plug.xml?fileloc=//proc/2470499/cwd/lib64/libnl-idiag-3.so.200&path=//proc/2470499/cwd/lib64 HTTP/1.1" 200 2287 "http://www.rgardensoap.com/plug/vote/plug.xml?path=//proc/2470499/cwd/lib64" "Mozilla/5.0 AppleWebKit/537.36 (KHTML, like Gecko; compatible; GPTBot/1.3; +https://openai.com/gptbot)" 473 **0/473306**
74.7.227.150 - - [10/Mar/2026:22:39:31 -0700] "GET /wp-links.php?path=//opt HTTP/1.1" 200 2783 "http://rgardensoap.com/wp-links.php?path=/" "Mozilla/5.0 AppleWebKit/537.36 (KHTML, like Gecko; compatible; GPTBot/1.3; +https://openai.com/gptbot)" 454 **0/454591**
74.7.227.35 - - [10/Mar/2026:22:39:31 -0700] "GET /?path=//opt/alt/tests/alt-php73-pecl-apcu-bc_1.0.5-1.el8 HTTP/1.1" 200 2583 "http://mail.rgardensoap.com/?path=//opt/alt/tests" "Mozilla/5.0 AppleWebKit/537.36 (KHTML, like Gecko; compatible; GPTBot/1.3; +https://openai.com/gptbot)" 500 **0/500294**
74.7.241.54 - - [10/Mar/2026:22:39:32 -0700] "GET /plug/vote/plug.xml?fileloc=//proc/2470499/cwd/lib64/libisccfg.so.163.0.8&path=//proc/2470499/cwd/lib64 HTTP/1.1" 200 2287 "http://www.rgardensoap.com/plug/vote/plug.xml?path=//proc/2470499/cwd/lib64" "Mozilla/5.0 AppleWebKit/537.36 (KHTML, like Gecko; compatible; GPTBot/1.3; +https://openai.com/gptbot)" 503 **0/503903**
74.7.227.150 - - [10/Mar/2026:22:39:32 -0700] "GET /wp-links.php?path=//bin HTTP/1.1" 200 14505 "http://rgardensoap.com/wp-links.php?path=/" "Mozilla/5.0 AppleWebKit/537.36 (KHTML, like Gecko; compatible; GPTBot/1.3; +https://openai.com/gptbot)" 497 **0/497945**
74.7.227.35 - - [10/Mar/2026:22:39:32 -0700] "GET /?path=//opt/alt/tests/alt-php72-pecl-solr_2.6.0-1.el8 HTTP/1.1" 200 2581 "http://mail.rgardensoap.com/?path=//opt/alt/tests" "Mozilla/5.0 AppleWebKit/537.36 (KHTML, like Gecko; compatible; GPTBot/1.3; +https://openai.com/gptbot)" 483 **0/483810**
74.7.241.54 - - [10/Mar/2026:22:39:32 -0700] "GET /plug/vote/plug.xml?fileloc=//proc/2470499/cwd/lib64/libicuio.so.60.3&path=//proc/2470499/cwd/lib64 HTTP/1.1" 200 2284 "http://www.rgardensoap.com/plug/vote/plug.xml?path=//proc/2470499/cwd/lib64" "Mozilla/5.0 AppleWebKit/537.36 (KHTML, like Gecko; compatible; GPTBot/1.3; +https://openai.com/gptbot)" 492 **0/492998**
74.7.227.150 - - [10/Mar/2026:22:39:32 -0700] "GET /wp-links.php?path=//tmp HTTP/1.1" 200 2581 "http://rgardensoap.com/wp-links.php?path=/" "Mozilla/5.0 AppleWebKit/537.36 (KHTML, like Gecko; compatible; GPTBot/1.3; +https://openai.com/gptbot)" 510 **0/510836**
74.7.227.35 - - [10/Mar/2026:22:39:32 -0700] "GET /?path=//opt/alt/tests/alt-php74-pecl-solr_2.7.0-1.el8 HTTP/1.1" 200 2581 "http://mail.rgardensoap.com/?path=//opt/alt/tests" "Mozilla/5.0 AppleWebKit/537.36 (KHTML, like Gecko; compatible; GPTBot/1.3; +https://openai.com/gptbot)" 463 **0/463988**
74.7.227.150 - - [10/Mar/2026:22:39:33 -0700] "GET /wp-links.php?path=//lib HTTP/1.1" 200 3503 "http://rgardensoap.com/wp-links.php?path=/" "Mozilla/5.0 AppleWebKit/537.36 (KHTML, like Gecko; compatible; GPTBot/1.3; +https://openai.com/gptbot)" 454 **0/454727**
74.7.241.54 - - [10/Mar/2026:22:39:33 -0700] "GET /plug/vote/plug.xml?fileloc=//proc/2470499/cwd/lib64/libpkgconf.so.3.0.0&path=//proc/2470499/cwd/lib64 HTTP/1.1" 200 2287 "http://www.rgardensoap.com/plug/vote/plug.xml?path=//proc/2470499/cwd/lib64" "Mozilla/5.0 AppleWebKit/537.36 (KHTML, like Gecko; compatible; GPTBot/1.3; +https://openai.com/gptbot)" 495 **0/495153**
74.7.227.35 - - [10/Mar/2026:22:39:33 -0700] "GET /?path=//opt/alt/tests/alt-php80-pecl-yaml_2.2.3-1.el8/tests HTTP/1.1" 200 4276 "http://mail.rgardensoap.com/?path=//opt/alt/tests/alt-php80-pecl-yaml_2.2.3-1.el8" "Mozilla/5.0 AppleWebKit/537.36 (KHTML, like Gecko; compatible; GPTBot/1.3; +https://openai.com/gptbot)" 507 **0/507390**
74.7.227.150 - - [10/Mar/2026:22:39:34 -0700] "GET /blog?path=//lib64/python3.12/http HTTP/1.1" 200 2771 "http://rgardensoap.com/blog?path=//lib64/python3.12" "Mozilla/5.0 AppleWebKit/537.36 (KHTML, like Gecko; compatible; GPTBot/1.3; +https://openai.com/gptbot)" 504 **0/504767**
74.7.241.54 - - [10/Mar/2026:22:39:34 -0700] "GET /plug/vote/plug.xml?fileloc=//proc/2470499/cwd/lib64/libnl-route-3.so.200&path=//proc/2470499/cwd/lib64 HTTP/1.1" 200 2286 "http://www.rgardensoap.com/plug/vote/plug.xml?path=//proc/2470499/cwd/lib64" "Mozilla/5.0 AppleWebKit/537.36 (KHTML, like Gecko; compatible; GPTBot/1.3; +https://openai.com/gptbot)" 511 **0/511166**
74.7.227.35 - - [10/Mar/2026:22:39:34 -0700] "GET /?path=//opt/alt/tests/alt-php81-pecl-uuid_1.2.0-1.el8 HTTP/1.1" 200 2580 "http://mail.rgardensoap.com/?path=//opt/alt/tests" "Mozilla/5.0 AppleWebKit/537.36 (KHTML, like Gecko; compatible; GPTBot/1.3; +https://openai.com/gptbot)" 525 **0/525282**
74.7.227.150 - - [10/Mar/2026:22:39:34 -0700] "GET /blog?path=//lib64/python3.12/html HTTP/1.1" 200 2715 "http://rgardensoap.com/blog?path=//lib64/python3.12" "Mozilla/5.0 AppleWebKit/537.36 (KHTML, like Gecko; compatible; GPTBot/1.3; +https://openai.com/gptbot)" 504 **0/504863**
74.7.241.54 - - [10/Mar/2026:22:39:34 -0700] "GET /plug/vote/plug.xml?fileloc=//proc/2470499/root/usr/local/share/perl5/AppConfig.pm&path=//proc/2470499/root/usr/local/share/perl5 HTTP/1.1" 200 12452 "http://www.rgardensoap.com/plug/vote/plug.xml?path=//proc/2470499/root/usr/local/share/perl5" "Mozilla/5.0 AppleWebKit/537.36 (KHTML, like Gecko; compatible; GPTBot/1.3; +https://openai.com/gptbot)" 521 **0/521695**
74.7.227.35 - - [10/Mar/2026:22:39:34 -0700] "GET /?path=//lib64/gems/ruby/io-console-0.4.6 HTTP/1.1" 200 2571 "http://mail.rgardensoap.com/?path=//lib64/gems/ruby" "Mozilla/5.0 AppleWebKit/537.36 (KHTML, like Gecko; compatible; GPTBot/1.3; +https://openai.com/gptbot)" 482 **0/482617**
74.7.227.150 - - [10/Mar/2026:22:39:35 -0700] "GET /blog/?fileloc=//proc/sys/net/ipv6/idgen_delay&path=//proc/sys/net/ipv6 HTTP/1.1" 200 2282 "http://rgardensoap.com/blog/?path=//proc/sys/net/ipv6" "Mozilla/5.0 AppleWebKit/537.36 (KHTML, like Gecko; compatible; GPTBot/1.3; +https://openai.com/gptbot)" 515 **0/515955**
74.7.227.35 - - [10/Mar/2026:22:39:35 -0700] "GET /?fileloc=//lib/os-release&path=//lib HTTP/1.1" 200 2464 "http://mail.rgardensoap.com/?path=//lib" "Mozilla/5.0 AppleWebKit/537.36 (KHTML, like Gecko; compatible; GPTBot/1.3; +https://openai.com/gptbot)" 448 **0/448243**
74.7.241.54 - - [10/Mar/2026:22:39:35 -0700] "GET /plug/vote/plug.xml?fileloc=//proc/2470499/cwd/lib64/libunbound.so.2.7.18&path=//proc/2470499/cwd/lib64 HTTP/1.1" 200 2287 "http://www.rgardensoap.com/plug/vote/plug.xml?path=//proc/2470499/cwd/lib64" "Mozilla/5.0 AppleWebKit/537.36 (KHTML, like Gecko; compatible; GPTBot/1.3; +https://openai.com/gptbot)" 664 **0/664794**
74.7.227.35 - - [10/Mar/2026:22:39:36 -0700] "GET /?path=//lib64/sssd/conf HTTP/1.1" 200 2571 "http://mail.rgardensoap.com/?path=//lib64/sssd" "Mozilla/5.0 AppleWebKit/537.36 (KHTML, like Gecko; compatible; GPTBot/1.3; +https://openai.com/gptbot)" 524 **0/524793**
74.7.227.150 - - [10/Mar/2026:22:39:36 -0700] "GET /blog/?fileloc=//proc/sys/net/ipv4/tcp_slow_start_after_idle&path=//proc/sys/net/ipv4 HTTP/1.1" 200 2294 "http://rgardensoap.com/blog/?path=//proc/sys/net/ipv4" "Mozilla/5.0 AppleWebKit/537.36 (KHTML, like Gecko; compatible; GPTBot/1.3; +https://openai.com/gptbot)" 607 **0/607238**
74.7.241.54 - - [10/Mar/2026:22:39:36 -0700] "GET /plug/vote/plug.xml?fileloc=//proc/2470499/cwd/lib64/libgettextlib-0.19.8.1.so&path=//proc/2470499/cwd/lib64 HTTP/1.1" 200 2291 "http://www.rgardensoap.com/plug/vote/plug.xml?path=//proc/2470499/cwd/lib64" "Mozilla/5.0 AppleWebKit/537.36 (KHTML, like Gecko; compatible; GPTBot/1.3; +https://openai.com/gptbot)" 575 **0/575996**
74.7.227.35 - - [10/Mar/2026:22:39:36 -0700] "GET /?path=//lib64/python3.12/urllib HTTP/1.1" 200 2801 "http://mail.rgardensoap.com/?path=//lib64/python3.12" "Mozilla/5.0 AppleWebKit/537.36 (KHTML, like Gecko; compatible; GPTBot/1.3; +https://openai.com/gptbot)" 539 **0/539875**
74.7.227.150 - - [10/Mar/2026:22:39:36 -0700] "GET /blog/?fileloc=//proc/sys/net/ipv4/tcp_syn_retries&path=//proc/sys/net/ipv4 HTTP/1.1" 200 2284 "http://rgardensoap.com/blog/?path=//proc/sys/net/ipv4" "Mozilla/5.0 AppleWebKit/537.36 (KHTML, like Gecko; compatible; GPTBot/1.3; +https://openai.com/gptbot)" 513 **0/513295**
74.7.241.54 - - [10/Mar/2026:22:39:36 -0700] "GET /plug/vote/plug.xml?fileloc=//proc/2470499/cwd/lib64/libopenjp2.so.2.4.0&path=//proc/2470499/cwd/lib64 HTTP/1.1" 200 2287 "http://www.rgardensoap.com/plug/vote/plug.xml?path=//proc/2470499/cwd/lib64" "Mozilla/5.0 AppleWebKit/537.36 (KHTML, like Gecko; compatible; GPTBot/1.3; +https://openai.com/gptbot)" 491 **0/491952**
74.7.227.35 - - [10/Mar/2026:22:39:37 -0700] "GET /?path=//lib64/engines-1.1 HTTP/1.1" 200 2690 "http://mail.rgardensoap.com/?path=//lib64" "Mozilla/5.0 AppleWebKit/537.36 (KHTML, like Gecko; compatible; GPTBot/1.3; +https://openai.com/gptbot)" 565 **0/565472**
74.7.227.150 - - [10/Mar/2026:22:39:37 -0700] "GET /blog/?fileloc=//proc/sys/net/ipv4/tcp_retries1&path=//proc/sys/net/ipv4 HTTP/1.1" 200 2284 "http://rgardensoap.com/blog/?path=//proc/sys/net/ipv4" "Mozilla/5.0 AppleWebKit/537.36 (KHTML, like Gecko; compatible; GPTBot/1.3; +https://openai.com/gptbot)" 533 **0/533058**
74.7.241.54 - - [10/Mar/2026:22:39:37 -0700] "GET /plug/vote/plug.xml?fileloc=//proc/2470499/cwd/lib64/libarchive.so.13.3.3&path=//proc/2470499/cwd/lib64 HTTP/1.1" 200 2284 "http://www.rgardensoap.com/plug/vote/plug.xml?path=//proc/2470499/cwd/lib64" "Mozilla/5.0 AppleWebKit/537.36 (KHTML, like Gecko; compatible; GPTBot/1.3; +https://openai.com/gptbot)" 529 **0/529926**
74.7.227.35 - - [10/Mar/2026:22:39:38 -0700] "GET /?path=//lib64/python2.7/curses HTTP/1.1" 200 2950 "http://mail.rgardensoap.com/?path=//lib64/python2.7" "Mozilla/5.0 AppleWebKit/537.36 (KHTML, like Gecko; compatible; GPTBot/1.3; +https://openai.com/gptbot)" 535 **0/535027**
74.7.227.150 - - [10/Mar/2026:22:39:38 -0700] "GET /blog/?fileloc=//proc/sys/net/ipv4/tcp_retries2&path=//proc/sys/net/ipv4 HTTP/1.1" 200 2284 "http://rgardensoap.com/blog/?path=//proc/sys/net/ipv4" "Mozilla/5.0 AppleWebKit/537.36 (KHTML, like Gecko; compatible; GPTBot/1.3; +https://openai.com/gptbot)" 497 **0/497107**
74.7.241.54 - - [10/Mar/2026:22:39:38 -0700] "GET /plug/vote/plug.xml?fileloc=//proc/2470499/cwd/lib64/libnl-genl-3.so.200&path=//proc/2470499/cwd/lib64 HTTP/1.1" 200 2287 "http://www.rgardensoap.com/plug/vote/plug.xml?path=//proc/2470499/cwd/lib64" "Mozilla/5.0 AppleWebKit/537.36 (KHTML, like Gecko; compatible; GPTBot/1.3; +https://openai.com/gptbot)" 519 **0/519759**
74.7.227.35 - - [10/Mar/2026:22:39:38 -0700] "GET /?path=//lib/modules/4.18.0-553.54.1.lve.el8.x86_64/kernel HTTP/1.1" 200 2845 "http://mail.rgardensoap.com/?path=//lib/modules/4.18.0-553.54.1.lve.el8.x86_64" "Mozilla/5.0 AppleWebKit/537.36 (KHTML, like Gecko; compatible; GPTBot/1.3; +https://openai.com/gptbot)" 590 **0/590710**
74.7.227.150 - - [10/Mar/2026:22:39:38 -0700] "GET /wp-links.php?path=//opt/python38 HTTP/1.1" 200 2632 "http://rgardensoap.com/wp-links.php?path=//opt" "Mozilla/5.0 AppleWebKit/537.36 (KHTML, like Gecko; compatible; GPTBot/1.3; +https://openai.com/gptbot)" 556 **0/556702**
74.7.241.54 - - [10/Mar/2026:22:39:38 -0700] "GET /plug/vote/plug.xml?fileloc=//proc/2470499/cwd/lib64/libpcre2-16.so.0&path=//proc/2470499/cwd/lib64 HTTP/1.1" 200 2284 "http://www.rgardensoap.com/plug/vote/plug.xml?path=//proc/2470499/cwd/lib64" "Mozilla/5.0 AppleWebKit/537.36 (KHTML, like Gecko; compatible; GPTBot/1.3; +https://openai.com/gptbot)" 540 **0/540272**
74.7.227.35 - - [10/Mar/2026:22:39:39 -0700] "GET /?fileloc=//lib64/libbind9.so.161&path=//lib64 HTTP/1.1" 200 2252 "http://mail.rgardensoap.com/?path=//lib64" "Mozilla/5.0 AppleWebKit/537.36 (KHTML, like Gecko; compatible; GPTBot/1.3; +https://openai.com/gptbot)" 544 **0/544410**
74.7.227.150 - - [10/Mar/2026:22:39:39 -0700] "GET /wp-links.php?fileloc=//bin/apropos&path=//bin HTTP/1.1" 200 2245 "http://rgardensoap.com/wp-links.php?path=//bin" "Mozilla/5.0 AppleWebKit/537.36 (KHTML, like Gecko; compatible; GPTBot/1.3; +https://openai.com/gptbot)" 560 **0/560372**
74.7.241.54 - - [10/Mar/2026:22:39:39 -0700] "GET /plug/vote/plug.xml?fileloc=//proc/2470499/cwd/lib64/libauparse.so.0.0.0&path=//proc/2470499/cwd/lib64 HTTP/1.1" 200 2285 "http://www.rgardensoap.com/plug/vote/plug.xml?path=//proc/2470499/cwd/lib64" "Mozilla/5.0 AppleWebKit/537.36 (KHTML, like Gecko; compatible; GPTBot/1.3; +https://openai.com/gptbot)" 545 **0/545318**
74.7.227.35 - - [10/Mar/2026:22:39:40 -0700] "GET /?fileloc=//lib64/libicui18n.so.60&path=//lib64 HTTP/1.1" 200 2253 "http://mail.rgardensoap.com/?path=//lib64" "Mozilla/5.0 AppleWebKit/537.36 (KHTML, like Gecko; compatible; GPTBot/1.3; +https://openai.com/gptbot)" 487 **0/487919**
74.7.227.150 - - [10/Mar/2026:22:39:40 -0700] "GET /blog/?fileloc=//proc/sys/net/ipv4/tcp_fastopen&path=//proc/sys/net/ipv4 HTTP/1.1" 200 2284 "http://rgardensoap.com/blog/?path=//proc/sys/net/ipv4" "Mozilla/5.0 AppleWebKit/537.36 (KHTML, like Gecko; compatible; GPTBot/1.3; +https://openai.com/gptbot)" 597 **0/597961**
74.7.241.54 - - [10/Mar/2026:22:39:40 -0700] "GET /plug/vote/plug.xml?fileloc=//proc/2470499/cwd/lib64/libp11-kit.so.0&path=//proc/2470499/cwd/lib64 HTTP/1.1" 200 2284 "http://www.rgardensoap.com/plug/vote/plug.xml?path=//proc/2470499/cwd/lib64" "Mozilla/5.0 AppleWebKit/537.36 (KHTML, like Gecko; compatible; GPTBot/1.3; +https://openai.com/gptbot)" 530 **0/530236**
74.7.227.35 - - [10/Mar/2026:22:39:40 -0700] "GET /?fileloc=//opt/alt/tests/alt-php80-pecl-yaml_2.2.3-1.el8/tests/yaml_001.phpt&path=//opt/alt/tests/alt-php80-pecl-yaml_2.2.3-1.el8/tests HTTP/1.1" 200 2826 "http://mail.rgardensoap.com/?path=//opt/alt/tests/alt-php80-pecl-yaml_2.2.3-1.el8/tests" "Mozilla/5.0 AppleWebKit/537.36 (KHTML, like Gecko; compatible; GPTBot/1.3; +https://openai.com/gptbot)" 563 **0/563618**
74.7.227.150 - - [10/Mar/2026:22:39:41 -0700] "GET /blog/?fileloc=//proc/sys/net/ipv4/tcp_recovery&path=//proc/sys/net/ipv4 HTTP/1.1" 200 2283 "http://rgardensoap.com/blog/?path=//proc/sys/net/ipv4" "Mozilla/5.0 AppleWebKit/537.36 (KHTML, like Gecko; compatible; GPTBot/1.3; +https://openai.com/gptbot)" 452 **0/452037**
74.7.241.54 - - [10/Mar/2026:22:39:41 -0700] "GET /plug/vote/plug.xml?fileloc=//proc/2470499/cwd/lib64/libnewt.so.0.52&path=//proc/2470499/cwd/lib64 HTTP/1.1" 200 2284 "http://www.rgardensoap.com/plug/vote/plug.xml?path=//proc/2470499/cwd/lib64" "Mozilla/5.0 AppleWebKit/537.36 (KHTML, like Gecko; compatible; GPTBot/1.3; +https://openai.com/gptbot)" 534 **0/534047**
74.7.227.35 - - [10/Mar/2026:22:39:41 -0700] "GET /?path=//opt/alt/tests/alt-php54-pecl-uuid_1.0.5-1.el8 HTTP/1.1" 200 2581 "http://mail.rgardensoap.com/?path=//opt/alt/tests" "Mozilla/5.0 AppleWebKit/537.36 (KHTML, like Gecko; compatible; GPTBot/1.3; +https://openai.com/gptbot)" 448 **0/448147**
74.7.227.150 - - [10/Mar/2026:22:39:41 -0700] "GET /blog/?fileloc=//proc/sys/net/ipv4/inet_peer_minttl&path=//proc/sys/net/ipv4 HTTP/1.1" 200 2288 "http://rgardensoap.com/blog/?path=//proc/sys/net/ipv4" "Mozilla/5.0 AppleWebKit/537.36 (KHTML, like Gecko; compatible; GPTBot/1.3; +https://openai.com/gptbot)" 504 **0/504038**
74.7.241.54 - - [10/Mar/2026:22:39:41 -0700] "GET /plug/vote/plug.xml?fileloc=//proc/2470499/cwd/lib64/libgobject-2.0.so.0&path=//proc/2470499/cwd/lib64 HTTP/1.1" 200 2287 "http://www.rgardensoap.com/plug/vote/plug.xml?path=//proc/2470499/cwd/lib64" "Mozilla/5.0 AppleWebKit/537.36 (KHTML, like Gecko; compatible; GPTBot/1.3; +https://openai.com/gptbot)" 514 **0/514405**
74.7.227.35 - - [10/Mar/2026:22:39:42 -0700] "GET /?path=//lib64/gems/ruby/io-console-0.4.6/io HTTP/1.1" 200 2601 "http://mail.rgardensoap.com/?path=//lib64/gems/ruby/io-console-0.4.6" "Mozilla/5.0 AppleWebKit/537.36 (KHTML, like Gecko; compatible; GPTBot/1.3; +https://openai.com/gptbot)" 553 **0/553341**
74.7.227.150 - - [10/Mar/2026:22:39:42 -0700] "GET /blog/?fileloc=//proc/sys/net/ipv4/tcp_pacing_ca_ratio&path=//proc/sys/net/ipv4 HTTP/1.1" 200 2289 "http://rgardensoap.com/blog/?path=//proc/sys/net/ipv4" "Mozilla/5.0 AppleWebKit/537.36 (KHTML, like Gecko; compatible; GPTBot/1.3; +https://openai.com/gptbot)" 508 **0/508076**
74.7.241.54 - - [10/Mar/2026:22:39:42 -0700] "GET /plug/vote/plug.xml?fileloc=//proc/2470499/cwd/lib64/libjbig2dec.so.0.0.0&path=//proc/2470499/cwd/lib64 HTTP/1.1" 200 2288 "http://www.rgardensoap.com/plug/vote/plug.xml?path=//proc/2470499/cwd/lib64" "Mozilla/5.0 AppleWebKit/537.36 (KHTML, like Gecko; compatible; GPTBot/1.3; +https://openai.com/gptbot)" 481 **0/481638**
74.7.227.150 - - [10/Mar/2026:22:39:42 -0700] "GET /blog/?fileloc=//proc/sys/net/ipv4/tcp_pacing_ss_ratio&path=//proc/sys/net/ipv4 HTTP/1.1" 200 2289 "http://rgardensoap.com/blog/?path=//proc/sys/net/ipv4" "Mozilla/5.0 AppleWebKit/537.36 (KHTML, like Gecko; compatible; GPTBot/1.3; +https://openai.com/gptbot)" 489 **0/489784**
74.7.227.35 - - [10/Mar/2026:22:39:42 -0700] "GET /?path=//opt/alt/tests/alt-php71-pecl-uuid_1.2.0-1.el8 HTTP/1.1" 200 2581 "http://mail.rgardensoap.com/?path=//opt/alt/tests" "Mozilla/5.0 AppleWebKit/537.36 (KHTML, like Gecko; compatible; GPTBot/1.3; +https://openai.com/gptbot)" 578 **0/578555**
74.7.241.54 - - [10/Mar/2026:22:39:43 -0700] "GET /plug/vote/plug.xml?fileloc=//proc/2470499/cwd/lib64/libtevent.so.0.16.0&path=//proc/2470499/cwd/lib64 HTTP/1.1" 200 2285 "http://www.rgardensoap.com/plug/vote/plug.xml?path=//proc/2470499/cwd/lib64" "Mozilla/5.0 AppleWebKit/537.36 (KHTML, like Gecko; compatible; GPTBot/1.3; +https://openai.com/gptbot)" 559 **0/559145**
74.7.227.150 - - [10/Mar/2026:22:39:43 -0700] "GET /blog/?fileloc=//proc/sys/net/ipv4/tcp_mtu_probing&path=//proc/sys/net/ipv4 HTTP/1.1" 200 2286 "http://rgardensoap.com/blog/?path=//proc/sys/net/ipv4" "Mozilla/5.0 AppleWebKit/537.36 (KHTML, like Gecko; compatible; GPTBot/1.3; +https://openai.com/gptbot)" 491 **0/491031**
74.7.227.35 - - [10/Mar/2026:22:39:43 -0700] "GET /?path=//opt/alt/tests/alt-php83-pecl-uuid_1.2.0-1.el8 HTTP/1.1" 200 2580 "http://mail.rgardensoap.com/?path=//opt/alt/tests" "Mozilla/5.0 AppleWebKit/537.36 (KHTML, like Gecko; compatible; GPTBot/1.3; +https://openai.com/gptbot)" 473 **0/473050**
74.7.241.54 - - [10/Mar/2026:22:39:43 -0700] "GET /plug/vote/plug.xml?fileloc=//proc/2470499/cwd/lib64/libsqlite3.so.0.8.6&path=//proc/2470499/cwd/lib64 HTTP/1.1" 200 2287 "http://www.rgardensoap.com/plug/vote/plug.xml?path=//proc/2470499/cwd/lib64" "Mozilla/5.0 AppleWebKit/537.36 (KHTML, like Gecko; compatible; GPTBot/1.3; +https://openai.com/gptbot)" 581 **0/581000**
74.7.227.150 - - [10/Mar/2026:22:39:44 -0700] "GET /blog/?fileloc=//proc/sys/net/ipv4/tcp_fin_timeout&path=//proc/sys/net/ipv4 HTTP/1.1" 200 2286 "http://rgardensoap.com/blog/?path=//proc/sys/net/ipv4" "Mozilla/5.0 AppleWebKit/537.36 (KHTML, like Gecko; compatible; GPTBot/1.3; +https://openai.com/gptbot)" 551 **0/551663**
74.7.227.35 - - [10/Mar/2026:22:39:44 -0700] "GET /?path=//lib64/python3.12/urllib/__pycache__ HTTP/1.1" 200 2998 "http://mail.rgardensoap.com/?path=//lib64/python3.12/urllib" "Mozilla/5.0 AppleWebKit/537.36 (KHTML, like Gecko; compatible; GPTBot/1.3; +https://openai.com/gptbot)" 472 **0/472945**
74.7.241.54 - - [10/Mar/2026:22:39:44 -0700] "GET /plug/vote/plug.xml?fileloc=//proc/2470499/cwd/lib64/libseccomp.so.2.5.2&path=//proc/2470499/cwd/lib64 HTTP/1.1" 200 2287 "http://www.rgardensoap.com/plug/vote/plug.xml?path=//proc/2470499/cwd/lib64" "Mozilla/5.0 AppleWebKit/537.36 (KHTML, like Gecko; compatible; GPTBot/1.3; +https://openai.com/gptbot)" 554 **0/554806**
74.7.227.150 - - [10/Mar/2026:22:39:44 -0700] "GET /blog/?fileloc=//proc/sys/net/ipv4/tcp_low_latency&path=//proc/sys/net/ipv4 HTTP/1.1" 200 2287 "http://rgardensoap.com/blog/?path=//proc/sys/net/ipv4" "Mozilla/5.0 AppleWebKit/537.36 (KHTML, like Gecko; compatible; GPTBot/1.3; +https://openai.com/gptbot)" 540 **0/540884**
74.7.227.35 - - [10/Mar/2026:22:39:44 -0700] "GET /?path=//opt/alt/tests/alt-php72-pecl-uuid_1.2.0-1.el8 HTTP/1.1" 200 2581 "http://mail.rgardensoap.com/?path=//opt/alt/tests" "Mozilla/5.0 AppleWebKit/537.36 (KHTML, like Gecko; compatible; GPTBot/1.3; +https://openai.com/gptbot)" 490 **0/490366**
74.7.241.54 - - [10/Mar/2026:22:39:45 -0700] "GET /plug/vote/plug.xml?fileloc=//proc/2470499/cwd/lib64/libleveldb.so.1.22.0&path=//proc/2470499/cwd/lib64 HTTP/1.1" 200 2286 "http://www.rgardensoap.com/plug/vote/plug.xml?path=//proc/2470499/cwd/lib64" "Mozilla/5.0 AppleWebKit/537.36 (KHTML, like Gecko; compatible; GPTBot/1.3; +https://openai.com/gptbot)" 582 **0/582963**
74.7.227.150 - - [10/Mar/2026:22:39:45 -0700] "GET /blog/?fileloc=//proc/sys/net/ipv4/tcp_max_orphans&path=//proc/sys/net/ipv4 HTTP/1.1" 200 2290 "http://rgardensoap.com/blog/?path=//proc/sys/net/ipv4" "Mozilla/5.0 AppleWebKit/537.36 (KHTML, like Gecko; compatible; GPTBot/1.3; +https://openai.com/gptbot)" 480 **0/480915**
74.7.227.35 - - [10/Mar/2026:22:39:45 -0700] "GET /?path=//opt/alt/tests/alt-php84-pecl-uuid_1.2.0-1.el8 HTTP/1.1" 200 2580 "http://mail.rgardensoap.com/?path=//opt/alt/tests" "Mozilla/5.0 AppleWebKit/537.36 (KHTML, like Gecko; compatible; GPTBot/1.3; +https://openai.com/gptbot)" 552 **0/552935**
74.7.241.54 - - [10/Mar/2026:22:39:45 -0700] "GET /plug/vote/plug.xml?fileloc=//proc/2470499/cwd/lib64/libmvec-2.28.so&path=//proc/2470499/cwd/lib64 HTTP/1.1" 200 2284 "http://www.rgardensoap.com/plug/vote/plug.xml?path=//proc/2470499/cwd/lib64" "Mozilla/5.0 AppleWebKit/537.36 (KHTML, like Gecko; compatible; GPTBot/1.3; +https://openai.com/gptbot)" 552 **0/552003**
74.7.227.150 - - [10/Mar/2026:22:39:46 -0700] "GET /blog/?fileloc=//proc/sys/net/ipv4/icmp_msgs_burst&path=//proc/sys/net/ipv4 HTTP/1.1" 200 2287 "http://rgardensoap.com/blog/?path=//proc/sys/net/ipv4" "Mozilla/5.0 AppleWebKit/537.36 (KHTML, like Gecko; compatible; GPTBot/1.3; +https://openai.com/gptbot)" 530 **0/530513**
74.7.227.35 - - [10/Mar/2026:22:39:46 -0700] "GET /?path=//opt/alt/tests/alt-php56-pecl-uuid_1.0.5-1.el8 HTTP/1.1" 200 2581 "http://mail.rgardensoap.com/?path=//opt/alt/tests" "Mozilla/5.0 AppleWebKit/537.36 (KHTML, like Gecko; compatible; GPTBot/1.3; +https://openai.com/gptbot)" 468 **0/468019**
74.7.241.54 - - [10/Mar/2026:22:39:46 -0700] "GET /plug/vote/plug.xml?fileloc=//proc/2470499/cwd/lib64/libsigsegv.so.2.0.4&path=//proc/2470499/cwd/lib64 HTTP/1.1" 200 2286 "http://www.rgardensoap.com/plug/vote/plug.xml?path=//proc/2470499/cwd/lib64" "Mozilla/5.0 AppleWebKit/537.36 (KHTML, like Gecko; compatible; GPTBot/1.3; +https://openai.com/gptbot)" 530 **0/530112**
74.7.227.150 - - [10/Mar/2026:22:39:46 -0700] "GET /blog/?fileloc=//proc/sys/net/ipv4/tcp_fastopen_key&path=//proc/sys/net/ipv4 HTTP/1.1" 200 2284 "http://rgardensoap.com/blog/?path=//proc/sys/net/ipv4" "Mozilla/5.0 AppleWebKit/537.36 (KHTML, like Gecko; compatible; GPTBot/1.3; +https://openai.com/gptbot)" 496 **0/496643**
74.7.227.35 - - [10/Mar/2026:22:39:46 -0700] "GET /?path=//opt/alt/tests/alt-php70-pecl-uuid_1.2.0-1.el8 HTTP/1.1" 200 2581 "http://mail.rgardensoap.com/?path=//opt/alt/tests" "Mozilla/5.0 AppleWebKit/537.36 (KHTML, like Gecko; compatible; GPTBot/1.3; +https://openai.com/gptbot)" 479 **0/479267**
74.7.227.35 - - [10/Mar/2026:22:39:47 -0700] "GET /?fileloc=//opt/cpanel/ea-profiles-cpanel/allphp.json&path=//opt/cpanel/ea-profiles-cpanel HTTP/1.1" 200 2844 "http://mail.rgardensoap.com/?path=//opt/cpanel/ea-profiles-cpanel" "Mozilla/5.0 AppleWebKit/537.36 (KHTML, like Gecko; compatible; GPTBot/1.3; +https://openai.com/gptbot)" 294 **0/294195**
74.7.241.54 - - [10/Mar/2026:22:39:47 -0700] "GET /plug/vote/plug.xml?fileloc=//proc/2470499/cwd/lib64/libcfitsio.so.7.3.47&path=//proc/2470499/cwd/lib64 HTTP/1.1" 200 2286 "http://www.rgardensoap.com/plug/vote/plug.xml?path=//proc/2470499/cwd/lib64" "Mozilla/5.0 AppleWebKit/537.36 (KHTML, like Gecko; compatible; GPTBot/1.3; +https://openai.com/gptbot)" 554 **0/554646**
74.7.227.150 - - [10/Mar/2026:22:39:47 -0700] "GET /blog/?fileloc=//proc/sys/net/ipv4/tcp_ecn_fallback&path=//proc/sys/net/ipv4 HTTP/1.1" 200 2285 "http://rgardensoap.com/blog/?path=//proc/sys/net/ipv4" "Mozilla/5.0 AppleWebKit/537.36 (KHTML, like Gecko; compatible; GPTBot/1.3; +https://openai.com/gptbot)" 479 **0/479763**
74.7.227.35 - - [10/Mar/2026:22:39:47 -0700] "GET /?fileloc=//opt/cpanel/ea-profiles-cpanel/nophp.json&path=//opt/cpanel/ea-profiles-cpanel HTTP/1.1" 200 2485 "http://mail.rgardensoap.com/?path=//opt/cpanel/ea-profiles-cpanel" "Mozilla/5.0 AppleWebKit/537.36 (KHTML, like Gecko; compatible; GPTBot/1.3; +https://openai.com/gptbot)" 314 **0/314936**
74.7.241.54 - - [10/Mar/2026:22:39:47 -0700] "GET /plug/vote/plug.xml?fileloc=//proc/2470499/cwd/lib64/libgearman.so.8.0.0&path=//proc/2470499/cwd/lib64 HTTP/1.1" 200 2286 "http://www.rgardensoap.com/plug/vote/plug.xml?path=//proc/2470499/cwd/lib64" "Mozilla/5.0 AppleWebKit/537.36 (KHTML, like Gecko; compatible; GPTBot/1.3; +https://openai.com/gptbot)" 504 **0/504268**
74.7.227.150 - - [10/Mar/2026:22:39:48 -0700] "GET /blog/?fileloc=//proc/sys/net/ipv4/icmp_msgs_per_sec&path=//proc/sys/net/ipv4 HTTP/1.1" 200 2289 "http://rgardensoap.com/blog/?path=//proc/sys/net/ipv4" "Mozilla/5.0 AppleWebKit/537.36 (KHTML, like Gecko; compatible; GPTBot/1.3; +https://openai.com/gptbot)" 552 **0/552910**
74.7.227.35 - - [10/Mar/2026:22:39:48 -0700] "GET /?path=//lib64/python3.12/venv/__pycache__ HTTP/1.1" 200 2724 "http://mail.rgardensoap.com/?path=//lib64/python3.12/venv" "Mozilla/5.0 AppleWebKit/537.36 (KHTML, like Gecko; compatible; GPTBot/1.3; +https://openai.com/gptbot)" 500 **0/500689**
74.7.241.54 - - [10/Mar/2026:22:39:48 -0700] "GET /plug/vote/plug.xml?fileloc=//proc/2470499/cwd/lib64/libpcre2-posix.so.2.0.1&path=//proc/2470499/cwd/lib64 HTTP/1.1" 200 2289 "http://www.rgardensoap.com/plug/vote/plug.xml?path=//proc/2470499/cwd/lib64" "Mozilla/5.0 AppleWebKit/537.36 (KHTML, like Gecko; compatible; GPTBot/1.3; +https://openai.com/gptbot)" 457 **0/457197**
74.7.227.150 - - [10/Mar/2026:22:39:48 -0700] "GET /blog/?fileloc=//proc/sys/net/ipv4/ping_group_range&path=//proc/sys/net/ipv4 HTTP/1.1" 200 2294 "http://rgardensoap.com/blog/?path=//proc/sys/net/ipv4" "Mozilla/5.0 AppleWebKit/537.36 (KHTML, like Gecko; compatible; GPTBot/1.3; +https://openai.com/gptbot)" 532 **0/532546**
74.7.227.35 - - [10/Mar/2026:22:39:49 -0700] "GET /?path=//etc/ssh HTTP/1.1" 200 2609 "http://mail.rgardensoap.com/?path=//etc" "Mozilla/5.0 AppleWebKit/537.36 (KHTML, like Gecko; compatible; GPTBot/1.3; +https://openai.com/gptbot)" 563 **0/563221**
74.7.241.54 - - [10/Mar/2026:22:39:49 -0700] "GET /plug/vote/plug.xml?fileloc=//proc/2470499/cwd/lib64/libhashkit.so.2.0.0&path=//proc/2470499/cwd/lib64 HTTP/1.1" 200 2286 "http://www.rgardensoap.com/plug/vote/plug.xml?path=//proc/2470499/cwd/lib64" "Mozilla/5.0 AppleWebKit/537.36 (KHTML, like Gecko; compatible; GPTBot/1.3; +https://openai.com/gptbot)" 572 **0/572383**
74.7.227.150 - - [10/Mar/2026:22:39:49 -0700] "GET /blog/?fileloc=//proc/sys/net/ipv4/cipso_rbm_optfmt&path=//proc/sys/net/ipv4 HTTP/1.1" 200 2287 "http://rgardensoap.com/blog/?path=//proc/sys/net/ipv4" "Mozilla/5.0 AppleWebKit/537.36 (KHTML, like Gecko; compatible; GPTBot/1.3; +https://openai.com/gptbot)" 477 **0/477544**
74.7.227.35 - - [10/Mar/2026:22:39:49 -0700] "GET /?path=//lib/modules/4.18.0-553.83.1.lve.el8.x86_64/kernel HTTP/1.1" 200 2847 "http://mail.rgardensoap.com/?path=//lib/modules/4.18.0-553.83.1.lve.el8.x86_64" "Mozilla/5.0 AppleWebKit/537.36 (KHTML, like Gecko; compatible; GPTBot/1.3; +https://openai.com/gptbot)" 593 **0/593739**
74.7.227.150 - - [10/Mar/2026:22:39:49 -0700] "GET /blog/?fileloc=//proc/sys/net/ipv4/ip_dynaddr&path=//proc/sys/net/ipv4 HTTP/1.1" 200 2282 "http://rgardensoap.com/blog/?path=//proc/sys/net/ipv4" "Mozilla/5.0 AppleWebKit/537.36 (KHTML, like Gecko; compatible; GPTBot/1.3; +https://openai.com/gptbot)" 491 **0/491072**
74.7.241.54 - - [10/Mar/2026:22:39:49 -0700] "GET /plug/vote/plug.xml?fileloc=//proc/2470499/cwd/lib64/libprotoc.so.15.0.0&path=//proc/2470499/cwd/lib64 HTTP/1.1" 200 2286 "http://www.rgardensoap.com/plug/vote/plug.xml?path=//proc/2470499/cwd/lib64" "Mozilla/5.0 AppleWebKit/537.36 (KHTML, like Gecko; compatible; GPTBot/1.3; +https://openai.com/gptbot)" 591 **0/591435**
74.7.227.35 - - [10/Mar/2026:22:39:50 -0700] "GET /?fileloc=//etc/backupmxhosts&path=//etc HTTP/1.1" 200 2252 "http://mail.rgardensoap.com/?path=//etc" "Mozilla/5.0 AppleWebKit/537.36 (KHTML, like Gecko; compatible; GPTBot/1.3; +https://openai.com/gptbot)" 540 **0/540190**
74.7.227.150 - - [10/Mar/2026:22:39:50 -0700] "GET /blog/?fileloc=//proc/sys/net/ipv4/ipfrag_time&path=//proc/sys/net/ipv4 HTTP/1.1" 200 2282 "http://rgardensoap.com/blog/?path=//proc/sys/net/ipv4" "Mozilla/5.0 AppleWebKit/537.36 (KHTML, like Gecko; compatible; GPTBot/1.3; +https://openai.com/gptbot)" 644 **0/644764**
74.7.241.54 - - [10/Mar/2026:22:39:50 -0700] "GET /plug/vote/plug.xml?fileloc=//proc/2470499/cwd/lib64/libpspell.so.15.1.5&path=//proc/2470499/cwd/lib64 HTTP/1.1" 200 2287 "http://www.rgardensoap.com/plug/vote/plug.xml?path=//proc/2470499/cwd/lib64" "Mozilla/5.0 AppleWebKit/537.36 (KHTML, like Gecko; compatible; GPTBot/1.3; +https://openai.com/gptbot)" 592 **0/592457**
74.7.227.35 - - [10/Mar/2026:22:39:51 -0700] "GET /?path=//lib64/nss/saved HTTP/1.1" 200 2314 "http://mail.rgardensoap.com/?path=//lib64/nss" "Mozilla/5.0 AppleWebKit/537.36 (KHTML, like Gecko; compatible; GPTBot/1.3; +https://openai.com/gptbot)" 454 **0/454266**
74.7.227.150 - - [10/Mar/2026:22:39:51 -0700] "GET /blog/?fileloc=//proc/sys/net/ipv4/tcp_stdurg&path=//proc/sys/net/ipv4 HTTP/1.1" 200 2282 "http://rgardensoap.com/blog/?path=//proc/sys/net/ipv4" "Mozilla/5.0 AppleWebKit/537.36 (KHTML, like Gecko; compatible; GPTBot/1.3; +https://openai.com/gptbot)" 532 **0/532175**
74.7.241.54 - - [10/Mar/2026:22:39:51 -0700] "GET /plug/vote/plug.xml?fileloc=//proc/2470499/cwd/lib64/libjansson.so.4.14.0&path=//proc/2470499/cwd/lib64 HTTP/1.1" 200 2287 "http://www.rgardensoap.com/plug/vote/plug.xml?path=//proc/2470499/cwd/lib64" "Mozilla/5.0 AppleWebKit/537.36 (KHTML, like Gecko; compatible; GPTBot/1.3; +https://openai.com/gptbot)" 506 **0/506239**
74.7.227.35 - - [10/Mar/2026:22:39:51 -0700] "GET /?path=//lib64/ruby/racc HTTP/1.1" 200 2578 "http://mail.rgardensoap.com/?path=//lib64/ruby" "Mozilla/5.0 AppleWebKit/537.36 (KHTML, like Gecko; compatible; GPTBot/1.3; +https://openai.com/gptbot)" 587 **0/587839**
74.7.227.150 - - [10/Mar/2026:22:39:52 -0700] "GET /blog/?fileloc=//proc/sys/net/ipv4/ip_forward&path=//proc/sys/net/ipv4 HTTP/1.1" 200 2278 "http://rgardensoap.com/blog/?path=//proc/sys/net/ipv4" "Mozilla/5.0 AppleWebKit/537.36 (KHTML, like Gecko; compatible; GPTBot/1.3; +https://openai.com/gptbot)" 550 **0/550315**
74.7.241.54 - - [10/Mar/2026:22:39:52 -0700] "GET /plug/vote/plug.xml?fileloc=//proc/2470499/cwd/lib64/libutil-2.28.so&path=//proc/2470499/cwd/lib64 HTTP/1.1" 200 2284 "http://www.rgardensoap.com/plug/vote/plug.xml?path=//proc/2470499/cwd/lib64" "Mozilla/5.0 AppleWebKit/537.36 (KHTML, like Gecko; compatible; GPTBot/1.3; +https://openai.com/gptbot)" 557 **0/557171**
74.7.227.35 - - [10/Mar/2026:22:39:52 -0700] "GET /?path=//lib64/python2.7/lib-tk HTTP/1.1" 200 3715 "http://mail.rgardensoap.com/?path=//lib64/python2.7" "Mozilla/5.0 AppleWebKit/537.36 (KHTML, like Gecko; compatible; GPTBot/1.3; +https://openai.com/gptbot)" 541 **0/541135**
74.7.227.150 - - [10/Mar/2026:22:39:52 -0700] "GET /blog/?fileloc=//proc/sys/net/ipv4/tcp_adv_win_scale&path=//proc/sys/net/ipv4 HTTP/1.1" 200 2285 "http://rgardensoap.com/blog/?path=//proc/sys/net/ipv4" "Mozilla/5.0 AppleWebKit/537.36 (KHTML, like Gecko; compatible; GPTBot/1.3; +https://openai.com/gptbot)" 522 **0/522317**
74.7.241.54 - - [10/Mar/2026:22:39:52 -0700] "GET /plug/vote/plug.xml?fileloc=//proc/2470499/cwd/lib64/libxcb-xf86dri.so.0.0.0&path=//proc/2470499/cwd/lib64 HTTP/1.1" 200 2288 "http://www.rgardensoap.com/plug/vote/plug.xml?path=//proc/2470499/cwd/lib64" "Mozilla/5.0 AppleWebKit/537.36 (KHTML, like Gecko; compatible; GPTBot/1.3; +https://openai.com/gptbot)" 553 **0/553024**
74.7.227.35 - - [10/Mar/2026:22:39:53 -0700] "GET /?path=//lib64/nagios HTTP/1.1" 200 2546 "http://mail.rgardensoap.com/?path=//lib64" "Mozilla/5.0 AppleWebKit/537.36 (KHTML, like Gecko; compatible; GPTBot/1.3; +https://openai.com/gptbot)" 572 **0/572820**
74.7.227.150 - - [10/Mar/2026:22:39:53 -0700] "GET /blog/?fileloc=//proc/sys/net/ipv4/ip_local_port_range&path=//proc/sys/net/ipv4 HTTP/1.1" 200 2295 "http://rgardensoap.com/blog/?path=//proc/sys/net/ipv4" "Mozilla/5.0 AppleWebKit/537.36 (KHTML, like Gecko; compatible; GPTBot/1.3; +https://openai.com/gptbot)" 656 **0/656040**
74.7.241.54 - - [10/Mar/2026:22:39:53 -0700] "GET /plug/vote/plug.xml?fileloc=//proc/2470499/cwd/lib64/libgthread-2.0.so.0&path=//proc/2470499/cwd/lib64 HTTP/1.1" 200 2285 "http://www.rgardensoap.com/plug/vote/plug.xml?path=//proc/2470499/cwd/lib64" "Mozilla/5.0 AppleWebKit/537.36 (KHTML, like Gecko; compatible; GPTBot/1.3; +https://openai.com/gptbot)" 583 **0/583122**
74.7.227.35 - - [10/Mar/2026:22:39:53 -0700] "GET /?path=//lib64/python2.7/wsgiref HTTP/1.1" 200 2965 "http://mail.rgardensoap.com/?path=//lib64/python2.7" "Mozilla/5.0 AppleWebKit/537.36 (KHTML, like Gecko; compatible; GPTBot/1.3; +https://openai.com/gptbot)" 589 **0/589503**
74.7.227.150 - - [10/Mar/2026:22:39:54 -0700] "GET /blog/?fileloc=//proc/sys/net/ipv4/ip_default_ttl&path=//proc/sys/net/ipv4 HTTP/1.1" 200 2283 "http://rgardensoap.com/blog/?path=//proc/sys/net/ipv4" "Mozilla/5.0 AppleWebKit/537.36 (KHTML, like Gecko; compatible; GPTBot/1.3; +https://openai.com/gptbot)" 459 **0/459787**
74.7.241.54 - - [10/Mar/2026:22:39:54 -0700] "GET /plug/vote/plug.xml?fileloc=//proc/2470499/cwd/lib64/libicutu.so.60.3&path=//proc/2470499/cwd/lib64 HTTP/1.1" 200 2285 "http://www.rgardensoap.com/plug/vote/plug.xml?path=//proc/2470499/cwd/lib64" "Mozilla/5.0 AppleWebKit/537.36 (KHTML, like Gecko; compatible; GPTBot/1.3; +https://openai.com/gptbot)" 578 **0/578723**
74.7.227.35 - - [10/Mar/2026:22:39:54 -0700] "GET /?path=//opt/alt/tests/alt-php72-pecl-uuid_1.2.0-1.el8/tests HTTP/1.1" 200 2943 "http://mail.rgardensoap.com/?path=//opt/alt/tests/alt-php72-pecl-uuid_1.2.0-1.el8" "Mozilla/5.0 AppleWebKit/537.36 (KHTML, like Gecko; compatible; GPTBot/1.3; +https://openai.com/gptbot)" 571 **0/571728**
74.7.227.150 - - [10/Mar/2026:22:39:54 -0700] "GET /blog/?fileloc=//proc/sys/net/ipv6/ip6frag_time&path=//proc/sys/net/ipv6 HTTP/1.1" 200 2283 "http://rgardensoap.com/blog/?path=//proc/sys/net/ipv6" "Mozilla/5.0 AppleWebKit/537.36 (KHTML, like Gecko; compatible; GPTBot/1.3; +https://openai.com/gptbot)" 562 **0/562653**
74.7.241.54 - - [10/Mar/2026:22:39:55 -0700] "GET /plug/vote/plug.xml?fileloc=//proc/2470499/cwd/lib64/libpcre2-32.so.0&path=//proc/2470499/cwd/lib64 HTTP/1.1" 200 2284 "http://www.rgardensoap.com/plug/vote/plug.xml?path=//proc/2470499/cwd/lib64" "Mozilla/5.0 AppleWebKit/537.36 (KHTML, like Gecko; compatible; GPTBot/1.3; +https://openai.com/gptbot)" 551 **0/551245**
74.7.227.35 - - [10/Mar/2026:22:39:55 -0700] "GET /?path=//opt/alt/tests/alt-php74-pecl-rrd_2.0.3-1.el8/tests HTTP/1.1" 200 3134 "http://mail.rgardensoap.com/?path=//opt/alt/tests/alt-php74-pecl-rrd_2.0.3-1.el8" "Mozilla/5.0 AppleWebKit/537.36 (KHTML, like Gecko; compatible; GPTBot/1.3; +https://openai.com/gptbot)" 576 **0/576935**
74.7.227.150 - - [10/Mar/2026:22:39:55 -0700] "GET /blog/?fileloc=//proc/sys/net/ipv4/inet_peer_maxttl&path=//proc/sys/net/ipv4 HTTP/1.1" 200 2288 "http://rgardensoap.com/blog/?path=//proc/sys/net/ipv4" "Mozilla/5.0 AppleWebKit/537.36 (KHTML, like Gecko; compatible; GPTBot/1.3; +https://openai.com/gptbot)" 668 **0/668715**
74.7.241.54 - - [10/Mar/2026:22:39:55 -0700] "GET /plug/vote/plug.xml?fileloc=//proc/2470499/cwd/lib64/libwebpmux.so.3.0.2&path=//proc/2470499/cwd/lib64 HTTP/1.1" 200 2287 "http://www.rgardensoap.com/plug/vote/plug.xml?path=//proc/2470499/cwd/lib64" "Mozilla/5.0 AppleWebKit/537.36 (KHTML, like Gecko; compatible; GPTBot/1.3; +https://openai.com/gptbot)" 574 **0/574895**
74.7.227.35 - - [10/Mar/2026:22:39:56 -0700] "GET /?path=//opt/alt/tests/alt-php70-pecl-rrd_2.0.3-1.el8/tests HTTP/1.1" 200 3134 "http://mail.rgardensoap.com/?path=//opt/alt/tests/alt-php70-pecl-rrd_2.0.3-1.el8" "Mozilla/5.0 AppleWebKit/537.36 (KHTML, like Gecko; compatible; GPTBot/1.3; +https://openai.com/gptbot)" 571 **0/571973**
74.7.227.150 - - [10/Mar/2026:22:39:56 -0700] "GET /blog/?fileloc=//proc/sys/net/ipv4/ip_nonlocal_bind&path=//proc/sys/net/ipv4 HTTP/1.1" 200 2286 "http://rgardensoap.com/blog/?path=//proc/sys/net/ipv4" "Mozilla/5.0 AppleWebKit/537.36 (KHTML, like Gecko; compatible; GPTBot/1.3; +https://openai.com/gptbot)" 503 **0/503040**
74.7.241.54 - - [10/Mar/2026:22:39:56 -0700] "GET /plug/vote/plug.xml?fileloc=//proc/2470499/cwd/lib64/libmozjs-60.so.0&path=//proc/2470499/cwd/lib64 HTTP/1.1" 200 2286 "http://www.rgardensoap.com/plug/vote/plug.xml?path=//proc/2470499/cwd/lib64" "Mozilla/5.0 AppleWebKit/537.36 (KHTML, like Gecko; compatible; GPTBot/1.3; +https://openai.com/gptbot)" 603 **0/603728**
74.7.227.35 - - [10/Mar/2026:22:39:56 -0700] "GET /?fileloc=//etc/ssh/moduli&path=//etc/ssh HTTP/1.1" 200 15875 "http://mail.rgardensoap.com/?path=//etc/ssh" "Mozilla/5.0 AppleWebKit/537.36 (KHTML, like Gecko; compatible; GPTBot/1.3; +https://openai.com/gptbot)" 660 **0/660323**
74.7.227.150 - - [10/Mar/2026:22:39:56 -0700] "GET /blog/?fileloc=//proc/sys/net/ipv6/ip_nonlocal_bind&path=//proc/sys/net/ipv6 HTTP/1.1" 200 2286 "http://rgardensoap.com/blog/?path=//proc/sys/net/ipv6" "Mozilla/5.0 AppleWebKit/537.36 (KHTML, like Gecko; compatible; GPTBot/1.3; +https://openai.com/gptbot)" 677 **0/677761**
74.7.241.54 - - [10/Mar/2026:22:39:57 -0700] "GET /plug/vote/plug.xml?fileloc=//proc/2470499/cwd/lib64/libperl.so.5.26&path=//proc/2470499/cwd/lib64 HTTP/1.1" 200 2284 "http://www.rgardensoap.com/plug/vote/plug.xml?path=//proc/2470499/cwd/lib64" "Mozilla/5.0 AppleWebKit/537.36 (KHTML, like Gecko; compatible; GPTBot/1.3; +https://openai.com/gptbot)" 496 **0/496654**
74.7.227.35 - - [10/Mar/2026:22:39:57 -0700] "GET /?path=//opt/alt/tests/alt-php82-pecl-uuid_1.2.0-1.el8/tests HTTP/1.1" 200 2944 "http://mail.rgardensoap.com/?path=//opt/alt/tests/alt-php82-pecl-uuid_1.2.0-1.el8" "Mozilla/5.0 AppleWebKit/537.36 (KHTML, like Gecko; compatible; GPTBot/1.3; +https://openai.com/gptbot)" 669 **0/669844**
74.7.227.150 - - [10/Mar/2026:22:39:57 -0700] "GET /blog/?fileloc=//proc/sys/net/ipv4/tcp_no_metrics_save&path=//proc/sys/net/ipv4 HTTP/1.1" 200 2289 "http://rgardensoap.com/blog/?path=//proc/sys/net/ipv4" "Mozilla/5.0 AppleWebKit/537.36 (KHTML, like Gecko; compatible; GPTBot/1.3; +https://openai.com/gptbot)" 664 **0/664970**
74.7.241.54 - - [10/Mar/2026:22:39:57 -0700] "GET /plug/vote/plug.xml?fileloc=//proc/2470499/cwd/lib64/libpcre2-8.so.0&path=//proc/2470499/cwd/lib64 HTTP/1.1" 200 2284 "http://www.rgardensoap.com/plug/vote/plug.xml?path=//proc/2470499/cwd/lib64" "Mozilla/5.0 AppleWebKit/537.36 (KHTML, like Gecko; compatible; GPTBot/1.3; +https://openai.com/gptbot)" 615 **0/615909**
74.7.227.35 - - [10/Mar/2026:22:39:58 -0700] "GET /?path=//opt/alt/tests/alt-php56-pecl-uuid_1.0.5-1.el8/tests HTTP/1.1" 200 2882 "http://mail.rgardensoap.com/?path=//opt/alt/tests/alt-php56-pecl-uuid_1.0.5-1.el8" "Mozilla/5.0 AppleWebKit/537.36 (KHTML, like Gecko; compatible; GPTBot/1.3; +https://openai.com/gptbot)" 546 **0/546186**
74.7.227.150 - - [10/Mar/2026:22:39:58 -0700] "GET /blog/?fileloc=//proc/sys/net/ipv4/tcp_tso_win_divisor&path=//proc/sys/net/ipv4 HTTP/1.1" 200 2288 "http://rgardensoap.com/blog/?path=//proc/sys/net/ipv4" "Mozilla/5.0 AppleWebKit/537.36 (KHTML, like Gecko; compatible; GPTBot/1.3; +https://openai.com/gptbot)" 522 **0/522784**
74.7.241.54 - - [10/Mar/2026:22:39:58 -0700] "GET /plug/vote/plug.xml?fileloc=//proc/2470499/cwd/lib64/libsystemd.so.0.23.0&path=//proc/2470499/cwd/lib64 HTTP/1.1" 200 2285 "http://www.rgardensoap.com/plug/vote/plug.xml?path=//proc/2470499/cwd/lib64" "Mozilla/5.0 AppleWebKit/537.36 (KHTML, like Gecko; compatible; GPTBot/1.3; +https://openai.com/gptbot)" 548 **0/548146**
74.7.227.35 - - [10/Mar/2026:22:39:59 -0700] "GET /?path=//opt/alt/tests/alt-php83-pecl-uuid_1.2.0-1.el8/tests HTTP/1.1" 200 2944 "http://mail.rgardensoap.com/?path=//opt/alt/tests/alt-php83-pecl-uuid_1.2.0-1.el8" "Mozilla/5.0 AppleWebKit/537.36 (KHTML, like Gecko; compatible; GPTBot/1.3; +https://openai.com/gptbot)" 658 **0/658068**
74.7.227.150 - - [10/Mar/2026:22:39:59 -0700] "GET /blog/?fileloc=//proc/sys/net/ipv4/icmp_echo_ignore_all&path=//proc/sys/net/ipv4 HTTP/1.1" 200 2289 "http://rgardensoap.com/blog/?path=//proc/sys/net/ipv4" "Mozilla/5.0 AppleWebKit/537.36 (KHTML, like Gecko; compatible; GPTBot/1.3; +https://openai.com/gptbot)" 778 **0/778080**
74.7.241.54 - - [10/Mar/2026:22:39:59 -0700] "GET /plug/vote/plug.xml?fileloc=//proc/2470499/cwd/lib64/libicuuc.so.60.3&path=//proc/2470499/cwd/lib64 HTTP/1.1" 200 2285 "http://www.rgardensoap.com/plug/vote/plug.xml?path=//proc/2470499/cwd/lib64" "Mozilla/5.0 AppleWebKit/537.36 (KHTML, like Gecko; compatible; GPTBot/1.3; +https://openai.com/gptbot)" 697 **0/697830**
