74.7.227.150 - - [10/Mar/2026:22:30:52 -0700] "GET /blog?fileloc=//sbin/mkhomedir_helper&path=//sbin HTTP/1.1" 200 2253 "http://rgardensoap.com/blog?path=//sbin" "Mozilla/5.0 AppleWebKit/537.36 (KHTML, like Gecko; compatible; GPTBot/1.3; +https://openai.com/gptbot)" 448 **0/448102**
74.7.241.54 - - [10/Mar/2026:22:30:53 -0700] "GET /plug/vote/plug.xml?fileloc=/home/p8pyefaexf70/public_html/wp-includes/js/wp-auth-check.js&path=/home/p8pyefaexf70/public_html/wp-includes/js HTTP/1.1" 200 3751 "http://www.rgardensoap.com/plug/vote/plug.xml?path=/home/p8pyefaexf70/public_html/wp-includes/js" "Mozilla/5.0 AppleWebKit/537.36 (KHTML, like Gecko; compatible; GPTBot/1.3; +https://openai.com/gptbot)" 238 **0/238220**
74.7.227.35 - - [10/Mar/2026:22:30:53 -0700] "GET /?path=//lib64/nss HTTP/1.1" 200 2582 "http://mail.rgardensoap.com/?path=//lib64" "Mozilla/5.0 AppleWebKit/537.36 (KHTML, like Gecko; compatible; GPTBot/1.3; +https://openai.com/gptbot)" 434 **0/434377**
74.7.227.150 - - [10/Mar/2026:22:30:53 -0700] "GET /blog?fileloc=//lib64/libodbcmyS.so.2&path=//lib64 HTTP/1.1" 200 2251 "http://rgardensoap.com/blog?path=//lib64" "Mozilla/5.0 AppleWebKit/537.36 (KHTML, like Gecko; compatible; GPTBot/1.3; +https://openai.com/gptbot)" 457 **0/457063**
74.7.241.54 - - [10/Mar/2026:22:30:53 -0700] "GET /plug/vote/plug.xml?path=/home/p8pyefaexf70/public_html/wp-includes/blocks/post-navigation-link HTTP/1.1" 200 2735 "http://www.rgardensoap.com/plug/vote/plug.xml?path=/home/p8pyefaexf70/public_html/wp-includes/blocks" "Mozilla/5.0 AppleWebKit/537.36 (KHTML, like Gecko; compatible; GPTBot/1.3; +https://openai.com/gptbot)" 487 **0/487858**
74.7.227.35 - - [10/Mar/2026:22:30:53 -0700] "GET /?path=//lib64/lua HTTP/1.1" 200 2566 "http://mail.rgardensoap.com/?path=//lib64" "Mozilla/5.0 AppleWebKit/537.36 (KHTML, like Gecko; compatible; GPTBot/1.3; +https://openai.com/gptbot)" 519 **0/519035**
74.7.227.150 - - [10/Mar/2026:22:30:54 -0700] "GET /blog?fileloc=//lib64/libtic.so.6.1&path=//lib64 HTTP/1.1" 200 2251 "http://rgardensoap.com/blog?path=//lib64" "Mozilla/5.0 AppleWebKit/537.36 (KHTML, like Gecko; compatible; GPTBot/1.3; +https://openai.com/gptbot)" 541 **0/541062**
74.7.241.54 - - [10/Mar/2026:22:30:54 -0700] "GET /plug/vote/plug.xml?fileloc=//sbin/testsaslauthd&path=//sbin HTTP/1.1" 200 2251 "http://www.rgardensoap.com/plug/vote/plug.xml?path=//sbin" "Mozilla/5.0 AppleWebKit/537.36 (KHTML, like Gecko; compatible; GPTBot/1.3; +https://openai.com/gptbot)" 538 **0/538892**
74.7.227.35 - - [10/Mar/2026:22:30:54 -0700] "GET /?path=//lib64/ldb HTTP/1.1" 200 2726 "http://mail.rgardensoap.com/?path=//lib64" "Mozilla/5.0 AppleWebKit/537.36 (KHTML, like Gecko; compatible; GPTBot/1.3; +https://openai.com/gptbot)" 456 **0/456926**
74.7.227.150 - - [10/Mar/2026:22:30:54 -0700] "GET /blog/?fileloc=//proc/net/protocols&path=//proc/net HTTP/1.1" 200 2257 "http://rgardensoap.com/blog/?path=//proc/net" "Mozilla/5.0 AppleWebKit/537.36 (KHTML, like Gecko; compatible; GPTBot/1.3; +https://openai.com/gptbot)" 478 **0/478377**
74.7.241.54 - - [10/Mar/2026:22:30:55 -0700] "GET /plug/vote/plug.xml?fileloc=/home/p8pyefaexf70/public_html/wp-includes/js/wp-embed-template.min.js&path=/home/p8pyefaexf70/public_html/wp-includes/js HTTP/1.1" 200 3355 "http://www.rgardensoap.com/plug/vote/plug.xml?path=/home/p8pyefaexf70/public_html/wp-includes/js" "Mozilla/5.0 AppleWebKit/537.36 (KHTML, like Gecko; compatible; GPTBot/1.3; +https://openai.com/gptbot)" 287 **0/287791**
74.7.227.35 - - [10/Mar/2026:22:30:55 -0700] "GET /?fileloc=//lib64/libbasicobjects.so.0.1.0&path=//lib64 HTTP/1.1" 200 2255 "http://mail.rgardensoap.com/?path=//lib64" "Mozilla/5.0 AppleWebKit/537.36 (KHTML, like Gecko; compatible; GPTBot/1.3; +https://openai.com/gptbot)" 477 **0/477511**
74.7.227.150 - - [10/Mar/2026:22:30:55 -0700] "GET /blog/?fileloc=//proc/net/nf_conntrack&path=//proc/net HTTP/1.1" 200 2260 "http://rgardensoap.com/blog/?path=//proc/net" "Mozilla/5.0 AppleWebKit/537.36 (KHTML, like Gecko; compatible; GPTBot/1.3; +https://openai.com/gptbot)" 489 **0/489162**
74.7.241.54 - - [10/Mar/2026:22:30:55 -0700] "GET /plug/vote/plug.xml?path=/home/p8pyefaexf70/public_html/wp-includes/js/crop HTTP/1.1" 200 2716 "http://www.rgardensoap.com/plug/vote/plug.xml?path=/home/p8pyefaexf70/public_html/wp-includes/js" "Mozilla/5.0 AppleWebKit/537.36 (KHTML, like Gecko; compatible; GPTBot/1.3; +https://openai.com/gptbot)" 540 **0/540846**
74.7.227.35 - - [10/Mar/2026:22:30:55 -0700] "GET /?fileloc=//lib64/libpng16.so&path=//lib64 HTTP/1.1" 200 2250 "http://mail.rgardensoap.com/?path=//lib64" "Mozilla/5.0 AppleWebKit/537.36 (KHTML, like Gecko; compatible; GPTBot/1.3; +https://openai.com/gptbot)" 505 **0/505661**
74.7.227.150 - - [10/Mar/2026:22:30:55 -0700] "GET /blog/?fileloc=//proc/net/fib_triestat&path=//proc/net HTTP/1.1" 200 2260 "http://rgardensoap.com/blog/?path=//proc/net" "Mozilla/5.0 AppleWebKit/537.36 (KHTML, like Gecko; compatible; GPTBot/1.3; +https://openai.com/gptbot)" 538 **0/538017**
74.7.241.54 - - [10/Mar/2026:22:30:56 -0700] "GET /plug/vote/plug.xml?path=/home/p8pyefaexf70/public_html/wp-includes/js/dist HTTP/1.1" 200 6138 "http://www.rgardensoap.com/plug/vote/plug.xml?path=/home/p8pyefaexf70/public_html/wp-includes/js" "Mozilla/5.0 AppleWebKit/537.36 (KHTML, like Gecko; compatible; GPTBot/1.3; +https://openai.com/gptbot)" 490 **0/490993**
74.7.227.35 - - [10/Mar/2026:22:30:56 -0700] "GET /?fileloc=//lib64/crt1.o&path=//lib64 HTTP/1.1" 200 2248 "http://mail.rgardensoap.com/?path=//lib64" "Mozilla/5.0 AppleWebKit/537.36 (KHTML, like Gecko; compatible; GPTBot/1.3; +https://openai.com/gptbot)" 499 **0/499879**
74.7.227.150 - - [10/Mar/2026:22:30:56 -0700] "GET /blog/?fileloc=//proc/net/softnet_stat&path=//proc/net HTTP/1.1" 200 2261 "http://rgardensoap.com/blog/?path=//proc/net" "Mozilla/5.0 AppleWebKit/537.36 (KHTML, like Gecko; compatible; GPTBot/1.3; +https://openai.com/gptbot)" 530 **0/530816**
74.7.241.54 - - [10/Mar/2026:22:30:57 -0700] "GET /plug/vote/plug.xml?path=/home/p8pyefaexf70/public_html/wp-includes/blocks/comments-pagination HTTP/1.1" 200 2816 "http://www.rgardensoap.com/plug/vote/plug.xml?path=/home/p8pyefaexf70/public_html/wp-includes/blocks" "Mozilla/5.0 AppleWebKit/537.36 (KHTML, like Gecko; compatible; GPTBot/1.3; +https://openai.com/gptbot)" 459 **0/459541**
74.7.227.35 - - [10/Mar/2026:22:30:57 -0700] "GET /?fileloc=//lib64/libmenu.so&path=//lib64 HTTP/1.1" 200 2249 "http://mail.rgardensoap.com/?path=//lib64" "Mozilla/5.0 AppleWebKit/537.36 (KHTML, like Gecko; compatible; GPTBot/1.3; +https://openai.com/gptbot)" 455 **0/455990**
74.7.227.150 - - [10/Mar/2026:22:30:57 -0700] "GET /blog/?fileloc=//proc/net/ip6_flowlabel&path=//proc/net HTTP/1.1" 200 2258 "http://rgardensoap.com/blog/?path=//proc/net" "Mozilla/5.0 AppleWebKit/537.36 (KHTML, like Gecko; compatible; GPTBot/1.3; +https://openai.com/gptbot)" 600 **0/600525**
74.7.241.54 - - [10/Mar/2026:22:30:57 -0700] "GET /plug/vote/plug.xml?path=/home/p8pyefaexf70/public_html/wp-includes/blocks/block HTTP/1.1" 200 2596 "http://www.rgardensoap.com/plug/vote/plug.xml?path=/home/p8pyefaexf70/public_html/wp-includes/blocks" "Mozilla/5.0 AppleWebKit/537.36 (KHTML, like Gecko; compatible; GPTBot/1.3; +https://openai.com/gptbot)" 536 **0/536550**
74.7.227.35 - - [10/Mar/2026:22:30:57 -0700] "GET /?fileloc=//lib64/libkrad.so&path=//lib64 HTTP/1.1" 200 2249 "http://mail.rgardensoap.com/?path=//lib64" "Mozilla/5.0 AppleWebKit/537.36 (KHTML, like Gecko; compatible; GPTBot/1.3; +https://openai.com/gptbot)" 577 **0/577171**
74.7.227.150 - - [10/Mar/2026:22:30:57 -0700] "GET /blog/?fileloc=//proc/net/connector&path=//proc/net HTTP/1.1" 200 2256 "http://rgardensoap.com/blog/?path=//proc/net" "Mozilla/5.0 AppleWebKit/537.36 (KHTML, like Gecko; compatible; GPTBot/1.3; +https://openai.com/gptbot)" 490 **0/490479**
74.7.241.54 - - [10/Mar/2026:22:30:58 -0700] "GET /plug/vote/plug.xml?fileloc=/home/p8pyefaexf70/public_html/wp-includes/blocks/latest-comments.php&path=/home/p8pyefaexf70/public_html/wp-includes/blocks HTTP/1.1" 200 3991 "http://www.rgardensoap.com/plug/vote/plug.xml?path=/home/p8pyefaexf70/public_html/wp-includes/blocks" "Mozilla/5.0 AppleWebKit/537.36 (KHTML, like Gecko; compatible; GPTBot/1.3; +https://openai.com/gptbot)" 664 **0/664891**
74.7.227.35 - - [10/Mar/2026:22:30:58 -0700] "GET /?path=//lib64/krb5 HTTP/1.1" 200 2545 "http://mail.rgardensoap.com/?path=//lib64" "Mozilla/5.0 AppleWebKit/537.36 (KHTML, like Gecko; compatible; GPTBot/1.3; +https://openai.com/gptbot)" 575 **0/575421**
74.7.227.150 - - [10/Mar/2026:22:30:58 -0700] "GET /blog?fileloc=//proc/net/packet&path=//proc/net HTTP/1.1" 200 2256 "http://rgardensoap.com/blog?path=//proc/net" "Mozilla/5.0 AppleWebKit/537.36 (KHTML, like Gecko; compatible; GPTBot/1.3; +https://openai.com/gptbot)" 573 **0/573619**
74.7.241.54 - - [10/Mar/2026:22:30:59 -0700] "GET /plug/vote/plug.xml?fileloc=/home/p8pyefaexf70/public_html/wp-includes/blocks/comments-title.php&path=/home/p8pyefaexf70/public_html/wp-includes/blocks HTTP/1.1" 200 3065 "http://www.rgardensoap.com/plug/vote/plug.xml?path=/home/p8pyefaexf70/public_html/wp-includes/blocks" "Mozilla/5.0 AppleWebKit/537.36 (KHTML, like Gecko; compatible; GPTBot/1.3; +https://openai.com/gptbot)" 497 **0/497024**
74.7.227.35 - - [10/Mar/2026:22:30:59 -0700] "GET /?path=//lib64/sse2 HTTP/1.1" 200 2305 "http://mail.rgardensoap.com/?path=//lib64" "Mozilla/5.0 AppleWebKit/537.36 (KHTML, like Gecko; compatible; GPTBot/1.3; +https://openai.com/gptbot)" 448 **0/448074**
74.7.227.150 - - [10/Mar/2026:22:30:59 -0700] "GET /blog/?fileloc=//proc/net/mcfilter&path=//proc/net HTTP/1.1" 200 2256 "http://rgardensoap.com/blog/?path=//proc/net" "Mozilla/5.0 AppleWebKit/537.36 (KHTML, like Gecko; compatible; GPTBot/1.3; +https://openai.com/gptbot)" 570 **0/570529**
74.7.241.54 - - [10/Mar/2026:22:30:59 -0700] "GET /plug/vote/plug.xml?fileloc=/home/p8pyefaexf70/public_html/wp-includes/blocks/page-list-item.php&path=/home/p8pyefaexf70/public_html/wp-includes/blocks HTTP/1.1" 200 2448 "http://www.rgardensoap.com/plug/vote/plug.xml?path=/home/p8pyefaexf70/public_html/wp-includes/blocks" "Mozilla/5.0 AppleWebKit/537.36 (KHTML, like Gecko; compatible; GPTBot/1.3; +https://openai.com/gptbot)" 470 **0/470796**
74.7.227.150 - - [10/Mar/2026:22:30:59 -0700] "GET /blog?fileloc=//proc/net/netlink&path=//proc/net HTTP/1.1" 200 2254 "http://rgardensoap.com/blog?path=//proc/net" "Mozilla/5.0 AppleWebKit/537.36 (KHTML, like Gecko; compatible; GPTBot/1.3; +https://openai.com/gptbot)" 457 **0/457898**
74.7.227.35 - - [10/Mar/2026:22:30:59 -0700] "GET /?fileloc=//lib64/crti.o&path=//lib64 HTTP/1.1" 200 2248 "http://mail.rgardensoap.com/?path=//lib64" "Mozilla/5.0 AppleWebKit/537.36 (KHTML, like Gecko; compatible; GPTBot/1.3; +https://openai.com/gptbot)" 521 **0/521235**
74.7.241.54 - - [10/Mar/2026:22:31:00 -0700] "GET /archivarix.cms.php?path=/home/p8pyefaexf70/public_html/wp-content/themes HTTP/1.1" 200 2939 "http://www.rgardensoap.com/archivarix.cms.php?path=/home/p8pyefaexf70/public_html/wp-content" "Mozilla/5.0 AppleWebKit/537.36 (KHTML, like Gecko; compatible; GPTBot/1.3; +https://openai.com/gptbot)" 521 **0/521566**
74.7.227.150 - - [10/Mar/2026:22:31:00 -0700] "GET /blog?fileloc=//proc/net/netstat&path=//proc/net HTTP/1.1" 200 2255 "http://rgardensoap.com/blog?path=//proc/net" "Mozilla/5.0 AppleWebKit/537.36 (KHTML, like Gecko; compatible; GPTBot/1.3; +https://openai.com/gptbot)" 476 **0/476216**
74.7.227.35 - - [10/Mar/2026:22:31:00 -0700] "GET /?fileloc=//lib64/crtn.o&path=//lib64 HTTP/1.1" 200 2248 "http://mail.rgardensoap.com/?path=//lib64" "Mozilla/5.0 AppleWebKit/537.36 (KHTML, like Gecko; compatible; GPTBot/1.3; +https://openai.com/gptbot)" 540 **0/540687**
74.7.241.54 - - [10/Mar/2026:22:31:00 -0700] "GET /plug/vote/plug.xml?fileloc=/home/p8pyefaexf70/public_html/wp-includes/class-wp-http-curl.php&path=/home/p8pyefaexf70/public_html/wp-includes HTTP/1.1" 200 5871 "http://www.rgardensoap.com/plug/vote/plug.xml?path=/home/p8pyefaexf70/public_html/wp-includes" "Mozilla/5.0 AppleWebKit/537.36 (KHTML, like Gecko; compatible; GPTBot/1.3; +https://openai.com/gptbot)" 484 **0/484343**
74.7.227.150 - - [10/Mar/2026:22:31:01 -0700] "GET /blog?fileloc=//proc/net/psched&path=//proc/net HTTP/1.1" 200 2256 "http://rgardensoap.com/blog?path=//proc/net" "Mozilla/5.0 AppleWebKit/537.36 (KHTML, like Gecko; compatible; GPTBot/1.3; +https://openai.com/gptbot)" 539 **0/539268**
74.7.227.35 - - [10/Mar/2026:22:31:01 -0700] "GET /?fileloc=//lib64/gcrt1.o&path=//lib64 HTTP/1.1" 200 2249 "http://mail.rgardensoap.com/?path=//lib64" "Mozilla/5.0 AppleWebKit/537.36 (KHTML, like Gecko; compatible; GPTBot/1.3; +https://openai.com/gptbot)" 520 **0/520272**
74.7.241.54 - - [10/Mar/2026:22:31:01 -0700] "GET /plug/vote/plug.xml?fileloc=/home/p8pyefaexf70/public_html/wp-includes/class-wp-token-map.php&path=/home/p8pyefaexf70/public_html/wp-includes HTTP/1.1" 200 10074 "http://www.rgardensoap.com/plug/vote/plug.xml?path=/home/p8pyefaexf70/public_html/wp-includes" "Mozilla/5.0 AppleWebKit/537.36 (KHTML, like Gecko; compatible; GPTBot/1.3; +https://openai.com/gptbot)" 552 **0/552507**
74.7.227.150 - - [10/Mar/2026:22:31:01 -0700] "GET /blog?fileloc=//proc/net/udplite&path=//proc/net HTTP/1.1" 200 2257 "http://rgardensoap.com/blog?path=//proc/net" "Mozilla/5.0 AppleWebKit/537.36 (KHTML, like Gecko; compatible; GPTBot/1.3; +https://openai.com/gptbot)" 559 **0/559674**
74.7.227.35 - - [10/Mar/2026:22:31:01 -0700] "GET /?fileloc=//lib64/grcrt1.o&path=//lib64 HTTP/1.1" 200 2249 "http://mail.rgardensoap.com/?path=//lib64" "Mozilla/5.0 AppleWebKit/537.36 (KHTML, like Gecko; compatible; GPTBot/1.3; +https://openai.com/gptbot)" 515 **0/515436**
74.7.241.54 - - [10/Mar/2026:22:31:02 -0700] "GET /plug/vote/plug.xml?fileloc=/home/p8pyefaexf70/public_html/wp-includes/class-wp-tax-query.php&path=/home/p8pyefaexf70/public_html/wp-includes HTTP/1.1" 200 7369 "http://www.rgardensoap.com/plug/vote/plug.xml?path=/home/p8pyefaexf70/public_html/wp-includes" "Mozilla/5.0 AppleWebKit/537.36 (KHTML, like Gecko; compatible; GPTBot/1.3; +https://openai.com/gptbot)" 499 **0/499651**
74.7.227.150 - - [10/Mar/2026:22:31:02 -0700] "GET /blog/?fileloc=//proc/net/sockstat&path=//proc/net HTTP/1.1" 200 2260 "http://rgardensoap.com/blog/?path=//proc/net" "Mozilla/5.0 AppleWebKit/537.36 (KHTML, like Gecko; compatible; GPTBot/1.3; +https://openai.com/gptbot)" 538 **0/538988**
74.7.227.35 - - [10/Mar/2026:22:31:02 -0700] "GET /?fileloc=//lib64/libXaw7.so.7&path=//lib64 HTTP/1.1" 200 2250 "http://mail.rgardensoap.com/?path=//lib64" "Mozilla/5.0 AppleWebKit/537.36 (KHTML, like Gecko; compatible; GPTBot/1.3; +https://openai.com/gptbot)" 549 **0/549212**
74.7.241.54 - - [10/Mar/2026:22:31:02 -0700] "GET /fizzy-bath-bombs.html?path=/home/p8pyefaexf70/public_html/wp-admin/images HTTP/1.1" 200 4501 "http://www.rgardensoap.com/fizzy-bath-bombs.html?path=/home/p8pyefaexf70/public_html/wp-admin" "Mozilla/5.0 AppleWebKit/537.36 (KHTML, like Gecko; compatible; GPTBot/1.3; +https://openai.com/gptbot)" 529 **0/529876**
74.7.227.150 - - [10/Mar/2026:22:31:03 -0700] "GET /blog/?fileloc=//proc/net/mcfilter6&path=//proc/net HTTP/1.1" 200 2257 "http://rgardensoap.com/blog/?path=//proc/net" "Mozilla/5.0 AppleWebKit/537.36 (KHTML, like Gecko; compatible; GPTBot/1.3; +https://openai.com/gptbot)" 517 **0/517931**
74.7.227.35 - - [10/Mar/2026:22:31:03 -0700] "GET /?fileloc=//lib64/libidn.so.11&path=//lib64 HTTP/1.1" 200 2250 "http://mail.rgardensoap.com/?path=//lib64" "Mozilla/5.0 AppleWebKit/537.36 (KHTML, like Gecko; compatible; GPTBot/1.3; +https://openai.com/gptbot)" 500 **0/500170**
74.7.241.54 - - [10/Mar/2026:22:31:03 -0700] "GET /fizzy-bath-bombs.html?path=/home/p8pyefaexf70/public_html/wp-admin/js HTTP/1.1" 200 5239 "http://www.rgardensoap.com/fizzy-bath-bombs.html?path=/home/p8pyefaexf70/public_html/wp-admin" "Mozilla/5.0 AppleWebKit/537.36 (KHTML, like Gecko; compatible; GPTBot/1.3; +https://openai.com/gptbot)" 465 **0/465137**
74.7.227.150 - - [10/Mar/2026:22:31:03 -0700] "GET /blog/?fileloc=//proc/net/udplite6&path=//proc/net HTTP/1.1" 200 2259 "http://rgardensoap.com/blog/?path=//proc/net" "Mozilla/5.0 AppleWebKit/537.36 (KHTML, like Gecko; compatible; GPTBot/1.3; +https://openai.com/gptbot)" 530 **0/530582**
74.7.227.35 - - [10/Mar/2026:22:31:03 -0700] "GET /?fileloc=//lib64/libidn2.so.0&path=//lib64 HTTP/1.1" 200 2250 "http://mail.rgardensoap.com/?path=//lib64" "Mozilla/5.0 AppleWebKit/537.36 (KHTML, like Gecko; compatible; GPTBot/1.3; +https://openai.com/gptbot)" 461 **0/461210**
74.7.241.54 - - [10/Mar/2026:22:31:04 -0700] "GET /plug/vote/plug.xml?path=/home/p8pyefaexf70/public_html/wp-includes/Requests/src HTTP/1.1" 200 3305 "http://www.rgardensoap.com/plug/vote/plug.xml?path=/home/p8pyefaexf70/public_html/wp-includes/Requests" "Mozilla/5.0 AppleWebKit/537.36 (KHTML, like Gecko; compatible; GPTBot/1.3; +https://openai.com/gptbot)" 455 **0/455797**
74.7.227.150 - - [10/Mar/2026:22:31:04 -0700] "GET /blog/?fileloc=//proc/net/sockstat6&path=//proc/net HTTP/1.1" 200 2259 "http://rgardensoap.com/blog/?path=//proc/net" "Mozilla/5.0 AppleWebKit/537.36 (KHTML, like Gecko; compatible; GPTBot/1.3; +https://openai.com/gptbot)" 445 **0/445899**
74.7.227.35 - - [10/Mar/2026:22:31:04 -0700] "GET /?fileloc=//lib64/libbz2.so.1&path=//lib64 HTTP/1.1" 200 2251 "http://mail.rgardensoap.com/?path=//lib64" "Mozilla/5.0 AppleWebKit/537.36 (KHTML, like Gecko; compatible; GPTBot/1.3; +https://openai.com/gptbot)" 539 **0/539188**
74.7.241.54 - - [10/Mar/2026:22:31:04 -0700] "GET /fizzy-bath-bombs.html?fileloc=/home/p8pyefaexf70/public_html/wp-admin/edit-comments.php&path=/home/p8pyefaexf70/public_html/wp-admin HTTP/1.1" 200 6216 "http://www.rgardensoap.com/fizzy-bath-bombs.html?path=/home/p8pyefaexf70/public_html/wp-admin" "Mozilla/5.0 AppleWebKit/537.36 (KHTML, like Gecko; compatible; GPTBot/1.3; +https://openai.com/gptbot)" 491 **0/491722**
74.7.241.54 - - [10/Mar/2026:22:31:05 -0700] "GET /plug/vote/plug.xml?fileloc=/home/p8pyefaexf70/public_html/wp-includes/js/wp-emoji-release.min.js&path=/home/p8pyefaexf70/public_html/wp-includes/js HTTP/1.1" 200 7346 "http://www.rgardensoap.com/plug/vote/plug.xml?path=/home/p8pyefaexf70/public_html/wp-includes/js" "Mozilla/5.0 AppleWebKit/537.36 (KHTML, like Gecko; compatible; GPTBot/1.3; +https://openai.com/gptbot)" 388 **0/388325**
74.7.227.35 - - [10/Mar/2026:22:31:05 -0700] "GET /?fileloc=//lib64/libmlx5.so.1&path=//lib64 HTTP/1.1" 200 2251 "http://mail.rgardensoap.com/?path=//lib64" "Mozilla/5.0 AppleWebKit/537.36 (KHTML, like Gecko; compatible; GPTBot/1.3; +https://openai.com/gptbot)" 591 **0/591357**
74.7.227.150 - - [10/Mar/2026:22:31:04 -0700] "GET /blog?fileloc=//proc/net/rt6_stats&path=//proc/net HTTP/1.1" 200 2257 "http://rgardensoap.com/blog?path=//proc/net" "Mozilla/5.0 AppleWebKit/537.36 (KHTML, like Gecko; compatible; GPTBot/1.3; +https://openai.com/gptbot)" 984 **0/984442**
74.7.241.54 - - [10/Mar/2026:22:31:05 -0700] "GET /plug/vote/plug.xml?fileloc=/home/p8pyefaexf70/public_html/wp-includes/class-wp-feed-cache-transient.php&path=/home/p8pyefaexf70/public_html/wp-includes HTTP/1.1" 200 3308 "http://www.rgardensoap.com/plug/vote/plug.xml?path=/home/p8pyefaexf70/public_html/wp-includes" "Mozilla/5.0 AppleWebKit/537.36 (KHTML, like Gecko; compatible; GPTBot/1.3; +https://openai.com/gptbot)" 599 **0/599020**
74.7.227.35 - - [10/Mar/2026:22:31:05 -0700] "GET /?fileloc=//lib64/libxml2.so.2&path=//lib64 HTTP/1.1" 200 2250 "http://mail.rgardensoap.com/?path=//lib64" "Mozilla/5.0 AppleWebKit/537.36 (KHTML, like Gecko; compatible; GPTBot/1.3; +https://openai.com/gptbot)" 537 **0/537156**
74.7.227.150 - - [10/Mar/2026:22:31:05 -0700] "GET /blog/?fileloc=//proc/net/anycast6&path=//proc/net HTTP/1.1" 200 2259 "http://rgardensoap.com/blog/?path=//proc/net" "Mozilla/5.0 AppleWebKit/537.36 (KHTML, like Gecko; compatible; GPTBot/1.3; +https://openai.com/gptbot)" 526 **0/526147**
74.7.241.54 - - [10/Mar/2026:22:31:06 -0700] "GET /plug/vote/plug.xml?fileloc=/home/p8pyefaexf70/public_html/wp-includes/comment.php&path=/home/p8pyefaexf70/public_html/wp-includes HTTP/1.1" 200 30853 "http://www.rgardensoap.com/plug/vote/plug.xml?path=/home/p8pyefaexf70/public_html/wp-includes" "Mozilla/5.0 AppleWebKit/537.36 (KHTML, like Gecko; compatible; GPTBot/1.3; +https://openai.com/gptbot)" 532 **0/532508**
74.7.227.150 - - [10/Mar/2026:22:31:06 -0700] "GET /blog?fileloc=//proc/net/xfrm_stat&path=//proc/net HTTP/1.1" 200 2258 "http://rgardensoap.com/blog?path=//proc/net" "Mozilla/5.0 AppleWebKit/537.36 (KHTML, like Gecko; compatible; GPTBot/1.3; +https://openai.com/gptbot)" 502 **0/502870**
74.7.227.35 - - [10/Mar/2026:22:31:06 -0700] "GET /?fileloc=//lib64/libjxl.so.0.7&path=//lib64 HTTP/1.1" 200 2252 "http://mail.rgardensoap.com/?path=//lib64" "Mozilla/5.0 AppleWebKit/537.36 (KHTML, like Gecko; compatible; GPTBot/1.3; +https://openai.com/gptbot)" 585 **0/585106**
74.7.227.150 - - [10/Mar/2026:22:31:07 -0700] "GET /blog?fileloc=//proc/net/ipv6_route&path=//proc/net HTTP/1.1" 200 2257 "http://rgardensoap.com/blog?path=//proc/net" "Mozilla/5.0 AppleWebKit/537.36 (KHTML, like Gecko; compatible; GPTBot/1.3; +https://openai.com/gptbot)" 478 **0/478506**
74.7.241.54 - - [10/Mar/2026:22:31:07 -0700] "GET /plug/vote/plug.xml?fileloc=//sbin/unix_update&path=//sbin HTTP/1.1" 200 2247 "http://www.rgardensoap.com/plug/vote/plug.xml?path=//sbin" "Mozilla/5.0 AppleWebKit/537.36 (KHTML, like Gecko; compatible; GPTBot/1.3; +https://openai.com/gptbot)" 551 **0/551503**
74.7.227.35 - - [10/Mar/2026:22:31:07 -0700] "GET /?fileloc=//lib64/libdw.so.1&path=//lib64 HTTP/1.1" 200 2249 "http://mail.rgardensoap.com/?path=//lib64" "Mozilla/5.0 AppleWebKit/537.36 (KHTML, like Gecko; compatible; GPTBot/1.3; +https://openai.com/gptbot)" 565 **0/565393**
74.7.241.54 - - [10/Mar/2026:22:31:07 -0700] "GET /plug/vote/plug.xml?fileloc=//sbin/proxyexec&path=//sbin HTTP/1.1" 200 2249 "http://www.rgardensoap.com/plug/vote/plug.xml?path=//sbin" "Mozilla/5.0 AppleWebKit/537.36 (KHTML, like Gecko; compatible; GPTBot/1.3; +https://openai.com/gptbot)" 516 **0/516989**
74.7.227.150 - - [10/Mar/2026:22:31:07 -0700] "GET /blog/?fileloc=//proc/net/nf_conntrack_expect&path=//proc/net HTTP/1.1" 200 2266 "http://rgardensoap.com/blog/?path=//proc/net" "Mozilla/5.0 AppleWebKit/537.36 (KHTML, like Gecko; compatible; GPTBot/1.3; +https://openai.com/gptbot)" 460 **0/460509**
74.7.227.35 - - [10/Mar/2026:22:31:08 -0700] "GET /?fileloc=//lib64/libjq.so.1&path=//lib64 HTTP/1.1" 200 2250 "http://mail.rgardensoap.com/?path=//lib64" "Mozilla/5.0 AppleWebKit/537.36 (KHTML, like Gecko; compatible; GPTBot/1.3; +https://openai.com/gptbot)" 477 **0/477192**
74.7.227.150 - - [10/Mar/2026:22:31:08 -0700] "GET /blog?fileloc=//proc/net/nf_conntrack_expect&path=//proc/net HTTP/1.1" 200 2266 "http://rgardensoap.com/blog?path=//proc/net" "Mozilla/5.0 AppleWebKit/537.36 (KHTML, like Gecko; compatible; GPTBot/1.3; +https://openai.com/gptbot)" 457 **0/457062**
74.7.241.54 - - [10/Mar/2026:22:31:08 -0700] "GET /plug/vote/plug.xml?fileloc=/home/p8pyefaexf70/public_html/wp-includes/l10n.php&path=/home/p8pyefaexf70/public_html/wp-includes HTTP/1.1" 200 14692 "http://www.rgardensoap.com/plug/vote/plug.xml?path=/home/p8pyefaexf70/public_html/wp-includes" "Mozilla/5.0 AppleWebKit/537.36 (KHTML, like Gecko; compatible; GPTBot/1.3; +https://openai.com/gptbot)" 607 **0/607741**
74.7.227.35 - - [10/Mar/2026:22:31:08 -0700] "GET /?fileloc=//lib64/libgd.so.3&path=//lib64 HTTP/1.1" 200 2249 "http://mail.rgardensoap.com/?path=//lib64" "Mozilla/5.0 AppleWebKit/537.36 (KHTML, like Gecko; compatible; GPTBot/1.3; +https://openai.com/gptbot)" 486 **0/486476**
74.7.227.150 - - [10/Mar/2026:22:31:09 -0700] "GET /blog?fileloc=//proc/net/connector&path=//proc/net HTTP/1.1" 200 2256 "http://rgardensoap.com/blog?path=//proc/net" "Mozilla/5.0 AppleWebKit/537.36 (KHTML, like Gecko; compatible; GPTBot/1.3; +https://openai.com/gptbot)" 558 **0/558139**
74.7.241.54 - - [10/Mar/2026:22:31:09 -0700] "GET /plug/vote/plug.xml?fileloc=/home/p8pyefaexf70/public_html/wp-includes/utf8.php&path=/home/p8pyefaexf70/public_html/wp-includes HTTP/1.1" 200 4714 "http://www.rgardensoap.com/plug/vote/plug.xml?path=/home/p8pyefaexf70/public_html/wp-includes" "Mozilla/5.0 AppleWebKit/537.36 (KHTML, like Gecko; compatible; GPTBot/1.3; +https://openai.com/gptbot)" 500 **0/500205**
74.7.227.35 - - [10/Mar/2026:22:31:09 -0700] "GET /?fileloc=//lib64/libapr-1.so.0&path=//lib64 HTTP/1.1" 200 2251 "http://mail.rgardensoap.com/?path=//lib64" "Mozilla/5.0 AppleWebKit/537.36 (KHTML, like Gecko; compatible; GPTBot/1.3; +https://openai.com/gptbot)" 507 **0/507141**
74.7.241.54 - - [10/Mar/2026:22:31:09 -0700] "GET /fizzy-bath-bombs.html?fileloc=/home/p8pyefaexf70/public_html/wp-admin/images/no.png&path=/home/p8pyefaexf70/public_html/wp-admin/images HTTP/1.1" 200 2279 "http://www.rgardensoap.com/fizzy-bath-bombs.html?path=/home/p8pyefaexf70/public_html/wp-admin/images" "Mozilla/5.0 AppleWebKit/537.36 (KHTML, like Gecko; compatible; GPTBot/1.3; +https://openai.com/gptbot)" 307 **0/307550**
74.7.227.150 - - [10/Mar/2026:22:31:09 -0700] "GET /blog?fileloc=//proc/net/softnet_stat&path=//proc/net HTTP/1.1" 200 2261 "http://rgardensoap.com/blog?path=//proc/net" "Mozilla/5.0 AppleWebKit/537.36 (KHTML, like Gecko; compatible; GPTBot/1.3; +https://openai.com/gptbot)" 555 **0/555320**
74.7.227.35 - - [10/Mar/2026:22:31:10 -0700] "GET /?fileloc=//lib64/libraw.so.19&path=//lib64 HTTP/1.1" 200 2250 "http://mail.rgardensoap.com/?path=//lib64" "Mozilla/5.0 AppleWebKit/537.36 (KHTML, like Gecko; compatible; GPTBot/1.3; +https://openai.com/gptbot)" 516 **0/516821**
74.7.241.54 - - [10/Mar/2026:22:31:10 -0700] "GET /fizzy-bath-bombs.html?fileloc=/home/p8pyefaexf70/public_html/wp-admin/js/site-health.js&path=/home/p8pyefaexf70/public_html/wp-admin/js HTTP/1.1" 200 5988 "http://www.rgardensoap.com/fizzy-bath-bombs.html?path=/home/p8pyefaexf70/public_html/wp-admin/js" "Mozilla/5.0 AppleWebKit/537.36 (KHTML, like Gecko; compatible; GPTBot/1.3; +https://openai.com/gptbot)" 298 **0/298549**
74.7.227.35 - - [10/Mar/2026:22:31:10 -0700] "GET /?fileloc=//lib64/libdb-5.3.so&path=//lib64 HTTP/1.1" 200 2250 "http://mail.rgardensoap.com/?path=//lib64" "Mozilla/5.0 AppleWebKit/537.36 (KHTML, like Gecko; compatible; GPTBot/1.3; +https://openai.com/gptbot)" 501 **0/501385**
74.7.227.150 - - [10/Mar/2026:22:31:10 -0700] "GET /blog?fileloc=//proc/net/mcfilter&path=//proc/net HTTP/1.1" 200 2256 "http://rgardensoap.com/blog?path=//proc/net" "Mozilla/5.0 AppleWebKit/537.36 (KHTML, like Gecko; compatible; GPTBot/1.3; +https://openai.com/gptbot)" 601 **0/601243**
74.7.241.54 - - [10/Mar/2026:22:31:11 -0700] "GET /fizzy-bath-bombs.html?fileloc=/home/p8pyefaexf70/public_html/wp-admin/js/site-icon.min.js&path=/home/p8pyefaexf70/public_html/wp-admin/js HTTP/1.1" 200 3201 "http://www.rgardensoap.com/fizzy-bath-bombs.html?path=/home/p8pyefaexf70/public_html/wp-admin/js" "Mozilla/5.0 AppleWebKit/537.36 (KHTML, like Gecko; compatible; GPTBot/1.3; +https://openai.com/gptbot)" 362 **0/362336**
74.7.227.35 - - [10/Mar/2026:22:31:11 -0700] "GET /?fileloc=//lib64/liblua-5.1.so&path=//lib64 HTTP/1.1" 200 2251 "http://mail.rgardensoap.com/?path=//lib64" "Mozilla/5.0 AppleWebKit/537.36 (KHTML, like Gecko; compatible; GPTBot/1.3; +https://openai.com/gptbot)" 586 **0/586088**
74.7.241.54 - - [10/Mar/2026:22:31:11 -0700] "GET /fizzy-bath-bombs.html?fileloc=/home/p8pyefaexf70/public_html/wp-admin/js/postbox.min.js&path=/home/p8pyefaexf70/public_html/wp-admin/js HTTP/1.1" 200 4485 "http://www.rgardensoap.com/fizzy-bath-bombs.html?path=/home/p8pyefaexf70/public_html/wp-admin/js" "Mozilla/5.0 AppleWebKit/537.36 (KHTML, like Gecko; compatible; GPTBot/1.3; +https://openai.com/gptbot)" 371 **0/371294**
74.7.227.150 - - [10/Mar/2026:22:31:11 -0700] "GET /blog?fileloc=//proc/net/sockstat&path=//proc/net HTTP/1.1" 200 2260 "http://rgardensoap.com/blog?path=//proc/net" "Mozilla/5.0 AppleWebKit/537.36 (KHTML, like Gecko; compatible; GPTBot/1.3; +https://openai.com/gptbot)" 635 **0/635282**
74.7.241.54 - - [10/Mar/2026:22:31:12 -0700] "GET /fizzy-bath-bombs.html?fileloc=/home/p8pyefaexf70/public_html/wp-admin/js/image-edit.min.js&path=/home/p8pyefaexf70/public_html/wp-admin/js HTTP/1.1" 200 7074 "http://www.rgardensoap.com/fizzy-bath-bombs.html?path=/home/p8pyefaexf70/public_html/wp-admin/js" "Mozilla/5.0 AppleWebKit/537.36 (KHTML, like Gecko; compatible; GPTBot/1.3; +https://openai.com/gptbot)" 276 **0/276203**
74.7.227.35 - - [10/Mar/2026:22:31:12 -0700] "GET /?fileloc=//lib64/libkrb5.so.3&path=//lib64 HTTP/1.1" 200 2251 "http://mail.rgardensoap.com/?path=//lib64" "Mozilla/5.0 AppleWebKit/537.36 (KHTML, like Gecko; compatible; GPTBot/1.3; +https://openai.com/gptbot)" 507 **0/507183**
74.7.227.150 - - [10/Mar/2026:22:31:12 -0700] "GET /blog?fileloc=//proc/net/protocols&path=//proc/net HTTP/1.1" 200 2257 "http://rgardensoap.com/blog?path=//proc/net" "Mozilla/5.0 AppleWebKit/537.36 (KHTML, like Gecko; compatible; GPTBot/1.3; +https://openai.com/gptbot)" 528 **0/528089**
74.7.241.54 - - [10/Mar/2026:22:31:12 -0700] "GET /fizzy-bath-bombs.html?fileloc=/home/p8pyefaexf70/public_html/wp-admin/js/media-upload.js&path=/home/p8pyefaexf70/public_html/wp-admin/js HTTP/1.1" 200 3570 "http://www.rgardensoap.com/fizzy-bath-bombs.html?path=/home/p8pyefaexf70/public_html/wp-admin/js" "Mozilla/5.0 AppleWebKit/537.36 (KHTML, like Gecko; compatible; GPTBot/1.3; +https://openai.com/gptbot)" 356 **0/356714**
74.7.227.35 - - [10/Mar/2026:22:31:12 -0700] "GET /?fileloc=//lib64/libvpx.so.5.0&path=//lib64 HTTP/1.1" 200 2251 "http://mail.rgardensoap.com/?path=//lib64" "Mozilla/5.0 AppleWebKit/537.36 (KHTML, like Gecko; compatible; GPTBot/1.3; +https://openai.com/gptbot)" 558 **0/558173**
74.7.227.150 - - [10/Mar/2026:22:31:12 -0700] "GET /blog?fileloc=//proc/net/nf_conntrack&path=//proc/net HTTP/1.1" 200 2260 "http://rgardensoap.com/blog?path=//proc/net" "Mozilla/5.0 AppleWebKit/537.36 (KHTML, like Gecko; compatible; GPTBot/1.3; +https://openai.com/gptbot)" 561 **0/561651**
74.7.241.54 - - [10/Mar/2026:22:31:13 -0700] "GET /fizzy-bath-bombs.html?fileloc=/home/p8pyefaexf70/public_html/wp-admin/js/auth-app.min.js&path=/home/p8pyefaexf70/public_html/wp-admin/js HTTP/1.1" 200 3213 "http://www.rgardensoap.com/fizzy-bath-bombs.html?path=/home/p8pyefaexf70/public_html/wp-admin/js" "Mozilla/5.0 AppleWebKit/537.36 (KHTML, like Gecko; compatible; GPTBot/1.3; +https://openai.com/gptbot)" 353 **0/353306**
74.7.241.54 - - [10/Mar/2026:22:31:13 -0700] "GET /fizzy-bath-bombs.html?fileloc=/home/p8pyefaexf70/public_html/wp-admin/js/updates.min.js&path=/home/p8pyefaexf70/public_html/wp-admin/js HTTP/1.1" 200 12902 "http://www.rgardensoap.com/fizzy-bath-bombs.html?path=/home/p8pyefaexf70/public_html/wp-admin/js" "Mozilla/5.0 AppleWebKit/537.36 (KHTML, like Gecko; compatible; GPTBot/1.3; +https://openai.com/gptbot)" 366 **0/366866**
74.7.227.35 - - [10/Mar/2026:22:31:13 -0700] "GET /?fileloc=//lib64/liblua-5.3.so&path=//lib64 HTTP/1.1" 200 2251 "http://mail.rgardensoap.com/?path=//lib64" "Mozilla/5.0 AppleWebKit/537.36 (KHTML, like Gecko; compatible; GPTBot/1.3; +https://openai.com/gptbot)" 647 **0/647099**
74.7.227.150 - - [10/Mar/2026:22:31:13 -0700] "GET /blog?fileloc=//proc/net/fib_triestat&path=//proc/net HTTP/1.1" 200 2260 "http://rgardensoap.com/blog?path=//proc/net" "Mozilla/5.0 AppleWebKit/537.36 (KHTML, like Gecko; compatible; GPTBot/1.3; +https://openai.com/gptbot)" 580 **0/580557**
74.7.241.54 - - [10/Mar/2026:22:31:14 -0700] "GET /fizzy-bath-bombs.html?fileloc=/home/p8pyefaexf70/public_html/wp-admin/js/tags-suggest.min.js&path=/home/p8pyefaexf70/public_html/wp-admin/js HTTP/1.1" 200 3353 "http://www.rgardensoap.com/fizzy-bath-bombs.html?path=/home/p8pyefaexf70/public_html/wp-admin/js" "Mozilla/5.0 AppleWebKit/537.36 (KHTML, like Gecko; compatible; GPTBot/1.3; +https://openai.com/gptbot)" 360 **0/360019**
74.7.227.35 - - [10/Mar/2026:22:31:14 -0700] "GET /?fileloc=//lib64/libgmp.so.10&path=//lib64 HTTP/1.1" 200 2251 "http://mail.rgardensoap.com/?path=//lib64" "Mozilla/5.0 AppleWebKit/537.36 (KHTML, like Gecko; compatible; GPTBot/1.3; +https://openai.com/gptbot)" 544 **0/544743**
74.7.227.150 - - [10/Mar/2026:22:31:14 -0700] "GET /blog?fileloc=//proc/net/udplite6&path=//proc/net HTTP/1.1" 200 2259 "http://rgardensoap.com/blog?path=//proc/net" "Mozilla/5.0 AppleWebKit/537.36 (KHTML, like Gecko; compatible; GPTBot/1.3; +https://openai.com/gptbot)" 609 **0/609875**
74.7.241.54 - - [10/Mar/2026:22:31:14 -0700] "GET /fizzy-bath-bombs.html?fileloc=/home/p8pyefaexf70/public_html/wp-admin/images/bubble_bg-2x.gif&path=/home/p8pyefaexf70/public_html/wp-admin/images HTTP/1.1" 200 2286 "http://www.rgardensoap.com/fizzy-bath-bombs.html?path=/home/p8pyefaexf70/public_html/wp-admin/images" "Mozilla/5.0 AppleWebKit/537.36 (KHTML, like Gecko; compatible; GPTBot/1.3; +https://openai.com/gptbot)" 269 **0/269159**
74.7.227.35 - - [10/Mar/2026:22:31:14 -0700] "GET /?fileloc=//lib64/libg.a&path=//lib64 HTTP/1.1" 200 2246 "http://mail.rgardensoap.com/?path=//lib64" "Mozilla/5.0 AppleWebKit/537.36 (KHTML, like Gecko; compatible; GPTBot/1.3; +https://openai.com/gptbot)" 563 **0/563048**
74.7.241.54 - - [10/Mar/2026:22:31:15 -0700] "GET /fizzy-bath-bombs.html?fileloc=/home/p8pyefaexf70/public_html/wp-admin/images/align-right-2x.png&path=/home/p8pyefaexf70/public_html/wp-admin/images HTTP/1.1" 200 2285 "http://www.rgardensoap.com/fizzy-bath-bombs.html?path=/home/p8pyefaexf70/public_html/wp-admin/images" "Mozilla/5.0 AppleWebKit/537.36 (KHTML, like Gecko; compatible; GPTBot/1.3; +https://openai.com/gptbot)" 302 **0/302778**
74.7.227.150 - - [10/Mar/2026:22:31:15 -0700] "GET /blog?fileloc=//proc/net/ip6_flowlabel&path=//proc/net HTTP/1.1" 200 2258 "http://rgardensoap.com/blog?path=//proc/net" "Mozilla/5.0 AppleWebKit/537.36 (KHTML, like Gecko; compatible; GPTBot/1.3; +https://openai.com/gptbot)" 574 **0/574530**
74.7.241.54 - - [10/Mar/2026:22:31:15 -0700] "GET /fizzy-bath-bombs.html?fileloc=/home/p8pyefaexf70/public_html/wp-admin/images/date-button-2x.gif&path=/home/p8pyefaexf70/public_html/wp-admin/images HTTP/1.1" 200 2286 "http://www.rgardensoap.com/fizzy-bath-bombs.html?path=/home/p8pyefaexf70/public_html/wp-admin/images" "Mozilla/5.0 AppleWebKit/537.36 (KHTML, like Gecko; compatible; GPTBot/1.3; +https://openai.com/gptbot)" 312 **0/312865**
74.7.227.35 - - [10/Mar/2026:22:31:15 -0700] "GET /?fileloc=//lib64/libssl.so.1.1&path=//lib64 HTTP/1.1" 200 2251 "http://mail.rgardensoap.com/?path=//lib64" "Mozilla/5.0 AppleWebKit/537.36 (KHTML, like Gecko; compatible; GPTBot/1.3; +https://openai.com/gptbot)" 566 **0/566404**
74.7.227.150 - - [10/Mar/2026:22:31:15 -0700] "GET /blog?fileloc=//proc/net/mcfilter6&path=//proc/net HTTP/1.1" 200 2257 "http://rgardensoap.com/blog?path=//proc/net" "Mozilla/5.0 AppleWebKit/537.36 (KHTML, like Gecko; compatible; GPTBot/1.3; +https://openai.com/gptbot)" 549 **0/549201**
74.7.241.54 - - [10/Mar/2026:22:31:16 -0700] "GET /fizzy-bath-bombs.html?fileloc=/home/p8pyefaexf70/public_html/wp-admin/images/resize-rtl-2x.gif&path=/home/p8pyefaexf70/public_html/wp-admin/images HTTP/1.1" 200 2286 "http://www.rgardensoap.com/fizzy-bath-bombs.html?path=/home/p8pyefaexf70/public_html/wp-admin/images" "Mozilla/5.0 AppleWebKit/537.36 (KHTML, like Gecko; compatible; GPTBot/1.3; +https://openai.com/gptbot)" 284 **0/284636**
74.7.227.35 - - [10/Mar/2026:22:31:16 -0700] "GET /?fileloc=//lib64/libtic.so.6.1&path=//lib64 HTTP/1.1" 200 2251 "http://mail.rgardensoap.com/?path=//lib64" "Mozilla/5.0 AppleWebKit/537.36 (KHTML, like Gecko; compatible; GPTBot/1.3; +https://openai.com/gptbot)" 468 **0/468034**
74.7.227.150 - - [10/Mar/2026:22:31:16 -0700] "GET /blog?fileloc=//proc/net/sockstat6&path=//proc/net HTTP/1.1" 200 2259 "http://rgardensoap.com/blog?path=//proc/net" "Mozilla/5.0 AppleWebKit/537.36 (KHTML, like Gecko; compatible; GPTBot/1.3; +https://openai.com/gptbot)" 516 **0/516281**
74.7.241.54 - - [10/Mar/2026:22:31:16 -0700] "GET /fizzy-bath-bombs.html?fileloc=/home/p8pyefaexf70/public_html/wp-admin/images/align-none-2x.png&path=/home/p8pyefaexf70/public_html/wp-admin/images HTTP/1.1" 200 2285 "http://www.rgardensoap.com/fizzy-bath-bombs.html?path=/home/p8pyefaexf70/public_html/wp-admin/images" "Mozilla/5.0 AppleWebKit/537.36 (KHTML, like Gecko; compatible; GPTBot/1.3; +https://openai.com/gptbot)" 301 **0/301927**
74.7.227.35 - - [10/Mar/2026:22:31:16 -0700] "GET /?fileloc=//lib64/libtcl8.6.so&path=//lib64 HTTP/1.1" 200 2250 "http://mail.rgardensoap.com/?path=//lib64" "Mozilla/5.0 AppleWebKit/537.36 (KHTML, like Gecko; compatible; GPTBot/1.3; +https://openai.com/gptbot)" 595 **0/595192**
74.7.227.150 - - [10/Mar/2026:22:31:16 -0700] "GET /blog/?fileloc=//proc/net/netstat&path=//proc/net HTTP/1.1" 200 2255 "http://rgardensoap.com/blog/?path=//proc/net" "Mozilla/5.0 AppleWebKit/537.36 (KHTML, like Gecko; compatible; GPTBot/1.3; +https://openai.com/gptbot)" 597 **0/597329**
74.7.241.54 - - [10/Mar/2026:22:31:17 -0700] "GET /fizzy-bath-bombs.html?fileloc=/home/p8pyefaexf70/public_html/wp-admin/images/align-left-2x.png&path=/home/p8pyefaexf70/public_html/wp-admin/images HTTP/1.1" 200 2285 "http://www.rgardensoap.com/fizzy-bath-bombs.html?path=/home/p8pyefaexf70/public_html/wp-admin/images" "Mozilla/5.0 AppleWebKit/537.36 (KHTML, like Gecko; compatible; GPTBot/1.3; +https://openai.com/gptbot)" 283 **0/283283**
74.7.241.54 - - [10/Mar/2026:22:31:17 -0700] "GET /fizzy-bath-bombs.html?fileloc=/home/p8pyefaexf70/public_html/wp-admin/images/list.png&path=/home/p8pyefaexf70/public_html/wp-admin/images HTTP/1.1" 200 2281 "http://www.rgardensoap.com/fizzy-bath-bombs.html?path=/home/p8pyefaexf70/public_html/wp-admin/images" "Mozilla/5.0 AppleWebKit/537.36 (KHTML, like Gecko; compatible; GPTBot/1.3; +https://openai.com/gptbot)" 251 **0/251553**
74.7.227.35 - - [10/Mar/2026:22:31:17 -0700] "GET /?fileloc=//lib64/liblzo2.so.2&path=//lib64 HTTP/1.1" 200 2252 "http://mail.rgardensoap.com/?path=//lib64" "Mozilla/5.0 AppleWebKit/537.36 (KHTML, like Gecko; compatible; GPTBot/1.3; +https://openai.com/gptbot)" 481 **0/481411**
74.7.227.150 - - [10/Mar/2026:22:31:17 -0700] "GET /blog?fileloc=//proc/net/icmp&path=//proc/net HTTP/1.1" 200 2255 "http://rgardensoap.com/blog?path=//proc/net" "Mozilla/5.0 AppleWebKit/537.36 (KHTML, like Gecko; compatible; GPTBot/1.3; +https://openai.com/gptbot)" 492 **0/492564**
74.7.227.35 - - [10/Mar/2026:22:31:18 -0700] "GET /?fileloc=//lib64/libe2p.so.2&path=//lib64 HTTP/1.1" 200 2249 "http://mail.rgardensoap.com/?path=//lib64" "Mozilla/5.0 AppleWebKit/537.36 (KHTML, like Gecko; compatible; GPTBot/1.3; +https://openai.com/gptbot)" 562 **0/562657**
74.7.227.150 - - [10/Mar/2026:22:31:18 -0700] "GET /blog?fileloc=//proc/net/route&path=//proc/net HTTP/1.1" 200 2255 "http://rgardensoap.com/blog?path=//proc/net" "Mozilla/5.0 AppleWebKit/537.36 (KHTML, like Gecko; compatible; GPTBot/1.3; +https://openai.com/gptbot)" 521 **0/521376**
74.7.241.54 - - [10/Mar/2026:22:31:18 -0700] "GET /plug/vote/plug.xml?path=/home/p8pyefaexf70/public_html/wp-includes/blocks/navigation-submenu HTTP/1.1" 200 2738 "http://www.rgardensoap.com/plug/vote/plug.xml?path=/home/p8pyefaexf70/public_html/wp-includes/blocks" "Mozilla/5.0 AppleWebKit/537.36 (KHTML, like Gecko; compatible; GPTBot/1.3; +https://openai.com/gptbot)" 532 **0/532246**
74.7.227.150 - - [10/Mar/2026:22:31:19 -0700] "GET /blog/?fileloc=//proc/net/netlink&path=//proc/net HTTP/1.1" 200 2254 "http://rgardensoap.com/blog/?path=//proc/net" "Mozilla/5.0 AppleWebKit/537.36 (KHTML, like Gecko; compatible; GPTBot/1.3; +https://openai.com/gptbot)" 574 **0/574830**
74.7.227.35 - - [10/Mar/2026:22:31:18 -0700] "GET /?fileloc=//lib64/libss.so.2.0&path=//lib64 HTTP/1.1" 200 2250 "http://mail.rgardensoap.com/?path=//lib64" "Mozilla/5.0 AppleWebKit/537.36 (KHTML, like Gecko; compatible; GPTBot/1.3; +https://openai.com/gptbot)" 647 **0/647771**
74.7.241.54 - - [10/Mar/2026:22:31:19 -0700] "GET /plug/vote/plug.xml?fileloc=//sbin/dnssec-settime&path=//sbin HTTP/1.1" 200 2252 "http://www.rgardensoap.com/plug/vote/plug.xml?path=//sbin" "Mozilla/5.0 AppleWebKit/537.36 (KHTML, like Gecko; compatible; GPTBot/1.3; +https://openai.com/gptbot)" 516 **0/516060**
74.7.227.150 - - [10/Mar/2026:22:31:19 -0700] "GET /blog?fileloc=//proc/net/ptype&path=//proc/net HTTP/1.1" 200 2255 "http://rgardensoap.com/blog?path=//proc/net" "Mozilla/5.0 AppleWebKit/537.36 (KHTML, like Gecko; compatible; GPTBot/1.3; +https://openai.com/gptbot)" 669 **0/669693**
74.7.227.35 - - [10/Mar/2026:22:31:19 -0700] "GET /?fileloc=//lib64/libcc1.so.0&path=//lib64 HTTP/1.1" 200 2250 "http://mail.rgardensoap.com/?path=//lib64" "Mozilla/5.0 AppleWebKit/537.36 (KHTML, like Gecko; compatible; GPTBot/1.3; +https://openai.com/gptbot)" 708 **0/708924**
74.7.241.54 - - [10/Mar/2026:22:31:19 -0700] "GET /plug/vote/plug.xml?fileloc=//proc/buddyinfo&path=//proc HTTP/1.1" 200 2248 "http://www.rgardensoap.com/plug/vote/plug.xml?path=//proc" "Mozilla/5.0 AppleWebKit/537.36 (KHTML, like Gecko; compatible; GPTBot/1.3; +https://openai.com/gptbot)" 678 **0/678014**
74.7.227.150 - - [10/Mar/2026:22:31:20 -0700] "GET /blog/?fileloc=//proc/net/udplite&path=//proc/net HTTP/1.1" 200 2257 "http://rgardensoap.com/blog/?path=//proc/net" "Mozilla/5.0 AppleWebKit/537.36 (KHTML, like Gecko; compatible; GPTBot/1.3; +https://openai.com/gptbot)" 591 **0/591159**
74.7.241.54 - - [10/Mar/2026:22:31:20 -0700] "GET /plug/vote/plug.xml?fileloc=//proc/sched_debug&path=//proc HTTP/1.1" 200 2247 "http://www.rgardensoap.com/plug/vote/plug.xml?path=//proc" "Mozilla/5.0 AppleWebKit/537.36 (KHTML, like Gecko; compatible; GPTBot/1.3; +https://openai.com/gptbot)" 518 **0/518965**
74.7.227.35 - - [10/Mar/2026:22:31:20 -0700] "GET /?fileloc=//lib64/liblz4.so.1&path=//lib64 HTTP/1.1" 200 2251 "http://mail.rgardensoap.com/?path=//lib64" "Mozilla/5.0 AppleWebKit/537.36 (KHTML, like Gecko; compatible; GPTBot/1.3; +https://openai.com/gptbot)" 718 **0/718263**
74.7.227.150 - - [10/Mar/2026:22:31:21 -0700] "GET /blog?fileloc=//proc/net/snmp&path=//proc/net HTTP/1.1" 200 2255 "http://rgardensoap.com/blog?path=//proc/net" "Mozilla/5.0 AppleWebKit/537.36 (KHTML, like Gecko; compatible; GPTBot/1.3; +https://openai.com/gptbot)" 736 **0/736178**
74.7.241.54 - - [10/Mar/2026:22:31:21 -0700] "GET /plug/vote/plug.xml?fileloc=//proc/sysrq-trigger&path=//proc HTTP/1.1" 200 2249 "http://www.rgardensoap.com/plug/vote/plug.xml?path=//proc" "Mozilla/5.0 AppleWebKit/537.36 (KHTML, like Gecko; compatible; GPTBot/1.3; +https://openai.com/gptbot)" 634 **0/634273**
74.7.227.35 - - [10/Mar/2026:22:31:21 -0700] "GET /?fileloc=//lib64/libtk8.6.so&path=//lib64 HTTP/1.1" 200 2250 "http://mail.rgardensoap.com/?path=//lib64" "Mozilla/5.0 AppleWebKit/537.36 (KHTML, like Gecko; compatible; GPTBot/1.3; +https://openai.com/gptbot)" 674 **0/674297**
74.7.227.150 - - [10/Mar/2026:22:31:22 -0700] "GET /blog?fileloc=//proc/net/unix&path=//proc/net HTTP/1.1" 200 8865 "http://rgardensoap.com/blog?path=//proc/net" "Mozilla/5.0 AppleWebKit/537.36 (KHTML, like Gecko; compatible; GPTBot/1.3; +https://openai.com/gptbot)" 500 **0/500071**
74.7.241.54 - - [10/Mar/2026:22:31:22 -0700] "GET /plug/vote/plug.xml?fileloc=//sbin/tmpwatch&path=//sbin HTTP/1.1" 200 2246 "http://www.rgardensoap.com/plug/vote/plug.xml?path=//sbin" "Mozilla/5.0 AppleWebKit/537.36 (KHTML, like Gecko; compatible; GPTBot/1.3; +https://openai.com/gptbot)" 516 **0/516350**
74.7.227.35 - - [10/Mar/2026:22:31:22 -0700] "GET /?fileloc=//lib64/libssl.so.10&path=//lib64 HTTP/1.1" 200 2250 "http://mail.rgardensoap.com/?path=//lib64" "Mozilla/5.0 AppleWebKit/537.36 (KHTML, like Gecko; compatible; GPTBot/1.3; +https://openai.com/gptbot)" 460 **0/460481**
74.7.227.150 - - [10/Mar/2026:22:31:22 -0700] "GET /blog?fileloc=//proc/net/igmp&path=//proc/net HTTP/1.1" 200 2255 "http://rgardensoap.com/blog?path=//proc/net" "Mozilla/5.0 AppleWebKit/537.36 (KHTML, like Gecko; compatible; GPTBot/1.3; +https://openai.com/gptbot)" 662 **0/662421**
74.7.241.54 - - [10/Mar/2026:22:31:22 -0700] "GET /plug/vote/plug.xml?fileloc=//sbin/accessdb&path=//sbin HTTP/1.1" 200 2246 "http://www.rgardensoap.com/plug/vote/plug.xml?path=//sbin" "Mozilla/5.0 AppleWebKit/537.36 (KHTML, like Gecko; compatible; GPTBot/1.3; +https://openai.com/gptbot)" 603 **0/603049**
74.7.227.35 - - [10/Mar/2026:22:31:22 -0700] "GET /?fileloc=//lib64/libisl.so.15&path=//lib64 HTTP/1.1" 200 2250 "http://mail.rgardensoap.com/?path=//lib64" "Mozilla/5.0 AppleWebKit/537.36 (KHTML, like Gecko; compatible; GPTBot/1.3; +https://openai.com/gptbot)" 682 **0/682549**
74.7.241.54 - - [10/Mar/2026:22:31:23 -0700] "GET /fizzy-bath-bombs.html?fileloc=/home/p8pyefaexf70/public_html/wp-admin/js/set-post-thumbnail.min.js&path=/home/p8pyefaexf70/public_html/wp-admin/js HTTP/1.1" 200 2608 "http://www.rgardensoap.com/fizzy-bath-bombs.html?path=/home/p8pyefaexf70/public_html/wp-admin/js" "Mozilla/5.0 AppleWebKit/537.36 (KHTML, like Gecko; compatible; GPTBot/1.3; +https://openai.com/gptbot)" 510 **0/510607**
74.7.227.150 - - [10/Mar/2026:22:31:23 -0700] "GET /blog?fileloc=//proc/net/rt_cache&path=//proc/net HTTP/1.1" 200 2256 "http://rgardensoap.com/blog?path=//proc/net" "Mozilla/5.0 AppleWebKit/537.36 (KHTML, like Gecko; compatible; GPTBot/1.3; +https://openai.com/gptbot)" 767 **0/767744**
74.7.227.35 - - [10/Mar/2026:22:31:23 -0700] "GET /?fileloc=//lib64/libssh2.so.1&path=//lib64 HTTP/1.1" 200 2250 "http://mail.rgardensoap.com/?path=//lib64" "Mozilla/5.0 AppleWebKit/537.36 (KHTML, like Gecko; compatible; GPTBot/1.3; +https://openai.com/gptbot)" 705 **0/705381**
74.7.241.54 - - [10/Mar/2026:22:31:24 -0700] "GET /fizzy-bath-bombs.html?fileloc=/home/p8pyefaexf70/public_html/wp-admin/js/set-post-thumbnail.js&path=/home/p8pyefaexf70/public_html/wp-admin/js HTTP/1.1" 200 2691 "http://www.rgardensoap.com/fizzy-bath-bombs.html?path=/home/p8pyefaexf70/public_html/wp-admin/js" "Mozilla/5.0 AppleWebKit/537.36 (KHTML, like Gecko; compatible; GPTBot/1.3; +https://openai.com/gptbot)" 551 **0/551689**
74.7.227.150 - - [10/Mar/2026:22:31:24 -0700] "GET /blog?fileloc=//proc/net/fib_trie&path=//proc/net HTTP/1.1" 200 2257 "http://rgardensoap.com/blog?path=//proc/net" "Mozilla/5.0 AppleWebKit/537.36 (KHTML, like Gecko; compatible; GPTBot/1.3; +https://openai.com/gptbot)" 488 **0/488266**
74.7.227.35 - - [10/Mar/2026:22:31:24 -0700] "GET /?fileloc=//lib64/libisl.so.13&path=//lib64 HTTP/1.1" 200 2250 "http://mail.rgardensoap.com/?path=//lib64" "Mozilla/5.0 AppleWebKit/537.36 (KHTML, like Gecko; compatible; GPTBot/1.3; +https://openai.com/gptbot)" 518 **0/518067**
74.7.241.54 - - [10/Mar/2026:22:31:24 -0700] "GET /fizzy-bath-bombs.html?fileloc=/home/p8pyefaexf70/public_html/wp-admin/js/inline-edit-post.min.js&path=/home/p8pyefaexf70/public_html/wp-admin/js HTTP/1.1" 200 5696 "http://www.rgardensoap.com/fizzy-bath-bombs.html?path=/home/p8pyefaexf70/public_html/wp-admin/js" "Mozilla/5.0 AppleWebKit/537.36 (KHTML, like Gecko; compatible; GPTBot/1.3; +https://openai.com/gptbot)" 368 **0/368645**
74.7.227.35 - - [10/Mar/2026:22:31:25 -0700] "GET /?fileloc=//lib64/libmlx4.so.1&path=//lib64 HTTP/1.1" 200 2251 "http://mail.rgardensoap.com/?path=//lib64" "Mozilla/5.0 AppleWebKit/537.36 (KHTML, like Gecko; compatible; GPTBot/1.3; +https://openai.com/gptbot)" 556 **0/556641**
74.7.227.150 - - [10/Mar/2026:22:31:25 -0700] "GET /blog?fileloc=//proc/net/tcp6&path=//proc/net HTTP/1.1" 200 2652 "http://rgardensoap.com/blog?path=//proc/net" "Mozilla/5.0 AppleWebKit/537.36 (KHTML, like Gecko; compatible; GPTBot/1.3; +https://openai.com/gptbot)" 707 **0/707929**
74.7.241.54 - - [10/Mar/2026:22:31:25 -0700] "GET /fizzy-bath-bombs.html?fileloc=/home/p8pyefaexf70/public_html/wp-admin/upload.php&path=/home/p8pyefaexf70/public_html/wp-admin HTTP/1.1" 200 6194 "http://www.rgardensoap.com/fizzy-bath-bombs.html?path=/home/p8pyefaexf70/public_html/wp-admin" "Mozilla/5.0 AppleWebKit/537.36 (KHTML, like Gecko; compatible; GPTBot/1.3; +https://openai.com/gptbot)" 577 **0/577274**
74.7.227.150 - - [10/Mar/2026:22:31:25 -0700] "GET /blog?fileloc=//proc/net/igmp6&path=//proc/net HTTP/1.1" 200 2256 "http://rgardensoap.com/blog?path=//proc/net" "Mozilla/5.0 AppleWebKit/537.36 (KHTML, like Gecko; compatible; GPTBot/1.3; +https://openai.com/gptbot)" 540 **0/540820**
74.7.227.35 - - [10/Mar/2026:22:31:25 -0700] "GET /?fileloc=//lib64/libgcrypt.so&path=//lib64 HTTP/1.1" 200 2251 "http://mail.rgardensoap.com/?path=//lib64" "Mozilla/5.0 AppleWebKit/537.36 (KHTML, like Gecko; compatible; GPTBot/1.3; +https://openai.com/gptbot)" 671 **0/671830**
74.7.241.54 - - [10/Mar/2026:22:31:26 -0700] "GET /fizzy-bath-bombs.html?fileloc=/home/p8pyefaexf70/public_html/wp-admin/network.php&path=/home/p8pyefaexf70/public_html/wp-admin HTTP/1.1" 200 4332 "http://www.rgardensoap.com/fizzy-bath-bombs.html?path=/home/p8pyefaexf70/public_html/wp-admin" "Mozilla/5.0 AppleWebKit/537.36 (KHTML, like Gecko; compatible; GPTBot/1.3; +https://openai.com/gptbot)" 670 **0/670140**
74.7.227.150 - - [10/Mar/2026:22:31:26 -0700] "GET /blog?fileloc=//proc/net/raw6&path=//proc/net HTTP/1.1" 200 2374 "http://rgardensoap.com/blog?path=//proc/net" "Mozilla/5.0 AppleWebKit/537.36 (KHTML, like Gecko; compatible; GPTBot/1.3; +https://openai.com/gptbot)" 519 **0/519696**
74.7.227.35 - - [10/Mar/2026:22:31:26 -0700] "GET /?fileloc=//lib64/libtermcap.so&path=//lib64 HTTP/1.1" 200 2264 "http://mail.rgardensoap.com/?path=//lib64" "Mozilla/5.0 AppleWebKit/537.36 (KHTML, like Gecko; compatible; GPTBot/1.3; +https://openai.com/gptbot)" 673 **0/673036**
