74.7.241.54 - - [10/Mar/2026:22:41:14 -0700] "GET /plug/vote/plug.xml?path=//proc/2470499/root/usr/share/locale/to HTTP/1.1" 200 2608 "http://www.rgardensoap.com/plug/vote/plug.xml?path=//proc/2470499/root/usr/share/locale" "Mozilla/5.0 AppleWebKit/537.36 (KHTML, like Gecko; compatible; GPTBot/1.3; +https://openai.com/gptbot)" 509 **0/509649**
74.7.227.150 - - [10/Mar/2026:22:41:15 -0700] "GET /blog?path=//usr/lib64/aspell-0.60 HTTP/1.1" 200 4141 "http://rgardensoap.com/blog?path=//usr/lib64" "Mozilla/5.0 AppleWebKit/537.36 (KHTML, like Gecko; compatible; GPTBot/1.3; +https://openai.com/gptbot)" 468 **0/468758**
74.7.227.35 - - [10/Mar/2026:22:41:15 -0700] "GET /?path=//opt/alt/tests/alt-php72-pecl-yaml_2.2.3-1.el8 HTTP/1.1" 200 2581 "http://mail.rgardensoap.com/?path=//opt/alt/tests" "Mozilla/5.0 AppleWebKit/537.36 (KHTML, like Gecko; compatible; GPTBot/1.3; +https://openai.com/gptbot)" 478 **0/478128**
74.7.241.54 - - [10/Mar/2026:22:41:15 -0700] "GET /plug/vote/plug.xml?path=//proc/2470499/root/usr/share/locale/sr HTTP/1.1" 200 2639 "http://www.rgardensoap.com/plug/vote/plug.xml?path=//proc/2470499/root/usr/share/locale" "Mozilla/5.0 AppleWebKit/537.36 (KHTML, like Gecko; compatible; GPTBot/1.3; +https://openai.com/gptbot)" 501 **0/501605**
74.7.227.35 - - [10/Mar/2026:22:41:15 -0700] "GET /?path=//opt/alt/tests/alt-php80-pecl-http_4.2.4-1.el8 HTTP/1.1" 200 2341 "http://mail.rgardensoap.com/?path=//opt/alt/tests" "Mozilla/5.0 AppleWebKit/537.36 (KHTML, like Gecko; compatible; GPTBot/1.3; +https://openai.com/gptbot)" 502 **0/502421**
74.7.241.54 - - [10/Mar/2026:22:41:15 -0700] "GET /plug/vote/plug.xml?path=//proc/2470499/root/usr/share/locale/et HTTP/1.1" 200 2640 "http://www.rgardensoap.com/plug/vote/plug.xml?path=//proc/2470499/root/usr/share/locale" "Mozilla/5.0 AppleWebKit/537.36 (KHTML, like Gecko; compatible; GPTBot/1.3; +https://openai.com/gptbot)" 454 **0/454380**
74.7.227.150 - - [10/Mar/2026:22:41:15 -0700] "GET /blog?path=//lib64/aspell-0.60 HTTP/1.1" 200 4138 "http://rgardensoap.com/blog?path=//lib64" "Mozilla/5.0 AppleWebKit/537.36 (KHTML, like Gecko; compatible; GPTBot/1.3; +https://openai.com/gptbot)" 751 **0/751738**
74.7.227.35 - - [10/Mar/2026:22:41:16 -0700] "GET /?path=//opt/alt/tests/alt-php81-pecl-http_4.2.4-1.el8 HTTP/1.1" 200 2341 "http://mail.rgardensoap.com/?path=//opt/alt/tests" "Mozilla/5.0 AppleWebKit/537.36 (KHTML, like Gecko; compatible; GPTBot/1.3; +https://openai.com/gptbot)" 498 **0/498449**
74.7.241.54 - - [10/Mar/2026:22:41:16 -0700] "GET /plug/vote/plug.xml?path=//proc/2470499/root/usr/share/locale/cr HTTP/1.1" 200 2605 "http://www.rgardensoap.com/plug/vote/plug.xml?path=//proc/2470499/root/usr/share/locale" "Mozilla/5.0 AppleWebKit/537.36 (KHTML, like Gecko; compatible; GPTBot/1.3; +https://openai.com/gptbot)" 500 **0/500262**
74.7.227.150 - - [10/Mar/2026:22:41:16 -0700] "GET /wp?path=//etc/sasl2 HTTP/1.1" 200 2305 "http://rgardensoap.com/wp?path=//etc" "Mozilla/5.0 AppleWebKit/537.36 (KHTML, like Gecko; compatible; GPTBot/1.3; +https://openai.com/gptbot)" 526 **0/526181**
74.7.227.35 - - [10/Mar/2026:22:41:17 -0700] "GET /?path=//opt/alt/tests/alt-php54-pecl-http_2.6.0-1.el8 HTTP/1.1" 200 2580 "http://mail.rgardensoap.com/?path=//opt/alt/tests" "Mozilla/5.0 AppleWebKit/537.36 (KHTML, like Gecko; compatible; GPTBot/1.3; +https://openai.com/gptbot)" 551 **0/551739**
74.7.241.54 - - [10/Mar/2026:22:41:17 -0700] "GET /plug/vote/plug.xml?path=//proc/2470499/root/usr/share/locale/mg HTTP/1.1" 200 2608 "http://www.rgardensoap.com/plug/vote/plug.xml?path=//proc/2470499/root/usr/share/locale" "Mozilla/5.0 AppleWebKit/537.36 (KHTML, like Gecko; compatible; GPTBot/1.3; +https://openai.com/gptbot)" 485 **0/485058**
74.7.227.150 - - [10/Mar/2026:22:41:17 -0700] "GET /blog?path=//lib64/python3.12/venv HTTP/1.1" 200 2711 "http://rgardensoap.com/blog?path=//lib64/python3.12" "Mozilla/5.0 AppleWebKit/537.36 (KHTML, like Gecko; compatible; GPTBot/1.3; +https://openai.com/gptbot)" 726 **0/726668**
74.7.227.35 - - [10/Mar/2026:22:41:17 -0700] "GET /?path=//opt/alt/tests/alt-php84-pecl-http_4.2.6-3.el8 HTTP/1.1" 200 2341 "http://mail.rgardensoap.com/?path=//opt/alt/tests" "Mozilla/5.0 AppleWebKit/537.36 (KHTML, like Gecko; compatible; GPTBot/1.3; +https://openai.com/gptbot)" 514 **0/514052**
74.7.241.54 - - [10/Mar/2026:22:41:17 -0700] "GET /plug/vote/plug.xml?path=//proc/2470499/root/usr/share/locale/hr HTTP/1.1" 200 2641 "http://www.rgardensoap.com/plug/vote/plug.xml?path=//proc/2470499/root/usr/share/locale" "Mozilla/5.0 AppleWebKit/537.36 (KHTML, like Gecko; compatible; GPTBot/1.3; +https://openai.com/gptbot)" 530 **0/530346**
74.7.227.150 - - [10/Mar/2026:22:41:18 -0700] "GET /wp?path=//proc/2877054 HTTP/1.1" 200 2307 "http://rgardensoap.com/wp?path=//proc" "Mozilla/5.0 AppleWebKit/537.36 (KHTML, like Gecko; compatible; GPTBot/1.3; +https://openai.com/gptbot)" 521 **0/521221**
74.7.227.35 - - [10/Mar/2026:22:41:18 -0700] "GET /?path=//opt/alt/tests/alt-php84-pecl-solr_2.7.0-2.el8 HTTP/1.1" 200 2581 "http://mail.rgardensoap.com/?path=//opt/alt/tests" "Mozilla/5.0 AppleWebKit/537.36 (KHTML, like Gecko; compatible; GPTBot/1.3; +https://openai.com/gptbot)" 549 **0/549096**
74.7.241.54 - - [10/Mar/2026:22:41:18 -0700] "GET /plug/vote/plug.xml?path=//proc/2470499/root/usr/share/locale/ts HTTP/1.1" 200 2608 "http://www.rgardensoap.com/plug/vote/plug.xml?path=//proc/2470499/root/usr/share/locale" "Mozilla/5.0 AppleWebKit/537.36 (KHTML, like Gecko; compatible; GPTBot/1.3; +https://openai.com/gptbot)" 523 **0/523616**
74.7.227.150 - - [10/Mar/2026:22:41:18 -0700] "GET /wp?path=//lib64/groff HTTP/1.1" 200 2305 "http://rgardensoap.com/wp?path=//lib64" "Mozilla/5.0 AppleWebKit/537.36 (KHTML, like Gecko; compatible; GPTBot/1.3; +https://openai.com/gptbot)" 484 **0/484654**
74.7.227.35 - - [10/Mar/2026:22:41:19 -0700] "GET /?path=//opt/alt/tests/alt-php81-pecl-amqp_2.1.2-1.el8 HTTP/1.1" 200 2581 "http://mail.rgardensoap.com/?path=//opt/alt/tests" "Mozilla/5.0 AppleWebKit/537.36 (KHTML, like Gecko; compatible; GPTBot/1.3; +https://openai.com/gptbot)" 509 **0/509884**
74.7.241.54 - - [10/Mar/2026:22:41:19 -0700] "GET /plug/vote/plug.xml?path=//proc/2470499/root/usr/share/locale/sv HTTP/1.1" 200 2642 "http://www.rgardensoap.com/plug/vote/plug.xml?path=//proc/2470499/root/usr/share/locale" "Mozilla/5.0 AppleWebKit/537.36 (KHTML, like Gecko; compatible; GPTBot/1.3; +https://openai.com/gptbot)" 541 **0/541073**
74.7.227.150 - - [10/Mar/2026:22:41:19 -0700] "GET /wp?path=//lib64/mysql HTTP/1.1" 200 2793 "http://rgardensoap.com/wp?path=//lib64" "Mozilla/5.0 AppleWebKit/537.36 (KHTML, like Gecko; compatible; GPTBot/1.3; +https://openai.com/gptbot)" 544 **0/544065**
74.7.227.35 - - [10/Mar/2026:22:41:19 -0700] "GET /?path=//opt/alt/tests/alt-php81-pecl-http_4.2.6-4.el8 HTTP/1.1" 200 2579 "http://mail.rgardensoap.com/?path=//opt/alt/tests" "Mozilla/5.0 AppleWebKit/537.36 (KHTML, like Gecko; compatible; GPTBot/1.3; +https://openai.com/gptbot)" 524 **0/524246**
74.7.241.54 - - [10/Mar/2026:22:41:19 -0700] "GET /plug/vote/plug.xml?path=//proc/2470499/root/usr/share/locale/mr HTTP/1.1" 200 2605 "http://www.rgardensoap.com/plug/vote/plug.xml?path=//proc/2470499/root/usr/share/locale" "Mozilla/5.0 AppleWebKit/537.36 (KHTML, like Gecko; compatible; GPTBot/1.3; +https://openai.com/gptbot)" 492 **0/492263**
74.7.227.150 - - [10/Mar/2026:22:41:20 -0700] "GET /wp?path=//lib64/games HTTP/1.1" 200 2305 "http://rgardensoap.com/wp?path=//lib64" "Mozilla/5.0 AppleWebKit/537.36 (KHTML, like Gecko; compatible; GPTBot/1.3; +https://openai.com/gptbot)" 649 **0/649107**
74.7.227.35 - - [10/Mar/2026:22:41:20 -0700] "GET /?path=//opt/alt/tests/alt-php80-pecl-amqp_2.1.2-1.el8 HTTP/1.1" 200 2581 "http://mail.rgardensoap.com/?path=//opt/alt/tests" "Mozilla/5.0 AppleWebKit/537.36 (KHTML, like Gecko; compatible; GPTBot/1.3; +https://openai.com/gptbot)" 477 **0/477604**
74.7.241.54 - - [10/Mar/2026:22:41:20 -0700] "GET /plug/vote/plug.xml?path=//proc/2470499/root/usr/share/locale/sm HTTP/1.1" 200 2608 "http://www.rgardensoap.com/plug/vote/plug.xml?path=//proc/2470499/root/usr/share/locale" "Mozilla/5.0 AppleWebKit/537.36 (KHTML, like Gecko; compatible; GPTBot/1.3; +https://openai.com/gptbot)" 480 **0/480065**
74.7.227.150 - - [10/Mar/2026:22:41:20 -0700] "GET /wp?path=//proc/self/net HTTP/1.1" 200 3690 "http://rgardensoap.com/wp?path=//proc/self" "Mozilla/5.0 AppleWebKit/537.36 (KHTML, like Gecko; compatible; GPTBot/1.3; +https://openai.com/gptbot)" 501 **0/501543**
74.7.227.35 - - [10/Mar/2026:22:41:21 -0700] "GET /?path=//opt/alt/tests/alt-php80-pecl-solr_2.7.0-1.el8 HTTP/1.1" 200 2580 "http://mail.rgardensoap.com/?path=//opt/alt/tests" "Mozilla/5.0 AppleWebKit/537.36 (KHTML, like Gecko; compatible; GPTBot/1.3; +https://openai.com/gptbot)" 463 **0/463804**
74.7.241.54 - - [10/Mar/2026:22:41:21 -0700] "GET /plug/vote/plug.xml?path=//proc/2470499/root/usr/share/locale/no HTTP/1.1" 200 2608 "http://www.rgardensoap.com/plug/vote/plug.xml?path=//proc/2470499/root/usr/share/locale" "Mozilla/5.0 AppleWebKit/537.36 (KHTML, like Gecko; compatible; GPTBot/1.3; +https://openai.com/gptbot)" 498 **0/498761**
74.7.227.150 - - [10/Mar/2026:22:41:21 -0700] "GET /wp?path=//lib64/cmake HTTP/1.1" 200 2587 "http://rgardensoap.com/wp?path=//lib64" "Mozilla/5.0 AppleWebKit/537.36 (KHTML, like Gecko; compatible; GPTBot/1.3; +https://openai.com/gptbot)" 468 **0/468360**
74.7.227.35 - - [10/Mar/2026:22:41:21 -0700] "GET /?path=//opt/alt/tests/alt-php56-pecl-http_2.6.0-1.el8 HTTP/1.1" 200 2580 "http://mail.rgardensoap.com/?path=//opt/alt/tests" "Mozilla/5.0 AppleWebKit/537.36 (KHTML, like Gecko; compatible; GPTBot/1.3; +https://openai.com/gptbot)" 474 **0/474524**
74.7.241.54 - - [10/Mar/2026:22:41:21 -0700] "GET /plug/vote/plug.xml?path=//proc/2470499/root/usr/share/locale/so HTTP/1.1" 200 2608 "http://www.rgardensoap.com/plug/vote/plug.xml?path=//proc/2470499/root/usr/share/locale" "Mozilla/5.0 AppleWebKit/537.36 (KHTML, like Gecko; compatible; GPTBot/1.3; +https://openai.com/gptbot)" 474 **0/474067**
74.7.227.150 - - [10/Mar/2026:22:41:22 -0700] "GET /blog/?path=//proc/2470499/attr HTTP/1.1" 200 2714 "http://rgardensoap.com/blog/?path=//proc/2470499" "Mozilla/5.0 AppleWebKit/537.36 (KHTML, like Gecko; compatible; GPTBot/1.3; +https://openai.com/gptbot)" 490 **0/490785**
74.7.227.35 - - [10/Mar/2026:22:41:22 -0700] "GET /?path=//opt/alt/tests/alt-php83-pecl-http_4.2.4-1.el8 HTTP/1.1" 200 2341 "http://mail.rgardensoap.com/?path=//opt/alt/tests" "Mozilla/5.0 AppleWebKit/537.36 (KHTML, like Gecko; compatible; GPTBot/1.3; +https://openai.com/gptbot)" 491 **0/491972**
74.7.241.54 - - [10/Mar/2026:22:41:22 -0700] "GET /plug/vote/plug.xml?path=//proc/2470499/root/usr/share/locale/xh HTTP/1.1" 200 2608 "http://www.rgardensoap.com/plug/vote/plug.xml?path=//proc/2470499/root/usr/share/locale" "Mozilla/5.0 AppleWebKit/537.36 (KHTML, like Gecko; compatible; GPTBot/1.3; +https://openai.com/gptbot)" 481 **0/481584**
74.7.227.150 - - [10/Mar/2026:22:41:22 -0700] "GET /blog/?path=//proc/2470499/task HTTP/1.1" 200 2553 "http://rgardensoap.com/blog/?path=//proc/2470499" "Mozilla/5.0 AppleWebKit/537.36 (KHTML, like Gecko; compatible; GPTBot/1.3; +https://openai.com/gptbot)" 479 **0/479043**
74.7.227.35 - - [10/Mar/2026:22:41:22 -0700] "GET /?path=//opt/alt/tests/alt-php74-pecl-http_3.3.0-1.el8 HTTP/1.1" 200 2579 "http://mail.rgardensoap.com/?path=//opt/alt/tests" "Mozilla/5.0 AppleWebKit/537.36 (KHTML, like Gecko; compatible; GPTBot/1.3; +https://openai.com/gptbot)" 502 **0/502108**
74.7.241.54 - - [10/Mar/2026:22:41:22 -0700] "GET /plug/vote/plug.xml?path=//proc/2470499/root/usr/share/locale/ss HTTP/1.1" 200 2607 "http://www.rgardensoap.com/plug/vote/plug.xml?path=//proc/2470499/root/usr/share/locale" "Mozilla/5.0 AppleWebKit/537.36 (KHTML, like Gecko; compatible; GPTBot/1.3; +https://openai.com/gptbot)" 481 **0/481975**
74.7.227.150 - - [10/Mar/2026:22:41:23 -0700] "GET /blog?fileloc=//lib64/aspell-0.60/email-filter.info&path=//lib64/aspell-0.60 HTTP/1.1" 200 2507 "http://rgardensoap.com/blog?path=//lib64/aspell-0.60" "Mozilla/5.0 AppleWebKit/537.36 (KHTML, like Gecko; compatible; GPTBot/1.3; +https://openai.com/gptbot)" 459 **0/459678**
74.7.227.35 - - [10/Mar/2026:22:41:23 -0700] "GET /?path=//opt/alt/tests/alt-php83-pecl-amqp_2.1.2-1.el8 HTTP/1.1" 200 2581 "http://mail.rgardensoap.com/?path=//opt/alt/tests" "Mozilla/5.0 AppleWebKit/537.36 (KHTML, like Gecko; compatible; GPTBot/1.3; +https://openai.com/gptbot)" 494 **0/494673**
74.7.241.54 - - [10/Mar/2026:22:41:23 -0700] "GET /plug/vote/plug.xml?path=//proc/2470499/root/usr/share/locale/cv HTTP/1.1" 200 2608 "http://www.rgardensoap.com/plug/vote/plug.xml?path=//proc/2470499/root/usr/share/locale" "Mozilla/5.0 AppleWebKit/537.36 (KHTML, like Gecko; compatible; GPTBot/1.3; +https://openai.com/gptbot)" 510 **0/510982**
74.7.227.150 - - [10/Mar/2026:22:41:24 -0700] "GET /blog/?path=//usr/lib64/X11 HTTP/1.1" 200 2315 "http://rgardensoap.com/blog/?path=//usr/lib64" "Mozilla/5.0 AppleWebKit/537.36 (KHTML, like Gecko; compatible; GPTBot/1.3; +https://openai.com/gptbot)" 457 **0/457769**
74.7.227.35 - - [10/Mar/2026:22:41:24 -0700] "GET /?path=//opt/alt/tests/alt-php73-pecl-http_3.3.0-1.el8 HTTP/1.1" 200 2579 "http://mail.rgardensoap.com/?path=//opt/alt/tests" "Mozilla/5.0 AppleWebKit/537.36 (KHTML, like Gecko; compatible; GPTBot/1.3; +https://openai.com/gptbot)" 469 **0/469665**
74.7.241.54 - - [10/Mar/2026:22:41:24 -0700] "GET /plug/vote/plug.xml?path=//proc/2470499/root/usr/share/locale/lb HTTP/1.1" 200 2608 "http://www.rgardensoap.com/plug/vote/plug.xml?path=//proc/2470499/root/usr/share/locale" "Mozilla/5.0 AppleWebKit/537.36 (KHTML, like Gecko; compatible; GPTBot/1.3; +https://openai.com/gptbot)" 507 **0/507779**
74.7.227.150 - - [10/Mar/2026:22:41:24 -0700] "GET /blog/?path=//usr/lib64/engines-1.1 HTTP/1.1" 200 2701 "http://rgardensoap.com/blog/?path=//usr/lib64" "Mozilla/5.0 AppleWebKit/537.36 (KHTML, like Gecko; compatible; GPTBot/1.3; +https://openai.com/gptbot)" 481 **0/481274**
74.7.227.35 - - [10/Mar/2026:22:41:24 -0700] "GET /?path=//opt/alt/tests/alt-php83-pecl-http_4.2.6-3.el8 HTTP/1.1" 200 2341 "http://mail.rgardensoap.com/?path=//opt/alt/tests" "Mozilla/5.0 AppleWebKit/537.36 (KHTML, like Gecko; compatible; GPTBot/1.3; +https://openai.com/gptbot)" 459 **0/459533**
74.7.241.54 - - [10/Mar/2026:22:41:24 -0700] "GET /plug/vote/plug.xml?path=//proc/2470499/root/usr/share/locale/ln HTTP/1.1" 200 2608 "http://www.rgardensoap.com/plug/vote/plug.xml?path=//proc/2470499/root/usr/share/locale" "Mozilla/5.0 AppleWebKit/537.36 (KHTML, like Gecko; compatible; GPTBot/1.3; +https://openai.com/gptbot)" 489 **0/489354**
74.7.227.150 - - [10/Mar/2026:22:41:25 -0700] "GET /blog/?path=//proc/self/net HTTP/1.1" 200 3690 "http://rgardensoap.com/blog/?path=//proc/self" "Mozilla/5.0 AppleWebKit/537.36 (KHTML, like Gecko; compatible; GPTBot/1.3; +https://openai.com/gptbot)" 446 **0/446170**
74.7.227.35 - - [10/Mar/2026:22:41:25 -0700] "GET /?path=//opt/alt/tests/alt-php84-pecl-http_4.2.6-4.el8 HTTP/1.1" 200 2579 "http://mail.rgardensoap.com/?path=//opt/alt/tests" "Mozilla/5.0 AppleWebKit/537.36 (KHTML, like Gecko; compatible; GPTBot/1.3; +https://openai.com/gptbot)" 458 **0/458326**
74.7.241.54 - - [10/Mar/2026:22:41:25 -0700] "GET /plug/vote/plug.xml?path=//proc/2470499/root/usr/share/locale/ro HTTP/1.1" 200 2640 "http://www.rgardensoap.com/plug/vote/plug.xml?path=//proc/2470499/root/usr/share/locale" "Mozilla/5.0 AppleWebKit/537.36 (KHTML, like Gecko; compatible; GPTBot/1.3; +https://openai.com/gptbot)" 474 **0/474733**
74.7.227.150 - - [10/Mar/2026:22:41:25 -0700] "GET /wp?path=//usr/lib64/gio HTTP/1.1" 200 2555 "http://rgardensoap.com/wp?path=//usr/lib64" "Mozilla/5.0 AppleWebKit/537.36 (KHTML, like Gecko; compatible; GPTBot/1.3; +https://openai.com/gptbot)" 460 **0/460121**
74.7.227.35 - - [10/Mar/2026:22:41:25 -0700] "GET /?path=//opt/alt/tests/alt-php80-pecl-http_4.2.6-3.el8 HTTP/1.1" 200 2341 "http://mail.rgardensoap.com/?path=//opt/alt/tests" "Mozilla/5.0 AppleWebKit/537.36 (KHTML, like Gecko; compatible; GPTBot/1.3; +https://openai.com/gptbot)" 452 **0/452934**
74.7.241.54 - - [10/Mar/2026:22:41:26 -0700] "GET /plug/vote/plug.xml?path=//proc/2470499/root/usr/share/locale/am HTTP/1.1" 200 2607 "http://www.rgardensoap.com/plug/vote/plug.xml?path=//proc/2470499/root/usr/share/locale" "Mozilla/5.0 AppleWebKit/537.36 (KHTML, like Gecko; compatible; GPTBot/1.3; +https://openai.com/gptbot)" 746 **0/746192**
74.7.227.150 - - [10/Mar/2026:22:41:26 -0700] "GET /wp?path=//etc/pki HTTP/1.1" 200 2746 "http://rgardensoap.com/wp?path=//etc" "Mozilla/5.0 AppleWebKit/537.36 (KHTML, like Gecko; compatible; GPTBot/1.3; +https://openai.com/gptbot)" 469 **0/469376**
74.7.227.35 - - [10/Mar/2026:22:41:26 -0700] "GET /?path=//opt/alt/tests/alt-php82-pecl-http_4.2.6-3.el8 HTTP/1.1" 200 2341 "http://mail.rgardensoap.com/?path=//opt/alt/tests" "Mozilla/5.0 AppleWebKit/537.36 (KHTML, like Gecko; compatible; GPTBot/1.3; +https://openai.com/gptbot)" 439 **0/439354**
74.7.241.54 - - [10/Mar/2026:22:41:26 -0700] "GET /plug/vote/plug.xml?path=//proc/2470499/root/usr/share/locale/av HTTP/1.1" 200 2608 "http://www.rgardensoap.com/plug/vote/plug.xml?path=//proc/2470499/root/usr/share/locale" "Mozilla/5.0 AppleWebKit/537.36 (KHTML, like Gecko; compatible; GPTBot/1.3; +https://openai.com/gptbot)" 472 **0/472888**
74.7.227.150 - - [10/Mar/2026:22:41:26 -0700] "GET /wp?path=//var/lve HTTP/1.1" 200 2692 "http://rgardensoap.com/wp?path=//var" "Mozilla/5.0 AppleWebKit/537.36 (KHTML, like Gecko; compatible; GPTBot/1.3; +https://openai.com/gptbot)" 488 **0/488259**
74.7.227.35 - - [10/Mar/2026:22:41:27 -0700] "GET /?path=//opt/alt/tests/alt-php84-pecl-amqp_2.1.2-1.el8 HTTP/1.1" 200 2581 "http://mail.rgardensoap.com/?path=//opt/alt/tests" "Mozilla/5.0 AppleWebKit/537.36 (KHTML, like Gecko; compatible; GPTBot/1.3; +https://openai.com/gptbot)" 444 **0/444060**
74.7.241.54 - - [10/Mar/2026:22:41:27 -0700] "GET /plug/vote/plug.xml?path=//proc/2470499/root/usr/share/locale/rm HTTP/1.1" 200 2608 "http://www.rgardensoap.com/plug/vote/plug.xml?path=//proc/2470499/root/usr/share/locale" "Mozilla/5.0 AppleWebKit/537.36 (KHTML, like Gecko; compatible; GPTBot/1.3; +https://openai.com/gptbot)" 453 **0/453901**
74.7.227.35 - - [10/Mar/2026:22:41:27 -0700] "GET /?path=//opt/alt/tests/alt-php82-pecl-http_4.2.4-1.el8 HTTP/1.1" 200 2341 "http://mail.rgardensoap.com/?path=//opt/alt/tests" "Mozilla/5.0 AppleWebKit/537.36 (KHTML, like Gecko; compatible; GPTBot/1.3; +https://openai.com/gptbot)" 456 **0/456853**
74.7.227.150 - - [10/Mar/2026:22:41:27 -0700] "GET /wp?fileloc=//proc/self/net/netstat&path=//proc/self/net HTTP/1.1" 200 2266 "http://rgardensoap.com/wp?path=//proc/self/net" "Mozilla/5.0 AppleWebKit/537.36 (KHTML, like Gecko; compatible; GPTBot/1.3; +https://openai.com/gptbot)" 504 **0/504523**
74.7.241.54 - - [10/Mar/2026:22:41:28 -0700] "GET /plug/vote/plug.xml?path=//proc/2470499/root/usr/share/locale/ho HTTP/1.1" 200 2608 "http://www.rgardensoap.com/plug/vote/plug.xml?path=//proc/2470499/root/usr/share/locale" "Mozilla/5.0 AppleWebKit/537.36 (KHTML, like Gecko; compatible; GPTBot/1.3; +https://openai.com/gptbot)" 477 **0/477811**
74.7.227.35 - - [10/Mar/2026:22:41:28 -0700] "GET /?path=//opt/alt/tests/alt-php70-pecl-http_3.3.0-1.el8 HTTP/1.1" 200 2579 "http://mail.rgardensoap.com/?path=//opt/alt/tests" "Mozilla/5.0 AppleWebKit/537.36 (KHTML, like Gecko; compatible; GPTBot/1.3; +https://openai.com/gptbot)" 473 **0/473417**
74.7.227.150 - - [10/Mar/2026:22:41:28 -0700] "GET /wp?fileloc=//proc/self/net/ptype&path=//proc/self/net HTTP/1.1" 200 2264 "http://rgardensoap.com/wp?path=//proc/self/net" "Mozilla/5.0 AppleWebKit/537.36 (KHTML, like Gecko; compatible; GPTBot/1.3; +https://openai.com/gptbot)" 458 **0/458416**
74.7.241.54 - - [10/Mar/2026:22:41:28 -0700] "GET /plug/vote/plug.xml?path=//proc/2470499/root/usr/share/locale/lu HTTP/1.1" 200 2608 "http://www.rgardensoap.com/plug/vote/plug.xml?path=//proc/2470499/root/usr/share/locale" "Mozilla/5.0 AppleWebKit/537.36 (KHTML, like Gecko; compatible; GPTBot/1.3; +https://openai.com/gptbot)" 453 **0/453270**
74.7.227.35 - - [10/Mar/2026:22:41:28 -0700] "GET /?path=//opt/alt/tests/alt-php71-pecl-http_3.3.0-1.el8 HTTP/1.1" 200 2579 "http://mail.rgardensoap.com/?path=//opt/alt/tests" "Mozilla/5.0 AppleWebKit/537.36 (KHTML, like Gecko; compatible; GPTBot/1.3; +https://openai.com/gptbot)" 459 **0/459166**
74.7.227.150 - - [10/Mar/2026:22:41:28 -0700] "GET /wp?fileloc=//proc/self/net/netlink&path=//proc/self/net HTTP/1.1" 200 2264 "http://rgardensoap.com/wp?path=//proc/self/net" "Mozilla/5.0 AppleWebKit/537.36 (KHTML, like Gecko; compatible; GPTBot/1.3; +https://openai.com/gptbot)" 447 **0/447422**
74.7.241.54 - - [10/Mar/2026:22:41:29 -0700] "GET /plug/vote/plug.xml?path=//proc/2470499/root/usr/share/locale/kr HTTP/1.1" 200 2605 "http://www.rgardensoap.com/plug/vote/plug.xml?path=//proc/2470499/root/usr/share/locale" "Mozilla/5.0 AppleWebKit/537.36 (KHTML, like Gecko; compatible; GPTBot/1.3; +https://openai.com/gptbot)" 479 **0/479660**
74.7.227.35 - - [10/Mar/2026:22:41:29 -0700] "GET /?path=//opt/alt/tests/alt-php81-pecl-yaml_2.2.3-1.el8 HTTP/1.1" 200 2581 "http://mail.rgardensoap.com/?path=//opt/alt/tests" "Mozilla/5.0 AppleWebKit/537.36 (KHTML, like Gecko; compatible; GPTBot/1.3; +https://openai.com/gptbot)" 456 **0/456414**
74.7.227.150 - - [10/Mar/2026:22:41:29 -0700] "GET /wp?fileloc=//proc/self/net/route&path=//proc/self/net HTTP/1.1" 200 2264 "http://rgardensoap.com/wp?path=//proc/self/net" "Mozilla/5.0 AppleWebKit/537.36 (KHTML, like Gecko; compatible; GPTBot/1.3; +https://openai.com/gptbot)" 460 **0/460812**
74.7.241.54 - - [10/Mar/2026:22:41:29 -0700] "GET /plug/vote/plug.xml?path=//proc/2470499/root/usr/share/locale/ht HTTP/1.1" 200 2605 "http://www.rgardensoap.com/plug/vote/plug.xml?path=//proc/2470499/root/usr/share/locale" "Mozilla/5.0 AppleWebKit/537.36 (KHTML, like Gecko; compatible; GPTBot/1.3; +https://openai.com/gptbot)" 481 **0/481289**
74.7.227.35 - - [10/Mar/2026:22:41:29 -0700] "GET /?path=//lib64/fipscheck HTTP/1.1" 200 2643 "http://mail.rgardensoap.com/?path=//lib64" "Mozilla/5.0 AppleWebKit/537.36 (KHTML, like Gecko; compatible; GPTBot/1.3; +https://openai.com/gptbot)" 489 **0/489452**
74.7.227.150 - - [10/Mar/2026:22:41:30 -0700] "GET /wp?fileloc=//proc/self/net/packet&path=//proc/self/net HTTP/1.1" 200 2265 "http://rgardensoap.com/wp?path=//proc/self/net" "Mozilla/5.0 AppleWebKit/537.36 (KHTML, like Gecko; compatible; GPTBot/1.3; +https://openai.com/gptbot)" 458 **0/458448**
74.7.241.54 - - [10/Mar/2026:22:41:30 -0700] "GET /plug/vote/plug.xml?path=//proc/2470499/root/usr/share/locale/lg HTTP/1.1" 200 2642 "http://www.rgardensoap.com/plug/vote/plug.xml?path=//proc/2470499/root/usr/share/locale" "Mozilla/5.0 AppleWebKit/537.36 (KHTML, like Gecko; compatible; GPTBot/1.3; +https://openai.com/gptbot)" 467 **0/467657**
74.7.227.35 - - [10/Mar/2026:22:41:30 -0700] "GET /?path=//opt/alt/tests/alt-php70-pecl-uploadprogress_2.0.2-1.el8/tests HTTP/1.1" 200 3107 "http://mail.rgardensoap.com/?path=//opt/alt/tests/alt-php70-pecl-uploadprogress_2.0.2-1.el8" "Mozilla/5.0 AppleWebKit/537.36 (KHTML, like Gecko; compatible; GPTBot/1.3; +https://openai.com/gptbot)" 468 **0/468812**
74.7.227.150 - - [10/Mar/2026:22:41:30 -0700] "GET /wp?fileloc=//proc/self/net/psched&path=//proc/self/net HTTP/1.1" 200 2265 "http://rgardensoap.com/wp?path=//proc/self/net" "Mozilla/5.0 AppleWebKit/537.36 (KHTML, like Gecko; compatible; GPTBot/1.3; +https://openai.com/gptbot)" 460 **0/460220**
74.7.241.54 - - [10/Mar/2026:22:41:31 -0700] "GET /plug/vote/plug.xml?path=//proc/2470499/root/usr/share/locale/ve HTTP/1.1" 200 2607 "http://www.rgardensoap.com/plug/vote/plug.xml?path=//proc/2470499/root/usr/share/locale" "Mozilla/5.0 AppleWebKit/537.36 (KHTML, like Gecko; compatible; GPTBot/1.3; +https://openai.com/gptbot)" 465 **0/465782**
74.7.227.35 - - [10/Mar/2026:22:41:31 -0700] "GET /?path=//opt/alt/tests/alt-php71-pecl-uploadprogress_2.0.2-1.el8/tests HTTP/1.1" 200 3106 "http://mail.rgardensoap.com/?path=//opt/alt/tests/alt-php71-pecl-uploadprogress_2.0.2-1.el8" "Mozilla/5.0 AppleWebKit/537.36 (KHTML, like Gecko; compatible; GPTBot/1.3; +https://openai.com/gptbot)" 479 **0/479868**
74.7.227.150 - - [10/Mar/2026:22:41:31 -0700] "GET /wp?fileloc=//proc/self/net/udplite&path=//proc/self/net HTTP/1.1" 200 2266 "http://rgardensoap.com/wp?path=//proc/self/net" "Mozilla/5.0 AppleWebKit/537.36 (KHTML, like Gecko; compatible; GPTBot/1.3; +https://openai.com/gptbot)" 481 **0/481268**
74.7.241.54 - - [10/Mar/2026:22:41:31 -0700] "GET /plug/vote/plug.xml?path=//proc/2470499/root/usr/share/locale/sp HTTP/1.1" 200 2608 "http://www.rgardensoap.com/plug/vote/plug.xml?path=//proc/2470499/root/usr/share/locale" "Mozilla/5.0 AppleWebKit/537.36 (KHTML, like Gecko; compatible; GPTBot/1.3; +https://openai.com/gptbot)" 458 **0/458591**
74.7.227.35 - - [10/Mar/2026:22:41:31 -0700] "GET /?path=//opt/alt/tests/alt-php84-pecl-uploadprogress_2.0.2-1.el8/tests HTTP/1.1" 200 3106 "http://mail.rgardensoap.com/?path=//opt/alt/tests/alt-php84-pecl-uploadprogress_2.0.2-1.el8" "Mozilla/5.0 AppleWebKit/537.36 (KHTML, like Gecko; compatible; GPTBot/1.3; +https://openai.com/gptbot)" 466 **0/466764**
74.7.227.150 - - [10/Mar/2026:22:41:31 -0700] "GET /wp?fileloc=//proc/self/net/dev_mcast&path=//proc/self/net HTTP/1.1" 200 2267 "http://rgardensoap.com/wp?path=//proc/self/net" "Mozilla/5.0 AppleWebKit/537.36 (KHTML, like Gecko; compatible; GPTBot/1.3; +https://openai.com/gptbot)" 470 **0/470548**
74.7.241.54 - - [10/Mar/2026:22:41:32 -0700] "GET /plug/vote/plug.xml?path=//proc/2470499/root/usr/share/locale/sg HTTP/1.1" 200 2608 "http://www.rgardensoap.com/plug/vote/plug.xml?path=//proc/2470499/root/usr/share/locale" "Mozilla/5.0 AppleWebKit/537.36 (KHTML, like Gecko; compatible; GPTBot/1.3; +https://openai.com/gptbot)" 445 **0/445427**
74.7.227.35 - - [10/Mar/2026:22:41:32 -0700] "GET /?path=//opt/alt/tests/alt-php74-pecl-uploadprogress_2.0.2-1.el8/tests HTTP/1.1" 200 3107 "http://mail.rgardensoap.com/?path=//opt/alt/tests/alt-php74-pecl-uploadprogress_2.0.2-1.el8" "Mozilla/5.0 AppleWebKit/537.36 (KHTML, like Gecko; compatible; GPTBot/1.3; +https://openai.com/gptbot)" 477 **0/477664**
74.7.227.150 - - [10/Mar/2026:22:41:32 -0700] "GET /wp?fileloc=//proc/self/net/xfrm_stat&path=//proc/self/net HTTP/1.1" 200 2268 "http://rgardensoap.com/wp?path=//proc/self/net" "Mozilla/5.0 AppleWebKit/537.36 (KHTML, like Gecko; compatible; GPTBot/1.3; +https://openai.com/gptbot)" 477 **0/477641**
74.7.241.54 - - [10/Mar/2026:22:41:32 -0700] "GET /plug/vote/plug.xml?path=//proc/2470499/root/usr/share/locale/ur HTTP/1.1" 200 2606 "http://www.rgardensoap.com/plug/vote/plug.xml?path=//proc/2470499/root/usr/share/locale" "Mozilla/5.0 AppleWebKit/537.36 (KHTML, like Gecko; compatible; GPTBot/1.3; +https://openai.com/gptbot)" 490 **0/490285**
74.7.227.35 - - [10/Mar/2026:22:41:33 -0700] "GET /?path=//opt/alt/tests/alt-php73-pecl-uploadprogress_2.0.2-1.el8/tests HTTP/1.1" 200 3107 "http://mail.rgardensoap.com/?path=//opt/alt/tests/alt-php73-pecl-uploadprogress_2.0.2-1.el8" "Mozilla/5.0 AppleWebKit/537.36 (KHTML, like Gecko; compatible; GPTBot/1.3; +https://openai.com/gptbot)" 459 **0/459648**
74.7.227.150 - - [10/Mar/2026:22:41:33 -0700] "GET /wp?fileloc=//proc/self/net/icmp6&path=//proc/self/net HTTP/1.1" 200 2265 "http://rgardensoap.com/wp?path=//proc/self/net" "Mozilla/5.0 AppleWebKit/537.36 (KHTML, like Gecko; compatible; GPTBot/1.3; +https://openai.com/gptbot)" 466 **0/466400**
74.7.241.54 - - [10/Mar/2026:22:41:33 -0700] "GET /plug/vote/plug.xml?path=//proc/2470499/root/usr/share/locale/li HTTP/1.1" 200 2608 "http://www.rgardensoap.com/plug/vote/plug.xml?path=//proc/2470499/root/usr/share/locale" "Mozilla/5.0 AppleWebKit/537.36 (KHTML, like Gecko; compatible; GPTBot/1.3; +https://openai.com/gptbot)" 449 **0/449908**
74.7.227.35 - - [10/Mar/2026:22:41:33 -0700] "GET /?path=//opt/alt/tests/alt-php83-pecl-uploadprogress_2.0.2-1.el8/tests HTTP/1.1" 200 3106 "http://mail.rgardensoap.com/?path=//opt/alt/tests/alt-php83-pecl-uploadprogress_2.0.2-1.el8" "Mozilla/5.0 AppleWebKit/537.36 (KHTML, like Gecko; compatible; GPTBot/1.3; +https://openai.com/gptbot)" 471 **0/471137**
74.7.227.150 - - [10/Mar/2026:22:41:33 -0700] "GET /wp?fileloc=//proc/self/net/snmp6&path=//proc/self/net HTTP/1.1" 200 2265 "http://rgardensoap.com/wp?path=//proc/self/net" "Mozilla/5.0 AppleWebKit/537.36 (KHTML, like Gecko; compatible; GPTBot/1.3; +https://openai.com/gptbot)" 459 **0/459570**
74.7.227.35 - - [10/Mar/2026:22:41:34 -0700] "GET /?path=//lib64/python3.6/curses/__pycache__ HTTP/1.1" 200 2922 "http://mail.rgardensoap.com/?path=//lib64/python3.6/curses" "Mozilla/5.0 AppleWebKit/537.36 (KHTML, like Gecko; compatible; GPTBot/1.3; +https://openai.com/gptbot)" 460 **0/460068**
74.7.241.54 - - [10/Mar/2026:22:41:34 -0700] "GET /plug/vote/plug.xml?path=//proc/2470499/root/usr/share/locale/lv HTTP/1.1" 200 2608 "http://www.rgardensoap.com/plug/vote/plug.xml?path=//proc/2470499/root/usr/share/locale" "Mozilla/5.0 AppleWebKit/537.36 (KHTML, like Gecko; compatible; GPTBot/1.3; +https://openai.com/gptbot)" 534 **0/534926**
74.7.227.150 - - [10/Mar/2026:22:41:34 -0700] "GET /wp?fileloc=//proc/self/net/igmp6&path=//proc/self/net HTTP/1.1" 200 2266 "http://rgardensoap.com/wp?path=//proc/self/net" "Mozilla/5.0 AppleWebKit/537.36 (KHTML, like Gecko; compatible; GPTBot/1.3; +https://openai.com/gptbot)" 437 **0/437399**
74.7.227.35 - - [10/Mar/2026:22:41:34 -0700] "GET /?fileloc=//opt/liblve/liblve.so.0&path=//opt/liblve HTTP/1.1" 200 2259 "http://mail.rgardensoap.com/?path=//opt/liblve" "Mozilla/5.0 AppleWebKit/537.36 (KHTML, like Gecko; compatible; GPTBot/1.3; +https://openai.com/gptbot)" 495 **0/495986**
74.7.241.54 - - [10/Mar/2026:22:41:34 -0700] "GET /plug/vote/plug.xml?path=//proc/2470499/root/usr/share/locale/ha HTTP/1.1" 200 2608 "http://www.rgardensoap.com/plug/vote/plug.xml?path=//proc/2470499/root/usr/share/locale" "Mozilla/5.0 AppleWebKit/537.36 (KHTML, like Gecko; compatible; GPTBot/1.3; +https://openai.com/gptbot)" 446 **0/446606**
74.7.227.150 - - [10/Mar/2026:22:41:34 -0700] "GET /blog/?fileloc=//proc/self/net/netstat&path=//proc/self/net HTTP/1.1" 200 2266 "http://rgardensoap.com/blog/?path=//proc/self/net" "Mozilla/5.0 AppleWebKit/537.36 (KHTML, like Gecko; compatible; GPTBot/1.3; +https://openai.com/gptbot)" 456 **0/456961**
74.7.227.35 - - [10/Mar/2026:22:41:35 -0700] "GET /?path=//opt/alt/tests/alt-php73-pecl-mcrypt_1.0.7-1.el8 HTTP/1.1" 200 2583 "http://mail.rgardensoap.com/?path=//opt/alt/tests" "Mozilla/5.0 AppleWebKit/537.36 (KHTML, like Gecko; compatible; GPTBot/1.3; +https://openai.com/gptbot)" 450 **0/450256**
74.7.241.54 - - [10/Mar/2026:22:41:35 -0700] "GET /plug/vote/plug.xml?path=//proc/2470499/root/usr/share/locale/hu HTTP/1.1" 200 2642 "http://www.rgardensoap.com/plug/vote/plug.xml?path=//proc/2470499/root/usr/share/locale" "Mozilla/5.0 AppleWebKit/537.36 (KHTML, like Gecko; compatible; GPTBot/1.3; +https://openai.com/gptbot)" 472 **0/472919**
74.7.227.150 - - [10/Mar/2026:22:41:35 -0700] "GET /blog/?fileloc=//proc/self/net/netlink&path=//proc/self/net HTTP/1.1" 200 2264 "http://rgardensoap.com/blog/?path=//proc/self/net" "Mozilla/5.0 AppleWebKit/537.36 (KHTML, like Gecko; compatible; GPTBot/1.3; +https://openai.com/gptbot)" 462 **0/462273**
74.7.227.35 - - [10/Mar/2026:22:41:36 -0700] "GET /?path=//opt/alt/tests/alt-php84-pecl-mcrypt_1.0.7-1.el8 HTTP/1.1" 200 2583 "http://mail.rgardensoap.com/?path=//opt/alt/tests" "Mozilla/5.0 AppleWebKit/537.36 (KHTML, like Gecko; compatible; GPTBot/1.3; +https://openai.com/gptbot)" 455 **0/455453**
74.7.241.54 - - [10/Mar/2026:22:41:36 -0700] "GET /plug/vote/plug.xml?path=//proc/2470499/root/usr/share/locale/tt HTTP/1.1" 200 2605 "http://www.rgardensoap.com/plug/vote/plug.xml?path=//proc/2470499/root/usr/share/locale" "Mozilla/5.0 AppleWebKit/537.36 (KHTML, like Gecko; compatible; GPTBot/1.3; +https://openai.com/gptbot)" 503 **0/503997**
74.7.227.150 - - [10/Mar/2026:22:41:36 -0700] "GET /wp?fileloc=//proc/self/net/rt6_stats&path=//proc/self/net HTTP/1.1" 200 2267 "http://rgardensoap.com/wp?path=//proc/self/net" "Mozilla/5.0 AppleWebKit/537.36 (KHTML, like Gecko; compatible; GPTBot/1.3; +https://openai.com/gptbot)" 451 **0/451458**
74.7.227.35 - - [10/Mar/2026:22:41:36 -0700] "GET /?path=//opt/alt/tests/alt-php74-pecl-mcrypt_1.0.7-1.el8 HTTP/1.1" 200 2583 "http://mail.rgardensoap.com/?path=//opt/alt/tests" "Mozilla/5.0 AppleWebKit/537.36 (KHTML, like Gecko; compatible; GPTBot/1.3; +https://openai.com/gptbot)" 475 **0/475890**
74.7.241.54 - - [10/Mar/2026:22:41:36 -0700] "GET /plug/vote/plug.xml?path=//proc/2470499/root/usr/share/locale/ug HTTP/1.1" 200 2608 "http://www.rgardensoap.com/plug/vote/plug.xml?path=//proc/2470499/root/usr/share/locale" "Mozilla/5.0 AppleWebKit/537.36 (KHTML, like Gecko; compatible; GPTBot/1.3; +https://openai.com/gptbot)" 492 **0/492352**
74.7.227.150 - - [10/Mar/2026:22:41:36 -0700] "GET /wp?fileloc=//proc/self/net/ipv6_route&path=//proc/self/net HTTP/1.1" 200 2267 "http://rgardensoap.com/wp?path=//proc/self/net" "Mozilla/5.0 AppleWebKit/537.36 (KHTML, like Gecko; compatible; GPTBot/1.3; +https://openai.com/gptbot)" 509 **0/509860**
74.7.227.35 - - [10/Mar/2026:22:41:37 -0700] "GET /?path=//opt/alt/tests/alt-php72-pecl-mcrypt_1.0.7-1.el8 HTTP/1.1" 200 2583 "http://mail.rgardensoap.com/?path=//opt/alt/tests" "Mozilla/5.0 AppleWebKit/537.36 (KHTML, like Gecko; compatible; GPTBot/1.3; +https://openai.com/gptbot)" 454 **0/454840**
74.7.241.54 - - [10/Mar/2026:22:41:37 -0700] "GET /plug/vote/plug.xml?path=//proc/2470499/root/usr/share/locale/tr HTTP/1.1" 200 2640 "http://www.rgardensoap.com/plug/vote/plug.xml?path=//proc/2470499/root/usr/share/locale" "Mozilla/5.0 AppleWebKit/537.36 (KHTML, like Gecko; compatible; GPTBot/1.3; +https://openai.com/gptbot)" 525 **0/525527**
74.7.227.150 - - [10/Mar/2026:22:41:37 -0700] "GET /blog/?fileloc=//proc/self/net/psched&path=//proc/self/net HTTP/1.1" 200 2265 "http://rgardensoap.com/blog/?path=//proc/self/net" "Mozilla/5.0 AppleWebKit/537.36 (KHTML, like Gecko; compatible; GPTBot/1.3; +https://openai.com/gptbot)" 491 **0/491082**
74.7.227.35 - - [10/Mar/2026:22:41:37 -0700] "GET /?path=//opt/alt/tests/alt-php83-pecl-mcrypt_1.0.7-1.el8 HTTP/1.1" 200 2583 "http://mail.rgardensoap.com/?path=//opt/alt/tests" "Mozilla/5.0 AppleWebKit/537.36 (KHTML, like Gecko; compatible; GPTBot/1.3; +https://openai.com/gptbot)" 461 **0/461352**
74.7.241.54 - - [10/Mar/2026:22:41:37 -0700] "GET /plug/vote/plug.xml?path=//proc/2470499/root/usr/share/locale/lo HTTP/1.1" 200 2606 "http://www.rgardensoap.com/plug/vote/plug.xml?path=//proc/2470499/root/usr/share/locale" "Mozilla/5.0 AppleWebKit/537.36 (KHTML, like Gecko; compatible; GPTBot/1.3; +https://openai.com/gptbot)" 479 **0/479161**
74.7.227.150 - - [10/Mar/2026:22:41:38 -0700] "GET /blog/?fileloc=//proc/self/net/udplite&path=//proc/self/net HTTP/1.1" 200 2266 "http://rgardensoap.com/blog/?path=//proc/self/net" "Mozilla/5.0 AppleWebKit/537.36 (KHTML, like Gecko; compatible; GPTBot/1.3; +https://openai.com/gptbot)" 451 **0/451348**
74.7.227.35 - - [10/Mar/2026:22:41:38 -0700] "GET /?path=//opt/alt/tests/alt-php82-pecl-mcrypt_1.0.7-1.el8 HTTP/1.1" 200 2583 "http://mail.rgardensoap.com/?path=//opt/alt/tests" "Mozilla/5.0 AppleWebKit/537.36 (KHTML, like Gecko; compatible; GPTBot/1.3; +https://openai.com/gptbot)" 471 **0/471453**
74.7.241.54 - - [10/Mar/2026:22:41:38 -0700] "GET /plug/vote/plug.xml?path=//proc/2470499/root/usr/share/locale/fr HTTP/1.1" 200 2641 "http://www.rgardensoap.com/plug/vote/plug.xml?path=//proc/2470499/root/usr/share/locale" "Mozilla/5.0 AppleWebKit/537.36 (KHTML, like Gecko; compatible; GPTBot/1.3; +https://openai.com/gptbot)" 464 **0/464126**
74.7.227.150 - - [10/Mar/2026:22:41:38 -0700] "GET /blog/?fileloc=//proc/self/net/anycast6&path=//proc/self/net HTTP/1.1" 200 2268 "http://rgardensoap.com/blog/?path=//proc/self/net" "Mozilla/5.0 AppleWebKit/537.36 (KHTML, like Gecko; compatible; GPTBot/1.3; +https://openai.com/gptbot)" 456 **0/456791**
74.7.227.35 - - [10/Mar/2026:22:41:39 -0700] "GET /?path=//lib64/python3.12/zoneinfo HTTP/1.1" 200 2737 "http://mail.rgardensoap.com/?path=//lib64/python3.12" "Mozilla/5.0 AppleWebKit/537.36 (KHTML, like Gecko; compatible; GPTBot/1.3; +https://openai.com/gptbot)" 473 **0/473163**
74.7.241.54 - - [10/Mar/2026:22:41:39 -0700] "GET /plug/vote/plug.xml?path=//proc/2470499/root/usr/share/locale/fo HTTP/1.1" 200 2607 "http://www.rgardensoap.com/plug/vote/plug.xml?path=//proc/2470499/root/usr/share/locale" "Mozilla/5.0 AppleWebKit/537.36 (KHTML, like Gecko; compatible; GPTBot/1.3; +https://openai.com/gptbot)" 438 **0/438148**
74.7.227.150 - - [10/Mar/2026:22:41:39 -0700] "GET /blog/?fileloc=//proc/self/net/udplite6&path=//proc/self/net HTTP/1.1" 200 2269 "http://rgardensoap.com/blog/?path=//proc/self/net" "Mozilla/5.0 AppleWebKit/537.36 (KHTML, like Gecko; compatible; GPTBot/1.3; +https://openai.com/gptbot)" 730 **0/730341**
74.7.241.54 - - [10/Mar/2026:22:41:39 -0700] "GET /plug/vote/plug.xml?path=//proc/2470499/root/usr/share/locale/sc HTTP/1.1" 200 2605 "http://www.rgardensoap.com/plug/vote/plug.xml?path=//proc/2470499/root/usr/share/locale" "Mozilla/5.0 AppleWebKit/537.36 (KHTML, like Gecko; compatible; GPTBot/1.3; +https://openai.com/gptbot)" 455 **0/455889**
74.7.227.35 - - [10/Mar/2026:22:41:39 -0700] "GET /?path=//lib64/python3.12/unittest HTTP/1.1" 200 3013 "http://mail.rgardensoap.com/?path=//lib64/python3.12" "Mozilla/5.0 AppleWebKit/537.36 (KHTML, like Gecko; compatible; GPTBot/1.3; +https://openai.com/gptbot)" 663 **0/663601**
74.7.227.150 - - [10/Mar/2026:22:41:40 -0700] "GET /blog/?fileloc=//proc/self/net/softnet_stat&path=//proc/self/net HTTP/1.1" 200 2271 "http://rgardensoap.com/blog/?path=//proc/self/net" "Mozilla/5.0 AppleWebKit/537.36 (KHTML, like Gecko; compatible; GPTBot/1.3; +https://openai.com/gptbot)" 474 **0/474156**
74.7.241.54 - - [10/Mar/2026:22:41:40 -0700] "GET /plug/vote/plug.xml?path=//proc/2470499/root/usr/share/locale/kl HTTP/1.1" 200 2608 "http://www.rgardensoap.com/plug/vote/plug.xml?path=//proc/2470499/root/usr/share/locale" "Mozilla/5.0 AppleWebKit/537.36 (KHTML, like Gecko; compatible; GPTBot/1.3; +https://openai.com/gptbot)" 452 **0/452761**
74.7.227.35 - - [10/Mar/2026:22:41:40 -0700] "GET /?path=//lib64/python3.12/lib-dynload HTTP/1.1" 200 4408 "http://mail.rgardensoap.com/?path=//lib64/python3.12" "Mozilla/5.0 AppleWebKit/537.36 (KHTML, like Gecko; compatible; GPTBot/1.3; +https://openai.com/gptbot)" 450 **0/450532**
74.7.227.150 - - [10/Mar/2026:22:41:40 -0700] "GET /blog/?fileloc=//proc/self/net/packet&path=//proc/self/net HTTP/1.1" 200 2265 "http://rgardensoap.com/blog/?path=//proc/self/net" "Mozilla/5.0 AppleWebKit/537.36 (KHTML, like Gecko; compatible; GPTBot/1.3; +https://openai.com/gptbot)" 466 **0/466698**
74.7.241.54 - - [10/Mar/2026:22:41:40 -0700] "GET /plug/vote/plug.xml?path=//proc/2470499/root/usr/share/locale/sa HTTP/1.1" 200 2608 "http://www.rgardensoap.com/plug/vote/plug.xml?path=//proc/2470499/root/usr/share/locale" "Mozilla/5.0 AppleWebKit/537.36 (KHTML, like Gecko; compatible; GPTBot/1.3; +https://openai.com/gptbot)" 457 **0/457037**
74.7.227.35 - - [10/Mar/2026:22:41:40 -0700] "GET /?fileloc=//etc/default/useradd&path=//etc/default HTTP/1.1" 200 2354 "http://mail.rgardensoap.com/?path=//etc/default" "Mozilla/5.0 AppleWebKit/537.36 (KHTML, like Gecko; compatible; GPTBot/1.3; +https://openai.com/gptbot)" 479 **0/479386**
74.7.227.150 - - [10/Mar/2026:22:41:41 -0700] "GET /blog/?fileloc=//proc/self/net/mcfilter&path=//proc/self/net HTTP/1.1" 200 2266 "http://rgardensoap.com/blog/?path=//proc/self/net" "Mozilla/5.0 AppleWebKit/537.36 (KHTML, like Gecko; compatible; GPTBot/1.3; +https://openai.com/gptbot)" 451 **0/451425**
74.7.241.54 - - [10/Mar/2026:22:41:41 -0700] "GET /plug/vote/plug.xml?path=//proc/2470499/root/usr/share/locale/eu HTTP/1.1" 200 2641 "http://www.rgardensoap.com/plug/vote/plug.xml?path=//proc/2470499/root/usr/share/locale" "Mozilla/5.0 AppleWebKit/537.36 (KHTML, like Gecko; compatible; GPTBot/1.3; +https://openai.com/gptbot)" 472 **0/472732**
74.7.227.35 - - [10/Mar/2026:22:41:41 -0700] "GET /?path=//etc/cl.python HTTP/1.1" 200 2639 "http://mail.rgardensoap.com/?path=//etc" "Mozilla/5.0 AppleWebKit/537.36 (KHTML, like Gecko; compatible; GPTBot/1.3; +https://openai.com/gptbot)" 457 **0/457894**
74.7.227.150 - - [10/Mar/2026:22:41:41 -0700] "GET /blog/?fileloc=//proc/self/net/sockstat&path=//proc/self/net HTTP/1.1" 200 2269 "http://rgardensoap.com/blog/?path=//proc/self/net" "Mozilla/5.0 AppleWebKit/537.36 (KHTML, like Gecko; compatible; GPTBot/1.3; +https://openai.com/gptbot)" 458 **0/458634**
74.7.241.54 - - [10/Mar/2026:22:41:42 -0700] "GET /plug/vote/plug.xml?path=//proc/2470499/root/usr/share/locale/gu HTTP/1.1" 200 2608 "http://www.rgardensoap.com/plug/vote/plug.xml?path=//proc/2470499/root/usr/share/locale" "Mozilla/5.0 AppleWebKit/537.36 (KHTML, like Gecko; compatible; GPTBot/1.3; +https://openai.com/gptbot)" 453 **0/453461**
74.7.227.35 - - [10/Mar/2026:22:41:42 -0700] "GET /?path=//opt/alt/redis HTTP/1.1" 200 2678 "http://mail.rgardensoap.com/?path=//opt/alt" "Mozilla/5.0 AppleWebKit/537.36 (KHTML, like Gecko; compatible; GPTBot/1.3; +https://openai.com/gptbot)" 518 **0/518772**
74.7.227.150 - - [10/Mar/2026:22:41:42 -0700] "GET /blog/?fileloc=//proc/self/net/nf_conntrack&path=//proc/self/net HTTP/1.1" 200 2270 "http://rgardensoap.com/blog/?path=//proc/self/net" "Mozilla/5.0 AppleWebKit/537.36 (KHTML, like Gecko; compatible; GPTBot/1.3; +https://openai.com/gptbot)" 484 **0/484668**
74.7.241.54 - - [10/Mar/2026:22:41:42 -0700] "GET /plug/vote/plug.xml?path=//proc/2470499/root/usr/share/locale/bo HTTP/1.1" 200 2608 "http://www.rgardensoap.com/plug/vote/plug.xml?path=//proc/2470499/root/usr/share/locale" "Mozilla/5.0 AppleWebKit/537.36 (KHTML, like Gecko; compatible; GPTBot/1.3; +https://openai.com/gptbot)" 520 **0/520461**
74.7.227.35 - - [10/Mar/2026:22:41:42 -0700] "GET /?path=//opt/alt/libgd HTTP/1.1" 200 2577 "http://mail.rgardensoap.com/?path=//opt/alt" "Mozilla/5.0 AppleWebKit/537.36 (KHTML, like Gecko; compatible; GPTBot/1.3; +https://openai.com/gptbot)" 466 **0/466585**
74.7.227.150 - - [10/Mar/2026:22:41:43 -0700] "GET /blog/?fileloc=//proc/self/net/fib_triestat&path=//proc/self/net HTTP/1.1" 200 2271 "http://rgardensoap.com/blog/?path=//proc/self/net" "Mozilla/5.0 AppleWebKit/537.36 (KHTML, like Gecko; compatible; GPTBot/1.3; +https://openai.com/gptbot)" 444 **0/444725**
74.7.241.54 - - [10/Mar/2026:22:41:43 -0700] "GET /plug/vote/plug.xml?path=//proc/2470499/root/usr/share/locale/cs HTTP/1.1" 200 2642 "http://www.rgardensoap.com/plug/vote/plug.xml?path=//proc/2470499/root/usr/share/locale" "Mozilla/5.0 AppleWebKit/537.36 (KHTML, like Gecko; compatible; GPTBot/1.3; +https://openai.com/gptbot)" 461 **0/461881**
74.7.227.35 - - [10/Mar/2026:22:41:43 -0700] "GET /?path=//lib/debug/bin HTTP/1.1" 200 2315 "http://mail.rgardensoap.com/?path=//lib/debug" "Mozilla/5.0 AppleWebKit/537.36 (KHTML, like Gecko; compatible; GPTBot/1.3; +https://openai.com/gptbot)" 476 **0/476188**
74.7.227.35 - - [10/Mar/2026:22:41:44 -0700] "GET /?path=//opt/alt/tests/alt-php71-geos_1.0.0-1.dfe1ab17b0.el8 HTTP/1.1" 200 2585 "http://mail.rgardensoap.com/?path=//opt/alt/tests" "Mozilla/5.0 AppleWebKit/537.36 (KHTML, like Gecko; compatible; GPTBot/1.3; +https://openai.com/gptbot)" 470 **0/470144**
74.7.241.54 - - [10/Mar/2026:22:41:43 -0700] "GET /plug/vote/plug.xml?path=//proc/2470499/root/usr/share/locale/pl HTTP/1.1" 200 2641 "http://www.rgardensoap.com/plug/vote/plug.xml?path=//proc/2470499/root/usr/share/locale" "Mozilla/5.0 AppleWebKit/537.36 (KHTML, like Gecko; compatible; GPTBot/1.3; +https://openai.com/gptbot)" 500 **0/500256**
74.7.227.150 - - [10/Mar/2026:22:41:43 -0700] "GET /blog/?fileloc=//proc/self/net/ipv6_route&path=//proc/self/net HTTP/1.1" 200 2267 "http://rgardensoap.com/blog/?path=//proc/self/net" "Mozilla/5.0 AppleWebKit/537.36 (KHTML, like Gecko; compatible; GPTBot/1.3; +https://openai.com/gptbot)" 945 **0/945625**
74.7.227.35 - - [10/Mar/2026:22:41:44 -0700] "GET /?path=//opt/alt/tests/alt-php70-geos_1.0.0-1.dfe1ab17b0.el8 HTTP/1.1" 200 2585 "http://mail.rgardensoap.com/?path=//opt/alt/tests" "Mozilla/5.0 AppleWebKit/537.36 (KHTML, like Gecko; compatible; GPTBot/1.3; +https://openai.com/gptbot)" 487 **0/487885**
74.7.241.54 - - [10/Mar/2026:22:41:44 -0700] "GET /plug/vote/plug.xml?path=//proc/2470499/root/usr/share/locale/om HTTP/1.1" 200 2607 "http://www.rgardensoap.com/plug/vote/plug.xml?path=//proc/2470499/root/usr/share/locale" "Mozilla/5.0 AppleWebKit/537.36 (KHTML, like Gecko; compatible; GPTBot/1.3; +https://openai.com/gptbot)" 479 **0/479159**
74.7.227.150 - - [10/Mar/2026:22:41:44 -0700] "GET /wp?fileloc=//proc/self/net/fib_trie&path=//proc/self/net HTTP/1.1" 200 2267 "http://rgardensoap.com/wp?path=//proc/self/net" "Mozilla/5.0 AppleWebKit/537.36 (KHTML, like Gecko; compatible; GPTBot/1.3; +https://openai.com/gptbot)" 665 **0/665313**
74.7.227.35 - - [10/Mar/2026:22:41:45 -0700] "GET /?path=//opt/alt/tests/alt-php81-geos_1.0.0-1.dfe1ab17b0.el8 HTTP/1.1" 200 2585 "http://mail.rgardensoap.com/?path=//opt/alt/tests" "Mozilla/5.0 AppleWebKit/537.36 (KHTML, like Gecko; compatible; GPTBot/1.3; +https://openai.com/gptbot)" 447 **0/447952**
74.7.241.54 - - [10/Mar/2026:22:41:45 -0700] "GET /plug/vote/plug.xml?path=//proc/2470499/root/usr/share/locale/ae HTTP/1.1" 200 2607 "http://www.rgardensoap.com/plug/vote/plug.xml?path=//proc/2470499/root/usr/share/locale" "Mozilla/5.0 AppleWebKit/537.36 (KHTML, like Gecko; compatible; GPTBot/1.3; +https://openai.com/gptbot)" 479 **0/479204**
74.7.227.150 - - [10/Mar/2026:22:41:45 -0700] "GET /wp?fileloc=//proc/self/net/connector&path=//proc/self/net HTTP/1.1" 200 2266 "http://rgardensoap.com/wp?path=//proc/self/net" "Mozilla/5.0 AppleWebKit/537.36 (KHTML, like Gecko; compatible; GPTBot/1.3; +https://openai.com/gptbot)" 478 **0/478227**
74.7.227.35 - - [10/Mar/2026:22:41:45 -0700] "GET /?path=//opt/alt/tests/alt-php80-geos_1.0.0-1.dfe1ab17b0.el8 HTTP/1.1" 200 2585 "http://mail.rgardensoap.com/?path=//opt/alt/tests" "Mozilla/5.0 AppleWebKit/537.36 (KHTML, like Gecko; compatible; GPTBot/1.3; +https://openai.com/gptbot)" 452 **0/452740**
74.7.241.54 - - [10/Mar/2026:22:41:45 -0700] "GET /plug/vote/plug.xml?path=//proc/2470499/root/usr/share/locale/ee HTTP/1.1" 200 2607 "http://www.rgardensoap.com/plug/vote/plug.xml?path=//proc/2470499/root/usr/share/locale" "Mozilla/5.0 AppleWebKit/537.36 (KHTML, like Gecko; compatible; GPTBot/1.3; +https://openai.com/gptbot)" 471 **0/471548**
74.7.227.150 - - [10/Mar/2026:22:41:46 -0700] "GET /wp?fileloc=//proc/self/net/protocols&path=//proc/self/net HTTP/1.1" 200 2267 "http://rgardensoap.com/wp?path=//proc/self/net" "Mozilla/5.0 AppleWebKit/537.36 (KHTML, like Gecko; compatible; GPTBot/1.3; +https://openai.com/gptbot)" 441 **0/441741**
74.7.227.35 - - [10/Mar/2026:22:41:46 -0700] "GET /?path=//opt/alt/libde265/lib64 HTTP/1.1" 200 2620 "http://mail.rgardensoap.com/?path=//opt/alt/libde265" "Mozilla/5.0 AppleWebKit/537.36 (KHTML, like Gecko; compatible; GPTBot/1.3; +https://openai.com/gptbot)" 466 **0/466575**
74.7.241.54 - - [10/Mar/2026:22:41:46 -0700] "GET /plug/vote/plug.xml?path=//proc/2470499/root/usr/share/locale/or HTTP/1.1" 200 2605 "http://www.rgardensoap.com/plug/vote/plug.xml?path=//proc/2470499/root/usr/share/locale" "Mozilla/5.0 AppleWebKit/537.36 (KHTML, like Gecko; compatible; GPTBot/1.3; +https://openai.com/gptbot)" 460 **0/460519**
74.7.227.150 - - [10/Mar/2026:22:41:46 -0700] "GET /wp?fileloc=//proc/self/net/sockstat&path=//proc/self/net HTTP/1.1" 200 2269 "http://rgardensoap.com/wp?path=//proc/self/net" "Mozilla/5.0 AppleWebKit/537.36 (KHTML, like Gecko; compatible; GPTBot/1.3; +https://openai.com/gptbot)" 464 **0/464528**
74.7.227.35 - - [10/Mar/2026:22:41:47 -0700] "GET /?fileloc=//lib64/python3.12/lib-dynload/_contextvars.cpython-312-x86_64-linux-gnu.so&path=//lib64/python3.12/lib-dynload HTTP/1.1" 200 2300 "http://mail.rgardensoap.com/?path=//lib64/python3.12/lib-dynload" "Mozilla/5.0 AppleWebKit/537.36 (KHTML, like Gecko; compatible; GPTBot/1.3; +https://openai.com/gptbot)" 623 **0/623509**
74.7.241.54 - - [10/Mar/2026:22:41:47 -0700] "GET /plug/vote/plug.xml?path=//proc/2470499/root/usr/share/locale/pt HTTP/1.1" 200 2640 "http://www.rgardensoap.com/plug/vote/plug.xml?path=//proc/2470499/root/usr/share/locale" "Mozilla/5.0 AppleWebKit/537.36 (KHTML, like Gecko; compatible; GPTBot/1.3; +https://openai.com/gptbot)" 703 **0/703904**
74.7.227.150 - - [10/Mar/2026:22:41:47 -0700] "GET /wp?fileloc=//proc/self/net/mcfilter&path=//proc/self/net HTTP/1.1" 200 2266 "http://rgardensoap.com/wp?path=//proc/self/net" "Mozilla/5.0 AppleWebKit/537.36 (KHTML, like Gecko; compatible; GPTBot/1.3; +https://openai.com/gptbot)" 504 **0/504672**
74.7.227.35 - - [10/Mar/2026:22:41:47 -0700] "GET /?fileloc=//lib64/python3.12/lib-dynload/_curses.cpython-312-x86_64-linux-gnu.so&path=//lib64/python3.12/lib-dynload HTTP/1.1" 200 2296 "http://mail.rgardensoap.com/?path=//lib64/python3.12/lib-dynload" "Mozilla/5.0 AppleWebKit/537.36 (KHTML, like Gecko; compatible; GPTBot/1.3; +https://openai.com/gptbot)" 456 **0/456403**
74.7.241.54 - - [10/Mar/2026:22:41:47 -0700] "GET /plug/vote/plug.xml?path=//proc/2470499/root/usr/share/locale/os HTTP/1.1" 200 2608 "http://www.rgardensoap.com/plug/vote/plug.xml?path=//proc/2470499/root/usr/share/locale" "Mozilla/5.0 AppleWebKit/537.36 (KHTML, like Gecko; compatible; GPTBot/1.3; +https://openai.com/gptbot)" 440 **0/440941**
