74.7.227.150 - - [10/Mar/2026:22:37:13 -0700] "GET /blog/?fileloc=//usr/bin/post-grohtml&path=//usr/bin HTTP/1.1" 200 2262 "http://rgardensoap.com/blog/?path=//usr/bin" "Mozilla/5.0 AppleWebKit/537.36 (KHTML, like Gecko; compatible; GPTBot/1.3; +https://openai.com/gptbot)" 574 **0/574182**
74.7.241.54 - - [10/Mar/2026:22:37:13 -0700] "GET /fizzy-bath-bombs.html?fileloc=//bin/tsort&path=//bin HTTP/1.1" 200 2244 "http://www.rgardensoap.com/fizzy-bath-bombs.html?path=//bin" "Mozilla/5.0 AppleWebKit/537.36 (KHTML, like Gecko; compatible; GPTBot/1.3; +https://openai.com/gptbot)" 590 **0/590236**
74.7.227.35 - - [10/Mar/2026:22:37:13 -0700] "GET /?path=//opt/alt/libde265 HTTP/1.1" 200 2578 "http://mail.rgardensoap.com/?path=//opt/alt" "Mozilla/5.0 AppleWebKit/537.36 (KHTML, like Gecko; compatible; GPTBot/1.3; +https://openai.com/gptbot)" 538 **0/538599**
74.7.241.54 - - [10/Mar/2026:22:37:14 -0700] "GET /fizzy-bath-bombs.html?fileloc=//bin/mailx&path=//bin HTTP/1.1" 200 2244 "http://www.rgardensoap.com/fizzy-bath-bombs.html?path=//bin" "Mozilla/5.0 AppleWebKit/537.36 (KHTML, like Gecko; compatible; GPTBot/1.3; +https://openai.com/gptbot)" 482 **0/482560**
74.7.227.150 - - [10/Mar/2026:22:37:14 -0700] "GET /blog?fileloc=//proc/net/raw&path=//proc/net HTTP/1.1" 200 2365 "http://rgardensoap.com/blog?path=//proc/net" "Mozilla/5.0 AppleWebKit/537.36 (KHTML, like Gecko; compatible; GPTBot/1.3; +https://openai.com/gptbot)" 533 **0/533777**
74.7.227.35 - - [10/Mar/2026:22:37:14 -0700] "GET /?fileloc=//etc/trustedmailhosts&path=//etc HTTP/1.1" 200 2253 "http://mail.rgardensoap.com/?path=//etc" "Mozilla/5.0 AppleWebKit/537.36 (KHTML, like Gecko; compatible; GPTBot/1.3; +https://openai.com/gptbot)" 428 **0/428770**
74.7.241.54 - - [10/Mar/2026:22:37:14 -0700] "GET /fizzy-bath-bombs.html?fileloc=//bin/nroff&path=//bin HTTP/1.1" 200 3745 "http://www.rgardensoap.com/fizzy-bath-bombs.html?path=//bin" "Mozilla/5.0 AppleWebKit/537.36 (KHTML, like Gecko; compatible; GPTBot/1.3; +https://openai.com/gptbot)" 477 **0/477180**
74.7.227.150 - - [10/Mar/2026:22:37:14 -0700] "GET /blog?fileloc=//proc/net/udp&path=//proc/net HTTP/1.1" 200 2439 "http://rgardensoap.com/blog?path=//proc/net" "Mozilla/5.0 AppleWebKit/537.36 (KHTML, like Gecko; compatible; GPTBot/1.3; +https://openai.com/gptbot)" 455 **0/455171**
74.7.227.35 - - [10/Mar/2026:22:37:14 -0700] "GET /?path=//lib/modules/4.18.0-553.94.1.lve.el8.x86_64 HTTP/1.1" 200 3365 "http://mail.rgardensoap.com/?path=//lib/modules" "Mozilla/5.0 AppleWebKit/537.36 (KHTML, like Gecko; compatible; GPTBot/1.3; +https://openai.com/gptbot)" 574 **0/574842**
74.7.241.54 - - [10/Mar/2026:22:37:15 -0700] "GET /fizzy-bath-bombs.html?fileloc=//bin/tload&path=//bin HTTP/1.1" 200 2243 "http://www.rgardensoap.com/fizzy-bath-bombs.html?path=//bin" "Mozilla/5.0 AppleWebKit/537.36 (KHTML, like Gecko; compatible; GPTBot/1.3; +https://openai.com/gptbot)" 563 **0/563018**
74.7.227.150 - - [10/Mar/2026:22:37:15 -0700] "GET /blog?path=//lib64/python3.6 HTTP/1.1" 200 7889 "http://rgardensoap.com/blog?path=//lib64" "Mozilla/5.0 AppleWebKit/537.36 (KHTML, like Gecko; compatible; GPTBot/1.3; +https://openai.com/gptbot)" 578 **0/578430**
74.7.227.35 - - [10/Mar/2026:22:37:15 -0700] "GET /?path=//opt/cpanel/ea-profiles-cpanel HTTP/1.1" 200 3076 "http://mail.rgardensoap.com/?path=//opt/cpanel" "Mozilla/5.0 AppleWebKit/537.36 (KHTML, like Gecko; compatible; GPTBot/1.3; +https://openai.com/gptbot)" 696 **0/696055**
74.7.241.54 - - [10/Mar/2026:22:37:16 -0700] "GET /fizzy-bath-bombs.html?fileloc=//bin/sdiff&path=//bin HTTP/1.1" 200 2244 "http://www.rgardensoap.com/fizzy-bath-bombs.html?path=//bin" "Mozilla/5.0 AppleWebKit/537.36 (KHTML, like Gecko; compatible; GPTBot/1.3; +https://openai.com/gptbot)" 679 **0/679768**
74.7.227.150 - - [10/Mar/2026:22:37:16 -0700] "GET /wp?path=//lib64/sa HTTP/1.1" 200 2618 "http://rgardensoap.com/wp?path=//lib64" "Mozilla/5.0 AppleWebKit/537.36 (KHTML, like Gecko; compatible; GPTBot/1.3; +https://openai.com/gptbot)" 634 **0/634672**
74.7.227.35 - - [10/Mar/2026:22:37:16 -0700] "GET /?path=//lib64/graphviz HTTP/1.1" 200 3107 "http://mail.rgardensoap.com/?path=//lib64" "Mozilla/5.0 AppleWebKit/537.36 (KHTML, like Gecko; compatible; GPTBot/1.3; +https://openai.com/gptbot)" 642 **0/642171**
74.7.227.150 - - [10/Mar/2026:22:37:16 -0700] "GET /blog?path=//lib64/bind HTTP/1.1" 200 2305 "http://rgardensoap.com/blog?path=//lib64" "Mozilla/5.0 AppleWebKit/537.36 (KHTML, like Gecko; compatible; GPTBot/1.3; +https://openai.com/gptbot)" 628 **0/628755**
74.7.241.54 - - [10/Mar/2026:22:37:16 -0700] "GET /fizzy-bath-bombs.html?fileloc=//bin/watch&path=//bin HTTP/1.1" 200 2243 "http://www.rgardensoap.com/fizzy-bath-bombs.html?path=//bin" "Mozilla/5.0 AppleWebKit/537.36 (KHTML, like Gecko; compatible; GPTBot/1.3; +https://openai.com/gptbot)" 680 **0/680546**
74.7.227.35 - - [10/Mar/2026:22:37:17 -0700] "GET /?path=//opt/alt/ruby32/share HTTP/1.1" 200 2721 "http://mail.rgardensoap.com/?path=//opt/alt/ruby32" "Mozilla/5.0 AppleWebKit/537.36 (KHTML, like Gecko; compatible; GPTBot/1.3; +https://openai.com/gptbot)" 555 **0/555208**
74.7.227.150 - - [10/Mar/2026:22:37:17 -0700] "GET /wp?path=//lib64/lua/5.3 HTTP/1.1" 200 2316 "http://rgardensoap.com/wp?path=//lib64/lua" "Mozilla/5.0 AppleWebKit/537.36 (KHTML, like Gecko; compatible; GPTBot/1.3; +https://openai.com/gptbot)" 539 **0/539903**
74.7.241.54 - - [10/Mar/2026:22:37:17 -0700] "GET /fizzy-bath-bombs.html?fileloc=//bin/pkill&path=//bin HTTP/1.1" 200 2244 "http://www.rgardensoap.com/fizzy-bath-bombs.html?path=//bin" "Mozilla/5.0 AppleWebKit/537.36 (KHTML, like Gecko; compatible; GPTBot/1.3; +https://openai.com/gptbot)" 762 **0/762252**
74.7.227.35 - - [10/Mar/2026:22:37:17 -0700] "GET /?path=//lib64/plymouth HTTP/1.1" 200 2688 "http://mail.rgardensoap.com/?path=//lib64" "Mozilla/5.0 AppleWebKit/537.36 (KHTML, like Gecko; compatible; GPTBot/1.3; +https://openai.com/gptbot)" 769 **0/769026**
74.7.227.150 - - [10/Mar/2026:22:37:18 -0700] "GET /wp?path=//lib64/lua/5.1 HTTP/1.1" 200 2316 "http://rgardensoap.com/wp?path=//lib64/lua" "Mozilla/5.0 AppleWebKit/537.36 (KHTML, like Gecko; compatible; GPTBot/1.3; +https://openai.com/gptbot)" 512 **0/512347**
74.7.241.54 - - [10/Mar/2026:22:37:18 -0700] "GET /fizzy-bath-bombs.html?fileloc=//bin/which&path=//bin HTTP/1.1" 200 2243 "http://www.rgardensoap.com/fizzy-bath-bombs.html?path=//bin" "Mozilla/5.0 AppleWebKit/537.36 (KHTML, like Gecko; compatible; GPTBot/1.3; +https://openai.com/gptbot)" 611 **0/611363**
74.7.227.35 - - [10/Mar/2026:22:37:18 -0700] "GET /?path=//lib64/firebird HTTP/1.1" 200 2578 "http://mail.rgardensoap.com/?path=//lib64" "Mozilla/5.0 AppleWebKit/537.36 (KHTML, like Gecko; compatible; GPTBot/1.3; +https://openai.com/gptbot)" 540 **0/540008**
74.7.227.150 - - [10/Mar/2026:22:37:18 -0700] "GET /blog/?path=//lib64/pkcs11 HTTP/1.1" 200 2576 "http://rgardensoap.com/blog/?path=//lib64" "Mozilla/5.0 AppleWebKit/537.36 (KHTML, like Gecko; compatible; GPTBot/1.3; +https://openai.com/gptbot)" 453 **0/453144**
74.7.241.54 - - [10/Mar/2026:22:37:19 -0700] "GET /fizzy-bath-bombs.html?fileloc=//bin/touch&path=//bin HTTP/1.1" 200 2244 "http://www.rgardensoap.com/fizzy-bath-bombs.html?path=//bin" "Mozilla/5.0 AppleWebKit/537.36 (KHTML, like Gecko; compatible; GPTBot/1.3; +https://openai.com/gptbot)" 535 **0/535267**
74.7.227.35 - - [10/Mar/2026:22:37:19 -0700] "GET /?path=/home/p8pyefaexf70/public_ftp/incoming HTTP/1.1" 200 2318 "http://mail.rgardensoap.com/?path=/home/p8pyefaexf70/public_ftp" "Mozilla/5.0 AppleWebKit/537.36 (KHTML, like Gecko; compatible; GPTBot/1.3; +https://openai.com/gptbot)" 521 **0/521216**
74.7.227.150 - - [10/Mar/2026:22:37:19 -0700] "GET /blog?path=//lib64/sssd HTTP/1.1" 200 3097 "http://rgardensoap.com/blog?path=//lib64" "Mozilla/5.0 AppleWebKit/537.36 (KHTML, like Gecko; compatible; GPTBot/1.3; +https://openai.com/gptbot)" 466 **0/466828**
74.7.241.54 - - [10/Mar/2026:22:37:20 -0700] "GET /fizzy-bath-bombs.html?fileloc=//bin/zdiff&path=//bin HTTP/1.1" 200 4119 "http://www.rgardensoap.com/fizzy-bath-bombs.html?path=//bin" "Mozilla/5.0 AppleWebKit/537.36 (KHTML, like Gecko; compatible; GPTBot/1.3; +https://openai.com/gptbot)" 620 **0/620479**
74.7.227.35 - - [10/Mar/2026:22:37:20 -0700] "GET /?path=/home/p8pyefaexf70/public_html/.well-known/acme-challenge HTTP/1.1" 200 2336 "http://mail.rgardensoap.com/?path=/home/p8pyefaexf70/public_html/.well-known" "Mozilla/5.0 AppleWebKit/537.36 (KHTML, like Gecko; compatible; GPTBot/1.3; +https://openai.com/gptbot)" 558 **0/558532**
74.7.227.150 - - [10/Mar/2026:22:37:20 -0700] "GET /blog?path=//proc/net/stat HTTP/1.1" 200 2314 "http://rgardensoap.com/blog?path=//proc/net" "Mozilla/5.0 AppleWebKit/537.36 (KHTML, like Gecko; compatible; GPTBot/1.3; +https://openai.com/gptbot)" 565 **0/565230**
74.7.241.54 - - [10/Mar/2026:22:37:20 -0700] "GET /fizzy-bath-bombs.html?fileloc=//bin/paste&path=//bin HTTP/1.1" 200 2244 "http://www.rgardensoap.com/fizzy-bath-bombs.html?path=//bin" "Mozilla/5.0 AppleWebKit/537.36 (KHTML, like Gecko; compatible; GPTBot/1.3; +https://openai.com/gptbot)" 520 **0/520659**
74.7.227.35 - - [10/Mar/2026:22:37:20 -0700] "GET /?path=//opt/alt/tests/alt-php54-pecl-uploadprogress_1.1.4-1.el8 HTTP/1.1" 200 2583 "http://mail.rgardensoap.com/?path=//opt/alt/tests" "Mozilla/5.0 AppleWebKit/537.36 (KHTML, like Gecko; compatible; GPTBot/1.3; +https://openai.com/gptbot)" 519 **0/519580**
74.7.227.150 - - [10/Mar/2026:22:37:20 -0700] "GET /blog?path=//var/log/alt-php81-newrelic HTTP/1.1" 200 2314 "http://rgardensoap.com/blog?path=//var/log" "Mozilla/5.0 AppleWebKit/537.36 (KHTML, like Gecko; compatible; GPTBot/1.3; +https://openai.com/gptbot)" 606 **0/606552**
74.7.241.54 - - [10/Mar/2026:22:37:21 -0700] "GET /fizzy-bath-bombs.html?fileloc=//bin/snice&path=//bin HTTP/1.1" 200 2244 "http://www.rgardensoap.com/fizzy-bath-bombs.html?path=//bin" "Mozilla/5.0 AppleWebKit/537.36 (KHTML, like Gecko; compatible; GPTBot/1.3; +https://openai.com/gptbot)" 573 **0/573948**
74.7.227.35 - - [10/Mar/2026:22:37:21 -0700] "GET /?path=//opt/alt/tests/alt-php74-pecl-gearman_2.1.4-1.el8 HTTP/1.1" 200 2582 "http://mail.rgardensoap.com/?path=//opt/alt/tests" "Mozilla/5.0 AppleWebKit/537.36 (KHTML, like Gecko; compatible; GPTBot/1.3; +https://openai.com/gptbot)" 481 **0/481385**
74.7.227.150 - - [10/Mar/2026:22:37:21 -0700] "GET /blog?fileloc=//lib64/libkadm5srv_mit.so.12.0&path=//lib64 HTTP/1.1" 200 2258 "http://rgardensoap.com/blog?path=//lib64" "Mozilla/5.0 AppleWebKit/537.36 (KHTML, like Gecko; compatible; GPTBot/1.3; +https://openai.com/gptbot)" 545 **0/545951**
74.7.227.35 - - [10/Mar/2026:22:37:22 -0700] "GET /?path=//opt/alt/tests/alt-php81-pecl-gmagick_2.0.6-1.RC1.el8 HTTP/1.1" 200 2585 "http://mail.rgardensoap.com/?path=//opt/alt/tests" "Mozilla/5.0 AppleWebKit/537.36 (KHTML, like Gecko; compatible; GPTBot/1.3; +https://openai.com/gptbot)" 526 **0/526146**
74.7.241.54 - - [10/Mar/2026:22:37:22 -0700] "GET /fizzy-bath-bombs.html?fileloc=//bin/sleep&path=//bin HTTP/1.1" 200 2244 "http://www.rgardensoap.com/fizzy-bath-bombs.html?path=//bin" "Mozilla/5.0 AppleWebKit/537.36 (KHTML, like Gecko; compatible; GPTBot/1.3; +https://openai.com/gptbot)" 474 **0/474543**
74.7.227.150 - - [10/Mar/2026:22:37:22 -0700] "GET /blog?path=//var/.cagefs HTTP/1.1" 200 2561 "http://rgardensoap.com/blog?path=//var" "Mozilla/5.0 AppleWebKit/537.36 (KHTML, like Gecko; compatible; GPTBot/1.3; +https://openai.com/gptbot)" 638 **0/638865**
74.7.227.35 - - [10/Mar/2026:22:37:22 -0700] "GET /?path=//opt/alt/tests/alt-php71-pecl-memcached_3.1.5-1.el8 HTTP/1.1" 200 2583 "http://mail.rgardensoap.com/?path=//opt/alt/tests" "Mozilla/5.0 AppleWebKit/537.36 (KHTML, like Gecko; compatible; GPTBot/1.3; +https://openai.com/gptbot)" 522 **0/522019**
74.7.241.54 - - [10/Mar/2026:22:37:22 -0700] "GET /fizzy-bath-bombs.html?fileloc=//bin/iconv&path=//bin HTTP/1.1" 200 2244 "http://www.rgardensoap.com/fizzy-bath-bombs.html?path=//bin" "Mozilla/5.0 AppleWebKit/537.36 (KHTML, like Gecko; compatible; GPTBot/1.3; +https://openai.com/gptbot)" 501 **0/501892**
74.7.227.150 - - [10/Mar/2026:22:37:23 -0700] "GET /blog?fileloc=//lib64/python3.6/_sysconfigdata_m_linux_x86_64-linux-gnu.py&path=//lib64/python3.6 HTTP/1.1" 200 8716 "http://rgardensoap.com/blog?path=//lib64/python3.6" "Mozilla/5.0 AppleWebKit/537.36 (KHTML, like Gecko; compatible; GPTBot/1.3; +https://openai.com/gptbot)" 555 **0/555512**
74.7.227.35 - - [10/Mar/2026:22:37:23 -0700] "GET /?path=//opt/alt/tests/alt-php80-phpiredis_1.0.1-1.el8 HTTP/1.1" 200 3209 "http://mail.rgardensoap.com/?path=//opt/alt/tests" "Mozilla/5.0 AppleWebKit/537.36 (KHTML, like Gecko; compatible; GPTBot/1.3; +https://openai.com/gptbot)" 483 **0/483877**
74.7.241.54 - - [10/Mar/2026:22:37:23 -0700] "GET /fizzy-bath-bombs.html?fileloc=//bin/troff&path=//bin HTTP/1.1" 200 2244 "http://www.rgardensoap.com/fizzy-bath-bombs.html?path=//bin" "Mozilla/5.0 AppleWebKit/537.36 (KHTML, like Gecko; compatible; GPTBot/1.3; +https://openai.com/gptbot)" 482 **0/482988**
74.7.227.150 - - [10/Mar/2026:22:37:23 -0700] "GET /blog?path=//lib64/python3.6/xml HTTP/1.1" 200 2765 "http://rgardensoap.com/blog?path=//lib64/python3.6" "Mozilla/5.0 AppleWebKit/537.36 (KHTML, like Gecko; compatible; GPTBot/1.3; +https://openai.com/gptbot)" 547 **0/547994**
74.7.227.35 - - [10/Mar/2026:22:37:24 -0700] "GET /?path=//opt/alt/tests/alt-php84-diseval_0.2-3.el8 HTTP/1.1" 200 2579 "http://mail.rgardensoap.com/?path=//opt/alt/tests" "Mozilla/5.0 AppleWebKit/537.36 (KHTML, like Gecko; compatible; GPTBot/1.3; +https://openai.com/gptbot)" 542 **0/542507**
74.7.227.150 - - [10/Mar/2026:22:37:24 -0700] "GET /blog?path=//lib64/python3.6/html HTTP/1.1" 200 2712 "http://rgardensoap.com/blog?path=//lib64/python3.6" "Mozilla/5.0 AppleWebKit/537.36 (KHTML, like Gecko; compatible; GPTBot/1.3; +https://openai.com/gptbot)" 548 **0/548371**
74.7.241.54 - - [10/Mar/2026:22:37:24 -0700] "GET /fizzy-bath-bombs.html?fileloc=//bin/rnano&path=//bin HTTP/1.1" 200 2244 "http://www.rgardensoap.com/fizzy-bath-bombs.html?path=//bin" "Mozilla/5.0 AppleWebKit/537.36 (KHTML, like Gecko; compatible; GPTBot/1.3; +https://openai.com/gptbot)" 733 **0/733481**
74.7.227.35 - - [10/Mar/2026:22:37:24 -0700] "GET /?path=//opt/alt/tests/alt-php56-pecl-redis_4.3.0-2.el8 HTTP/1.1" 200 2344 "http://mail.rgardensoap.com/?path=//opt/alt/tests" "Mozilla/5.0 AppleWebKit/537.36 (KHTML, like Gecko; compatible; GPTBot/1.3; +https://openai.com/gptbot)" 691 **0/691467**
74.7.227.150 - - [10/Mar/2026:22:37:24 -0700] "GET /blog/?path=//run/cagefs HTTP/1.1" 200 2551 "http://rgardensoap.com/blog/?path=//run" "Mozilla/5.0 AppleWebKit/537.36 (KHTML, like Gecko; compatible; GPTBot/1.3; +https://openai.com/gptbot)" 613 **0/613201**
74.7.241.54 - - [10/Mar/2026:22:37:25 -0700] "GET /fizzy-bath-bombs.html?fileloc=//bin/mandb&path=//bin HTTP/1.1" 200 2244 "http://www.rgardensoap.com/fizzy-bath-bombs.html?path=//bin" "Mozilla/5.0 AppleWebKit/537.36 (KHTML, like Gecko; compatible; GPTBot/1.3; +https://openai.com/gptbot)" 584 **0/584225**
74.7.227.35 - - [10/Mar/2026:22:37:25 -0700] "GET /?path=//opt/alt/tests/alt-php70-pecl-imagick_3.7.0-1.el8 HTTP/1.1" 200 2343 "http://mail.rgardensoap.com/?path=//opt/alt/tests" "Mozilla/5.0 AppleWebKit/537.36 (KHTML, like Gecko; compatible; GPTBot/1.3; +https://openai.com/gptbot)" 549 **0/549052**
74.7.241.54 - - [10/Mar/2026:22:37:25 -0700] "GET /fizzy-bath-bombs.html?fileloc=//bin/skill&path=//bin HTTP/1.1" 200 2244 "http://www.rgardensoap.com/fizzy-bath-bombs.html?path=//bin" "Mozilla/5.0 AppleWebKit/537.36 (KHTML, like Gecko; compatible; GPTBot/1.3; +https://openai.com/gptbot)" 492 **0/492967**
74.7.227.150 - - [10/Mar/2026:22:37:25 -0700] "GET /wp?fileloc=//bin/mariadb-show&path=//bin HTTP/1.1" 200 2248 "http://rgardensoap.com/wp?path=//bin" "Mozilla/5.0 AppleWebKit/537.36 (KHTML, like Gecko; compatible; GPTBot/1.3; +https://openai.com/gptbot)" 695 **0/695378**
74.7.227.35 - - [10/Mar/2026:22:37:26 -0700] "GET /?path=//opt/alt/tests/alt-php84-pecl-luasandbox_4.1.2-2.el8 HTTP/1.1" 200 2584 "http://mail.rgardensoap.com/?path=//opt/alt/tests" "Mozilla/5.0 AppleWebKit/537.36 (KHTML, like Gecko; compatible; GPTBot/1.3; +https://openai.com/gptbot)" 539 **0/539165**
74.7.241.54 - - [10/Mar/2026:22:37:26 -0700] "GET /fizzy-bath-bombs.html?path=//lib/firmware/rtl_bt HTTP/1.1" 200 3528 "http://www.rgardensoap.com/fizzy-bath-bombs.html?path=//lib/firmware" "Mozilla/5.0 AppleWebKit/537.36 (KHTML, like Gecko; compatible; GPTBot/1.3; +https://openai.com/gptbot)" 542 **0/542452**
74.7.227.150 - - [10/Mar/2026:22:37:26 -0700] "GET /wp?fileloc=//proc/net/rt6_stats&path=//proc/net HTTP/1.1" 200 2257 "http://rgardensoap.com/wp?path=//proc/net" "Mozilla/5.0 AppleWebKit/537.36 (KHTML, like Gecko; compatible; GPTBot/1.3; +https://openai.com/gptbot)" 507 **0/507468**
74.7.227.35 - - [10/Mar/2026:22:37:26 -0700] "GET /?path=//opt/alt/tests/alt-php81-pecl-luasandbox_4.1.2-2.el8 HTTP/1.1" 200 2584 "http://mail.rgardensoap.com/?path=//opt/alt/tests" "Mozilla/5.0 AppleWebKit/537.36 (KHTML, like Gecko; compatible; GPTBot/1.3; +https://openai.com/gptbot)" 507 **0/507785**
74.7.241.54 - - [10/Mar/2026:22:37:27 -0700] "GET /fizzy-bath-bombs.html?path=//lib/tuned/intel-sst HTTP/1.1" 200 2577 "http://www.rgardensoap.com/fizzy-bath-bombs.html?path=//lib/tuned" "Mozilla/5.0 AppleWebKit/537.36 (KHTML, like Gecko; compatible; GPTBot/1.3; +https://openai.com/gptbot)" 528 **0/528947**
74.7.227.150 - - [10/Mar/2026:22:37:27 -0700] "GET /blog?path=//proc/2867477 HTTP/1.1" 200 2307 "http://rgardensoap.com/blog?path=//proc" "Mozilla/5.0 AppleWebKit/537.36 (KHTML, like Gecko; compatible; GPTBot/1.3; +https://openai.com/gptbot)" 493 **0/493763**
74.7.227.35 - - [10/Mar/2026:22:37:27 -0700] "GET /?path=//opt/alt/tests/alt-php82-pecl-luasandbox_4.1.2-2.el8 HTTP/1.1" 200 2584 "http://mail.rgardensoap.com/?path=//opt/alt/tests" "Mozilla/5.0 AppleWebKit/537.36 (KHTML, like Gecko; compatible; GPTBot/1.3; +https://openai.com/gptbot)" 471 **0/471782**
74.7.241.54 - - [10/Mar/2026:22:37:27 -0700] "GET /fizzy-bath-bombs.html?fileloc=/home/p8pyefaexf70/public_html/wp-admin/edit-tag-form-request.php&path=/home/p8pyefaexf70/public_html/wp-admin HTTP/1.1" 200 2639 "http://www.rgardensoap.com/fizzy-bath-bombs.html?path=/home/p8pyefaexf70/public_html/wp-admin" "Mozilla/5.0 AppleWebKit/537.36 (KHTML, like Gecko; compatible; GPTBot/1.3; +https://openai.com/gptbot)" 602 **0/602304**
74.7.227.150 - - [10/Mar/2026:22:37:27 -0700] "GET /blog?path=//proc/2470499 HTTP/1.1" 200 3876 "http://rgardensoap.com/blog?path=//proc" "Mozilla/5.0 AppleWebKit/537.36 (KHTML, like Gecko; compatible; GPTBot/1.3; +https://openai.com/gptbot)" 518 **0/518161**
74.7.227.35 - - [10/Mar/2026:22:37:28 -0700] "GET /?path=//opt/alt/tests/alt-php70-pecl-yaz_1.2.4-1.el8 HTTP/1.1" 200 2580 "http://mail.rgardensoap.com/?path=//opt/alt/tests" "Mozilla/5.0 AppleWebKit/537.36 (KHTML, like Gecko; compatible; GPTBot/1.3; +https://openai.com/gptbot)" 567 **0/567296**
74.7.241.54 - - [10/Mar/2026:22:37:28 -0700] "GET /fizzy-bath-bombs.html?fileloc=//bin/fc-conflist&path=//bin HTTP/1.1" 200 2249 "http://www.rgardensoap.com/fizzy-bath-bombs.html?path=//bin" "Mozilla/5.0 AppleWebKit/537.36 (KHTML, like Gecko; compatible; GPTBot/1.3; +https://openai.com/gptbot)" 526 **0/526252**
74.7.227.150 - - [10/Mar/2026:22:37:28 -0700] "GET /blog?path=//usr/lib64/tcl8.6 HTTP/1.1" 200 2675 "http://rgardensoap.com/blog?path=//usr/lib64" "Mozilla/5.0 AppleWebKit/537.36 (KHTML, like Gecko; compatible; GPTBot/1.3; +https://openai.com/gptbot)" 489 **0/489939**
74.7.227.35 - - [10/Mar/2026:22:37:28 -0700] "GET /?path=//opt/alt/tests/alt-php70-pecl-lzf_1.6.8-1.el8 HTTP/1.1" 200 2580 "http://mail.rgardensoap.com/?path=//opt/alt/tests" "Mozilla/5.0 AppleWebKit/537.36 (KHTML, like Gecko; compatible; GPTBot/1.3; +https://openai.com/gptbot)" 516 **0/516009**
74.7.241.54 - - [10/Mar/2026:22:37:29 -0700] "GET /fizzy-bath-bombs.html?fileloc=//lib/firmware/s5p-mfc-v12.fw&path=//lib/firmware HTTP/1.1" 200 2268 "http://www.rgardensoap.com/fizzy-bath-bombs.html?path=//lib/firmware" "Mozilla/5.0 AppleWebKit/537.36 (KHTML, like Gecko; compatible; GPTBot/1.3; +https://openai.com/gptbot)" 522 **0/522708**
74.7.227.150 - - [10/Mar/2026:22:37:29 -0700] "GET /blog?path=//lib64/engines-1.1 HTTP/1.1" 200 2690 "http://rgardensoap.com/blog?path=//lib64" "Mozilla/5.0 AppleWebKit/537.36 (KHTML, like Gecko; compatible; GPTBot/1.3; +https://openai.com/gptbot)" 482 **0/482987**
74.7.227.35 - - [10/Mar/2026:22:37:29 -0700] "GET /?path=//opt/alt/tests/alt-php82-pecl-lzf_1.7.0-1.el8 HTTP/1.1" 200 2580 "http://mail.rgardensoap.com/?path=//opt/alt/tests" "Mozilla/5.0 AppleWebKit/537.36 (KHTML, like Gecko; compatible; GPTBot/1.3; +https://openai.com/gptbot)" 481 **0/481258**
74.7.241.54 - - [10/Mar/2026:22:37:29 -0700] "GET /fizzy-bath-bombs.html?fileloc=//lib/firmware/s5p-mfc-v6.fw&path=//lib/firmware HTTP/1.1" 200 2268 "http://www.rgardensoap.com/fizzy-bath-bombs.html?path=//lib/firmware" "Mozilla/5.0 AppleWebKit/537.36 (KHTML, like Gecko; compatible; GPTBot/1.3; +https://openai.com/gptbot)" 488 **0/488286**
74.7.227.150 - - [10/Mar/2026:22:37:29 -0700] "GET /blog?path=//proc/sys/fs HTTP/1.1" 200 3626 "http://rgardensoap.com/blog?path=//proc/sys" "Mozilla/5.0 AppleWebKit/537.36 (KHTML, like Gecko; compatible; GPTBot/1.3; +https://openai.com/gptbot)" 487 **0/487501**
74.7.227.35 - - [10/Mar/2026:22:37:30 -0700] "GET /?path=//opt/alt/tests/alt-php72-pecl-yaf_3.3.6-1.el8 HTTP/1.1" 200 2580 "http://mail.rgardensoap.com/?path=//opt/alt/tests" "Mozilla/5.0 AppleWebKit/537.36 (KHTML, like Gecko; compatible; GPTBot/1.3; +https://openai.com/gptbot)" 524 **0/524384**
74.7.241.54 - - [10/Mar/2026:22:37:30 -0700] "GET /fizzy-bath-bombs.html?fileloc=//lib/firmware/s5p-mfc-v7.fw&path=//lib/firmware HTTP/1.1" 200 2268 "http://www.rgardensoap.com/fizzy-bath-bombs.html?path=//lib/firmware" "Mozilla/5.0 AppleWebKit/537.36 (KHTML, like Gecko; compatible; GPTBot/1.3; +https://openai.com/gptbot)" 495 **0/495050**
74.7.227.150 - - [10/Mar/2026:22:37:30 -0700] "GET /blog?path=//proc/sys/vm HTTP/1.1" 200 4024 "http://rgardensoap.com/blog?path=//proc/sys" "Mozilla/5.0 AppleWebKit/537.36 (KHTML, like Gecko; compatible; GPTBot/1.3; +https://openai.com/gptbot)" 671 **0/671736**
74.7.227.35 - - [10/Mar/2026:22:37:30 -0700] "GET /?path=//opt/alt/tests/alt-php56-pecl-rar_4.2.0-3.el8 HTTP/1.1" 200 2580 "http://mail.rgardensoap.com/?path=//opt/alt/tests" "Mozilla/5.0 AppleWebKit/537.36 (KHTML, like Gecko; compatible; GPTBot/1.3; +https://openai.com/gptbot)" 503 **0/503240**
74.7.241.54 - - [10/Mar/2026:22:37:31 -0700] "GET /fizzy-bath-bombs.html?fileloc=//lib/firmware/s5p-mfc-v8.fw&path=//lib/firmware HTTP/1.1" 200 2268 "http://www.rgardensoap.com/fizzy-bath-bombs.html?path=//lib/firmware" "Mozilla/5.0 AppleWebKit/537.36 (KHTML, like Gecko; compatible; GPTBot/1.3; +https://openai.com/gptbot)" 508 **0/508175**
74.7.227.150 - - [10/Mar/2026:22:37:31 -0700] "GET /blog/?path=//run/screen HTTP/1.1" 200 2294 "http://rgardensoap.com/blog/?path=//run" "Mozilla/5.0 AppleWebKit/537.36 (KHTML, like Gecko; compatible; GPTBot/1.3; +https://openai.com/gptbot)" 472 **0/472497**
74.7.227.35 - - [10/Mar/2026:22:37:31 -0700] "GET /?path=//opt/alt/tests/alt-php73-pecl-yaz_1.2.4-1.el8 HTTP/1.1" 200 2580 "http://mail.rgardensoap.com/?path=//opt/alt/tests" "Mozilla/5.0 AppleWebKit/537.36 (KHTML, like Gecko; compatible; GPTBot/1.3; +https://openai.com/gptbot)" 513 **0/513921**
74.7.241.54 - - [10/Mar/2026:22:37:31 -0700] "GET /fizzy-bath-bombs.html?fileloc=//lib/firmware/iwlwifi-bz-b0-fm-c0-c101.ucode&path=//lib/firmware HTTP/1.1" 200 2278 "http://www.rgardensoap.com/fizzy-bath-bombs.html?path=//lib/firmware" "Mozilla/5.0 AppleWebKit/537.36 (KHTML, like Gecko; compatible; GPTBot/1.3; +https://openai.com/gptbot)" 509 **0/509410**
74.7.227.150 - - [10/Mar/2026:22:37:31 -0700] "GET /blog?path=//etc/pki/tls HTTP/1.1" 200 2742 "http://rgardensoap.com/blog?path=//etc/pki" "Mozilla/5.0 AppleWebKit/537.36 (KHTML, like Gecko; compatible; GPTBot/1.3; +https://openai.com/gptbot)" 446 **0/446122**
74.7.227.35 - - [10/Mar/2026:22:37:32 -0700] "GET /?path=//opt/alt/tests/alt-php84-pecl-lzf_1.7.0-1.el8 HTTP/1.1" 200 2580 "http://mail.rgardensoap.com/?path=//opt/alt/tests" "Mozilla/5.0 AppleWebKit/537.36 (KHTML, like Gecko; compatible; GPTBot/1.3; +https://openai.com/gptbot)" 505 **0/505000**
74.7.241.54 - - [10/Mar/2026:22:37:32 -0700] "GET /fizzy-bath-bombs.html?fileloc=//lib/firmware/iwlwifi-sc-a0-fm-c0-c101.ucode&path=//lib/firmware HTTP/1.1" 200 2279 "http://www.rgardensoap.com/fizzy-bath-bombs.html?path=//lib/firmware" "Mozilla/5.0 AppleWebKit/537.36 (KHTML, like Gecko; compatible; GPTBot/1.3; +https://openai.com/gptbot)" 471 **0/471757**
74.7.227.150 - - [10/Mar/2026:22:37:32 -0700] "GET /blog?path=//usr/lib/rpm HTTP/1.1" 200 3143 "http://rgardensoap.com/blog?path=//usr/lib" "Mozilla/5.0 AppleWebKit/537.36 (KHTML, like Gecko; compatible; GPTBot/1.3; +https://openai.com/gptbot)" 480 **0/480911**
74.7.227.35 - - [10/Mar/2026:22:37:32 -0700] "GET /?path=//opt/alt/tests/alt-php56-pecl-yaz_1.2.4-1.el8 HTTP/1.1" 200 2580 "http://mail.rgardensoap.com/?path=//opt/alt/tests" "Mozilla/5.0 AppleWebKit/537.36 (KHTML, like Gecko; compatible; GPTBot/1.3; +https://openai.com/gptbot)" 482 **0/482292**
74.7.241.54 - - [10/Mar/2026:22:37:32 -0700] "GET /fizzy-bath-bombs.html?fileloc=//lib/firmware/iwlwifi-sc-a0-wh-b0-c101.ucode&path=//lib/firmware HTTP/1.1" 200 2279 "http://www.rgardensoap.com/fizzy-bath-bombs.html?path=//lib/firmware" "Mozilla/5.0 AppleWebKit/537.36 (KHTML, like Gecko; compatible; GPTBot/1.3; +https://openai.com/gptbot)" 608 **0/608099**
74.7.227.150 - - [10/Mar/2026:22:37:33 -0700] "GET /blog?path=//usr/lib/gcc HTTP/1.1" 200 2562 "http://rgardensoap.com/blog?path=//usr/lib" "Mozilla/5.0 AppleWebKit/537.36 (KHTML, like Gecko; compatible; GPTBot/1.3; +https://openai.com/gptbot)" 485 **0/485555**
74.7.227.35 - - [10/Mar/2026:22:37:33 -0700] "GET /?path=//opt/alt/tests/alt-php74-pecl-rar_4.2.0-1.el8 HTTP/1.1" 200 2342 "http://mail.rgardensoap.com/?path=//opt/alt/tests" "Mozilla/5.0 AppleWebKit/537.36 (KHTML, like Gecko; compatible; GPTBot/1.3; +https://openai.com/gptbot)" 458 **0/458700**
74.7.241.54 - - [10/Mar/2026:22:37:33 -0700] "GET /fizzy-bath-bombs.html?fileloc=//lib/firmware/rtl_bt/rtl8852cu_fw_v2.bin&path=//lib/firmware/rtl_bt HTTP/1.1" 200 2281 "http://www.rgardensoap.com/fizzy-bath-bombs.html?path=//lib/firmware/rtl_bt" "Mozilla/5.0 AppleWebKit/537.36 (KHTML, like Gecko; compatible; GPTBot/1.3; +https://openai.com/gptbot)" 498 **0/498511**
74.7.227.150 - - [10/Mar/2026:22:37:33 -0700] "GET /blog/?path=//lib/kernel HTTP/1.1" 200 2546 "http://rgardensoap.com/blog/?path=//lib" "Mozilla/5.0 AppleWebKit/537.36 (KHTML, like Gecko; compatible; GPTBot/1.3; +https://openai.com/gptbot)" 463 **0/463379**
74.7.227.35 - - [10/Mar/2026:22:37:34 -0700] "GET /?path=//opt/alt/tests/alt-php72-pecl-yaz_1.2.4-1.el8 HTTP/1.1" 200 2580 "http://mail.rgardensoap.com/?path=//opt/alt/tests" "Mozilla/5.0 AppleWebKit/537.36 (KHTML, like Gecko; compatible; GPTBot/1.3; +https://openai.com/gptbot)" 451 **0/451693**
74.7.241.54 - - [10/Mar/2026:22:37:34 -0700] "GET /fizzy-bath-bombs.html?fileloc=//lib/firmware/rtl_bt/rtl8723cs_xx_fw.bin&path=//lib/firmware/rtl_bt HTTP/1.1" 200 2281 "http://www.rgardensoap.com/fizzy-bath-bombs.html?path=//lib/firmware/rtl_bt" "Mozilla/5.0 AppleWebKit/537.36 (KHTML, like Gecko; compatible; GPTBot/1.3; +https://openai.com/gptbot)" 487 **0/487945**
74.7.227.150 - - [10/Mar/2026:22:37:34 -0700] "GET /blog?path=//usr/lib/kbd HTTP/1.1" 200 2628 "http://rgardensoap.com/blog?path=//usr/lib" "Mozilla/5.0 AppleWebKit/537.36 (KHTML, like Gecko; compatible; GPTBot/1.3; +https://openai.com/gptbot)" 464 **0/464307**
74.7.227.35 - - [10/Mar/2026:22:37:34 -0700] "GET /?path=//opt/alt/tests/alt-php71-pecl-rar_4.2.0-1.el8 HTTP/1.1" 200 2342 "http://mail.rgardensoap.com/?path=//opt/alt/tests" "Mozilla/5.0 AppleWebKit/537.36 (KHTML, like Gecko; compatible; GPTBot/1.3; +https://openai.com/gptbot)" 463 **0/463338**
74.7.241.54 - - [10/Mar/2026:22:37:34 -0700] "GET /fizzy-bath-bombs.html?fileloc=//lib/firmware/rtl_bt/rtl8723cs_xx_config.bin&path=//lib/firmware/rtl_bt HTTP/1.1" 200 2282 "http://www.rgardensoap.com/fizzy-bath-bombs.html?path=//lib/firmware/rtl_bt" "Mozilla/5.0 AppleWebKit/537.36 (KHTML, like Gecko; compatible; GPTBot/1.3; +https://openai.com/gptbot)" 490 **0/490914**
74.7.227.150 - - [10/Mar/2026:22:37:34 -0700] "GET /blog?fileloc=//proc/2470499/patch_state&path=//proc/2470499 HTTP/1.1" 200 2264 "http://rgardensoap.com/blog?path=//proc/2470499" "Mozilla/5.0 AppleWebKit/537.36 (KHTML, like Gecko; compatible; GPTBot/1.3; +https://openai.com/gptbot)" 513 **0/513258**
74.7.227.35 - - [10/Mar/2026:22:37:35 -0700] "GET /?path=//opt/alt/tests/alt-php80-pecl-yaz_1.2.4-1.el8 HTTP/1.1" 200 2580 "http://mail.rgardensoap.com/?path=//opt/alt/tests" "Mozilla/5.0 AppleWebKit/537.36 (KHTML, like Gecko; compatible; GPTBot/1.3; +https://openai.com/gptbot)" 475 **0/475313**
74.7.241.54 - - [10/Mar/2026:22:37:35 -0700] "GET /fizzy-bath-bombs.html?fileloc=//lib/firmware/rtl_bt/rtl8761bu_config.bin&path=//lib/firmware/rtl_bt HTTP/1.1" 200 2280 "http://www.rgardensoap.com/fizzy-bath-bombs.html?path=//lib/firmware/rtl_bt" "Mozilla/5.0 AppleWebKit/537.36 (KHTML, like Gecko; compatible; GPTBot/1.3; +https://openai.com/gptbot)" 504 **0/504599**
74.7.227.150 - - [10/Mar/2026:22:37:35 -0700] "GET /blog/?path=//lib/dracut HTTP/1.1" 200 2888 "http://rgardensoap.com/blog/?path=//lib" "Mozilla/5.0 AppleWebKit/537.36 (KHTML, like Gecko; compatible; GPTBot/1.3; +https://openai.com/gptbot)" 477 **0/477859**
74.7.227.35 - - [10/Mar/2026:22:37:35 -0700] "GET /?path=//opt/alt/tests/alt-php83-pecl-rar_4.2.0-1.el8 HTTP/1.1" 200 2342 "http://mail.rgardensoap.com/?path=//opt/alt/tests" "Mozilla/5.0 AppleWebKit/537.36 (KHTML, like Gecko; compatible; GPTBot/1.3; +https://openai.com/gptbot)" 487 **0/487021**
74.7.241.54 - - [10/Mar/2026:22:37:36 -0700] "GET /fizzy-bath-bombs.html?fileloc=//lib/firmware/rtl_bt/rtl8723d_config.bin&path=//lib/firmware/rtl_bt HTTP/1.1" 200 2279 "http://www.rgardensoap.com/fizzy-bath-bombs.html?path=//lib/firmware/rtl_bt" "Mozilla/5.0 AppleWebKit/537.36 (KHTML, like Gecko; compatible; GPTBot/1.3; +https://openai.com/gptbot)" 474 **0/474008**
74.7.227.150 - - [10/Mar/2026:22:37:36 -0700] "GET /blog?path=//proc/bus HTTP/1.1" 200 2571 "http://rgardensoap.com/blog?path=//proc" "Mozilla/5.0 AppleWebKit/537.36 (KHTML, like Gecko; compatible; GPTBot/1.3; +https://openai.com/gptbot)" 471 **0/471347**
74.7.227.35 - - [10/Mar/2026:22:37:36 -0700] "GET /?path=//opt/alt/tests/alt-php54-pecl-yaz_1.2.4-1.el8 HTTP/1.1" 200 2580 "http://mail.rgardensoap.com/?path=//opt/alt/tests" "Mozilla/5.0 AppleWebKit/537.36 (KHTML, like Gecko; compatible; GPTBot/1.3; +https://openai.com/gptbot)" 480 **0/480955**
74.7.241.54 - - [10/Mar/2026:22:37:36 -0700] "GET /fizzy-bath-bombs.html?fileloc=//lib/firmware/rtl_bt/rtl8761cu_config.bin&path=//lib/firmware/rtl_bt HTTP/1.1" 200 2280 "http://www.rgardensoap.com/fizzy-bath-bombs.html?path=//lib/firmware/rtl_bt" "Mozilla/5.0 AppleWebKit/537.36 (KHTML, like Gecko; compatible; GPTBot/1.3; +https://openai.com/gptbot)" 458 **0/458360**
74.7.227.150 - - [10/Mar/2026:22:37:36 -0700] "GET /blog?fileloc=//proc/sys/fs/inode-state&path=//proc/sys/fs HTTP/1.1" 200 2286 "http://rgardensoap.com/blog?path=//proc/sys/fs" "Mozilla/5.0 AppleWebKit/537.36 (KHTML, like Gecko; compatible; GPTBot/1.3; +https://openai.com/gptbot)" 461 **0/461241**
74.7.227.35 - - [10/Mar/2026:22:37:37 -0700] "GET /?path=//opt/alt/tests/alt-php56-pecl-rar_4.2.0-1.el8 HTTP/1.1" 200 2342 "http://mail.rgardensoap.com/?path=//opt/alt/tests" "Mozilla/5.0 AppleWebKit/537.36 (KHTML, like Gecko; compatible; GPTBot/1.3; +https://openai.com/gptbot)" 498 **0/498005**
74.7.241.54 - - [10/Mar/2026:22:37:37 -0700] "GET /fizzy-bath-bombs.html?fileloc=//lib/firmware/rtl_bt/rtl8812ae_fw.bin&path=//lib/firmware/rtl_bt HTTP/1.1" 200 2278 "http://www.rgardensoap.com/fizzy-bath-bombs.html?path=//lib/firmware/rtl_bt" "Mozilla/5.0 AppleWebKit/537.36 (KHTML, like Gecko; compatible; GPTBot/1.3; +https://openai.com/gptbot)" 466 **0/466347**
74.7.227.150 - - [10/Mar/2026:22:37:37 -0700] "GET /blog?fileloc=//proc/sys/fs/pipe-user-pages-soft&path=//proc/sys/fs HTTP/1.1" 200 2278 "http://rgardensoap.com/blog?path=//proc/sys/fs" "Mozilla/5.0 AppleWebKit/537.36 (KHTML, like Gecko; compatible; GPTBot/1.3; +https://openai.com/gptbot)" 479 **0/479580**
74.7.227.35 - - [10/Mar/2026:22:37:37 -0700] "GET /?path=//opt/alt/tests/alt-php81-pecl-rar_4.2.0-3.el8 HTTP/1.1" 200 2579 "http://mail.rgardensoap.com/?path=//opt/alt/tests" "Mozilla/5.0 AppleWebKit/537.36 (KHTML, like Gecko; compatible; GPTBot/1.3; +https://openai.com/gptbot)" 650 **0/650747**
74.7.241.54 - - [10/Mar/2026:22:37:37 -0700] "GET /fizzy-bath-bombs.html?fileloc=//lib/firmware/rtl_bt/rtl8723bs_config-OBDA8723.bin&path=//lib/firmware/rtl_bt HTTP/1.1" 200 2288 "http://www.rgardensoap.com/fizzy-bath-bombs.html?path=//lib/firmware/rtl_bt" "Mozilla/5.0 AppleWebKit/537.36 (KHTML, like Gecko; compatible; GPTBot/1.3; +https://openai.com/gptbot)" 479 **0/479962**
74.7.227.150 - - [10/Mar/2026:22:37:38 -0700] "GET /wp?fileloc=//proc/net/ipv6_route&path=//proc/net HTTP/1.1" 200 2257 "http://rgardensoap.com/wp?path=//proc/net" "Mozilla/5.0 AppleWebKit/537.36 (KHTML, like Gecko; compatible; GPTBot/1.3; +https://openai.com/gptbot)" 478 **0/478840**
74.7.227.35 - - [10/Mar/2026:22:37:38 -0700] "GET /?path=//opt/alt/tests/alt-php70-pecl-rar_4.2.0-1.el8 HTTP/1.1" 200 2342 "http://mail.rgardensoap.com/?path=//opt/alt/tests" "Mozilla/5.0 AppleWebKit/537.36 (KHTML, like Gecko; compatible; GPTBot/1.3; +https://openai.com/gptbot)" 451 **0/451205**
74.7.241.54 - - [10/Mar/2026:22:37:38 -0700] "GET /fizzy-bath-bombs.html?fileloc=//lib/firmware/rtl_bt/rtl8723bs_config-OBDA0623.bin&path=//lib/firmware/rtl_bt HTTP/1.1" 200 2289 "http://www.rgardensoap.com/fizzy-bath-bombs.html?path=//lib/firmware/rtl_bt" "Mozilla/5.0 AppleWebKit/537.36 (KHTML, like Gecko; compatible; GPTBot/1.3; +https://openai.com/gptbot)" 471 **0/471095**
74.7.227.150 - - [10/Mar/2026:22:37:38 -0700] "GET /blog/?path=//opt/alt/net-snmp11 HTTP/1.1" 200 2559 "http://rgardensoap.com/blog/?path=//opt/alt" "Mozilla/5.0 AppleWebKit/537.36 (KHTML, like Gecko; compatible; GPTBot/1.3; +https://openai.com/gptbot)" 460 **0/460232**
74.7.227.35 - - [10/Mar/2026:22:37:39 -0700] "GET /?path=//opt/alt/tests/alt-php81-pecl-rrd_2.0.3-1.el8 HTTP/1.1" 200 2579 "http://mail.rgardensoap.com/?path=//opt/alt/tests" "Mozilla/5.0 AppleWebKit/537.36 (KHTML, like Gecko; compatible; GPTBot/1.3; +https://openai.com/gptbot)" 480 **0/480983**
74.7.227.150 - - [10/Mar/2026:22:37:39 -0700] "GET /blog/?path=//var/php/apm HTTP/1.1" 200 2548 "http://rgardensoap.com/blog/?path=//var/php" "Mozilla/5.0 AppleWebKit/537.36 (KHTML, like Gecko; compatible; GPTBot/1.3; +https://openai.com/gptbot)" 457 **0/457071**
74.7.241.54 - - [10/Mar/2026:22:37:39 -0700] "GET /fizzy-bath-bombs.html?fileloc=//lib/firmware/iwlwifi-gl-c0-fm-c0-c101.ucode&path=//lib/firmware HTTP/1.1" 200 2278 "http://www.rgardensoap.com/fizzy-bath-bombs.html?path=//lib/firmware" "Mozilla/5.0 AppleWebKit/537.36 (KHTML, like Gecko; compatible; GPTBot/1.3; +https://openai.com/gptbot)" 539 **0/539569**
74.7.227.35 - - [10/Mar/2026:22:37:39 -0700] "GET /?path=//opt/alt/tests/alt-php70-pecl-rar_4.2.0-3.el8 HTTP/1.1" 200 2580 "http://mail.rgardensoap.com/?path=//opt/alt/tests" "Mozilla/5.0 AppleWebKit/537.36 (KHTML, like Gecko; compatible; GPTBot/1.3; +https://openai.com/gptbot)" 498 **0/498772**
74.7.227.150 - - [10/Mar/2026:22:37:39 -0700] "GET /blog/?path=//proc/2470499/fd HTTP/1.1" 200 2618 "http://rgardensoap.com/blog/?path=//proc/2470499" "Mozilla/5.0 AppleWebKit/537.36 (KHTML, like Gecko; compatible; GPTBot/1.3; +https://openai.com/gptbot)" 511 **0/511041**
74.7.241.54 - - [10/Mar/2026:22:37:39 -0700] "GET /archivarix.cms.php?path=/home/p8pyefaexf70/public_html/wp-content/themes/veres HTTP/1.1" 200 3341 "http://www.rgardensoap.com/archivarix.cms.php?path=/home/p8pyefaexf70/public_html/wp-content/themes" "Mozilla/5.0 AppleWebKit/537.36 (KHTML, like Gecko; compatible; GPTBot/1.3; +https://openai.com/gptbot)" 498 **0/498916**
74.7.227.35 - - [10/Mar/2026:22:37:40 -0700] "GET /?path=//opt/alt/tests/alt-php73-pecl-yaf_3.3.6-1.el8 HTTP/1.1" 200 2580 "http://mail.rgardensoap.com/?path=//opt/alt/tests" "Mozilla/5.0 AppleWebKit/537.36 (KHTML, like Gecko; compatible; GPTBot/1.3; +https://openai.com/gptbot)" 523 **0/523483**
74.7.227.150 - - [10/Mar/2026:22:37:40 -0700] "GET /blog/?path=//proc/2470499/ns HTTP/1.1" 200 2780 "http://rgardensoap.com/blog/?path=//proc/2470499" "Mozilla/5.0 AppleWebKit/537.36 (KHTML, like Gecko; compatible; GPTBot/1.3; +https://openai.com/gptbot)" 487 **0/487990**
74.7.241.54 - - [10/Mar/2026:22:37:40 -0700] "GET /fizzy-bath-bombs.html?path=//lib/gems/ruby HTTP/1.1" 200 2314 "http://www.rgardensoap.com/fizzy-bath-bombs.html?path=//lib/gems" "Mozilla/5.0 AppleWebKit/537.36 (KHTML, like Gecko; compatible; GPTBot/1.3; +https://openai.com/gptbot)" 514 **0/514024**
74.7.227.35 - - [10/Mar/2026:22:37:41 -0700] "GET /?path=//opt/alt/tests/alt-php80-pecl-rrd_2.0.3-1.el8 HTTP/1.1" 200 2579 "http://mail.rgardensoap.com/?path=//opt/alt/tests" "Mozilla/5.0 AppleWebKit/537.36 (KHTML, like Gecko; compatible; GPTBot/1.3; +https://openai.com/gptbot)" 518 **0/518906**
74.7.227.150 - - [10/Mar/2026:22:37:41 -0700] "GET /blog?path=//etc/apache2 HTTP/1.1" 200 2545 "http://rgardensoap.com/blog?path=//etc" "Mozilla/5.0 AppleWebKit/537.36 (KHTML, like Gecko; compatible; GPTBot/1.3; +https://openai.com/gptbot)" 464 **0/464883**
74.7.241.54 - - [10/Mar/2026:22:37:41 -0700] "GET /fizzy-bath-bombs.html?path=//lib/modules-load.d HTTP/1.1" 200 2311 "http://www.rgardensoap.com/fizzy-bath-bombs.html?path=//lib" "Mozilla/5.0 AppleWebKit/537.36 (KHTML, like Gecko; compatible; GPTBot/1.3; +https://openai.com/gptbot)" 475 **0/475674**
74.7.227.35 - - [10/Mar/2026:22:37:41 -0700] "GET /?path=//opt/alt/tests/alt-php56-pecl-yaf_2.3.5-1.el8 HTTP/1.1" 200 2580 "http://mail.rgardensoap.com/?path=//opt/alt/tests" "Mozilla/5.0 AppleWebKit/537.36 (KHTML, like Gecko; compatible; GPTBot/1.3; +https://openai.com/gptbot)" 517 **0/517105**
74.7.227.150 - - [10/Mar/2026:22:37:41 -0700] "GET /blog/?path=//proc/sys/net HTTP/1.1" 200 2756 "http://rgardensoap.com/blog/?path=//proc/sys" "Mozilla/5.0 AppleWebKit/537.36 (KHTML, like Gecko; compatible; GPTBot/1.3; +https://openai.com/gptbot)" 451 **0/451988**
74.7.241.54 - - [10/Mar/2026:22:37:41 -0700] "GET /fizzy-bath-bombs.html?path=//lib/modprobe.d HTTP/1.1" 200 2615 "http://www.rgardensoap.com/fizzy-bath-bombs.html?path=//lib" "Mozilla/5.0 AppleWebKit/537.36 (KHTML, like Gecko; compatible; GPTBot/1.3; +https://openai.com/gptbot)" 443 **0/443473**
74.7.227.35 - - [10/Mar/2026:22:37:42 -0700] "GET /?path=//opt/alt/tests/alt-php71-pecl-yaz_1.2.4-1.el8 HTTP/1.1" 200 2580 "http://mail.rgardensoap.com/?path=//opt/alt/tests" "Mozilla/5.0 AppleWebKit/537.36 (KHTML, like Gecko; compatible; GPTBot/1.3; +https://openai.com/gptbot)" 527 **0/527588**
74.7.241.54 - - [10/Mar/2026:22:37:42 -0700] "GET /fizzy-bath-bombs.html?path=//lib/python3.6 HTTP/1.1" 200 2554 "http://www.rgardensoap.com/fizzy-bath-bombs.html?path=//lib" "Mozilla/5.0 AppleWebKit/537.36 (KHTML, like Gecko; compatible; GPTBot/1.3; +https://openai.com/gptbot)" 480 **0/480250**
74.7.227.150 - - [10/Mar/2026:22:37:42 -0700] "GET /blog?path=//etc/cpanel HTTP/1.1" 200 2303 "http://rgardensoap.com/blog?path=//etc" "Mozilla/5.0 AppleWebKit/537.36 (KHTML, like Gecko; compatible; GPTBot/1.3; +https://openai.com/gptbot)" 562 **0/562588**
74.7.227.35 - - [10/Mar/2026:22:37:42 -0700] "GET /?path=//opt/alt/tests/alt-php83-pecl-yaz_1.2.4-1.el8 HTTP/1.1" 200 2580 "http://mail.rgardensoap.com/?path=//opt/alt/tests" "Mozilla/5.0 AppleWebKit/537.36 (KHTML, like Gecko; compatible; GPTBot/1.3; +https://openai.com/gptbot)" 514 **0/514830**
74.7.241.54 - - [10/Mar/2026:22:37:43 -0700] "GET /fizzy-bath-bombs.html?path=//lib/python2.7 HTTP/1.1" 200 2554 "http://www.rgardensoap.com/fizzy-bath-bombs.html?path=//lib" "Mozilla/5.0 AppleWebKit/537.36 (KHTML, like Gecko; compatible; GPTBot/1.3; +https://openai.com/gptbot)" 518 **0/518136**
74.7.227.150 - - [10/Mar/2026:22:37:43 -0700] "GET /blog?path=//lib/locale HTTP/1.1" 200 3472 "http://rgardensoap.com/blog?path=//lib" "Mozilla/5.0 AppleWebKit/537.36 (KHTML, like Gecko; compatible; GPTBot/1.3; +https://openai.com/gptbot)" 469 **0/469650**
74.7.227.35 - - [10/Mar/2026:22:37:43 -0700] "GET /?path=//opt/alt/tests/alt-php82-pecl-yaf_3.3.6-1.el8 HTTP/1.1" 200 2580 "http://mail.rgardensoap.com/?path=//opt/alt/tests" "Mozilla/5.0 AppleWebKit/537.36 (KHTML, like Gecko; compatible; GPTBot/1.3; +https://openai.com/gptbot)" 468 **0/468036**
74.7.241.54 - - [10/Mar/2026:22:37:43 -0700] "GET /fizzy-bath-bombs.html?fileloc=/home/p8pyefaexf70/public_html/readme.html&path=/home/p8pyefaexf70/public_html HTTP/1.1" 200 5151 "http://www.rgardensoap.com/fizzy-bath-bombs.html" "Mozilla/5.0 AppleWebKit/537.36 (KHTML, like Gecko; compatible; GPTBot/1.3; +https://openai.com/gptbot)" 512 **0/512439**
74.7.227.150 - - [10/Mar/2026:22:37:43 -0700] "GET /blog?path=//opt/cpanel HTTP/1.1" 200 3126 "http://rgardensoap.com/blog?path=//opt" "Mozilla/5.0 AppleWebKit/537.36 (KHTML, like Gecko; compatible; GPTBot/1.3; +https://openai.com/gptbot)" 483 **0/483335**
74.7.227.35 - - [10/Mar/2026:22:37:44 -0700] "GET /?path=//opt/alt/tests/alt-php74-pecl-lzf_1.7.0-1.el8 HTTP/1.1" 200 2580 "http://mail.rgardensoap.com/?path=//opt/alt/tests" "Mozilla/5.0 AppleWebKit/537.36 (KHTML, like Gecko; compatible; GPTBot/1.3; +https://openai.com/gptbot)" 473 **0/473844**
74.7.241.54 - - [10/Mar/2026:22:37:44 -0700] "GET /plug/vote/plug.xml?fileloc=/home/p8pyefaexf70/public_html/wp-includes/class-wp-recovery-mode-cookie-service.php&path=/home/p8pyefaexf70/public_html/wp-includes HTTP/1.1" 200 4285 "http://www.rgardensoap.com/plug/vote/plug.xml?path=/home/p8pyefaexf70/public_html/wp-includes" "Mozilla/5.0 AppleWebKit/537.36 (KHTML, like Gecko; compatible; GPTBot/1.3; +https://openai.com/gptbot)" 498 **0/498551**
74.7.227.150 - - [10/Mar/2026:22:37:44 -0700] "GET /blog?path=//opt/liblve HTTP/1.1" 200 2693 "http://rgardensoap.com/blog?path=//opt" "Mozilla/5.0 AppleWebKit/537.36 (KHTML, like Gecko; compatible; GPTBot/1.3; +https://openai.com/gptbot)" 485 **0/485190**
74.7.227.35 - - [10/Mar/2026:22:37:44 -0700] "GET /?path=//opt/alt/tests/alt-php80-pecl-yaf_3.3.6-1.el8 HTTP/1.1" 200 2580 "http://mail.rgardensoap.com/?path=//opt/alt/tests" "Mozilla/5.0 AppleWebKit/537.36 (KHTML, like Gecko; compatible; GPTBot/1.3; +https://openai.com/gptbot)" 463 **0/463488**
74.7.241.54 - - [10/Mar/2026:22:37:44 -0700] "GET /plug/vote/plug.xml?fileloc=/home/p8pyefaexf70/public_html/wp-includes/class-wp-recovery-mode-key-service.php&path=/home/p8pyefaexf70/public_html/wp-includes HTTP/1.1" 200 3594 "http://www.rgardensoap.com/plug/vote/plug.xml?path=/home/p8pyefaexf70/public_html/wp-includes" "Mozilla/5.0 AppleWebKit/537.36 (KHTML, like Gecko; compatible; GPTBot/1.3; +https://openai.com/gptbot)" 443 **0/443991**
74.7.227.150 - - [10/Mar/2026:22:37:45 -0700] "GET /wp?fileloc=//proc/net/ip6_mr_cache&path=//proc/net HTTP/1.1" 200 2261 "http://rgardensoap.com/wp?path=//proc/net" "Mozilla/5.0 AppleWebKit/537.36 (KHTML, like Gecko; compatible; GPTBot/1.3; +https://openai.com/gptbot)" 493 **0/493287**
74.7.227.35 - - [10/Mar/2026:22:37:45 -0700] "GET /?path=//opt/alt/tests/alt-php83-pecl-rrd_2.0.3-1.el8 HTTP/1.1" 200 2579 "http://mail.rgardensoap.com/?path=//opt/alt/tests" "Mozilla/5.0 AppleWebKit/537.36 (KHTML, like Gecko; compatible; GPTBot/1.3; +https://openai.com/gptbot)" 480 **0/480563**
74.7.241.54 - - [10/Mar/2026:22:37:45 -0700] "GET /plug/vote/plug.xml?fileloc=/home/p8pyefaexf70/public_html/wp-includes/class-wp-recovery-mode-email-service.php&path=/home/p8pyefaexf70/public_html/wp-includes HTTP/1.1" 200 5645 "http://www.rgardensoap.com/plug/vote/plug.xml?path=/home/p8pyefaexf70/public_html/wp-includes" "Mozilla/5.0 AppleWebKit/537.36 (KHTML, like Gecko; compatible; GPTBot/1.3; +https://openai.com/gptbot)" 482 **0/482323**
74.7.227.150 - - [10/Mar/2026:22:37:45 -0700] "GET /blog?path=//usr/lib64/pkcs11 HTTP/1.1" 200 2587 "http://rgardensoap.com/blog?path=//usr/lib64" "Mozilla/5.0 AppleWebKit/537.36 (KHTML, like Gecko; compatible; GPTBot/1.3; +https://openai.com/gptbot)" 509 **0/509485**
74.7.227.35 - - [10/Mar/2026:22:37:46 -0700] "GET /?path=//opt/alt/tests/alt-php74-pecl-yaz_1.2.4-1.el8 HTTP/1.1" 200 2580 "http://mail.rgardensoap.com/?path=//opt/alt/tests" "Mozilla/5.0 AppleWebKit/537.36 (KHTML, like Gecko; compatible; GPTBot/1.3; +https://openai.com/gptbot)" 445 **0/445724**
74.7.241.54 - - [10/Mar/2026:22:37:46 -0700] "GET /plug/vote/plug.xml?fileloc=/home/p8pyefaexf70/public_html/wp-includes/class-wp-recovery-mode-link-service.php&path=/home/p8pyefaexf70/public_html/wp-includes HTTP/1.1" 200 3359 "http://www.rgardensoap.com/plug/vote/plug.xml?path=/home/p8pyefaexf70/public_html/wp-includes" "Mozilla/5.0 AppleWebKit/537.36 (KHTML, like Gecko; compatible; GPTBot/1.3; +https://openai.com/gptbot)" 475 **0/475735**
74.7.227.150 - - [10/Mar/2026:22:37:46 -0700] "GET /wp?path=//lib64/gio HTTP/1.1" 200 2545 "http://rgardensoap.com/wp?path=//lib64" "Mozilla/5.0 AppleWebKit/537.36 (KHTML, like Gecko; compatible; GPTBot/1.3; +https://openai.com/gptbot)" 455 **0/455765**
74.7.227.35 - - [10/Mar/2026:22:37:46 -0700] "GET /?path=//opt/alt/tests/alt-php54-pecl-lzf_1.6.8-1.el8 HTTP/1.1" 200 2580 "http://mail.rgardensoap.com/?path=//opt/alt/tests" "Mozilla/5.0 AppleWebKit/537.36 (KHTML, like Gecko; compatible; GPTBot/1.3; +https://openai.com/gptbot)" 455 **0/455104**
74.7.241.54 - - [10/Mar/2026:22:37:46 -0700] "GET /archivarix.cms.php?path=/home/p8pyefaexf70/public_html/wp-content/themes/veres/templates HTTP/1.1" 200 2693 "http://www.rgardensoap.com/archivarix.cms.php?path=/home/p8pyefaexf70/public_html/wp-content/themes/veres" "Mozilla/5.0 AppleWebKit/537.36 (KHTML, like Gecko; compatible; GPTBot/1.3; +https://openai.com/gptbot)" 457 **0/457291**
74.7.227.150 - - [10/Mar/2026:22:37:46 -0700] "GET /wp?path=//lib64/nss HTTP/1.1" 200 2582 "http://rgardensoap.com/wp?path=//lib64" "Mozilla/5.0 AppleWebKit/537.36 (KHTML, like Gecko; compatible; GPTBot/1.3; +https://openai.com/gptbot)" 500 **0/500663**
74.7.227.35 - - [10/Mar/2026:22:37:47 -0700] "GET /?path=//opt/alt/tests/alt-php70-pecl-yaf_3.3.6-1.el8 HTTP/1.1" 200 2580 "http://mail.rgardensoap.com/?path=//opt/alt/tests" "Mozilla/5.0 AppleWebKit/537.36 (KHTML, like Gecko; compatible; GPTBot/1.3; +https://openai.com/gptbot)" 432 **0/432090**
74.7.241.54 - - [10/Mar/2026:22:37:47 -0700] "GET /archivarix.cms.php?fileloc=/home/p8pyefaexf70/public_html/wp-content/themes/veres/functions_bak.php&path=/home/p8pyefaexf70/public_html/wp-content/themes/veres HTTP/1.1" 200 2879 "http://www.rgardensoap.com/archivarix.cms.php?path=/home/p8pyefaexf70/public_html/wp-content/themes/veres" "Mozilla/5.0 AppleWebKit/537.36 (KHTML, like Gecko; compatible; GPTBot/1.3; +https://openai.com/gptbot)" 471 **0/471808**
74.7.227.150 - - [10/Mar/2026:22:37:47 -0700] "GET /wp?path=//usr/lib64 HTTP/1.1" 200 33747 "http://rgardensoap.com/wp?path=//usr" "Mozilla/5.0 AppleWebKit/537.36 (KHTML, like Gecko; compatible; GPTBot/1.3; +https://openai.com/gptbot)" 556 **0/556062**
74.7.227.35 - - [10/Mar/2026:22:37:47 -0700] "GET /?path=//opt/alt/tests/alt-php71-pecl-rar_4.2.0-3.el8 HTTP/1.1" 200 2580 "http://mail.rgardensoap.com/?path=//opt/alt/tests" "Mozilla/5.0 AppleWebKit/537.36 (KHTML, like Gecko; compatible; GPTBot/1.3; +https://openai.com/gptbot)" 461 **0/461043**
74.7.241.54 - - [10/Mar/2026:22:37:47 -0700] "GET /archivarix.cms.php?fileloc=/home/p8pyefaexf70/public_html/wp-content/themes/veres/index.php&path=/home/p8pyefaexf70/public_html/wp-content/themes/veres HTTP/1.1" 200 2718 "http://www.rgardensoap.com/archivarix.cms.php?path=/home/p8pyefaexf70/public_html/wp-content/themes/veres" "Mozilla/5.0 AppleWebKit/537.36 (KHTML, like Gecko; compatible; GPTBot/1.3; +https://openai.com/gptbot)" 507 **0/507939**
74.7.227.150 - - [10/Mar/2026:22:37:48 -0700] "GET /wp?path=//var/www HTTP/1.1" 200 2573 "http://rgardensoap.com/wp?path=//var" "Mozilla/5.0 AppleWebKit/537.36 (KHTML, like Gecko; compatible; GPTBot/1.3; +https://openai.com/gptbot)" 470 **0/470189**
74.7.227.35 - - [10/Mar/2026:22:37:48 -0700] "GET /?path=//opt/alt/tests/alt-php84-pecl-yaf_3.3.6-1.el8 HTTP/1.1" 200 2580 "http://mail.rgardensoap.com/?path=//opt/alt/tests" "Mozilla/5.0 AppleWebKit/537.36 (KHTML, like Gecko; compatible; GPTBot/1.3; +https://openai.com/gptbot)" 448 **0/448432**
74.7.241.54 - - [10/Mar/2026:22:37:48 -0700] "GET /plug/vote/plug.xml?path=//proc/fs/jbd2 HTTP/1.1" 200 2553 "http://www.rgardensoap.com/plug/vote/plug.xml?path=//proc/fs" "Mozilla/5.0 AppleWebKit/537.36 (KHTML, like Gecko; compatible; GPTBot/1.3; +https://openai.com/gptbot)" 700 **0/700528**
74.7.227.150 - - [10/Mar/2026:22:37:48 -0700] "GET /blog/?path=//proc/sys/net/netfilter HTTP/1.1" 200 3879 "http://rgardensoap.com/blog/?path=//proc/sys/net" "Mozilla/5.0 AppleWebKit/537.36 (KHTML, like Gecko; compatible; GPTBot/1.3; +https://openai.com/gptbot)" 631 **0/631095**
74.7.227.35 - - [10/Mar/2026:22:37:48 -0700] "GET /?path=//opt/alt/tests/alt-php54-pecl-yaf_2.3.5-1.el8 HTTP/1.1" 200 2580 "http://mail.rgardensoap.com/?path=//opt/alt/tests" "Mozilla/5.0 AppleWebKit/537.36 (KHTML, like Gecko; compatible; GPTBot/1.3; +https://openai.com/gptbot)" 469 **0/469245**
