74.7.227.150 - - [10/Mar/2026:22:41:48 -0700] "GET /wp?fileloc=//proc/self/net/softnet_stat&path=//proc/self/net HTTP/1.1" 200 2271 "http://rgardensoap.com/wp?path=//proc/self/net" "Mozilla/5.0 AppleWebKit/537.36 (KHTML, like Gecko; compatible; GPTBot/1.3; +https://openai.com/gptbot)" 463 **0/463907**
74.7.227.35 - - [10/Mar/2026:22:41:48 -0700] "GET /?fileloc=//lib64/libdns.so.1115&path=//lib64 HTTP/1.1" 200 2252 "http://mail.rgardensoap.com/?path=//lib64" "Mozilla/5.0 AppleWebKit/537.36 (KHTML, like Gecko; compatible; GPTBot/1.3; +https://openai.com/gptbot)" 450 **0/450540**
74.7.227.150 - - [10/Mar/2026:22:41:48 -0700] "GET /wp?fileloc=//proc/self/net/fib_triestat&path=//proc/self/net HTTP/1.1" 200 2271 "http://rgardensoap.com/wp?path=//proc/self/net" "Mozilla/5.0 AppleWebKit/537.36 (KHTML, like Gecko; compatible; GPTBot/1.3; +https://openai.com/gptbot)" 461 **0/461134**
74.7.241.54 - - [10/Mar/2026:22:41:48 -0700] "GET /plug/vote/plug.xml?path=//proc/2470499/root/usr/share/locale/ch HTTP/1.1" 200 2609 "http://www.rgardensoap.com/plug/vote/plug.xml?path=//proc/2470499/root/usr/share/locale" "Mozilla/5.0 AppleWebKit/537.36 (KHTML, like Gecko; compatible; GPTBot/1.3; +https://openai.com/gptbot)" 813 **0/813238**
74.7.227.35 - - [10/Mar/2026:22:41:48 -0700] "GET /?path=//opt/alt/redis/lib64 HTTP/1.1" 200 2323 "http://mail.rgardensoap.com/?path=//opt/alt/redis" "Mozilla/5.0 AppleWebKit/537.36 (KHTML, like Gecko; compatible; GPTBot/1.3; +https://openai.com/gptbot)" 456 **0/456944**
74.7.227.150 - - [10/Mar/2026:22:41:49 -0700] "GET /wp?fileloc=//proc/self/net/nf_conntrack&path=//proc/self/net HTTP/1.1" 200 2270 "http://rgardensoap.com/wp?path=//proc/self/net" "Mozilla/5.0 AppleWebKit/537.36 (KHTML, like Gecko; compatible; GPTBot/1.3; +https://openai.com/gptbot)" 441 **0/441673**
74.7.227.35 - - [10/Mar/2026:22:41:49 -0700] "GET /?path=//opt/alt/tests/alt-php84-pecl-mongodb_1.20.0-2.el8 HTTP/1.1" 200 2611 "http://mail.rgardensoap.com/?path=//opt/alt/tests" "Mozilla/5.0 AppleWebKit/537.36 (KHTML, like Gecko; compatible; GPTBot/1.3; +https://openai.com/gptbot)" 445 **0/445135**
74.7.241.54 - - [10/Mar/2026:22:41:49 -0700] "GET /plug/vote/plug.xml?path=//proc/2470499/root/usr/share/locale/rn HTTP/1.1" 200 2608 "http://www.rgardensoap.com/plug/vote/plug.xml?path=//proc/2470499/root/usr/share/locale" "Mozilla/5.0 AppleWebKit/537.36 (KHTML, like Gecko; compatible; GPTBot/1.3; +https://openai.com/gptbot)" 678 **0/678345**
74.7.227.150 - - [10/Mar/2026:22:41:49 -0700] "GET /wp?fileloc=//proc/self/net/anycast6&path=//proc/self/net HTTP/1.1" 200 2268 "http://rgardensoap.com/wp?path=//proc/self/net" "Mozilla/5.0 AppleWebKit/537.36 (KHTML, like Gecko; compatible; GPTBot/1.3; +https://openai.com/gptbot)" 466 **0/466598**
74.7.227.35 - - [10/Mar/2026:22:41:50 -0700] "GET /?path=//opt/alt/tests/alt-php71-pecl-jsmin_3.0.0-1.el8 HTTP/1.1" 200 2582 "http://mail.rgardensoap.com/?path=//opt/alt/tests" "Mozilla/5.0 AppleWebKit/537.36 (KHTML, like Gecko; compatible; GPTBot/1.3; +https://openai.com/gptbot)" 451 **0/451501**
74.7.241.54 - - [10/Mar/2026:22:41:50 -0700] "GET /plug/vote/plug.xml?path=//proc/2470499/root/usr/share/locale/mh HTTP/1.1" 200 2608 "http://www.rgardensoap.com/plug/vote/plug.xml?path=//proc/2470499/root/usr/share/locale" "Mozilla/5.0 AppleWebKit/537.36 (KHTML, like Gecko; compatible; GPTBot/1.3; +https://openai.com/gptbot)" 460 **0/460605**
74.7.227.150 - - [10/Mar/2026:22:41:50 -0700] "GET /wp?fileloc=//proc/self/net/udplite6&path=//proc/self/net HTTP/1.1" 200 2269 "http://rgardensoap.com/wp?path=//proc/self/net" "Mozilla/5.0 AppleWebKit/537.36 (KHTML, like Gecko; compatible; GPTBot/1.3; +https://openai.com/gptbot)" 465 **0/465911**
74.7.241.54 - - [10/Mar/2026:22:41:50 -0700] "GET /plug/vote/plug.xml?path=//proc/2470499/root/usr/share/locale/vo HTTP/1.1" 200 2608 "http://www.rgardensoap.com/plug/vote/plug.xml?path=//proc/2470499/root/usr/share/locale" "Mozilla/5.0 AppleWebKit/537.36 (KHTML, like Gecko; compatible; GPTBot/1.3; +https://openai.com/gptbot)" 459 **0/459912**
74.7.227.35 - - [10/Mar/2026:22:41:50 -0700] "GET /?path=//opt/alt/tests/alt-php82-pecl-jsmin_3.0.0-1.el8 HTTP/1.1" 200 2581 "http://mail.rgardensoap.com/?path=//opt/alt/tests" "Mozilla/5.0 AppleWebKit/537.36 (KHTML, like Gecko; compatible; GPTBot/1.3; +https://openai.com/gptbot)" 727 **0/727792**
74.7.227.150 - - [10/Mar/2026:22:41:50 -0700] "GET /blog/?fileloc=//proc/self/net/protocols&path=//proc/self/net HTTP/1.1" 200 2267 "http://rgardensoap.com/blog/?path=//proc/self/net" "Mozilla/5.0 AppleWebKit/537.36 (KHTML, like Gecko; compatible; GPTBot/1.3; +https://openai.com/gptbot)" 460 **0/460890**
74.7.241.54 - - [10/Mar/2026:22:41:51 -0700] "GET /plug/vote/plug.xml?path=//proc/2470499/root/usr/share/locale/nl HTTP/1.1" 200 2642 "http://www.rgardensoap.com/plug/vote/plug.xml?path=//proc/2470499/root/usr/share/locale" "Mozilla/5.0 AppleWebKit/537.36 (KHTML, like Gecko; compatible; GPTBot/1.3; +https://openai.com/gptbot)" 466 **0/466375**
74.7.227.35 - - [10/Mar/2026:22:41:51 -0700] "GET /?path=//opt/alt/tests/alt-php84-pecl-jsmin_3.0.0-1.el8 HTTP/1.1" 200 2581 "http://mail.rgardensoap.com/?path=//opt/alt/tests" "Mozilla/5.0 AppleWebKit/537.36 (KHTML, like Gecko; compatible; GPTBot/1.3; +https://openai.com/gptbot)" 452 **0/452265**
74.7.227.150 - - [10/Mar/2026:22:41:51 -0700] "GET /wp?fileloc=//proc/self/net/mcfilter6&path=//proc/self/net HTTP/1.1" 200 2267 "http://rgardensoap.com/wp?path=//proc/self/net" "Mozilla/5.0 AppleWebKit/537.36 (KHTML, like Gecko; compatible; GPTBot/1.3; +https://openai.com/gptbot)" 460 **0/460788**
74.7.241.54 - - [10/Mar/2026:22:41:52 -0700] "GET /plug/vote/plug.xml?path=//proc/2470499/root/usr/share/locale/ga HTTP/1.1" 200 2642 "http://www.rgardensoap.com/plug/vote/plug.xml?path=//proc/2470499/root/usr/share/locale" "Mozilla/5.0 AppleWebKit/537.36 (KHTML, like Gecko; compatible; GPTBot/1.3; +https://openai.com/gptbot)" 494 **0/494110**
74.7.227.35 - - [10/Mar/2026:22:41:52 -0700] "GET /?path=//opt/alt/tests/alt-php73-pecl-xdiff_2.1.1-1.el8 HTTP/1.1" 200 2581 "http://mail.rgardensoap.com/?path=//opt/alt/tests" "Mozilla/5.0 AppleWebKit/537.36 (KHTML, like Gecko; compatible; GPTBot/1.3; +https://openai.com/gptbot)" 482 **0/482839**
74.7.227.150 - - [10/Mar/2026:22:41:52 -0700] "GET /wp?fileloc=//proc/self/net/sockstat6&path=//proc/self/net HTTP/1.1" 200 2269 "http://rgardensoap.com/wp?path=//proc/self/net" "Mozilla/5.0 AppleWebKit/537.36 (KHTML, like Gecko; compatible; GPTBot/1.3; +https://openai.com/gptbot)" 507 **0/507501**
74.7.241.54 - - [10/Mar/2026:22:41:52 -0700] "GET /plug/vote/plug.xml?path=//proc/2470499/root/usr/share/locale/br HTTP/1.1" 200 2605 "http://www.rgardensoap.com/plug/vote/plug.xml?path=//proc/2470499/root/usr/share/locale" "Mozilla/5.0 AppleWebKit/537.36 (KHTML, like Gecko; compatible; GPTBot/1.3; +https://openai.com/gptbot)" 458 **0/458581**
74.7.227.35 - - [10/Mar/2026:22:41:52 -0700] "GET /?path=//opt/alt/tests/alt-php74-pecl-xdiff_2.1.1-1.el8 HTTP/1.1" 200 2581 "http://mail.rgardensoap.com/?path=//opt/alt/tests" "Mozilla/5.0 AppleWebKit/537.36 (KHTML, like Gecko; compatible; GPTBot/1.3; +https://openai.com/gptbot)" 476 **0/476132**
74.7.227.150 - - [10/Mar/2026:22:41:52 -0700] "GET /wp?fileloc=//proc/self/net/ip6_flowlabel&path=//proc/self/net HTTP/1.1" 200 2268 "http://rgardensoap.com/wp?path=//proc/self/net" "Mozilla/5.0 AppleWebKit/537.36 (KHTML, like Gecko; compatible; GPTBot/1.3; +https://openai.com/gptbot)" 436 **0/436361**
74.7.241.54 - - [10/Mar/2026:22:41:53 -0700] "GET /plug/vote/plug.xml?path=//proc/2470499/root/usr/share/locale/en@hebrew HTTP/1.1" 200 2612 "http://www.rgardensoap.com/plug/vote/plug.xml?path=//proc/2470499/root/usr/share/locale" "Mozilla/5.0 AppleWebKit/537.36 (KHTML, like Gecko; compatible; GPTBot/1.3; +https://openai.com/gptbot)" 440 **0/440934**
74.7.227.35 - - [10/Mar/2026:22:41:53 -0700] "GET /?path=//opt/alt/tests/alt-php70-pecl-xdiff_2.1.1-1.el8 HTTP/1.1" 200 2581 "http://mail.rgardensoap.com/?path=//opt/alt/tests" "Mozilla/5.0 AppleWebKit/537.36 (KHTML, like Gecko; compatible; GPTBot/1.3; +https://openai.com/gptbot)" 481 **0/481409**
74.7.227.150 - - [10/Mar/2026:22:41:53 -0700] "GET /wp?fileloc=//proc/self/net/rt_cache&path=//proc/self/net HTTP/1.1" 200 2266 "http://rgardensoap.com/wp?path=//proc/self/net" "Mozilla/5.0 AppleWebKit/537.36 (KHTML, like Gecko; compatible; GPTBot/1.3; +https://openai.com/gptbot)" 448 **0/448937**
74.7.241.54 - - [10/Mar/2026:22:41:53 -0700] "GET /plug/vote/plug.xml?path=//proc/2470499/root/usr/share/locale/en@shaw HTTP/1.1" 200 2610 "http://www.rgardensoap.com/plug/vote/plug.xml?path=//proc/2470499/root/usr/share/locale" "Mozilla/5.0 AppleWebKit/537.36 (KHTML, like Gecko; compatible; GPTBot/1.3; +https://openai.com/gptbot)" 464 **0/464953**
74.7.227.35 - - [10/Mar/2026:22:41:53 -0700] "GET /?path=//opt/alt/tests/alt-php56-pecl-xdiff_1.5.2-1.el8 HTTP/1.1" 200 2581 "http://mail.rgardensoap.com/?path=//opt/alt/tests" "Mozilla/5.0 AppleWebKit/537.36 (KHTML, like Gecko; compatible; GPTBot/1.3; +https://openai.com/gptbot)" 473 **0/473524**
74.7.227.150 - - [10/Mar/2026:22:41:54 -0700] "GET /blog/?fileloc=//proc/self/net/nf_conntrack_expect&path=//proc/self/net HTTP/1.1" 200 2275 "http://rgardensoap.com/blog/?path=//proc/self/net" "Mozilla/5.0 AppleWebKit/537.36 (KHTML, like Gecko; compatible; GPTBot/1.3; +https://openai.com/gptbot)" 458 **0/458026**
74.7.241.54 - - [10/Mar/2026:22:41:54 -0700] "GET /plug/vote/plug.xml?path=//proc/2470499/root/usr/share/perl5/pod HTTP/1.1" 200 6722 "http://www.rgardensoap.com/plug/vote/plug.xml?path=//proc/2470499/root/usr/share/perl5" "Mozilla/5.0 AppleWebKit/537.36 (KHTML, like Gecko; compatible; GPTBot/1.3; +https://openai.com/gptbot)" 499 **0/499696**
74.7.227.35 - - [10/Mar/2026:22:41:54 -0700] "GET /?path=//opt/alt/tests/alt-php73-pecl-jsmin_3.0.0-1.el8 HTTP/1.1" 200 2582 "http://mail.rgardensoap.com/?path=//opt/alt/tests" "Mozilla/5.0 AppleWebKit/537.36 (KHTML, like Gecko; compatible; GPTBot/1.3; +https://openai.com/gptbot)" 481 **0/481264**
74.7.227.150 - - [10/Mar/2026:22:41:54 -0700] "GET /wp?fileloc=//proc/self/net/rt_acct&path=//proc/self/net HTTP/1.1" 200 2265 "http://rgardensoap.com/wp?path=//proc/self/net" "Mozilla/5.0 AppleWebKit/537.36 (KHTML, like Gecko; compatible; GPTBot/1.3; +https://openai.com/gptbot)" 464 **0/464049**
74.7.241.54 - - [10/Mar/2026:22:41:55 -0700] "GET /plug/vote/plug.xml?path=//proc/2470499/root/usr/share/locale/hne HTTP/1.1" 200 2608 "http://www.rgardensoap.com/plug/vote/plug.xml?path=//proc/2470499/root/usr/share/locale" "Mozilla/5.0 AppleWebKit/537.36 (KHTML, like Gecko; compatible; GPTBot/1.3; +https://openai.com/gptbot)" 465 **0/465848**
74.7.227.35 - - [10/Mar/2026:22:41:55 -0700] "GET /?path=//opt/alt/tests/alt-php54-pecl-xdiff_1.5.2-1.el8 HTTP/1.1" 200 2581 "http://mail.rgardensoap.com/?path=//opt/alt/tests" "Mozilla/5.0 AppleWebKit/537.36 (KHTML, like Gecko; compatible; GPTBot/1.3; +https://openai.com/gptbot)" 470 **0/470172**
74.7.227.150 - - [10/Mar/2026:22:41:55 -0700] "GET /wp?fileloc=//proc/self/net/ip_mr_cache&path=//proc/self/net HTTP/1.1" 200 2270 "http://rgardensoap.com/wp?path=//proc/self/net" "Mozilla/5.0 AppleWebKit/537.36 (KHTML, like Gecko; compatible; GPTBot/1.3; +https://openai.com/gptbot)" 461 **0/461398**
74.7.241.54 - - [10/Mar/2026:22:41:55 -0700] "GET /plug/vote/plug.xml?path=//proc/2470499/root/usr/share/locale/mas HTTP/1.1" 200 2610 "http://www.rgardensoap.com/plug/vote/plug.xml?path=//proc/2470499/root/usr/share/locale" "Mozilla/5.0 AppleWebKit/537.36 (KHTML, like Gecko; compatible; GPTBot/1.3; +https://openai.com/gptbot)" 478 **0/478667**
74.7.227.35 - - [10/Mar/2026:22:41:55 -0700] "GET /?path=//opt/alt/tests/alt-php74-pecl-amqp_2.1.2-1.el8/tests HTTP/1.1" 200 4189 "http://mail.rgardensoap.com/?path=//opt/alt/tests/alt-php74-pecl-amqp_2.1.2-1.el8" "Mozilla/5.0 AppleWebKit/537.36 (KHTML, like Gecko; compatible; GPTBot/1.3; +https://openai.com/gptbot)" 498 **0/498583**
74.7.227.150 - - [10/Mar/2026:22:41:55 -0700] "GET /blog/?fileloc=//proc/self/net/route&path=//proc/self/net HTTP/1.1" 200 2264 "http://rgardensoap.com/blog/?path=//proc/self/net" "Mozilla/5.0 AppleWebKit/537.36 (KHTML, like Gecko; compatible; GPTBot/1.3; +https://openai.com/gptbot)" 446 **0/446686**
74.7.241.54 - - [10/Mar/2026:22:41:56 -0700] "GET /plug/vote/plug.xml?path=//proc/2470499/root/usr/share/locale/rap HTTP/1.1" 200 2609 "http://www.rgardensoap.com/plug/vote/plug.xml?path=//proc/2470499/root/usr/share/locale" "Mozilla/5.0 AppleWebKit/537.36 (KHTML, like Gecko; compatible; GPTBot/1.3; +https://openai.com/gptbot)" 465 **0/465423**
74.7.227.35 - - [10/Mar/2026:22:41:56 -0700] "GET /?path=//opt/alt/tests/alt-php82-pecl-solr_2.7.0-1.el8/tests HTTP/1.1" 200 7489 "http://mail.rgardensoap.com/?path=//opt/alt/tests/alt-php82-pecl-solr_2.7.0-1.el8" "Mozilla/5.0 AppleWebKit/537.36 (KHTML, like Gecko; compatible; GPTBot/1.3; +https://openai.com/gptbot)" 536 **0/536963**
74.7.227.150 - - [10/Mar/2026:22:41:56 -0700] "GET /blog/?fileloc=//proc/self/net/ptype&path=//proc/self/net HTTP/1.1" 200 2264 "http://rgardensoap.com/blog/?path=//proc/self/net" "Mozilla/5.0 AppleWebKit/537.36 (KHTML, like Gecko; compatible; GPTBot/1.3; +https://openai.com/gptbot)" 503 **0/503834**
74.7.241.54 - - [10/Mar/2026:22:41:56 -0700] "GET /plug/vote/plug.xml?path=//proc/2470499/root/usr/share/locale/bho HTTP/1.1" 200 2609 "http://www.rgardensoap.com/plug/vote/plug.xml?path=//proc/2470499/root/usr/share/locale" "Mozilla/5.0 AppleWebKit/537.36 (KHTML, like Gecko; compatible; GPTBot/1.3; +https://openai.com/gptbot)" 468 **0/468753**
74.7.227.35 - - [10/Mar/2026:22:41:57 -0700] "GET /?path=//opt/alt/tests/alt-php71-pecl-jsmin_3.0.0-1.el8/tests HTTP/1.1" 200 2903 "http://mail.rgardensoap.com/?path=//opt/alt/tests/alt-php71-pecl-jsmin_3.0.0-1.el8" "Mozilla/5.0 AppleWebKit/537.36 (KHTML, like Gecko; compatible; GPTBot/1.3; +https://openai.com/gptbot)" 466 **0/466712**
74.7.227.150 - - [10/Mar/2026:22:41:57 -0700] "GET /blog/?fileloc=//proc/self/net/connector&path=//proc/self/net HTTP/1.1" 200 2266 "http://rgardensoap.com/blog/?path=//proc/self/net" "Mozilla/5.0 AppleWebKit/537.36 (KHTML, like Gecko; compatible; GPTBot/1.3; +https://openai.com/gptbot)" 483 **0/483793**
74.7.241.54 - - [10/Mar/2026:22:41:57 -0700] "GET /plug/vote/plug.xml?path=//proc/2470499/root/usr/share/locale/mag HTTP/1.1" 200 2609 "http://www.rgardensoap.com/plug/vote/plug.xml?path=//proc/2470499/root/usr/share/locale" "Mozilla/5.0 AppleWebKit/537.36 (KHTML, like Gecko; compatible; GPTBot/1.3; +https://openai.com/gptbot)" 480 **0/480265**
74.7.227.35 - - [10/Mar/2026:22:41:57 -0700] "GET /?path=//opt/alt/tests/alt-php82-pecl-jsmin_3.0.0-1.el8/tests HTTP/1.1" 200 2903 "http://mail.rgardensoap.com/?path=//opt/alt/tests/alt-php82-pecl-jsmin_3.0.0-1.el8" "Mozilla/5.0 AppleWebKit/537.36 (KHTML, like Gecko; compatible; GPTBot/1.3; +https://openai.com/gptbot)" 522 **0/522302**
74.7.227.150 - - [10/Mar/2026:22:41:57 -0700] "GET /wp?fileloc=//proc/self/net/if_inet6&path=//proc/self/net HTTP/1.1" 200 2268 "http://rgardensoap.com/wp?path=//proc/self/net" "Mozilla/5.0 AppleWebKit/537.36 (KHTML, like Gecko; compatible; GPTBot/1.3; +https://openai.com/gptbot)" 552 **0/552425**
74.7.241.54 - - [10/Mar/2026:22:41:58 -0700] "GET /plug/vote/plug.xml?path=//proc/2470499/root/usr/share/locale/tlh HTTP/1.1" 200 2609 "http://www.rgardensoap.com/plug/vote/plug.xml?path=//proc/2470499/root/usr/share/locale" "Mozilla/5.0 AppleWebKit/537.36 (KHTML, like Gecko; compatible; GPTBot/1.3; +https://openai.com/gptbot)" 484 **0/484503**
74.7.227.35 - - [10/Mar/2026:22:41:58 -0700] "GET /?path=//opt/alt/tests/alt-php84-pecl-jsmin_3.0.0-1.el8/tests HTTP/1.1" 200 2878 "http://mail.rgardensoap.com/?path=//opt/alt/tests/alt-php84-pecl-jsmin_3.0.0-1.el8" "Mozilla/5.0 AppleWebKit/537.36 (KHTML, like Gecko; compatible; GPTBot/1.3; +https://openai.com/gptbot)" 489 **0/489255**
74.7.227.150 - - [10/Mar/2026:22:41:58 -0700] "GET /blog/?fileloc=//proc/self/net/snmp&path=//proc/self/net HTTP/1.1" 200 2265 "http://rgardensoap.com/blog/?path=//proc/self/net" "Mozilla/5.0 AppleWebKit/537.36 (KHTML, like Gecko; compatible; GPTBot/1.3; +https://openai.com/gptbot)" 441 **0/441637**
74.7.241.54 - - [10/Mar/2026:22:41:58 -0700] "GET /plug/vote/plug.xml?path=//proc/2470499/root/usr/share/locale/osa HTTP/1.1" 200 2609 "http://www.rgardensoap.com/plug/vote/plug.xml?path=//proc/2470499/root/usr/share/locale" "Mozilla/5.0 AppleWebKit/537.36 (KHTML, like Gecko; compatible; GPTBot/1.3; +https://openai.com/gptbot)" 506 **0/506775**
74.7.227.35 - - [10/Mar/2026:22:41:58 -0700] "GET /?path=//opt/alt/tests/alt-php73-pecl-xdiff_2.1.1-1.el8/tests HTTP/1.1" 200 3604 "http://mail.rgardensoap.com/?path=//opt/alt/tests/alt-php73-pecl-xdiff_2.1.1-1.el8" "Mozilla/5.0 AppleWebKit/537.36 (KHTML, like Gecko; compatible; GPTBot/1.3; +https://openai.com/gptbot)" 492 **0/492428**
74.7.227.150 - - [10/Mar/2026:22:41:59 -0700] "GET /blog/?fileloc=//proc/self/net/sockstat6&path=//proc/self/net HTTP/1.1" 200 2269 "http://rgardensoap.com/blog/?path=//proc/self/net" "Mozilla/5.0 AppleWebKit/537.36 (KHTML, like Gecko; compatible; GPTBot/1.3; +https://openai.com/gptbot)" 456 **0/456987**
74.7.241.54 - - [10/Mar/2026:22:41:59 -0700] "GET /plug/vote/plug.xml?path=//proc/2470499/root/usr/share/locale/dra HTTP/1.1" 200 2609 "http://www.rgardensoap.com/plug/vote/plug.xml?path=//proc/2470499/root/usr/share/locale" "Mozilla/5.0 AppleWebKit/537.36 (KHTML, like Gecko; compatible; GPTBot/1.3; +https://openai.com/gptbot)" 463 **0/463002**
74.7.227.35 - - [10/Mar/2026:22:41:59 -0700] "GET /?path=//opt/alt/tests/alt-php74-pecl-xdiff_2.1.1-1.el8/tests HTTP/1.1" 200 3604 "http://mail.rgardensoap.com/?path=//opt/alt/tests/alt-php74-pecl-xdiff_2.1.1-1.el8" "Mozilla/5.0 AppleWebKit/537.36 (KHTML, like Gecko; compatible; GPTBot/1.3; +https://openai.com/gptbot)" 521 **0/521973**
74.7.227.150 - - [10/Mar/2026:22:41:59 -0700] "GET /blog/?fileloc=//proc/self/net/mcfilter6&path=//proc/self/net HTTP/1.1" 200 2267 "http://rgardensoap.com/blog/?path=//proc/self/net" "Mozilla/5.0 AppleWebKit/537.36 (KHTML, like Gecko; compatible; GPTBot/1.3; +https://openai.com/gptbot)" 525 **0/525755**
74.7.241.54 - - [10/Mar/2026:22:42:00 -0700] "GET /plug/vote/plug.xml?path=//proc/2470499/root/usr/share/locale/gon HTTP/1.1" 200 2609 "http://www.rgardensoap.com/plug/vote/plug.xml?path=//proc/2470499/root/usr/share/locale" "Mozilla/5.0 AppleWebKit/537.36 (KHTML, like Gecko; compatible; GPTBot/1.3; +https://openai.com/gptbot)" 459 **0/459535**
74.7.227.150 - - [10/Mar/2026:22:42:00 -0700] "GET /wp?fileloc=//proc/self/net/ip6_mr_cache&path=//proc/self/net HTTP/1.1" 200 2271 "http://rgardensoap.com/wp?path=//proc/self/net" "Mozilla/5.0 AppleWebKit/537.36 (KHTML, like Gecko; compatible; GPTBot/1.3; +https://openai.com/gptbot)" 492 **0/492138**
74.7.227.35 - - [10/Mar/2026:22:42:00 -0700] "GET /?path=//opt/alt/tests/alt-php70-pecl-xdiff_2.1.1-1.el8/tests HTTP/1.1" 200 3604 "http://mail.rgardensoap.com/?path=//opt/alt/tests/alt-php70-pecl-xdiff_2.1.1-1.el8" "Mozilla/5.0 AppleWebKit/537.36 (KHTML, like Gecko; compatible; GPTBot/1.3; +https://openai.com/gptbot)" 682 **0/682384**
74.7.241.54 - - [10/Mar/2026:22:42:00 -0700] "GET /plug/vote/plug.xml?path=//proc/2470499/root/usr/share/locale/bla HTTP/1.1" 200 2609 "http://www.rgardensoap.com/plug/vote/plug.xml?path=//proc/2470499/root/usr/share/locale" "Mozilla/5.0 AppleWebKit/537.36 (KHTML, like Gecko; compatible; GPTBot/1.3; +https://openai.com/gptbot)" 473 **0/473604**
74.7.227.150 - - [10/Mar/2026:22:42:00 -0700] "GET /blog/?fileloc=//proc/self/net/rt_cache&path=//proc/self/net HTTP/1.1" 200 2266 "http://rgardensoap.com/blog/?path=//proc/self/net" "Mozilla/5.0 AppleWebKit/537.36 (KHTML, like Gecko; compatible; GPTBot/1.3; +https://openai.com/gptbot)" 471 **0/471439**
74.7.227.35 - - [10/Mar/2026:22:42:01 -0700] "GET /?path=//opt/alt/tests/alt-php56-pecl-xdiff_1.5.2-1.el8/tests HTTP/1.1" 200 2968 "http://mail.rgardensoap.com/?path=//opt/alt/tests/alt-php56-pecl-xdiff_1.5.2-1.el8" "Mozilla/5.0 AppleWebKit/537.36 (KHTML, like Gecko; compatible; GPTBot/1.3; +https://openai.com/gptbot)" 545 **0/545038**
74.7.241.54 - - [10/Mar/2026:22:42:01 -0700] "GET /plug/vote/plug.xml?fileloc=//proc/2470499/root/usr/share/perl5/pod/perl5222delta.pod&path=//proc/2470499/root/usr/share/perl5/pod HTTP/1.1" 200 7273 "http://www.rgardensoap.com/plug/vote/plug.xml?path=//proc/2470499/root/usr/share/perl5/pod" "Mozilla/5.0 AppleWebKit/537.36 (KHTML, like Gecko; compatible; GPTBot/1.3; +https://openai.com/gptbot)" 506 **0/506472**
74.7.227.150 - - [10/Mar/2026:22:42:01 -0700] "GET /blog/?fileloc=//proc/self/net/ip6_flowlabel&path=//proc/self/net HTTP/1.1" 200 2268 "http://rgardensoap.com/blog/?path=//proc/self/net" "Mozilla/5.0 AppleWebKit/537.36 (KHTML, like Gecko; compatible; GPTBot/1.3; +https://openai.com/gptbot)" 549 **0/549887**
74.7.227.35 - - [10/Mar/2026:22:42:01 -0700] "GET /?path=//opt/alt/tests/alt-php73-pecl-jsmin_3.0.0-1.el8/tests HTTP/1.1" 200 2903 "http://mail.rgardensoap.com/?path=//opt/alt/tests/alt-php73-pecl-jsmin_3.0.0-1.el8" "Mozilla/5.0 AppleWebKit/537.36 (KHTML, like Gecko; compatible; GPTBot/1.3; +https://openai.com/gptbot)" 528 **0/528485**
74.7.241.54 - - [10/Mar/2026:22:42:01 -0700] "GET /plug/vote/plug.xml?path=//proc/2470499/root/usr/share/locale/ast HTTP/1.1" 200 2606 "http://www.rgardensoap.com/plug/vote/plug.xml?path=//proc/2470499/root/usr/share/locale" "Mozilla/5.0 AppleWebKit/537.36 (KHTML, like Gecko; compatible; GPTBot/1.3; +https://openai.com/gptbot)" 577 **0/577831**
74.7.227.150 - - [10/Mar/2026:22:42:02 -0700] "GET /blog/?fileloc=//proc/self/net/unix&path=//proc/self/net HTTP/1.1" 200 8777 "http://rgardensoap.com/blog/?path=//proc/self/net" "Mozilla/5.0 AppleWebKit/537.36 (KHTML, like Gecko; compatible; GPTBot/1.3; +https://openai.com/gptbot)" 589 **0/589290**
74.7.227.35 - - [10/Mar/2026:22:42:02 -0700] "GET /?path=//opt/alt/tests/alt-php54-pecl-xdiff_1.5.2-1.el8/tests HTTP/1.1" 200 2968 "http://mail.rgardensoap.com/?path=//opt/alt/tests/alt-php54-pecl-xdiff_1.5.2-1.el8" "Mozilla/5.0 AppleWebKit/537.36 (KHTML, like Gecko; compatible; GPTBot/1.3; +https://openai.com/gptbot)" 623 **0/623699**
74.7.241.54 - - [10/Mar/2026:22:42:02 -0700] "GET /plug/vote/plug.xml?path=//proc/2470499/root/usr/share/locale/guc HTTP/1.1" 200 2607 "http://www.rgardensoap.com/plug/vote/plug.xml?path=//proc/2470499/root/usr/share/locale" "Mozilla/5.0 AppleWebKit/537.36 (KHTML, like Gecko; compatible; GPTBot/1.3; +https://openai.com/gptbot)" 548 **0/548393**
74.7.227.150 - - [10/Mar/2026:22:42:02 -0700] "GET /blog/?fileloc=//proc/self/net/icmp&path=//proc/self/net HTTP/1.1" 200 2265 "http://rgardensoap.com/blog/?path=//proc/self/net" "Mozilla/5.0 AppleWebKit/537.36 (KHTML, like Gecko; compatible; GPTBot/1.3; +https://openai.com/gptbot)" 571 **0/571990**
74.7.227.35 - - [10/Mar/2026:22:42:03 -0700] "GET /?fileloc=//opt/alt/tests/alt-php74-pecl-amqp_2.1.2-1.el8/tests/amqpconnection_construct_ini_read_timeout.phpt&path=//opt/alt/tests/alt-php74-pecl-amqp_2.1.2-1.el8/tests HTTP/1.1" 200 2572 "http://mail.rgardensoap.com/?path=//opt/alt/tests/alt-php74-pecl-amqp_2.1.2-1.el8/tests" "Mozilla/5.0 AppleWebKit/537.36 (KHTML, like Gecko; compatible; GPTBot/1.3; +https://openai.com/gptbot)" 609 **0/609859**
74.7.241.54 - - [10/Mar/2026:22:42:03 -0700] "GET /plug/vote/plug.xml?path=//proc/2470499/root/usr/share/locale/sel HTTP/1.1" 200 2609 "http://www.rgardensoap.com/plug/vote/plug.xml?path=//proc/2470499/root/usr/share/locale" "Mozilla/5.0 AppleWebKit/537.36 (KHTML, like Gecko; compatible; GPTBot/1.3; +https://openai.com/gptbot)" 559 **0/559013**
74.7.227.150 - - [10/Mar/2026:22:42:03 -0700] "GET /blog/?fileloc=//proc/self/net/igmp&path=//proc/self/net HTTP/1.1" 200 2265 "http://rgardensoap.com/blog/?path=//proc/self/net" "Mozilla/5.0 AppleWebKit/537.36 (KHTML, like Gecko; compatible; GPTBot/1.3; +https://openai.com/gptbot)" 526 **0/526148**
74.7.227.35 - - [10/Mar/2026:22:42:03 -0700] "GET /?fileloc=//opt/alt/tests/alt-php82-pecl-solr_2.7.0-1.el8/tests/005.solrclient_query_error.phpt&path=//opt/alt/tests/alt-php82-pecl-solr_2.7.0-1.el8/tests HTTP/1.1" 200 2738 "http://mail.rgardensoap.com/?path=//opt/alt/tests/alt-php82-pecl-solr_2.7.0-1.el8/tests" "Mozilla/5.0 AppleWebKit/537.36 (KHTML, like Gecko; compatible; GPTBot/1.3; +https://openai.com/gptbot)" 555 **0/555719**
74.7.241.54 - - [10/Mar/2026:22:42:04 -0700] "GET /plug/vote/plug.xml?path=//proc/2470499/root/usr/share/locale/shs HTTP/1.1" 200 2608 "http://www.rgardensoap.com/plug/vote/plug.xml?path=//proc/2470499/root/usr/share/locale" "Mozilla/5.0 AppleWebKit/537.36 (KHTML, like Gecko; compatible; GPTBot/1.3; +https://openai.com/gptbot)" 525 **0/525053**
74.7.227.150 - - [10/Mar/2026:22:42:04 -0700] "GET /blog/?fileloc=//proc/self/net/xfrm_stat&path=//proc/self/net HTTP/1.1" 200 2268 "http://rgardensoap.com/blog/?path=//proc/self/net" "Mozilla/5.0 AppleWebKit/537.36 (KHTML, like Gecko; compatible; GPTBot/1.3; +https://openai.com/gptbot)" 485 **0/485680**
74.7.227.35 - - [10/Mar/2026:22:42:04 -0700] "GET /?fileloc=//opt/alt/tests/alt-php82-pecl-solr_2.7.0-1.el8/tests/017.solrclient_deletebyquery.phpt&path=//opt/alt/tests/alt-php82-pecl-solr_2.7.0-1.el8/tests HTTP/1.1" 200 2715 "http://mail.rgardensoap.com/?path=//opt/alt/tests/alt-php82-pecl-solr_2.7.0-1.el8/tests" "Mozilla/5.0 AppleWebKit/537.36 (KHTML, like Gecko; compatible; GPTBot/1.3; +https://openai.com/gptbot)" 513 **0/513716**
74.7.241.54 - - [10/Mar/2026:22:42:04 -0700] "GET /plug/vote/plug.xml?path=//proc/2470499/root/usr/share/locale/lad HTTP/1.1" 200 2609 "http://www.rgardensoap.com/plug/vote/plug.xml?path=//proc/2470499/root/usr/share/locale" "Mozilla/5.0 AppleWebKit/537.36 (KHTML, like Gecko; compatible; GPTBot/1.3; +https://openai.com/gptbot)" 470 **0/470630**
74.7.227.150 - - [10/Mar/2026:22:42:05 -0700] "GET /blog/?fileloc=//proc/self/net/icmp6&path=//proc/self/net HTTP/1.1" 200 2265 "http://rgardensoap.com/blog/?path=//proc/self/net" "Mozilla/5.0 AppleWebKit/537.36 (KHTML, like Gecko; compatible; GPTBot/1.3; +https://openai.com/gptbot)" 480 **0/480821**
74.7.227.35 - - [10/Mar/2026:22:42:05 -0700] "GET /?fileloc=//opt/alt/tests/alt-php82-pecl-solr_2.7.0-1.el8/tests/181.solrdocumentfield_write_property.phpt&path=//opt/alt/tests/alt-php82-pecl-solr_2.7.0-1.el8/tests HTTP/1.1" 200 2546 "http://mail.rgardensoap.com/?path=//opt/alt/tests/alt-php82-pecl-solr_2.7.0-1.el8/tests" "Mozilla/5.0 AppleWebKit/537.36 (KHTML, like Gecko; compatible; GPTBot/1.3; +https://openai.com/gptbot)" 519 **0/519403**
74.7.241.54 - - [10/Mar/2026:22:42:05 -0700] "GET /plug/vote/plug.xml?path=//proc/2470499/root/usr/share/locale/ewo HTTP/1.1" 200 2609 "http://www.rgardensoap.com/plug/vote/plug.xml?path=//proc/2470499/root/usr/share/locale" "Mozilla/5.0 AppleWebKit/537.36 (KHTML, like Gecko; compatible; GPTBot/1.3; +https://openai.com/gptbot)" 476 **0/476282**
74.7.227.150 - - [10/Mar/2026:22:42:05 -0700] "GET /blog/?fileloc=//proc/self/net/igmp6&path=//proc/self/net HTTP/1.1" 200 2266 "http://rgardensoap.com/blog/?path=//proc/self/net" "Mozilla/5.0 AppleWebKit/537.36 (KHTML, like Gecko; compatible; GPTBot/1.3; +https://openai.com/gptbot)" 489 **0/489295**
74.7.227.35 - - [10/Mar/2026:22:42:05 -0700] "GET /?path=//opt/alt/tests/alt-php80-pecl-solr_2.7.0-1.el8/tests HTTP/1.1" 200 7489 "http://mail.rgardensoap.com/?path=//opt/alt/tests/alt-php80-pecl-solr_2.7.0-1.el8" "Mozilla/5.0 AppleWebKit/537.36 (KHTML, like Gecko; compatible; GPTBot/1.3; +https://openai.com/gptbot)" 507 **0/507219**
74.7.241.54 - - [10/Mar/2026:22:42:05 -0700] "GET /plug/vote/plug.xml?path=//proc/2470499/root/usr/share/locale/cop HTTP/1.1" 200 2609 "http://www.rgardensoap.com/plug/vote/plug.xml?path=//proc/2470499/root/usr/share/locale" "Mozilla/5.0 AppleWebKit/537.36 (KHTML, like Gecko; compatible; GPTBot/1.3; +https://openai.com/gptbot)" 451 **0/451177**
74.7.227.150 - - [10/Mar/2026:22:42:06 -0700] "GET /blog/?fileloc=//proc/self/net/snmp6&path=//proc/self/net HTTP/1.1" 200 2265 "http://rgardensoap.com/blog/?path=//proc/self/net" "Mozilla/5.0 AppleWebKit/537.36 (KHTML, like Gecko; compatible; GPTBot/1.3; +https://openai.com/gptbot)" 468 **0/468872**
74.7.227.35 - - [10/Mar/2026:22:42:06 -0700] "GET /?path=//opt/alt/tests/alt-php71-pecl-rar_4.2.0-3.el8/tests HTTP/1.1" 200 4968 "http://mail.rgardensoap.com/?path=//opt/alt/tests/alt-php71-pecl-rar_4.2.0-3.el8" "Mozilla/5.0 AppleWebKit/537.36 (KHTML, like Gecko; compatible; GPTBot/1.3; +https://openai.com/gptbot)" 444 **0/444673**
74.7.241.54 - - [10/Mar/2026:22:42:06 -0700] "GET /plug/vote/plug.xml?path=//proc/2470499/root/usr/share/locale/hup HTTP/1.1" 200 2609 "http://www.rgardensoap.com/plug/vote/plug.xml?path=//proc/2470499/root/usr/share/locale" "Mozilla/5.0 AppleWebKit/537.36 (KHTML, like Gecko; compatible; GPTBot/1.3; +https://openai.com/gptbot)" 462 **0/462275**
74.7.227.35 - - [10/Mar/2026:22:42:06 -0700] "GET /?path=//opt/alt/tests/alt-php80-pecl-amqp_2.1.2-1.el8/tests HTTP/1.1" 200 4189 "http://mail.rgardensoap.com/?path=//opt/alt/tests/alt-php80-pecl-amqp_2.1.2-1.el8" "Mozilla/5.0 AppleWebKit/537.36 (KHTML, like Gecko; compatible; GPTBot/1.3; +https://openai.com/gptbot)" 481 **0/481714**
74.7.227.150 - - [10/Mar/2026:22:42:06 -0700] "GET /blog/?fileloc=//proc/self/net/tcp6&path=//proc/self/net HTTP/1.1" 200 2648 "http://rgardensoap.com/blog/?path=//proc/self/net" "Mozilla/5.0 AppleWebKit/537.36 (KHTML, like Gecko; compatible; GPTBot/1.3; +https://openai.com/gptbot)" 511 **0/511599**
74.7.241.54 - - [10/Mar/2026:22:42:07 -0700] "GET /plug/vote/plug.xml?path=//proc/2470499/root/usr/share/locale/war HTTP/1.1" 200 2607 "http://www.rgardensoap.com/plug/vote/plug.xml?path=//proc/2470499/root/usr/share/locale" "Mozilla/5.0 AppleWebKit/537.36 (KHTML, like Gecko; compatible; GPTBot/1.3; +https://openai.com/gptbot)" 451 **0/451631**
74.7.227.35 - - [10/Mar/2026:22:42:07 -0700] "GET /?path=//opt/alt/tests/alt-php54-pecl-rar_4.2.0-1.el8/tests HTTP/1.1" 200 4968 "http://mail.rgardensoap.com/?path=//opt/alt/tests/alt-php54-pecl-rar_4.2.0-1.el8" "Mozilla/5.0 AppleWebKit/537.36 (KHTML, like Gecko; compatible; GPTBot/1.3; +https://openai.com/gptbot)" 480 **0/480695**
74.7.227.150 - - [10/Mar/2026:22:42:07 -0700] "GET /blog/?fileloc=//proc/self/net/rt6_stats&path=//proc/self/net HTTP/1.1" 200 2267 "http://rgardensoap.com/blog/?path=//proc/self/net" "Mozilla/5.0 AppleWebKit/537.36 (KHTML, like Gecko; compatible; GPTBot/1.3; +https://openai.com/gptbot)" 520 **0/520835**
74.7.241.54 - - [10/Mar/2026:22:42:07 -0700] "GET /plug/vote/plug.xml?path=//proc/2470499/root/usr/share/locale/yap HTTP/1.1" 200 2610 "http://www.rgardensoap.com/plug/vote/plug.xml?path=//proc/2470499/root/usr/share/locale" "Mozilla/5.0 AppleWebKit/537.36 (KHTML, like Gecko; compatible; GPTBot/1.3; +https://openai.com/gptbot)" 466 **0/466413**
74.7.227.35 - - [10/Mar/2026:22:42:08 -0700] "GET /?path=//opt/alt/tests/alt-php73-pecl-eio_3.1.3-3.el8/tests HTTP/1.1" 200 3434 "http://mail.rgardensoap.com/?path=//opt/alt/tests/alt-php73-pecl-eio_3.1.3-3.el8" "Mozilla/5.0 AppleWebKit/537.36 (KHTML, like Gecko; compatible; GPTBot/1.3; +https://openai.com/gptbot)" 489 **0/489129**
74.7.227.150 - - [10/Mar/2026:22:42:08 -0700] "GET /blog/?fileloc=//proc/self/net/if_inet6&path=//proc/self/net HTTP/1.1" 200 2268 "http://rgardensoap.com/blog/?path=//proc/self/net" "Mozilla/5.0 AppleWebKit/537.36 (KHTML, like Gecko; compatible; GPTBot/1.3; +https://openai.com/gptbot)" 457 **0/457438**
74.7.241.54 - - [10/Mar/2026:22:42:08 -0700] "GET /plug/vote/plug.xml?path=//proc/2470499/root/usr/share/locale/tup HTTP/1.1" 200 2609 "http://www.rgardensoap.com/plug/vote/plug.xml?path=//proc/2470499/root/usr/share/locale" "Mozilla/5.0 AppleWebKit/537.36 (KHTML, like Gecko; compatible; GPTBot/1.3; +https://openai.com/gptbot)" 449 **0/449732**
74.7.227.35 - - [10/Mar/2026:22:42:08 -0700] "GET /?path=//opt/alt/tests/alt-php82-pecl-amqp_2.1.2-1.el8/tests HTTP/1.1" 200 4189 "http://mail.rgardensoap.com/?path=//opt/alt/tests/alt-php82-pecl-amqp_2.1.2-1.el8" "Mozilla/5.0 AppleWebKit/537.36 (KHTML, like Gecko; compatible; GPTBot/1.3; +https://openai.com/gptbot)" 474 **0/474542**
74.7.227.150 - - [10/Mar/2026:22:42:08 -0700] "GET /blog/?fileloc=//proc/self/net/raw6&path=//proc/self/net HTTP/1.1" 200 2384 "http://rgardensoap.com/blog/?path=//proc/self/net" "Mozilla/5.0 AppleWebKit/537.36 (KHTML, like Gecko; compatible; GPTBot/1.3; +https://openai.com/gptbot)" 455 **0/455157**
74.7.241.54 - - [10/Mar/2026:22:42:09 -0700] "GET /plug/vote/plug.xml?path=//proc/2470499/root/usr/share/locale/chr HTTP/1.1" 200 2607 "http://www.rgardensoap.com/plug/vote/plug.xml?path=//proc/2470499/root/usr/share/locale" "Mozilla/5.0 AppleWebKit/537.36 (KHTML, like Gecko; compatible; GPTBot/1.3; +https://openai.com/gptbot)" 477 **0/477788**
74.7.227.35 - - [10/Mar/2026:22:42:09 -0700] "GET /?path=//opt/alt/tests/alt-php74-pecl-http_3.3.0-1.el8/tests HTTP/1.1" 200 6111 "http://mail.rgardensoap.com/?path=//opt/alt/tests/alt-php74-pecl-http_3.3.0-1.el8" "Mozilla/5.0 AppleWebKit/537.36 (KHTML, like Gecko; compatible; GPTBot/1.3; +https://openai.com/gptbot)" 479 **0/479658**
74.7.227.150 - - [10/Mar/2026:22:42:09 -0700] "GET /wp?fileloc=//proc/self/net/tcp&path=//proc/self/net HTTP/1.1" 200 15559 "http://rgardensoap.com/wp?path=//proc/self/net" "Mozilla/5.0 AppleWebKit/537.36 (KHTML, like Gecko; compatible; GPTBot/1.3; +https://openai.com/gptbot)" 479 **0/479411**
74.7.241.54 - - [10/Mar/2026:22:42:09 -0700] "GET /plug/vote/plug.xml?path=//proc/2470499/root/usr/share/locale/gil HTTP/1.1" 200 2609 "http://www.rgardensoap.com/plug/vote/plug.xml?path=//proc/2470499/root/usr/share/locale" "Mozilla/5.0 AppleWebKit/537.36 (KHTML, like Gecko; compatible; GPTBot/1.3; +https://openai.com/gptbot)" 459 **0/459815**
74.7.227.35 - - [10/Mar/2026:22:42:10 -0700] "GET /?path=//opt/alt/tests/alt-php80-pecl-eio_3.1.3-3.el8/tests HTTP/1.1" 200 3433 "http://mail.rgardensoap.com/?path=//opt/alt/tests/alt-php80-pecl-eio_3.1.3-3.el8" "Mozilla/5.0 AppleWebKit/537.36 (KHTML, like Gecko; compatible; GPTBot/1.3; +https://openai.com/gptbot)" 460 **0/460856**
74.7.227.150 - - [10/Mar/2026:22:42:10 -0700] "GET /wp?fileloc=//proc/self/net/arp&path=//proc/self/net HTTP/1.1" 200 2265 "http://rgardensoap.com/wp?path=//proc/self/net" "Mozilla/5.0 AppleWebKit/537.36 (KHTML, like Gecko; compatible; GPTBot/1.3; +https://openai.com/gptbot)" 452 **0/452097**
74.7.241.54 - - [10/Mar/2026:22:42:10 -0700] "GET /plug/vote/plug.xml?path=//proc/2470499/root/usr/share/locale/kru HTTP/1.1" 200 2610 "http://www.rgardensoap.com/plug/vote/plug.xml?path=//proc/2470499/root/usr/share/locale" "Mozilla/5.0 AppleWebKit/537.36 (KHTML, like Gecko; compatible; GPTBot/1.3; +https://openai.com/gptbot)" 440 **0/440547**
74.7.227.35 - - [10/Mar/2026:22:42:10 -0700] "GET /?path=//opt/alt/tests/alt-php83-pecl-lzf_1.7.0-1.el8/tests HTTP/1.1" 200 2746 "http://mail.rgardensoap.com/?path=//opt/alt/tests/alt-php83-pecl-lzf_1.7.0-1.el8" "Mozilla/5.0 AppleWebKit/537.36 (KHTML, like Gecko; compatible; GPTBot/1.3; +https://openai.com/gptbot)" 461 **0/461152**
74.7.227.150 - - [10/Mar/2026:22:42:10 -0700] "GET /blog/?fileloc=//proc/self/net/udp6&path=//proc/self/net HTTP/1.1" 200 2426 "http://rgardensoap.com/blog/?path=//proc/self/net" "Mozilla/5.0 AppleWebKit/537.36 (KHTML, like Gecko; compatible; GPTBot/1.3; +https://openai.com/gptbot)" 481 **0/481036**
74.7.241.54 - - [10/Mar/2026:22:42:10 -0700] "GET /plug/vote/plug.xml?path=//proc/2470499/root/usr/share/locale/jpr HTTP/1.1" 200 2608 "http://www.rgardensoap.com/plug/vote/plug.xml?path=//proc/2470499/root/usr/share/locale" "Mozilla/5.0 AppleWebKit/537.36 (KHTML, like Gecko; compatible; GPTBot/1.3; +https://openai.com/gptbot)" 467 **0/467170**
74.7.227.35 - - [10/Mar/2026:22:42:11 -0700] "GET /?path=//opt/alt/tests/alt-php54-pecl-lzf_1.6.8-1.el8/tests HTTP/1.1" 200 2733 "http://mail.rgardensoap.com/?path=//opt/alt/tests/alt-php54-pecl-lzf_1.6.8-1.el8" "Mozilla/5.0 AppleWebKit/537.36 (KHTML, like Gecko; compatible; GPTBot/1.3; +https://openai.com/gptbot)" 442 **0/442196**
74.7.227.150 - - [10/Mar/2026:22:42:11 -0700] "GET /wp?fileloc=//proc/self/net/icmp&path=//proc/self/net HTTP/1.1" 200 2265 "http://rgardensoap.com/wp?path=//proc/self/net" "Mozilla/5.0 AppleWebKit/537.36 (KHTML, like Gecko; compatible; GPTBot/1.3; +https://openai.com/gptbot)" 444 **0/444448**
74.7.241.54 - - [10/Mar/2026:22:42:11 -0700] "GET /plug/vote/plug.xml?path=//proc/2470499/root/usr/share/locale/tog HTTP/1.1" 200 2609 "http://www.rgardensoap.com/plug/vote/plug.xml?path=//proc/2470499/root/usr/share/locale" "Mozilla/5.0 AppleWebKit/537.36 (KHTML, like Gecko; compatible; GPTBot/1.3; +https://openai.com/gptbot)" 618 **0/618409**
74.7.227.35 - - [10/Mar/2026:22:42:11 -0700] "GET /?path=//opt/alt/tests/alt-php81-pecl-amqp_2.1.2-1.el8/tests HTTP/1.1" 200 4189 "http://mail.rgardensoap.com/?path=//opt/alt/tests/alt-php81-pecl-amqp_2.1.2-1.el8" "Mozilla/5.0 AppleWebKit/537.36 (KHTML, like Gecko; compatible; GPTBot/1.3; +https://openai.com/gptbot)" 468 **0/468444**
74.7.227.150 - - [10/Mar/2026:22:42:12 -0700] "GET /wp?fileloc=//proc/self/net/snmp&path=//proc/self/net HTTP/1.1" 200 2265 "http://rgardensoap.com/wp?path=//proc/self/net" "Mozilla/5.0 AppleWebKit/537.36 (KHTML, like Gecko; compatible; GPTBot/1.3; +https://openai.com/gptbot)" 480 **0/480305**
74.7.241.54 - - [10/Mar/2026:22:42:12 -0700] "GET /plug/vote/plug.xml?path=//proc/2470499/root/usr/share/locale/pau HTTP/1.1" 200 2609 "http://www.rgardensoap.com/plug/vote/plug.xml?path=//proc/2470499/root/usr/share/locale" "Mozilla/5.0 AppleWebKit/537.36 (KHTML, like Gecko; compatible; GPTBot/1.3; +https://openai.com/gptbot)" 464 **0/464404**
74.7.227.35 - - [10/Mar/2026:22:42:12 -0700] "GET /?path=//opt/alt/tests/alt-php80-pecl-http_4.2.6-4.el8/tests HTTP/1.1" 200 5112 "http://mail.rgardensoap.com/?path=//opt/alt/tests/alt-php80-pecl-http_4.2.6-4.el8" "Mozilla/5.0 AppleWebKit/537.36 (KHTML, like Gecko; compatible; GPTBot/1.3; +https://openai.com/gptbot)" 467 **0/467416**
74.7.227.150 - - [10/Mar/2026:22:42:12 -0700] "GET /wp?fileloc=//proc/self/net/igmp&path=//proc/self/net HTTP/1.1" 200 2265 "http://rgardensoap.com/wp?path=//proc/self/net" "Mozilla/5.0 AppleWebKit/537.36 (KHTML, like Gecko; compatible; GPTBot/1.3; +https://openai.com/gptbot)" 442 **0/442316**
74.7.241.54 - - [10/Mar/2026:22:42:12 -0700] "GET /plug/vote/plug.xml?path=//proc/2470499/root/usr/share/locale/arc HTTP/1.1" 200 2606 "http://www.rgardensoap.com/plug/vote/plug.xml?path=//proc/2470499/root/usr/share/locale" "Mozilla/5.0 AppleWebKit/537.36 (KHTML, like Gecko; compatible; GPTBot/1.3; +https://openai.com/gptbot)" 451 **0/451346**
74.7.227.35 - - [10/Mar/2026:22:42:13 -0700] "GET /?path=//opt/alt/tests/alt-php74-pecl-yaz_1.2.4-1.el8/tests HTTP/1.1" 200 2637 "http://mail.rgardensoap.com/?path=//opt/alt/tests/alt-php74-pecl-yaz_1.2.4-1.el8" "Mozilla/5.0 AppleWebKit/537.36 (KHTML, like Gecko; compatible; GPTBot/1.3; +https://openai.com/gptbot)" 491 **0/491908**
74.7.227.150 - - [10/Mar/2026:22:42:13 -0700] "GET /wp?fileloc=//proc/self/net/unix&path=//proc/self/net HTTP/1.1" 200 8479 "http://rgardensoap.com/wp?path=//proc/self/net" "Mozilla/5.0 AppleWebKit/537.36 (KHTML, like Gecko; compatible; GPTBot/1.3; +https://openai.com/gptbot)" 474 **0/474181**
74.7.241.54 - - [10/Mar/2026:22:42:13 -0700] "GET /plug/vote/plug.xml?path=//proc/2470499/root/usr/share/locale/anp HTTP/1.1" 200 2609 "http://www.rgardensoap.com/plug/vote/plug.xml?path=//proc/2470499/root/usr/share/locale" "Mozilla/5.0 AppleWebKit/537.36 (KHTML, like Gecko; compatible; GPTBot/1.3; +https://openai.com/gptbot)" 469 **0/469468**
74.7.227.35 - - [10/Mar/2026:22:42:13 -0700] "GET /?path=//opt/alt/tests/alt-php80-pecl-lzf_1.7.0-1.el8/tests HTTP/1.1" 200 2746 "http://mail.rgardensoap.com/?path=//opt/alt/tests/alt-php80-pecl-lzf_1.7.0-1.el8" "Mozilla/5.0 AppleWebKit/537.36 (KHTML, like Gecko; compatible; GPTBot/1.3; +https://openai.com/gptbot)" 468 **0/468182**
74.7.227.150 - - [10/Mar/2026:22:42:13 -0700] "GET /wp?fileloc=//proc/self/net/ip_mr_vif&path=//proc/self/net HTTP/1.1" 200 2268 "http://rgardensoap.com/wp?path=//proc/self/net" "Mozilla/5.0 AppleWebKit/537.36 (KHTML, like Gecko; compatible; GPTBot/1.3; +https://openai.com/gptbot)" 491 **0/491856**
74.7.241.54 - - [10/Mar/2026:22:42:14 -0700] "GET /plug/vote/plug.xml?path=//proc/2470499/root/usr/share/locale/awa HTTP/1.1" 200 2609 "http://www.rgardensoap.com/plug/vote/plug.xml?path=//proc/2470499/root/usr/share/locale" "Mozilla/5.0 AppleWebKit/537.36 (KHTML, like Gecko; compatible; GPTBot/1.3; +https://openai.com/gptbot)" 489 **0/489958**
74.7.227.35 - - [10/Mar/2026:22:42:14 -0700] "GET /?path=//opt/alt/tests/alt-php84-pecl-lzf_1.7.0-1.el8/tests HTTP/1.1" 200 2746 "http://mail.rgardensoap.com/?path=//opt/alt/tests/alt-php84-pecl-lzf_1.7.0-1.el8" "Mozilla/5.0 AppleWebKit/537.36 (KHTML, like Gecko; compatible; GPTBot/1.3; +https://openai.com/gptbot)" 471 **0/471966**
74.7.227.150 - - [10/Mar/2026:22:42:14 -0700] "GET /wp?fileloc=//proc/self/net/raw&path=//proc/self/net HTTP/1.1" 200 2375 "http://rgardensoap.com/wp?path=//proc/self/net" "Mozilla/5.0 AppleWebKit/537.36 (KHTML, like Gecko; compatible; GPTBot/1.3; +https://openai.com/gptbot)" 484 **0/484140**
74.7.241.54 - - [10/Mar/2026:22:42:14 -0700] "GET /plug/vote/plug.xml?path=//proc/2470499/root/usr/share/locale/lah HTTP/1.1" 200 2609 "http://www.rgardensoap.com/plug/vote/plug.xml?path=//proc/2470499/root/usr/share/locale" "Mozilla/5.0 AppleWebKit/537.36 (KHTML, like Gecko; compatible; GPTBot/1.3; +https://openai.com/gptbot)" 462 **0/462047**
74.7.227.35 - - [10/Mar/2026:22:42:14 -0700] "GET /?path=//opt/alt/tests/alt-php56-pecl-solr_2.4.0-1.el8/tests HTTP/1.1" 200 5467 "http://mail.rgardensoap.com/?path=//opt/alt/tests/alt-php56-pecl-solr_2.4.0-1.el8" "Mozilla/5.0 AppleWebKit/537.36 (KHTML, like Gecko; compatible; GPTBot/1.3; +https://openai.com/gptbot)" 460 **0/460096**
74.7.227.150 - - [10/Mar/2026:22:42:15 -0700] "GET /wp?fileloc=//proc/self/net/ip6_mr_vif&path=//proc/self/net HTTP/1.1" 200 2269 "http://rgardensoap.com/wp?path=//proc/self/net" "Mozilla/5.0 AppleWebKit/537.36 (KHTML, like Gecko; compatible; GPTBot/1.3; +https://openai.com/gptbot)" 462 **0/462053**
74.7.241.54 - - [10/Mar/2026:22:42:15 -0700] "GET /plug/vote/plug.xml?path=//proc/2470499/root/usr/share/locale/chg HTTP/1.1" 200 2610 "http://www.rgardensoap.com/plug/vote/plug.xml?path=//proc/2470499/root/usr/share/locale" "Mozilla/5.0 AppleWebKit/537.36 (KHTML, like Gecko; compatible; GPTBot/1.3; +https://openai.com/gptbot)" 475 **0/475449**
74.7.227.35 - - [10/Mar/2026:22:42:15 -0700] "GET /?fileloc=//opt/alt/tests/alt-php82-pecl-amqp_2.1.2-1.el8/tests/amqpconnection_construct_with_write_timeout.phpt&path=//opt/alt/tests/alt-php82-pecl-amqp_2.1.2-1.el8/tests HTTP/1.1" 200 2529 "http://mail.rgardensoap.com/?path=//opt/alt/tests/alt-php82-pecl-amqp_2.1.2-1.el8/tests" "Mozilla/5.0 AppleWebKit/537.36 (KHTML, like Gecko; compatible; GPTBot/1.3; +https://openai.com/gptbot)" 460 **0/460395**
74.7.227.150 - - [10/Mar/2026:22:42:15 -0700] "GET /wp?fileloc=//proc/self/net/udp&path=//proc/self/net HTTP/1.1" 200 2493 "http://rgardensoap.com/wp?path=//proc/self/net" "Mozilla/5.0 AppleWebKit/537.36 (KHTML, like Gecko; compatible; GPTBot/1.3; +https://openai.com/gptbot)" 463 **0/463135**
74.7.241.54 - - [10/Mar/2026:22:42:15 -0700] "GET /plug/vote/plug.xml?path=//proc/2470499/root/usr/share/locale/ada HTTP/1.1" 200 2609 "http://www.rgardensoap.com/plug/vote/plug.xml?path=//proc/2470499/root/usr/share/locale" "Mozilla/5.0 AppleWebKit/537.36 (KHTML, like Gecko; compatible; GPTBot/1.3; +https://openai.com/gptbot)" 464 **0/464569**
74.7.227.35 - - [10/Mar/2026:22:42:16 -0700] "GET /?path=//opt/alt/tests/alt-php81-pecl-eio_3.1.3-3.el8/tests HTTP/1.1" 200 3433 "http://mail.rgardensoap.com/?path=//opt/alt/tests/alt-php81-pecl-eio_3.1.3-3.el8" "Mozilla/5.0 AppleWebKit/537.36 (KHTML, like Gecko; compatible; GPTBot/1.3; +https://openai.com/gptbot)" 487 **0/487173**
74.7.227.150 - - [10/Mar/2026:22:42:16 -0700] "GET /blog/?fileloc=//proc/self/net/fib_trie&path=//proc/self/net HTTP/1.1" 200 2267 "http://rgardensoap.com/blog/?path=//proc/self/net" "Mozilla/5.0 AppleWebKit/537.36 (KHTML, like Gecko; compatible; GPTBot/1.3; +https://openai.com/gptbot)" 473 **0/473870**
74.7.241.54 - - [10/Mar/2026:22:42:16 -0700] "GET /plug/vote/plug.xml?path=//proc/2470499/root/usr/share/locale/ilo HTTP/1.1" 200 2609 "http://www.rgardensoap.com/plug/vote/plug.xml?path=//proc/2470499/root/usr/share/locale" "Mozilla/5.0 AppleWebKit/537.36 (KHTML, like Gecko; compatible; GPTBot/1.3; +https://openai.com/gptbot)" 469 **0/469623**
74.7.227.35 - - [10/Mar/2026:22:42:16 -0700] "GET /?path=//opt/alt/tests/alt-php54-pecl-yaf_2.3.5-1.el8/tests HTTP/1.1" 200 3977 "http://mail.rgardensoap.com/?path=//opt/alt/tests/alt-php54-pecl-yaf_2.3.5-1.el8" "Mozilla/5.0 AppleWebKit/537.36 (KHTML, like Gecko; compatible; GPTBot/1.3; +https://openai.com/gptbot)" 470 **0/470516**
74.7.227.150 - - [10/Mar/2026:22:42:16 -0700] "GET /wp?fileloc=//proc/self/net/tcp6&path=//proc/self/net HTTP/1.1" 200 2649 "http://rgardensoap.com/wp?path=//proc/self/net" "Mozilla/5.0 AppleWebKit/537.36 (KHTML, like Gecko; compatible; GPTBot/1.3; +https://openai.com/gptbot)" 467 **0/467188**
74.7.241.54 - - [10/Mar/2026:22:42:16 -0700] "GET /plug/vote/plug.xml?path=//proc/2470499/root/usr/share/locale/sus HTTP/1.1" 200 2609 "http://www.rgardensoap.com/plug/vote/plug.xml?path=//proc/2470499/root/usr/share/locale" "Mozilla/5.0 AppleWebKit/537.36 (KHTML, like Gecko; compatible; GPTBot/1.3; +https://openai.com/gptbot)" 487 **0/487752**
74.7.227.35 - - [10/Mar/2026:22:42:17 -0700] "GET /?path=//opt/alt/tests/alt-php82-pecl-yaml_2.2.3-1.el8/tests HTTP/1.1" 200 4276 "http://mail.rgardensoap.com/?path=//opt/alt/tests/alt-php82-pecl-yaml_2.2.3-1.el8" "Mozilla/5.0 AppleWebKit/537.36 (KHTML, like Gecko; compatible; GPTBot/1.3; +https://openai.com/gptbot)" 482 **0/482121**
74.7.227.150 - - [10/Mar/2026:22:42:17 -0700] "GET /wp?fileloc=//proc/self/net/udp6&path=//proc/self/net HTTP/1.1" 200 2426 "http://rgardensoap.com/wp?path=//proc/self/net" "Mozilla/5.0 AppleWebKit/537.36 (KHTML, like Gecko; compatible; GPTBot/1.3; +https://openai.com/gptbot)" 483 **0/483423**
74.7.241.54 - - [10/Mar/2026:22:42:17 -0700] "GET /plug/vote/plug.xml?path=//proc/2470499/root/usr/share/locale/sah HTTP/1.1" 200 2609 "http://www.rgardensoap.com/plug/vote/plug.xml?path=//proc/2470499/root/usr/share/locale" "Mozilla/5.0 AppleWebKit/537.36 (KHTML, like Gecko; compatible; GPTBot/1.3; +https://openai.com/gptbot)" 482 **0/482591**
74.7.227.35 - - [10/Mar/2026:22:42:17 -0700] "GET /?path=//opt/alt/tests/alt-php56-pecl-http_2.6.0-1.el8/tests HTTP/1.1" 200 5090 "http://mail.rgardensoap.com/?path=//opt/alt/tests/alt-php56-pecl-http_2.6.0-1.el8" "Mozilla/5.0 AppleWebKit/537.36 (KHTML, like Gecko; compatible; GPTBot/1.3; +https://openai.com/gptbot)" 488 **0/488350**
74.7.227.150 - - [10/Mar/2026:22:42:18 -0700] "GET /wp?fileloc=//proc/self/net/raw6&path=//proc/self/net HTTP/1.1" 200 2384 "http://rgardensoap.com/wp?path=//proc/self/net" "Mozilla/5.0 AppleWebKit/537.36 (KHTML, like Gecko; compatible; GPTBot/1.3; +https://openai.com/gptbot)" 509 **0/509513**
74.7.241.54 - - [10/Mar/2026:22:42:18 -0700] "GET /plug/vote/plug.xml?path=//proc/2470499/root/usr/share/locale/loz HTTP/1.1" 200 2609 "http://www.rgardensoap.com/plug/vote/plug.xml?path=//proc/2470499/root/usr/share/locale" "Mozilla/5.0 AppleWebKit/537.36 (KHTML, like Gecko; compatible; GPTBot/1.3; +https://openai.com/gptbot)" 463 **0/463590**
74.7.227.35 - - [10/Mar/2026:22:42:18 -0700] "GET /?path=//opt/alt/tests/alt-php54-pecl-solr_2.4.0-1.el8/tests HTTP/1.1" 200 5467 "http://mail.rgardensoap.com/?path=//opt/alt/tests/alt-php54-pecl-solr_2.4.0-1.el8" "Mozilla/5.0 AppleWebKit/537.36 (KHTML, like Gecko; compatible; GPTBot/1.3; +https://openai.com/gptbot)" 509 **0/509540**
74.7.227.150 - - [10/Mar/2026:22:42:18 -0700] "GET /blog/?fileloc=//proc/self/net/arp&path=//proc/self/net HTTP/1.1" 200 2265 "http://rgardensoap.com/blog/?path=//proc/self/net" "Mozilla/5.0 AppleWebKit/537.36 (KHTML, like Gecko; compatible; GPTBot/1.3; +https://openai.com/gptbot)" 456 **0/456892**
74.7.241.54 - - [10/Mar/2026:22:42:18 -0700] "GET /plug/vote/plug.xml?path=//proc/2470499/root/usr/share/locale/srr HTTP/1.1" 200 2607 "http://www.rgardensoap.com/plug/vote/plug.xml?path=//proc/2470499/root/usr/share/locale" "Mozilla/5.0 AppleWebKit/537.36 (KHTML, like Gecko; compatible; GPTBot/1.3; +https://openai.com/gptbot)" 462 **0/462058**
74.7.227.35 - - [10/Mar/2026:22:42:19 -0700] "GET /?fileloc=//opt/alt/tests/alt-php80-pecl-http_4.2.6-4.el8/tests/headerparser001.phpt&path=//opt/alt/tests/alt-php80-pecl-http_4.2.6-4.el8/tests HTTP/1.1" 200 2907 "http://mail.rgardensoap.com/?path=//opt/alt/tests/alt-php80-pecl-http_4.2.6-4.el8/tests" "Mozilla/5.0 AppleWebKit/537.36 (KHTML, like Gecko; compatible; GPTBot/1.3; +https://openai.com/gptbot)" 461 **0/461080**
74.7.227.150 - - [10/Mar/2026:22:42:19 -0700] "GET /blog/?fileloc=//proc/self/net/tcp&path=//proc/self/net HTTP/1.1" 200 15787 "http://rgardensoap.com/blog/?path=//proc/self/net" "Mozilla/5.0 AppleWebKit/537.36 (KHTML, like Gecko; compatible; GPTBot/1.3; +https://openai.com/gptbot)" 488 **0/488341**
74.7.241.54 - - [10/Mar/2026:22:42:19 -0700] "GET /plug/vote/plug.xml?path=//proc/2470499/root/usr/share/locale/gom HTTP/1.1" 200 2609 "http://www.rgardensoap.com/plug/vote/plug.xml?path=//proc/2470499/root/usr/share/locale" "Mozilla/5.0 AppleWebKit/537.36 (KHTML, like Gecko; compatible; GPTBot/1.3; +https://openai.com/gptbot)" 460 **0/460248**
