74.7.241.54 - - [10/Mar/2026:22:45:50 -0700] "GET /plug/vote/plug.xml?fileloc=//proc/2470499/cwd/lib64/libargon2.so.1&path=//proc/2470499/cwd/lib64 HTTP/1.1" 200 2283 "http://www.rgardensoap.com/plug/vote/plug.xml?path=//proc/2470499/cwd/lib64" "Mozilla/5.0 AppleWebKit/537.36 (KHTML, like Gecko; compatible; GPTBot/1.3; +https://openai.com/gptbot)" 570 **0/570894**
74.7.227.35 - - [10/Mar/2026:22:45:50 -0700] "GET /?path=//opt/alt/ruby32/lib64/gems/ruby/io-console-0.6.0 HTTP/1.1" 200 2689 "http://mail.rgardensoap.com/?path=//opt/alt/ruby32/lib64/gems/ruby" "Mozilla/5.0 AppleWebKit/537.36 (KHTML, like Gecko; compatible; GPTBot/1.3; +https://openai.com/gptbot)" 466 **0/466812**
74.7.227.150 - - [10/Mar/2026:22:45:50 -0700] "GET /blog/?path=//proc/2470499/cwd/root HTTP/1.1" 200 2324 "http://rgardensoap.com/blog/?path=//proc/2470499/cwd" "Mozilla/5.0 AppleWebKit/537.36 (KHTML, like Gecko; compatible; GPTBot/1.3; +https://openai.com/gptbot)" 475 **0/475289**
74.7.241.54 - - [10/Mar/2026:22:45:51 -0700] "GET /plug/vote/plug.xml?path=//proc/2470499/root/usr/share/locale/sk.cp1250/LC_MESSAGES HTTP/1.1" 200 2382 "http://www.rgardensoap.com/plug/vote/plug.xml?path=//proc/2470499/root/usr/share/locale/sk.cp1250" "Mozilla/5.0 AppleWebKit/537.36 (KHTML, like Gecko; compatible; GPTBot/1.3; +https://openai.com/gptbot)" 507 **0/507113**
74.7.227.35 - - [10/Mar/2026:22:45:51 -0700] "GET /?path=//opt/alt/ruby32/lib64/ruby/digest HTTP/1.1" 200 2730 "http://mail.rgardensoap.com/?path=//opt/alt/ruby32/lib64/ruby" "Mozilla/5.0 AppleWebKit/537.36 (KHTML, like Gecko; compatible; GPTBot/1.3; +https://openai.com/gptbot)" 476 **0/476545**
74.7.227.150 - - [10/Mar/2026:22:45:51 -0700] "GET /blog/?path=//proc/2470499/root/tmp HTTP/1.1" 200 2610 "http://rgardensoap.com/blog/?path=//proc/2470499/root" "Mozilla/5.0 AppleWebKit/537.36 (KHTML, like Gecko; compatible; GPTBot/1.3; +https://openai.com/gptbot)" 456 **0/456744**
74.7.241.54 - - [10/Mar/2026:22:45:51 -0700] "GET /plug/vote/plug.xml?fileloc=//proc/2470499/cwd/lib64/libkadm5srv.so&path=//proc/2470499/cwd/lib64 HTTP/1.1" 200 2284 "http://www.rgardensoap.com/plug/vote/plug.xml?path=//proc/2470499/cwd/lib64" "Mozilla/5.0 AppleWebKit/537.36 (KHTML, like Gecko; compatible; GPTBot/1.3; +https://openai.com/gptbot)" 459 **0/459210**
74.7.227.35 - - [10/Mar/2026:22:45:52 -0700] "GET /?path=//opt/alt/ruby32/lib64/gems/ruby/psych-5.0.1 HTTP/1.1" 200 2666 "http://mail.rgardensoap.com/?path=//opt/alt/ruby32/lib64/gems/ruby" "Mozilla/5.0 AppleWebKit/537.36 (KHTML, like Gecko; compatible; GPTBot/1.3; +https://openai.com/gptbot)" 474 **0/474171**
74.7.227.150 - - [10/Mar/2026:22:45:52 -0700] "GET /blog/?path=//proc/2470499/root/etc HTTP/1.1" 200 4640 "http://rgardensoap.com/blog/?path=//proc/2470499/root" "Mozilla/5.0 AppleWebKit/537.36 (KHTML, like Gecko; compatible; GPTBot/1.3; +https://openai.com/gptbot)" 460 **0/460692**
74.7.241.54 - - [10/Mar/2026:22:45:52 -0700] "GET /plug/vote/plug.xml?fileloc=//proc/2470499/cwd/lib64/libext2fs.so.2&path=//proc/2470499/cwd/lib64 HTTP/1.1" 200 2283 "http://www.rgardensoap.com/plug/vote/plug.xml?path=//proc/2470499/cwd/lib64" "Mozilla/5.0 AppleWebKit/537.36 (KHTML, like Gecko; compatible; GPTBot/1.3; +https://openai.com/gptbot)" 457 **0/457867**
74.7.227.35 - - [10/Mar/2026:22:45:52 -0700] "GET /?path=//opt/alt/tests/alt-php83-pecl-redis_5.3.7-5.el8/tests HTTP/1.1" 200 2958 "http://mail.rgardensoap.com/?path=//opt/alt/tests/alt-php83-pecl-redis_5.3.7-5.el8" "Mozilla/5.0 AppleWebKit/537.36 (KHTML, like Gecko; compatible; GPTBot/1.3; +https://openai.com/gptbot)" 439 **0/439146**
74.7.227.150 - - [10/Mar/2026:22:45:52 -0700] "GET /blog/?path=//proc/2470499/root/bin HTTP/1.1" 200 14580 "http://rgardensoap.com/blog/?path=//proc/2470499/root" "Mozilla/5.0 AppleWebKit/537.36 (KHTML, like Gecko; compatible; GPTBot/1.3; +https://openai.com/gptbot)" 475 **0/475352**
74.7.241.54 - - [10/Mar/2026:22:45:52 -0700] "GET /plug/vote/plug.xml?fileloc=//proc/2470499/cwd/lib64/libnssdbm3.chk&path=//proc/2470499/cwd/lib64 HTTP/1.1" 200 2284 "http://www.rgardensoap.com/plug/vote/plug.xml?path=//proc/2470499/cwd/lib64" "Mozilla/5.0 AppleWebKit/537.36 (KHTML, like Gecko; compatible; GPTBot/1.3; +https://openai.com/gptbot)" 468 **0/468485**
74.7.227.35 - - [10/Mar/2026:22:45:53 -0700] "GET /?path=//opt/alt/ruby32/lib64/ruby/racc HTTP/1.1" 200 2604 "http://mail.rgardensoap.com/?path=//opt/alt/ruby32/lib64/ruby" "Mozilla/5.0 AppleWebKit/537.36 (KHTML, like Gecko; compatible; GPTBot/1.3; +https://openai.com/gptbot)" 452 **0/452026**
74.7.227.150 - - [10/Mar/2026:22:45:53 -0700] "GET /blog/?fileloc=//proc/sys/net/mptcp/stale_loss_cnt&path=//proc/sys/net/mptcp HTTP/1.1" 200 2286 "http://rgardensoap.com/blog/?path=//proc/sys/net/mptcp" "Mozilla/5.0 AppleWebKit/537.36 (KHTML, like Gecko; compatible; GPTBot/1.3; +https://openai.com/gptbot)" 492 **0/492490**
74.7.241.54 - - [10/Mar/2026:22:45:53 -0700] "GET /plug/vote/plug.xml?fileloc=//proc/2470499/cwd/lib64/libdatrie.so.1&path=//proc/2470499/cwd/lib64 HTTP/1.1" 200 2283 "http://www.rgardensoap.com/plug/vote/plug.xml?path=//proc/2470499/cwd/lib64" "Mozilla/5.0 AppleWebKit/537.36 (KHTML, like Gecko; compatible; GPTBot/1.3; +https://openai.com/gptbot)" 473 **0/473113**
74.7.227.35 - - [10/Mar/2026:22:45:53 -0700] "GET /?path=//opt/alt/ruby32/lib64/ruby/enc/trans HTTP/1.1" 200 3234 "http://mail.rgardensoap.com/?path=//opt/alt/ruby32/lib64/ruby/enc" "Mozilla/5.0 AppleWebKit/537.36 (KHTML, like Gecko; compatible; GPTBot/1.3; +https://openai.com/gptbot)" 466 **0/466314**
74.7.227.150 - - [10/Mar/2026:22:45:53 -0700] "GET /blog/?fileloc=//proc/sys/net/mptcp/enabled&path=//proc/sys/net/mptcp HTTP/1.1" 200 2278 "http://rgardensoap.com/blog/?path=//proc/sys/net/mptcp" "Mozilla/5.0 AppleWebKit/537.36 (KHTML, like Gecko; compatible; GPTBot/1.3; +https://openai.com/gptbot)" 458 **0/458707**
74.7.241.54 - - [10/Mar/2026:22:45:53 -0700] "GET /plug/vote/plug.xml?fileloc=//proc/2470499/cwd/lib64/libunwind.so.8&path=//proc/2470499/cwd/lib64 HTTP/1.1" 200 2283 "http://www.rgardensoap.com/plug/vote/plug.xml?path=//proc/2470499/cwd/lib64" "Mozilla/5.0 AppleWebKit/537.36 (KHTML, like Gecko; compatible; GPTBot/1.3; +https://openai.com/gptbot)" 460 **0/460969**
74.7.227.35 - - [10/Mar/2026:22:45:54 -0700] "GET /?path=//opt/alt/tests/alt-php83-pecl-igbinary_3.2.15-1.el8/tests HTTP/1.1" 200 5238 "http://mail.rgardensoap.com/?path=//opt/alt/tests/alt-php83-pecl-igbinary_3.2.15-1.el8" "Mozilla/5.0 AppleWebKit/537.36 (KHTML, like Gecko; compatible; GPTBot/1.3; +https://openai.com/gptbot)" 476 **0/476203**
74.7.227.150 - - [10/Mar/2026:22:45:54 -0700] "GET /blog/?fileloc=//proc/sys/net/mptcp/add_addr_timeout&path=//proc/sys/net/mptcp HTTP/1.1" 200 2287 "http://rgardensoap.com/blog/?path=//proc/sys/net/mptcp" "Mozilla/5.0 AppleWebKit/537.36 (KHTML, like Gecko; compatible; GPTBot/1.3; +https://openai.com/gptbot)" 458 **0/458670**
74.7.241.54 - - [10/Mar/2026:22:45:54 -0700] "GET /plug/vote/plug.xml?fileloc=//proc/2470499/cwd/lib64/libk5crypto.so&path=//proc/2470499/cwd/lib64 HTTP/1.1" 200 2284 "http://www.rgardensoap.com/plug/vote/plug.xml?path=//proc/2470499/cwd/lib64" "Mozilla/5.0 AppleWebKit/537.36 (KHTML, like Gecko; compatible; GPTBot/1.3; +https://openai.com/gptbot)" 473 **0/473121**
74.7.227.35 - - [10/Mar/2026:22:45:55 -0700] "GET /?path=//opt/alt/tests/alt-php81-pecl-igbinary_3.2.15-1.el8/tests HTTP/1.1" 200 5238 "http://mail.rgardensoap.com/?path=//opt/alt/tests/alt-php81-pecl-igbinary_3.2.15-1.el8" "Mozilla/5.0 AppleWebKit/537.36 (KHTML, like Gecko; compatible; GPTBot/1.3; +https://openai.com/gptbot)" 489 **0/489342**
74.7.227.150 - - [10/Mar/2026:22:45:55 -0700] "GET /blog/?fileloc=//proc/sys/net/core/message_cost&path=//proc/sys/net/core HTTP/1.1" 200 2279 "http://rgardensoap.com/blog/?path=//proc/sys/net/core" "Mozilla/5.0 AppleWebKit/537.36 (KHTML, like Gecko; compatible; GPTBot/1.3; +https://openai.com/gptbot)" 465 **0/465708**
74.7.241.54 - - [10/Mar/2026:22:45:55 -0700] "GET /plug/vote/plug.xml?fileloc=//proc/2470499/cwd/lib64/libtevent.so.0&path=//proc/2470499/cwd/lib64 HTTP/1.1" 200 2282 "http://www.rgardensoap.com/plug/vote/plug.xml?path=//proc/2470499/cwd/lib64" "Mozilla/5.0 AppleWebKit/537.36 (KHTML, like Gecko; compatible; GPTBot/1.3; +https://openai.com/gptbot)" 483 **0/483571**
74.7.227.35 - - [10/Mar/2026:22:45:55 -0700] "GET /?path=//opt/alt/tests/alt-php82-pecl-igbinary_3.2.15-1.el8/tests HTTP/1.1" 200 5234 "http://mail.rgardensoap.com/?path=//opt/alt/tests/alt-php82-pecl-igbinary_3.2.15-1.el8" "Mozilla/5.0 AppleWebKit/537.36 (KHTML, like Gecko; compatible; GPTBot/1.3; +https://openai.com/gptbot)" 490 **0/490573**
74.7.227.150 - - [10/Mar/2026:22:45:55 -0700] "GET /blog/?fileloc=//proc/sys/net/core/optmem_max&path=//proc/sys/net/core HTTP/1.1" 200 2284 "http://rgardensoap.com/blog/?path=//proc/sys/net/core" "Mozilla/5.0 AppleWebKit/537.36 (KHTML, like Gecko; compatible; GPTBot/1.3; +https://openai.com/gptbot)" 483 **0/483954**
74.7.241.54 - - [10/Mar/2026:22:45:55 -0700] "GET /plug/vote/plug.xml?fileloc=//proc/2470499/cwd/lib64/libnssutil3.so&path=//proc/2470499/cwd/lib64 HTTP/1.1" 200 2283 "http://www.rgardensoap.com/plug/vote/plug.xml?path=//proc/2470499/cwd/lib64" "Mozilla/5.0 AppleWebKit/537.36 (KHTML, like Gecko; compatible; GPTBot/1.3; +https://openai.com/gptbot)" 506 **0/506538**
74.7.227.35 - - [10/Mar/2026:22:45:56 -0700] "GET /?path=//opt/alt/ruby25/lib64/ruby/2.5.0/forwardable HTTP/1.1" 200 2354 "http://mail.rgardensoap.com/?path=//opt/alt/ruby25/lib64/ruby/2.5.0" "Mozilla/5.0 AppleWebKit/537.36 (KHTML, like Gecko; compatible; GPTBot/1.3; +https://openai.com/gptbot)" 488 **0/488210**
74.7.227.150 - - [10/Mar/2026:22:45:56 -0700] "GET /blog/?fileloc=//proc/sys/net/core/warnings&path=//proc/sys/net/core HTTP/1.1" 200 2275 "http://rgardensoap.com/blog/?path=//proc/sys/net/core" "Mozilla/5.0 AppleWebKit/537.36 (KHTML, like Gecko; compatible; GPTBot/1.3; +https://openai.com/gptbot)" 470 **0/470622**
74.7.241.54 - - [10/Mar/2026:22:45:56 -0700] "GET /plug/vote/plug.xml?fileloc=//proc/2470499/cwd/lib64/libassuan.so.0&path=//proc/2470499/cwd/lib64 HTTP/1.1" 200 2283 "http://www.rgardensoap.com/plug/vote/plug.xml?path=//proc/2470499/cwd/lib64" "Mozilla/5.0 AppleWebKit/537.36 (KHTML, like Gecko; compatible; GPTBot/1.3; +https://openai.com/gptbot)" 488 **0/488623**
74.7.227.35 - - [10/Mar/2026:22:45:56 -0700] "GET /?path=//opt/alt/ruby25/lib64/ruby/gems/2.5.0/gems HTTP/1.1" 200 2605 "http://mail.rgardensoap.com/?path=//opt/alt/ruby25/lib64/ruby/gems/2.5.0" "Mozilla/5.0 AppleWebKit/537.36 (KHTML, like Gecko; compatible; GPTBot/1.3; +https://openai.com/gptbot)" 479 **0/479559**
74.7.227.150 - - [10/Mar/2026:22:45:57 -0700] "GET /blog/?fileloc=//proc/sys/net/core/txrehash&path=//proc/sys/net/core HTTP/1.1" 200 2281 "http://rgardensoap.com/blog/?path=//proc/sys/net/core" "Mozilla/5.0 AppleWebKit/537.36 (KHTML, like Gecko; compatible; GPTBot/1.3; +https://openai.com/gptbot)" 479 **0/479093**
74.7.241.54 - - [10/Mar/2026:22:45:57 -0700] "GET /plug/vote/plug.xml?fileloc=//proc/2470499/cwd/lib64/libnettle.so.6&path=//proc/2470499/cwd/lib64 HTTP/1.1" 200 2283 "http://www.rgardensoap.com/plug/vote/plug.xml?path=//proc/2470499/cwd/lib64" "Mozilla/5.0 AppleWebKit/537.36 (KHTML, like Gecko; compatible; GPTBot/1.3; +https://openai.com/gptbot)" 461 **0/461814**
74.7.227.35 - - [10/Mar/2026:22:45:57 -0700] "GET /?path=//opt/alt/ruby32/lib64/gems/ruby/io-console-0.6.0/io HTTP/1.1" 200 2628 "http://mail.rgardensoap.com/?path=//opt/alt/ruby32/lib64/gems/ruby/io-console-0.6.0" "Mozilla/5.0 AppleWebKit/537.36 (KHTML, like Gecko; compatible; GPTBot/1.3; +https://openai.com/gptbot)" 472 **0/472800**
74.7.227.150 - - [10/Mar/2026:22:45:57 -0700] "GET /blog/?fileloc=//proc/sys/net/core/netdev_rss_key&path=//proc/sys/net/core HTTP/1.1" 200 2290 "http://rgardensoap.com/blog/?path=//proc/sys/net/core" "Mozilla/5.0 AppleWebKit/537.36 (KHTML, like Gecko; compatible; GPTBot/1.3; +https://openai.com/gptbot)" 480 **0/480346**
74.7.241.54 - - [10/Mar/2026:22:45:57 -0700] "GET /plug/vote/plug.xml?fileloc=//proc/2470499/cwd/lib64/libfreebl3.chk&path=//proc/2470499/cwd/lib64 HTTP/1.1" 200 2283 "http://www.rgardensoap.com/plug/vote/plug.xml?path=//proc/2470499/cwd/lib64" "Mozilla/5.0 AppleWebKit/537.36 (KHTML, like Gecko; compatible; GPTBot/1.3; +https://openai.com/gptbot)" 520 **0/520519**
74.7.227.35 - - [10/Mar/2026:22:45:58 -0700] "GET /?path=//opt/alt/tests/alt-php73-phpiredis_1.0.1-1.el8 HTTP/1.1" 200 3209 "http://mail.rgardensoap.com/?path=//opt/alt/tests" "Mozilla/5.0 AppleWebKit/537.36 (KHTML, like Gecko; compatible; GPTBot/1.3; +https://openai.com/gptbot)" 528 **0/528909**
74.7.227.150 - - [10/Mar/2026:22:45:58 -0700] "GET /blog/?fileloc=//proc/sys/net/core/bpf_jit_enable&path=//proc/sys/net/core HTTP/1.1" 200 2284 "http://rgardensoap.com/blog/?path=//proc/sys/net/core" "Mozilla/5.0 AppleWebKit/537.36 (KHTML, like Gecko; compatible; GPTBot/1.3; +https://openai.com/gptbot)" 500 **0/500301**
74.7.241.54 - - [10/Mar/2026:22:45:58 -0700] "GET /plug/vote/plug.xml?fileloc=//proc/2470499/cwd/lib64/libnftnl.so.11&path=//proc/2470499/cwd/lib64 HTTP/1.1" 200 2283 "http://www.rgardensoap.com/plug/vote/plug.xml?path=//proc/2470499/cwd/lib64" "Mozilla/5.0 AppleWebKit/537.36 (KHTML, like Gecko; compatible; GPTBot/1.3; +https://openai.com/gptbot)" 485 **0/485984**
74.7.227.35 - - [10/Mar/2026:22:45:58 -0700] "GET /?path=//opt/alt/tests/alt-php70-pecl-bitset_3.2.0-1.el8 HTTP/1.1" 200 2581 "http://mail.rgardensoap.com/?path=//opt/alt/tests" "Mozilla/5.0 AppleWebKit/537.36 (KHTML, like Gecko; compatible; GPTBot/1.3; +https://openai.com/gptbot)" 509 **0/509881**
74.7.227.150 - - [10/Mar/2026:22:45:58 -0700] "GET /blog/?fileloc=//proc/sys/net/core/bpf_jit_limit&path=//proc/sys/net/core HTTP/1.1" 200 2282 "http://rgardensoap.com/blog/?path=//proc/sys/net/core" "Mozilla/5.0 AppleWebKit/537.36 (KHTML, like Gecko; compatible; GPTBot/1.3; +https://openai.com/gptbot)" 478 **0/478055**
74.7.241.54 - - [10/Mar/2026:22:45:59 -0700] "GET /plug/vote/plug.xml?fileloc=//proc/2470499/cwd/lib64/libjasper.so.4&path=//proc/2470499/cwd/lib64 HTTP/1.1" 200 2284 "http://www.rgardensoap.com/plug/vote/plug.xml?path=//proc/2470499/cwd/lib64" "Mozilla/5.0 AppleWebKit/537.36 (KHTML, like Gecko; compatible; GPTBot/1.3; +https://openai.com/gptbot)" 477 **0/477670**
74.7.227.35 - - [10/Mar/2026:22:45:59 -0700] "GET /?path=//opt/alt/tests/alt-php73-pecl-raphf_2.0.1-1.el8 HTTP/1.1" 200 2581 "http://mail.rgardensoap.com/?path=//opt/alt/tests" "Mozilla/5.0 AppleWebKit/537.36 (KHTML, like Gecko; compatible; GPTBot/1.3; +https://openai.com/gptbot)" 499 **0/499113**
74.7.227.150 - - [10/Mar/2026:22:45:59 -0700] "GET /blog/?fileloc=//proc/sys/net/core/bpf_jit_harden&path=//proc/sys/net/core HTTP/1.1" 200 2283 "http://rgardensoap.com/blog/?path=//proc/sys/net/core" "Mozilla/5.0 AppleWebKit/537.36 (KHTML, like Gecko; compatible; GPTBot/1.3; +https://openai.com/gptbot)" 492 **0/492873**
74.7.241.54 - - [10/Mar/2026:22:45:59 -0700] "GET /plug/vote/plug.xml?fileloc=//proc/2470499/cwd/lib64/libhandle.so.1&path=//proc/2470499/cwd/lib64 HTTP/1.1" 200 2281 "http://www.rgardensoap.com/plug/vote/plug.xml?path=//proc/2470499/cwd/lib64" "Mozilla/5.0 AppleWebKit/537.36 (KHTML, like Gecko; compatible; GPTBot/1.3; +https://openai.com/gptbot)" 539 **0/539762**
74.7.227.35 - - [10/Mar/2026:22:46:00 -0700] "GET /?path=//opt/alt/tests/alt-php74-pecl-raphf_2.0.1-1.el8 HTTP/1.1" 200 2581 "http://mail.rgardensoap.com/?path=//opt/alt/tests" "Mozilla/5.0 AppleWebKit/537.36 (KHTML, like Gecko; compatible; GPTBot/1.3; +https://openai.com/gptbot)" 525 **0/525843**
74.7.227.150 - - [10/Mar/2026:22:46:00 -0700] "GET /blog/?fileloc=//proc/sys/net/core/dev_weight&path=//proc/sys/net/core HTTP/1.1" 200 2280 "http://rgardensoap.com/blog/?path=//proc/sys/net/core" "Mozilla/5.0 AppleWebKit/537.36 (KHTML, like Gecko; compatible; GPTBot/1.3; +https://openai.com/gptbot)" 512 **0/512710**
74.7.241.54 - - [10/Mar/2026:22:46:00 -0700] "GET /plug/vote/plug.xml?fileloc=//proc/2470499/cwd/lib64/libxcb-dri2.so&path=//proc/2470499/cwd/lib64 HTTP/1.1" 200 2283 "http://www.rgardensoap.com/plug/vote/plug.xml?path=//proc/2470499/cwd/lib64" "Mozilla/5.0 AppleWebKit/537.36 (KHTML, like Gecko; compatible; GPTBot/1.3; +https://openai.com/gptbot)" 488 **0/488108**
74.7.227.35 - - [10/Mar/2026:22:46:00 -0700] "GET /?path=//opt/alt/tests/alt-php70-pecl-trader_0.5.1-1.el8 HTTP/1.1" 200 2580 "http://mail.rgardensoap.com/?path=//opt/alt/tests" "Mozilla/5.0 AppleWebKit/537.36 (KHTML, like Gecko; compatible; GPTBot/1.3; +https://openai.com/gptbot)" 484 **0/484521**
74.7.227.150 - - [10/Mar/2026:22:46:00 -0700] "GET /blog/?fileloc=//proc/sys/net/core/bpf_jit_kallsyms&path=//proc/sys/net/core HTTP/1.1" 200 2285 "http://rgardensoap.com/blog/?path=//proc/sys/net/core" "Mozilla/5.0 AppleWebKit/537.36 (KHTML, like Gecko; compatible; GPTBot/1.3; +https://openai.com/gptbot)" 471 **0/471863**
74.7.241.54 - - [10/Mar/2026:22:46:00 -0700] "GET /plug/vote/plug.xml?fileloc=//proc/2470499/cwd/lib64/libsnappy.so.1&path=//proc/2470499/cwd/lib64 HTTP/1.1" 200 2284 "http://www.rgardensoap.com/plug/vote/plug.xml?path=//proc/2470499/cwd/lib64" "Mozilla/5.0 AppleWebKit/537.36 (KHTML, like Gecko; compatible; GPTBot/1.3; +https://openai.com/gptbot)" 505 **0/505778**
74.7.227.35 - - [10/Mar/2026:22:46:01 -0700] "GET /?fileloc=//opt/alt/tests/alt-php83-pecl-igbinary_3.2.15-1.el8/tests/igbinary_009b.phpt&path=//opt/alt/tests/alt-php83-pecl-igbinary_3.2.15-1.el8/tests HTTP/1.1" 200 3352 "http://mail.rgardensoap.com/?path=//opt/alt/tests/alt-php83-pecl-igbinary_3.2.15-1.el8/tests" "Mozilla/5.0 AppleWebKit/537.36 (KHTML, like Gecko; compatible; GPTBot/1.3; +https://openai.com/gptbot)" 515 **0/515440**
74.7.227.150 - - [10/Mar/2026:22:46:01 -0700] "GET /blog/?fileloc=//proc/sys/net/core/xfrm_larval_drop&path=//proc/sys/net/core HTTP/1.1" 200 2285 "http://rgardensoap.com/blog/?path=//proc/sys/net/core" "Mozilla/5.0 AppleWebKit/537.36 (KHTML, like Gecko; compatible; GPTBot/1.3; +https://openai.com/gptbot)" 528 **0/528755**
74.7.241.54 - - [10/Mar/2026:22:46:01 -0700] "GET /plug/vote/plug.xml?fileloc=//proc/2470499/cwd/lib64/libxcb-dri3.so&path=//proc/2470499/cwd/lib64 HTTP/1.1" 200 2283 "http://www.rgardensoap.com/plug/vote/plug.xml?path=//proc/2470499/cwd/lib64" "Mozilla/5.0 AppleWebKit/537.36 (KHTML, like Gecko; compatible; GPTBot/1.3; +https://openai.com/gptbot)" 538 **0/538653**
74.7.227.35 - - [10/Mar/2026:22:46:02 -0700] "GET /?fileloc=//opt/alt/tests/alt-php83-pecl-igbinary_3.2.15-1.el8/tests/igbinary_004.phpt&path=//opt/alt/tests/alt-php83-pecl-igbinary_3.2.15-1.el8/tests HTTP/1.1" 200 2827 "http://mail.rgardensoap.com/?path=//opt/alt/tests/alt-php83-pecl-igbinary_3.2.15-1.el8/tests" "Mozilla/5.0 AppleWebKit/537.36 (KHTML, like Gecko; compatible; GPTBot/1.3; +https://openai.com/gptbot)" 515 **0/515428**
74.7.227.150 - - [10/Mar/2026:22:46:02 -0700] "GET /blog/?fileloc=//proc/sys/net/core/xfrm_acq_expires&path=//proc/sys/net/core HTTP/1.1" 200 2285 "http://rgardensoap.com/blog/?path=//proc/sys/net/core" "Mozilla/5.0 AppleWebKit/537.36 (KHTML, like Gecko; compatible; GPTBot/1.3; +https://openai.com/gptbot)" 517 **0/517597**
74.7.241.54 - - [10/Mar/2026:22:46:02 -0700] "GET /plug/vote/plug.xml?fileloc=//proc/2470499/cwd/lib64/libpanelw.so.6&path=//proc/2470499/cwd/lib64 HTTP/1.1" 200 2283 "http://www.rgardensoap.com/plug/vote/plug.xml?path=//proc/2470499/cwd/lib64" "Mozilla/5.0 AppleWebKit/537.36 (KHTML, like Gecko; compatible; GPTBot/1.3; +https://openai.com/gptbot)" 547 **0/547999**
74.7.227.35 - - [10/Mar/2026:22:46:02 -0700] "GET /?path=//opt/alt/tests/alt-php54-pecl-oauth_1.2.3-1.el8 HTTP/1.1" 200 2344 "http://mail.rgardensoap.com/?path=//opt/alt/tests" "Mozilla/5.0 AppleWebKit/537.36 (KHTML, like Gecko; compatible; GPTBot/1.3; +https://openai.com/gptbot)" 509 **0/509257**
74.7.227.150 - - [10/Mar/2026:22:46:02 -0700] "GET /blog/?fileloc=//proc/sys/net/core/rps_default_mask&path=//proc/sys/net/core HTTP/1.1" 200 2285 "http://rgardensoap.com/blog/?path=//proc/sys/net/core" "Mozilla/5.0 AppleWebKit/537.36 (KHTML, like Gecko; compatible; GPTBot/1.3; +https://openai.com/gptbot)" 498 **0/498768**
74.7.241.54 - - [10/Mar/2026:22:46:02 -0700] "GET /plug/vote/plug.xml?fileloc=//proc/2470499/cwd/lib64/libresolv.so.2&path=//proc/2470499/cwd/lib64 HTTP/1.1" 200 2283 "http://www.rgardensoap.com/plug/vote/plug.xml?path=//proc/2470499/cwd/lib64" "Mozilla/5.0 AppleWebKit/537.36 (KHTML, like Gecko; compatible; GPTBot/1.3; +https://openai.com/gptbot)" 486 **0/486600**
74.7.227.35 - - [10/Mar/2026:22:46:03 -0700] "GET /?path=//opt/alt/tests/alt-php83-pecl-gnupg_1.5.1-1.el8 HTTP/1.1" 200 2581 "http://mail.rgardensoap.com/?path=//opt/alt/tests" "Mozilla/5.0 AppleWebKit/537.36 (KHTML, like Gecko; compatible; GPTBot/1.3; +https://openai.com/gptbot)" 506 **0/506471**
74.7.227.150 - - [10/Mar/2026:22:46:03 -0700] "GET /blog/?fileloc=//proc/sys/net/core/max_skb_frags&path=//proc/sys/net/core HTTP/1.1" 200 2285 "http://rgardensoap.com/blog/?path=//proc/sys/net/core" "Mozilla/5.0 AppleWebKit/537.36 (KHTML, like Gecko; compatible; GPTBot/1.3; +https://openai.com/gptbot)" 478 **0/478360**
74.7.241.54 - - [10/Mar/2026:22:46:03 -0700] "GET /plug/vote/plug.xml?fileloc=//proc/2470499/cwd/lib64/libsoftokn3.so&path=//proc/2470499/cwd/lib64 HTTP/1.1" 200 2283 "http://www.rgardensoap.com/plug/vote/plug.xml?path=//proc/2470499/cwd/lib64" "Mozilla/5.0 AppleWebKit/537.36 (KHTML, like Gecko; compatible; GPTBot/1.3; +https://openai.com/gptbot)" 493 **0/493933**
74.7.227.35 - - [10/Mar/2026:22:46:04 -0700] "GET /?path=//opt/alt/ruby25/lib64/ruby/gems/2.5.0/gems/rdoc-6.0.1.1 HTTP/1.1" 200 2614 "http://mail.rgardensoap.com/?path=//opt/alt/ruby25/lib64/ruby/gems/2.5.0/gems" "Mozilla/5.0 AppleWebKit/537.36 (KHTML, like Gecko; compatible; GPTBot/1.3; +https://openai.com/gptbot)" 468 **0/468117**
74.7.227.150 - - [10/Mar/2026:22:46:04 -0700] "GET /blog/?fileloc=//proc/sys/net/core/wmem_default&path=//proc/sys/net/core HTTP/1.1" 200 2284 "http://rgardensoap.com/blog/?path=//proc/sys/net/core" "Mozilla/5.0 AppleWebKit/537.36 (KHTML, like Gecko; compatible; GPTBot/1.3; +https://openai.com/gptbot)" 485 **0/485140**
74.7.241.54 - - [10/Mar/2026:22:46:04 -0700] "GET /plug/vote/plug.xml?fileloc=//proc/2470499/cwd/lib64/libhavege.so.2&path=//proc/2470499/cwd/lib64 HTTP/1.1" 200 2284 "http://www.rgardensoap.com/plug/vote/plug.xml?path=//proc/2470499/cwd/lib64" "Mozilla/5.0 AppleWebKit/537.36 (KHTML, like Gecko; compatible; GPTBot/1.3; +https://openai.com/gptbot)" 529 **0/529175**
74.7.227.35 - - [10/Mar/2026:22:46:04 -0700] "GET /?path=//opt/alt/tests/alt-php73-pecl-trader_0.5.1-1.el8 HTTP/1.1" 200 2580 "http://mail.rgardensoap.com/?path=//opt/alt/tests" "Mozilla/5.0 AppleWebKit/537.36 (KHTML, like Gecko; compatible; GPTBot/1.3; +https://openai.com/gptbot)" 506 **0/506505**
74.7.227.150 - - [10/Mar/2026:22:46:04 -0700] "GET /blog/?fileloc=//proc/sys/net/core/rmem_default&path=//proc/sys/net/core HTTP/1.1" 200 2284 "http://rgardensoap.com/blog/?path=//proc/sys/net/core" "Mozilla/5.0 AppleWebKit/537.36 (KHTML, like Gecko; compatible; GPTBot/1.3; +https://openai.com/gptbot)" 476 **0/476074**
74.7.241.54 - - [10/Mar/2026:22:46:04 -0700] "GET /plug/vote/plug.xml?fileloc=//proc/2470499/cwd/lib64/libpython3.so&path=//proc/2470499/cwd/lib64 HTTP/1.1" 200 2284 "http://www.rgardensoap.com/plug/vote/plug.xml?path=//proc/2470499/cwd/lib64" "Mozilla/5.0 AppleWebKit/537.36 (KHTML, like Gecko; compatible; GPTBot/1.3; +https://openai.com/gptbot)" 495 **0/495573**
74.7.227.150 - - [10/Mar/2026:22:46:05 -0700] "GET /blog/?fileloc=//proc/sys/net/core/flow_limit_table_len&path=//proc/sys/net/core HTTP/1.1" 200 2289 "http://rgardensoap.com/blog/?path=//proc/sys/net/core" "Mozilla/5.0 AppleWebKit/537.36 (KHTML, like Gecko; compatible; GPTBot/1.3; +https://openai.com/gptbot)" 459 **0/459088**
74.7.227.35 - - [10/Mar/2026:22:46:05 -0700] "GET /?path=//opt/alt/tests/alt-php83-pecl-oauth_2.0.7-1.el8 HTTP/1.1" 200 2344 "http://mail.rgardensoap.com/?path=//opt/alt/tests" "Mozilla/5.0 AppleWebKit/537.36 (KHTML, like Gecko; compatible; GPTBot/1.3; +https://openai.com/gptbot)" 505 **0/505099**
74.7.241.54 - - [10/Mar/2026:22:46:05 -0700] "GET /plug/vote/plug.xml?fileloc=//proc/2470499/cwd/lib64/libtiffxx.so.5&path=//proc/2470499/cwd/lib64 HTTP/1.1" 200 2283 "http://www.rgardensoap.com/plug/vote/plug.xml?path=//proc/2470499/cwd/lib64" "Mozilla/5.0 AppleWebKit/537.36 (KHTML, like Gecko; compatible; GPTBot/1.3; +https://openai.com/gptbot)" 467 **0/467848**
74.7.227.150 - - [10/Mar/2026:22:46:06 -0700] "GET /blog/?fileloc=//proc/sys/net/core/fb_tunnels_only_for_init_net&path=//proc/sys/net/core HTTP/1.1" 200 2294 "http://rgardensoap.com/blog/?path=//proc/sys/net/core" "Mozilla/5.0 AppleWebKit/537.36 (KHTML, like Gecko; compatible; GPTBot/1.3; +https://openai.com/gptbot)" 460 **0/460780**
74.7.227.35 - - [10/Mar/2026:22:46:06 -0700] "GET /?path=//opt/alt/tests/alt-php56-pecl-bitset_2.0.3-1.el8 HTTP/1.1" 200 2581 "http://mail.rgardensoap.com/?path=//opt/alt/tests" "Mozilla/5.0 AppleWebKit/537.36 (KHTML, like Gecko; compatible; GPTBot/1.3; +https://openai.com/gptbot)" 488 **0/488670**
74.7.241.54 - - [10/Mar/2026:22:46:06 -0700] "GET /plug/vote/plug.xml?path=//proc/2470499/cwd/lib64/libnfsidmap HTTP/1.1" 200 2712 "http://www.rgardensoap.com/plug/vote/plug.xml?path=//proc/2470499/cwd/lib64" "Mozilla/5.0 AppleWebKit/537.36 (KHTML, like Gecko; compatible; GPTBot/1.3; +https://openai.com/gptbot)" 447 **0/447157**
74.7.227.150 - - [10/Mar/2026:22:46:06 -0700] "GET /blog/?fileloc=//proc/sys/net/core/somaxconn&path=//proc/sys/net/core HTTP/1.1" 200 2282 "http://rgardensoap.com/blog/?path=//proc/sys/net/core" "Mozilla/5.0 AppleWebKit/537.36 (KHTML, like Gecko; compatible; GPTBot/1.3; +https://openai.com/gptbot)" 461 **0/461341**
74.7.227.35 - - [10/Mar/2026:22:46:06 -0700] "GET /?path=//opt/alt/tests/alt-php73-pecl-raphf_2.0.1-1.el8/tests HTTP/1.1" 200 2675 "http://mail.rgardensoap.com/?path=//opt/alt/tests/alt-php73-pecl-raphf_2.0.1-1.el8" "Mozilla/5.0 AppleWebKit/537.36 (KHTML, like Gecko; compatible; GPTBot/1.3; +https://openai.com/gptbot)" 482 **0/482801**
74.7.241.54 - - [10/Mar/2026:22:46:06 -0700] "GET /plug/vote/plug.xml?path=//proc/2470499/cwd/bin HTTP/1.1" 200 14566 "http://www.rgardensoap.com/plug/vote/plug.xml?path=//proc/2470499/cwd" "Mozilla/5.0 AppleWebKit/537.36 (KHTML, like Gecko; compatible; GPTBot/1.3; +https://openai.com/gptbot)" 497 **0/497616**
74.7.227.150 - - [10/Mar/2026:22:46:07 -0700] "GET /blog/?fileloc=//proc/sys/net/core/message_burst&path=//proc/sys/net/core HTTP/1.1" 200 2282 "http://rgardensoap.com/blog/?path=//proc/sys/net/core" "Mozilla/5.0 AppleWebKit/537.36 (KHTML, like Gecko; compatible; GPTBot/1.3; +https://openai.com/gptbot)" 496 **0/496830**
74.7.227.35 - - [10/Mar/2026:22:46:07 -0700] "GET /?path=//opt/alt/tests/alt-php74-pecl-raphf_2.0.1-1.el8/tests HTTP/1.1" 200 2675 "http://mail.rgardensoap.com/?path=//opt/alt/tests/alt-php74-pecl-raphf_2.0.1-1.el8" "Mozilla/5.0 AppleWebKit/537.36 (KHTML, like Gecko; compatible; GPTBot/1.3; +https://openai.com/gptbot)" 453 **0/453723**
74.7.241.54 - - [10/Mar/2026:22:46:07 -0700] "GET /plug/vote/plug.xml?path=//proc/2470499/cwd/lib HTTP/1.1" 200 3552 "http://www.rgardensoap.com/plug/vote/plug.xml?path=//proc/2470499/cwd" "Mozilla/5.0 AppleWebKit/537.36 (KHTML, like Gecko; compatible; GPTBot/1.3; +https://openai.com/gptbot)" 474 **0/474236**
74.7.227.150 - - [10/Mar/2026:22:46:07 -0700] "GET /blog/?fileloc=//proc/sys/net/core/dev_weight_tx_bias&path=//proc/sys/net/core HTTP/1.1" 200 2287 "http://rgardensoap.com/blog/?path=//proc/sys/net/core" "Mozilla/5.0 AppleWebKit/537.36 (KHTML, like Gecko; compatible; GPTBot/1.3; +https://openai.com/gptbot)" 470 **0/470295**
74.7.227.35 - - [10/Mar/2026:22:46:07 -0700] "GET /?path=//opt/alt/tests/alt-php71-pecl-gender_1.1.0-1.el8 HTTP/1.1" 200 2581 "http://mail.rgardensoap.com/?path=//opt/alt/tests" "Mozilla/5.0 AppleWebKit/537.36 (KHTML, like Gecko; compatible; GPTBot/1.3; +https://openai.com/gptbot)" 478 **0/478268**
74.7.241.54 - - [10/Mar/2026:22:46:08 -0700] "GET /plug/vote/plug.xml?path=//proc/2470499/root/usr/share/locale/fy HTTP/1.1" 200 2609 "http://www.rgardensoap.com/plug/vote/plug.xml?path=//proc/2470499/root/usr/share/locale" "Mozilla/5.0 AppleWebKit/537.36 (KHTML, like Gecko; compatible; GPTBot/1.3; +https://openai.com/gptbot)" 450 **0/450204**
74.7.227.150 - - [10/Mar/2026:22:46:08 -0700] "GET /blog/?fileloc=//proc/sys/net/core/dev_weight_rx_bias&path=//proc/sys/net/core HTTP/1.1" 200 2287 "http://rgardensoap.com/blog/?path=//proc/sys/net/core" "Mozilla/5.0 AppleWebKit/537.36 (KHTML, like Gecko; compatible; GPTBot/1.3; +https://openai.com/gptbot)" 463 **0/463580**
74.7.227.35 - - [10/Mar/2026:22:46:08 -0700] "GET /?path=//opt/alt/tests/alt-php54-pecl-propro_1.0.2-1.el8 HTTP/1.1" 200 2582 "http://mail.rgardensoap.com/?path=//opt/alt/tests" "Mozilla/5.0 AppleWebKit/537.36 (KHTML, like Gecko; compatible; GPTBot/1.3; +https://openai.com/gptbot)" 479 **0/479314**
74.7.241.54 - - [10/Mar/2026:22:46:08 -0700] "GET /plug/vote/plug.xml?path=//proc/2470499/root/usr/share/locale/my HTTP/1.1" 200 2609 "http://www.rgardensoap.com/plug/vote/plug.xml?path=//proc/2470499/root/usr/share/locale" "Mozilla/5.0 AppleWebKit/537.36 (KHTML, like Gecko; compatible; GPTBot/1.3; +https://openai.com/gptbot)" 481 **0/481767**
74.7.227.150 - - [10/Mar/2026:22:46:09 -0700] "GET /blog/?fileloc=//proc/2470499/root/bin/mysql_find_rows&path=//proc/2470499/root/bin HTTP/1.1" 200 3741 "http://rgardensoap.com/blog/?path=//proc/2470499/root/bin" "Mozilla/5.0 AppleWebKit/537.36 (KHTML, like Gecko; compatible; GPTBot/1.3; +https://openai.com/gptbot)" 463 **0/463377**
74.7.227.35 - - [10/Mar/2026:22:46:09 -0700] "GET /?path=//opt/alt/tests/alt-php74-pecl-bitset_3.2.0-1.el8 HTTP/1.1" 200 2581 "http://mail.rgardensoap.com/?path=//opt/alt/tests" "Mozilla/5.0 AppleWebKit/537.36 (KHTML, like Gecko; compatible; GPTBot/1.3; +https://openai.com/gptbot)" 472 **0/472094**
74.7.241.54 - - [10/Mar/2026:22:46:09 -0700] "GET /plug/vote/plug.xml?path=//proc/2470499/root/usr/share/locale/de HTTP/1.1" 200 2641 "http://www.rgardensoap.com/plug/vote/plug.xml?path=//proc/2470499/root/usr/share/locale" "Mozilla/5.0 AppleWebKit/537.36 (KHTML, like Gecko; compatible; GPTBot/1.3; +https://openai.com/gptbot)" 481 **0/481941**
74.7.227.150 - - [10/Mar/2026:22:46:09 -0700] "GET /blog/?fileloc=//proc/sys/net/core/xfrm_aevent_rseqth&path=//proc/sys/net/core HTTP/1.1" 200 2289 "http://rgardensoap.com/blog/?path=//proc/sys/net/core" "Mozilla/5.0 AppleWebKit/537.36 (KHTML, like Gecko; compatible; GPTBot/1.3; +https://openai.com/gptbot)" 466 **0/466762**
74.7.227.35 - - [10/Mar/2026:22:46:09 -0700] "GET /?path=//opt/alt/tests/alt-php72-pecl-trader_0.5.1-1.el8 HTTP/1.1" 200 2580 "http://mail.rgardensoap.com/?path=//opt/alt/tests" "Mozilla/5.0 AppleWebKit/537.36 (KHTML, like Gecko; compatible; GPTBot/1.3; +https://openai.com/gptbot)" 466 **0/466180**
74.7.241.54 - - [10/Mar/2026:22:46:09 -0700] "GET /plug/vote/plug.xml?path=//proc/2470499/root/usr/share/locale/ak HTTP/1.1" 200 2608 "http://www.rgardensoap.com/plug/vote/plug.xml?path=//proc/2470499/root/usr/share/locale" "Mozilla/5.0 AppleWebKit/537.36 (KHTML, like Gecko; compatible; GPTBot/1.3; +https://openai.com/gptbot)" 459 **0/459535**
74.7.227.150 - - [10/Mar/2026:22:46:10 -0700] "GET /blog/?fileloc=//proc/sys/net/core/tstamp_allow_data&path=//proc/sys/net/core HTTP/1.1" 200 2286 "http://rgardensoap.com/blog/?path=//proc/sys/net/core" "Mozilla/5.0 AppleWebKit/537.36 (KHTML, like Gecko; compatible; GPTBot/1.3; +https://openai.com/gptbot)" 473 **0/473490**
74.7.227.35 - - [10/Mar/2026:22:46:10 -0700] "GET /?path=//opt/alt/tests/alt-php83-pecl-gnupg_1.5.1-1.el8/tests HTTP/1.1" 200 3617 "http://mail.rgardensoap.com/?path=//opt/alt/tests/alt-php83-pecl-gnupg_1.5.1-1.el8" "Mozilla/5.0 AppleWebKit/537.36 (KHTML, like Gecko; compatible; GPTBot/1.3; +https://openai.com/gptbot)" 463 **0/463824**
74.7.241.54 - - [10/Mar/2026:22:46:10 -0700] "GET /plug/vote/plug.xml?path=//proc/2470499/root/usr/share/locale/km HTTP/1.1" 200 2608 "http://www.rgardensoap.com/plug/vote/plug.xml?path=//proc/2470499/root/usr/share/locale" "Mozilla/5.0 AppleWebKit/537.36 (KHTML, like Gecko; compatible; GPTBot/1.3; +https://openai.com/gptbot)" 487 **0/487278**
74.7.227.150 - - [10/Mar/2026:22:46:10 -0700] "GET /blog/?fileloc=//proc/sys/net/core/xfrm_aevent_etime&path=//proc/sys/net/core HTTP/1.1" 200 2287 "http://rgardensoap.com/blog/?path=//proc/sys/net/core" "Mozilla/5.0 AppleWebKit/537.36 (KHTML, like Gecko; compatible; GPTBot/1.3; +https://openai.com/gptbot)" 441 **0/441081**
74.7.227.35 - - [10/Mar/2026:22:46:11 -0700] "GET /?path=//opt/alt/ruby25/lib64/ruby/gems/2.5.0/gems/rdoc-6.0.1.1/exe HTTP/1.1" 200 2385 "http://mail.rgardensoap.com/?path=//opt/alt/ruby25/lib64/ruby/gems/2.5.0/gems/rdoc-6.0.1.1" "Mozilla/5.0 AppleWebKit/537.36 (KHTML, like Gecko; compatible; GPTBot/1.3; +https://openai.com/gptbot)" 449 **0/449817**
74.7.241.54 - - [10/Mar/2026:22:46:11 -0700] "GET /plug/vote/plug.xml?path=//proc/2470499/root/usr/share/locale/hy HTTP/1.1" 200 2609 "http://www.rgardensoap.com/plug/vote/plug.xml?path=//proc/2470499/root/usr/share/locale" "Mozilla/5.0 AppleWebKit/537.36 (KHTML, like Gecko; compatible; GPTBot/1.3; +https://openai.com/gptbot)" 432 **0/432176**
74.7.227.150 - - [10/Mar/2026:22:46:11 -0700] "GET /blog/?fileloc=//proc/sys/net/core/busy_poll&path=//proc/sys/net/core HTTP/1.1" 200 2281 "http://rgardensoap.com/blog/?path=//proc/sys/net/core" "Mozilla/5.0 AppleWebKit/537.36 (KHTML, like Gecko; compatible; GPTBot/1.3; +https://openai.com/gptbot)" 485 **0/485002**
74.7.227.35 - - [10/Mar/2026:22:46:11 -0700] "GET /?path=//opt/alt/tests/alt-php54-pecl-oauth_1.2.3-2.el8 HTTP/1.1" 200 2581 "http://mail.rgardensoap.com/?path=//opt/alt/tests" "Mozilla/5.0 AppleWebKit/537.36 (KHTML, like Gecko; compatible; GPTBot/1.3; +https://openai.com/gptbot)" 490 **0/490224**
74.7.241.54 - - [10/Mar/2026:22:46:11 -0700] "GET /plug/vote/plug.xml?path=//proc/2470499/root/usr/share/locale/fa HTTP/1.1" 200 2608 "http://www.rgardensoap.com/plug/vote/plug.xml?path=//proc/2470499/root/usr/share/locale" "Mozilla/5.0 AppleWebKit/537.36 (KHTML, like Gecko; compatible; GPTBot/1.3; +https://openai.com/gptbot)" 478 **0/478275**
74.7.227.150 - - [10/Mar/2026:22:46:12 -0700] "GET /blog/?fileloc=//proc/sys/net/core/netdev_budget&path=//proc/sys/net/core HTTP/1.1" 200 2282 "http://rgardensoap.com/blog/?path=//proc/sys/net/core" "Mozilla/5.0 AppleWebKit/537.36 (KHTML, like Gecko; compatible; GPTBot/1.3; +https://openai.com/gptbot)" 486 **0/486153**
74.7.227.35 - - [10/Mar/2026:22:46:12 -0700] "GET /?path=//opt/alt/tests/alt-php71-pecl-bitset_3.2.0-1.el8 HTTP/1.1" 200 2581 "http://mail.rgardensoap.com/?path=//opt/alt/tests" "Mozilla/5.0 AppleWebKit/537.36 (KHTML, like Gecko; compatible; GPTBot/1.3; +https://openai.com/gptbot)" 489 **0/489468**
74.7.241.54 - - [10/Mar/2026:22:46:12 -0700] "GET /plug/vote/plug.xml?path=//proc/2470499/root/usr/share/zsh HTTP/1.1" 200 2592 "http://www.rgardensoap.com/plug/vote/plug.xml?path=//proc/2470499/root/usr/share" "Mozilla/5.0 AppleWebKit/537.36 (KHTML, like Gecko; compatible; GPTBot/1.3; +https://openai.com/gptbot)" 469 **0/469441**
74.7.227.150 - - [10/Mar/2026:22:46:12 -0700] "GET /blog/?fileloc=//proc/sys/net/core/default_qdisc&path=//proc/sys/net/core HTTP/1.1" 200 2288 "http://rgardensoap.com/blog/?path=//proc/sys/net/core" "Mozilla/5.0 AppleWebKit/537.36 (KHTML, like Gecko; compatible; GPTBot/1.3; +https://openai.com/gptbot)" 455 **0/455048**
74.7.227.35 - - [10/Mar/2026:22:46:12 -0700] "GET /?path=//opt/alt/tests/alt-php72-phpiredis_1.0.1-1.el8 HTTP/1.1" 200 3209 "http://mail.rgardensoap.com/?path=//opt/alt/tests" "Mozilla/5.0 AppleWebKit/537.36 (KHTML, like Gecko; compatible; GPTBot/1.3; +https://openai.com/gptbot)" 471 **0/471311**
74.7.241.54 - - [10/Mar/2026:22:46:12 -0700] "GET /plug/vote/plug.xml?fileloc=//proc/2470499/cwd/lib64/libnfsidmap/sss.so&path=//proc/2470499/cwd/lib64/libnfsidmap HTTP/1.1" 200 2292 "http://www.rgardensoap.com/plug/vote/plug.xml?path=//proc/2470499/cwd/lib64/libnfsidmap" "Mozilla/5.0 AppleWebKit/537.36 (KHTML, like Gecko; compatible; GPTBot/1.3; +https://openai.com/gptbot)" 457 **0/457815**
74.7.227.150 - - [10/Mar/2026:22:46:13 -0700] "GET /blog/?fileloc=//proc/sys/net/core/rps_sock_flow_entries&path=//proc/sys/net/core HTTP/1.1" 200 2288 "http://rgardensoap.com/blog/?path=//proc/sys/net/core" "Mozilla/5.0 AppleWebKit/537.36 (KHTML, like Gecko; compatible; GPTBot/1.3; +https://openai.com/gptbot)" 501 **0/501598**
74.7.227.35 - - [10/Mar/2026:22:46:13 -0700] "GET /?path=//opt/alt/tests/alt-php71-pecl-gnupg_1.5.1-1.el8 HTTP/1.1" 200 2582 "http://mail.rgardensoap.com/?path=//opt/alt/tests" "Mozilla/5.0 AppleWebKit/537.36 (KHTML, like Gecko; compatible; GPTBot/1.3; +https://openai.com/gptbot)" 503 **0/503174**
74.7.241.54 - - [10/Mar/2026:22:46:13 -0700] "GET /plug/vote/plug.xml?fileloc=//proc/2470499/cwd/bin/pkg-config&path=//proc/2470499/cwd/bin HTTP/1.1" 200 2281 "http://www.rgardensoap.com/plug/vote/plug.xml?path=//proc/2470499/cwd/bin" "Mozilla/5.0 AppleWebKit/537.36 (KHTML, like Gecko; compatible; GPTBot/1.3; +https://openai.com/gptbot)" 494 **0/494670**
74.7.227.150 - - [10/Mar/2026:22:46:14 -0700] "GET /blog/?fileloc=//proc/sys/net/core/busy_read&path=//proc/sys/net/core HTTP/1.1" 200 2281 "http://rgardensoap.com/blog/?path=//proc/sys/net/core" "Mozilla/5.0 AppleWebKit/537.36 (KHTML, like Gecko; compatible; GPTBot/1.3; +https://openai.com/gptbot)" 472 **0/472923**
74.7.227.35 - - [10/Mar/2026:22:46:14 -0700] "GET /?path=//opt/alt/tests/alt-php74-pecl-propro_2.1.0-1.el8 HTTP/1.1" 200 2582 "http://mail.rgardensoap.com/?path=//opt/alt/tests" "Mozilla/5.0 AppleWebKit/537.36 (KHTML, like Gecko; compatible; GPTBot/1.3; +https://openai.com/gptbot)" 462 **0/462116**
74.7.241.54 - - [10/Mar/2026:22:46:14 -0700] "GET /plug/vote/plug.xml?fileloc=//proc/2470499/cwd/bin/zless&path=//proc/2470499/cwd/bin HTTP/1.1" 200 3344 "http://www.rgardensoap.com/plug/vote/plug.xml?path=//proc/2470499/cwd/bin" "Mozilla/5.0 AppleWebKit/537.36 (KHTML, like Gecko; compatible; GPTBot/1.3; +https://openai.com/gptbot)" 460 **0/460511**
74.7.227.150 - - [10/Mar/2026:22:46:14 -0700] "GET /blog/?fileloc=//proc/sys/net/core/netdev_budget_usecs&path=//proc/sys/net/core HTTP/1.1" 200 2288 "http://rgardensoap.com/blog/?path=//proc/sys/net/core" "Mozilla/5.0 AppleWebKit/537.36 (KHTML, like Gecko; compatible; GPTBot/1.3; +https://openai.com/gptbot)" 462 **0/462454**
74.7.227.35 - - [10/Mar/2026:22:46:14 -0700] "GET /?path=//opt/alt/tests/alt-php73-pecl-propro_2.1.0-1.el8 HTTP/1.1" 200 2582 "http://mail.rgardensoap.com/?path=//opt/alt/tests" "Mozilla/5.0 AppleWebKit/537.36 (KHTML, like Gecko; compatible; GPTBot/1.3; +https://openai.com/gptbot)" 461 **0/461137**
74.7.241.54 - - [10/Mar/2026:22:46:14 -0700] "GET /plug/vote/plug.xml?fileloc=//proc/2470499/cwd/bin/ssh-add&path=//proc/2470499/cwd/bin HTTP/1.1" 200 2278 "http://www.rgardensoap.com/plug/vote/plug.xml?path=//proc/2470499/cwd/bin" "Mozilla/5.0 AppleWebKit/537.36 (KHTML, like Gecko; compatible; GPTBot/1.3; +https://openai.com/gptbot)" 474 **0/474097**
74.7.227.150 - - [10/Mar/2026:22:46:15 -0700] "GET /blog/?fileloc=//proc/sys/net/core/rmem_max&path=//proc/sys/net/core HTTP/1.1" 200 2286 "http://rgardensoap.com/blog/?path=//proc/sys/net/core" "Mozilla/5.0 AppleWebKit/537.36 (KHTML, like Gecko; compatible; GPTBot/1.3; +https://openai.com/gptbot)" 471 **0/471896**
74.7.227.35 - - [10/Mar/2026:22:46:15 -0700] "GET /?path=//opt/alt/tests/alt-php56-pecl-gnupg_1.5.1-1.el8 HTTP/1.1" 200 2582 "http://mail.rgardensoap.com/?path=//opt/alt/tests" "Mozilla/5.0 AppleWebKit/537.36 (KHTML, like Gecko; compatible; GPTBot/1.3; +https://openai.com/gptbot)" 457 **0/457034**
74.7.241.54 - - [10/Mar/2026:22:46:15 -0700] "GET /plug/vote/plug.xml?fileloc=//proc/2470499/cwd/bin/zipcloak&path=//proc/2470499/cwd/bin HTTP/1.1" 200 2280 "http://www.rgardensoap.com/plug/vote/plug.xml?path=//proc/2470499/cwd/bin" "Mozilla/5.0 AppleWebKit/537.36 (KHTML, like Gecko; compatible; GPTBot/1.3; +https://openai.com/gptbot)" 440 **0/440799**
74.7.227.150 - - [10/Mar/2026:22:46:15 -0700] "GET /blog/?fileloc=//proc/sys/net/core/wmem_max&path=//proc/sys/net/core HTTP/1.1" 200 2286 "http://rgardensoap.com/blog/?path=//proc/sys/net/core" "Mozilla/5.0 AppleWebKit/537.36 (KHTML, like Gecko; compatible; GPTBot/1.3; +https://openai.com/gptbot)" 488 **0/488449**
74.7.227.35 - - [10/Mar/2026:22:46:15 -0700] "GET /?path=//opt/alt/tests/alt-php56-pecl-trader_0.5.1-1.el8 HTTP/1.1" 200 2580 "http://mail.rgardensoap.com/?path=//opt/alt/tests" "Mozilla/5.0 AppleWebKit/537.36 (KHTML, like Gecko; compatible; GPTBot/1.3; +https://openai.com/gptbot)" 468 **0/468775**
74.7.241.54 - - [10/Mar/2026:22:46:16 -0700] "GET /plug/vote/plug.xml?fileloc=//proc/2470499/cwd/bin/bzdiff&path=//proc/2470499/cwd/bin HTTP/1.1" 200 3187 "http://www.rgardensoap.com/plug/vote/plug.xml?path=//proc/2470499/cwd/bin" "Mozilla/5.0 AppleWebKit/537.36 (KHTML, like Gecko; compatible; GPTBot/1.3; +https://openai.com/gptbot)" 528 **0/528919**
74.7.227.150 - - [10/Mar/2026:22:46:16 -0700] "GET /blog/?fileloc=//proc/sys/net/core/netdev_max_backlog&path=//proc/sys/net/core HTTP/1.1" 200 2288 "http://rgardensoap.com/blog/?path=//proc/sys/net/core" "Mozilla/5.0 AppleWebKit/537.36 (KHTML, like Gecko; compatible; GPTBot/1.3; +https://openai.com/gptbot)" 495 **0/495120**
74.7.227.35 - - [10/Mar/2026:22:46:16 -0700] "GET /?path=//opt/alt/tests/alt-php54-pecl-trader_0.5.1-1.el8 HTTP/1.1" 200 2580 "http://mail.rgardensoap.com/?path=//opt/alt/tests" "Mozilla/5.0 AppleWebKit/537.36 (KHTML, like Gecko; compatible; GPTBot/1.3; +https://openai.com/gptbot)" 457 **0/457008**
74.7.241.54 - - [10/Mar/2026:22:46:16 -0700] "GET /plug/vote/plug.xml?fileloc=//proc/2470499/cwd/bin/mkfifo&path=//proc/2470499/cwd/bin HTTP/1.1" 200 2279 "http://www.rgardensoap.com/plug/vote/plug.xml?path=//proc/2470499/cwd/bin" "Mozilla/5.0 AppleWebKit/537.36 (KHTML, like Gecko; compatible; GPTBot/1.3; +https://openai.com/gptbot)" 479 **0/479711**
74.7.227.150 - - [10/Mar/2026:22:46:17 -0700] "GET /blog/?fileloc=//proc/sys/net/core/flow_limit_cpu_bitmap&path=//proc/sys/net/core HTTP/1.1" 200 2290 "http://rgardensoap.com/blog/?path=//proc/sys/net/core" "Mozilla/5.0 AppleWebKit/537.36 (KHTML, like Gecko; compatible; GPTBot/1.3; +https://openai.com/gptbot)" 497 **0/497900**
74.7.227.35 - - [10/Mar/2026:22:46:17 -0700] "GET /?path=//opt/alt/tests/alt-php82-pecl-trader_0.5.1-1.el8 HTTP/1.1" 200 2580 "http://mail.rgardensoap.com/?path=//opt/alt/tests" "Mozilla/5.0 AppleWebKit/537.36 (KHTML, like Gecko; compatible; GPTBot/1.3; +https://openai.com/gptbot)" 467 **0/467705**
74.7.241.54 - - [10/Mar/2026:22:46:17 -0700] "GET /plug/vote/plug.xml?fileloc=//proc/2470499/cwd/bin/stream&path=//proc/2470499/cwd/bin HTTP/1.1" 200 2277 "http://www.rgardensoap.com/plug/vote/plug.xml?path=//proc/2470499/cwd/bin" "Mozilla/5.0 AppleWebKit/537.36 (KHTML, like Gecko; compatible; GPTBot/1.3; +https://openai.com/gptbot)" 525 **0/525961**
74.7.227.150 - - [10/Mar/2026:22:46:17 -0700] "GET /blog/?fileloc=//proc/sys/net/core/netdev_tstamp_prequeue&path=//proc/sys/net/core HTTP/1.1" 200 2290 "http://rgardensoap.com/blog/?path=//proc/sys/net/core" "Mozilla/5.0 AppleWebKit/537.36 (KHTML, like Gecko; compatible; GPTBot/1.3; +https://openai.com/gptbot)" 536 **0/536988**
74.7.227.35 - - [10/Mar/2026:22:46:17 -0700] "GET /?path=//opt/alt/tests/alt-php74-phpiredis_1.0.1-1.el8 HTTP/1.1" 200 3209 "http://mail.rgardensoap.com/?path=//opt/alt/tests" "Mozilla/5.0 AppleWebKit/537.36 (KHTML, like Gecko; compatible; GPTBot/1.3; +https://openai.com/gptbot)" 522 **0/522762**
74.7.241.54 - - [10/Mar/2026:22:46:17 -0700] "GET /plug/vote/plug.xml?fileloc=//proc/2470499/cwd/bin/zsoelim&path=//proc/2470499/cwd/bin HTTP/1.1" 200 2278 "http://www.rgardensoap.com/plug/vote/plug.xml?path=//proc/2470499/cwd/bin" "Mozilla/5.0 AppleWebKit/537.36 (KHTML, like Gecko; compatible; GPTBot/1.3; +https://openai.com/gptbot)" 597 **0/597956**
74.7.227.150 - - [10/Mar/2026:22:46:18 -0700] "GET /blog/?path=//proc/2470499/root/var/www HTTP/1.1" 200 2604 "http://rgardensoap.com/blog/?path=//proc/2470499/root/var" "Mozilla/5.0 AppleWebKit/537.36 (KHTML, like Gecko; compatible; GPTBot/1.3; +https://openai.com/gptbot)" 543 **0/543937**
74.7.241.54 - - [10/Mar/2026:22:46:18 -0700] "GET /plug/vote/plug.xml?fileloc=//proc/2470499/cwd/bin/setterm&path=//proc/2470499/cwd/bin HTTP/1.1" 200 2280 "http://www.rgardensoap.com/plug/vote/plug.xml?path=//proc/2470499/cwd/bin" "Mozilla/5.0 AppleWebKit/537.36 (KHTML, like Gecko; compatible; GPTBot/1.3; +https://openai.com/gptbot)" 489 **0/489697**
74.7.227.35 - - [10/Mar/2026:22:46:18 -0700] "GET /?path=//opt/alt/tests/alt-php54-pecl-oauth_1.2.3-2.el8/tests HTTP/1.1" 200 3189 "http://mail.rgardensoap.com/?path=//opt/alt/tests/alt-php54-pecl-oauth_1.2.3-2.el8" "Mozilla/5.0 AppleWebKit/537.36 (KHTML, like Gecko; compatible; GPTBot/1.3; +https://openai.com/gptbot)" 581 **0/581118**
74.7.227.150 - - [10/Mar/2026:22:46:19 -0700] "GET /blog/?path=//proc/2470499/root/lib HTTP/1.1" 200 3550 "http://rgardensoap.com/blog/?path=//proc/2470499/root" "Mozilla/5.0 AppleWebKit/537.36 (KHTML, like Gecko; compatible; GPTBot/1.3; +https://openai.com/gptbot)" 470 **0/470174**
74.7.241.54 - - [10/Mar/2026:22:46:19 -0700] "GET /plug/vote/plug.xml?fileloc=//proc/2470499/cwd/bin/fc-query&path=//proc/2470499/cwd/bin HTTP/1.1" 200 2280 "http://www.rgardensoap.com/plug/vote/plug.xml?path=//proc/2470499/cwd/bin" "Mozilla/5.0 AppleWebKit/537.36 (KHTML, like Gecko; compatible; GPTBot/1.3; +https://openai.com/gptbot)" 500 **0/500219**
74.7.227.35 - - [10/Mar/2026:22:46:19 -0700] "GET /?path=//opt/alt/tests/alt-php56-pecl-oauth_1.2.3-2.el8 HTTP/1.1" 200 2581 "http://mail.rgardensoap.com/?path=//opt/alt/tests" "Mozilla/5.0 AppleWebKit/537.36 (KHTML, like Gecko; compatible; GPTBot/1.3; +https://openai.com/gptbot)" 518 **0/518451**
74.7.227.150 - - [10/Mar/2026:22:46:19 -0700] "GET /blog/?path=//proc/2470499/root/run HTTP/1.1" 200 2864 "http://rgardensoap.com/blog/?path=//proc/2470499/root" "Mozilla/5.0 AppleWebKit/537.36 (KHTML, like Gecko; compatible; GPTBot/1.3; +https://openai.com/gptbot)" 493 **0/493118**
74.7.241.54 - - [10/Mar/2026:22:46:19 -0700] "GET /plug/vote/plug.xml?fileloc=//proc/2470499/cwd/bin/gmake&path=//proc/2470499/cwd/bin HTTP/1.1" 200 2278 "http://www.rgardensoap.com/plug/vote/plug.xml?path=//proc/2470499/cwd/bin" "Mozilla/5.0 AppleWebKit/537.36 (KHTML, like Gecko; compatible; GPTBot/1.3; +https://openai.com/gptbot)" 462 **0/462433**
74.7.227.35 - - [10/Mar/2026:22:46:19 -0700] "GET /?path=//opt/alt/tests/alt-php81-pecl-mcrypt_1.0.7-1.el8 HTTP/1.1" 200 2583 "http://mail.rgardensoap.com/?path=//opt/alt/tests" "Mozilla/5.0 AppleWebKit/537.36 (KHTML, like Gecko; compatible; GPTBot/1.3; +https://openai.com/gptbot)" 463 **0/463140**
74.7.227.150 - - [10/Mar/2026:22:46:20 -0700] "GET /wp?path=//proc/tty HTTP/1.1" 200 2677 "http://rgardensoap.com/wp?path=//proc" "Mozilla/5.0 AppleWebKit/537.36 (KHTML, like Gecko; compatible; GPTBot/1.3; +https://openai.com/gptbot)" 462 **0/462644**
74.7.241.54 - - [10/Mar/2026:22:46:20 -0700] "GET /plug/vote/plug.xml?fileloc=//proc/2470499/cwd/bin/stdbuf&path=//proc/2470499/cwd/bin HTTP/1.1" 200 2279 "http://www.rgardensoap.com/plug/vote/plug.xml?path=//proc/2470499/cwd/bin" "Mozilla/5.0 AppleWebKit/537.36 (KHTML, like Gecko; compatible; GPTBot/1.3; +https://openai.com/gptbot)" 504 **0/504569**
74.7.227.35 - - [10/Mar/2026:22:46:20 -0700] "GET /?path=//opt/alt/tests/alt-php71-pecl-gnupg_1.5.1-1.el8/tests HTTP/1.1" 200 3617 "http://mail.rgardensoap.com/?path=//opt/alt/tests/alt-php71-pecl-gnupg_1.5.1-1.el8" "Mozilla/5.0 AppleWebKit/537.36 (KHTML, like Gecko; compatible; GPTBot/1.3; +https://openai.com/gptbot)" 499 **0/499013**
74.7.227.150 - - [10/Mar/2026:22:46:21 -0700] "GET /blog?path=//usr/lib64/engines-1.1 HTTP/1.1" 200 2701 "http://rgardensoap.com/blog?path=//usr/lib64" "Mozilla/5.0 AppleWebKit/537.36 (KHTML, like Gecko; compatible; GPTBot/1.3; +https://openai.com/gptbot)" 489 **0/489040**
74.7.241.54 - - [10/Mar/2026:22:46:21 -0700] "GET /plug/vote/plug.xml?fileloc=//proc/2470499/cwd/bin/gpg-zip&path=//proc/2470499/cwd/bin HTTP/1.1" 200 3495 "http://www.rgardensoap.com/plug/vote/plug.xml?path=//proc/2470499/cwd/bin" "Mozilla/5.0 AppleWebKit/537.36 (KHTML, like Gecko; compatible; GPTBot/1.3; +https://openai.com/gptbot)" 538 **0/538930**
74.7.227.35 - - [10/Mar/2026:22:46:21 -0700] "GET /?path=//opt/alt/tests/alt-php83-pecl-raphf_2.0.1-1.el8 HTTP/1.1" 200 2581 "http://mail.rgardensoap.com/?path=//opt/alt/tests" "Mozilla/5.0 AppleWebKit/537.36 (KHTML, like Gecko; compatible; GPTBot/1.3; +https://openai.com/gptbot)" 505 **0/505075**
74.7.227.150 - - [10/Mar/2026:22:46:21 -0700] "GET /blog?path=//lib64/python2.7/ensurepip HTTP/1.1" 200 2764 "http://rgardensoap.com/blog?path=//lib64/python2.7" "Mozilla/5.0 AppleWebKit/537.36 (KHTML, like Gecko; compatible; GPTBot/1.3; +https://openai.com/gptbot)" 496 **0/496308**
74.7.241.54 - - [10/Mar/2026:22:46:21 -0700] "GET /plug/vote/plug.xml?fileloc=//proc/2470499/cwd/bin/bzmore&path=//proc/2470499/cwd/bin HTTP/1.1" 200 2928 "http://www.rgardensoap.com/plug/vote/plug.xml?path=//proc/2470499/cwd/bin" "Mozilla/5.0 AppleWebKit/537.36 (KHTML, like Gecko; compatible; GPTBot/1.3; +https://openai.com/gptbot)" 502 **0/502421**
74.7.227.35 - - [10/Mar/2026:22:46:21 -0700] "GET /?path=//opt/alt/tests/alt-php81-pecl-xdiff_2.1.1-1.el8 HTTP/1.1" 200 2581 "http://mail.rgardensoap.com/?path=//opt/alt/tests" "Mozilla/5.0 AppleWebKit/537.36 (KHTML, like Gecko; compatible; GPTBot/1.3; +https://openai.com/gptbot)" 535 **0/535345**
