74.7.241.54 - - [10/Mar/2026:22:36:33 -0700] "GET /fizzy-bath-bombs.html?fileloc=//lib/firmware/isdbt_nova_12mhz_b0.inp&path=//lib/firmware HTTP/1.1" 200 2273 "http://www.rgardensoap.com/fizzy-bath-bombs.html?path=//lib/firmware" "Mozilla/5.0 AppleWebKit/537.36 (KHTML, like Gecko; compatible; GPTBot/1.3; +https://openai.com/gptbot)" 589 **0/589206**
74.7.227.150 - - [10/Mar/2026:22:36:33 -0700] "GET /blog?path=//lib/tuned HTTP/1.1" 200 3149 "http://rgardensoap.com/blog?path=//lib" "Mozilla/5.0 AppleWebKit/537.36 (KHTML, like Gecko; compatible; GPTBot/1.3; +https://openai.com/gptbot)" 541 **0/541958**
74.7.227.35 - - [10/Mar/2026:22:36:34 -0700] "GET /?path=//lib64/enchant HTTP/1.1" 200 2578 "http://mail.rgardensoap.com/?path=//lib64" "Mozilla/5.0 AppleWebKit/537.36 (KHTML, like Gecko; compatible; GPTBot/1.3; +https://openai.com/gptbot)" 502 **0/502063**
74.7.241.54 - - [10/Mar/2026:22:36:34 -0700] "GET /healthyskin/fight-for-your-health?fileloc=/home/p8pyefaexf70/public_html/xmlrpc.php&path=/home/p8pyefaexf70/public_html HTTP/1.1" 200 3625 "http://www.rgardensoap.com/healthyskin/fight-for-your-health" "Mozilla/5.0 AppleWebKit/537.36 (KHTML, like Gecko; compatible; GPTBot/1.3; +https://openai.com/gptbot)" 577 **0/577982**
74.7.227.150 - - [10/Mar/2026:22:36:34 -0700] "GET /blog?path=//lib/kcare HTTP/1.1" 200 2574 "http://rgardensoap.com/blog?path=//lib" "Mozilla/5.0 AppleWebKit/537.36 (KHTML, like Gecko; compatible; GPTBot/1.3; +https://openai.com/gptbot)" 495 **0/495898**
74.7.227.35 - - [10/Mar/2026:22:36:34 -0700] "GET /?path=//lib/grub/i386-pc HTTP/1.1" 200 9946 "http://mail.rgardensoap.com/?path=//lib/grub" "Mozilla/5.0 AppleWebKit/537.36 (KHTML, like Gecko; compatible; GPTBot/1.3; +https://openai.com/gptbot)" 580 **0/580444**
74.7.227.150 - - [10/Mar/2026:22:36:35 -0700] "GET /blog?path=//lib/kdump HTTP/1.1" 200 2637 "http://rgardensoap.com/blog?path=//lib" "Mozilla/5.0 AppleWebKit/537.36 (KHTML, like Gecko; compatible; GPTBot/1.3; +https://openai.com/gptbot)" 504 **0/504011**
74.7.241.54 - - [10/Mar/2026:22:36:35 -0700] "GET /healthyskin/fight-for-your-health?fileloc=/home/p8pyefaexf70/public_html/lhrre.php&path=/home/p8pyefaexf70/public_html HTTP/1.1" 200 53996 "http://www.rgardensoap.com/healthyskin/fight-for-your-health" "Mozilla/5.0 AppleWebKit/537.36 (KHTML, like Gecko; compatible; GPTBot/1.3; +https://openai.com/gptbot)" 591 **0/591511**
74.7.227.35 - - [10/Mar/2026:22:36:35 -0700] "GET /?path=//lib64/xtables HTTP/1.1" 200 5491 "http://mail.rgardensoap.com/?path=//lib64" "Mozilla/5.0 AppleWebKit/537.36 (KHTML, like Gecko; compatible; GPTBot/1.3; +https://openai.com/gptbot)" 551 **0/551056**
74.7.227.150 - - [10/Mar/2026:22:36:35 -0700] "GET /blog?path=//lib/games HTTP/1.1" 200 2304 "http://rgardensoap.com/blog?path=//lib" "Mozilla/5.0 AppleWebKit/537.36 (KHTML, like Gecko; compatible; GPTBot/1.3; +https://openai.com/gptbot)" 473 **0/473422**
74.7.241.54 - - [10/Mar/2026:22:36:35 -0700] "GET /healthyskin/fight-for-your-health?fileloc=/home/p8pyefaexf70/public_html/lpzxh.php&path=/home/p8pyefaexf70/public_html HTTP/1.1" 200 53996 "http://www.rgardensoap.com/healthyskin/fight-for-your-health" "Mozilla/5.0 AppleWebKit/537.36 (KHTML, like Gecko; compatible; GPTBot/1.3; +https://openai.com/gptbot)" 589 **0/589025**
74.7.227.35 - - [10/Mar/2026:22:36:36 -0700] "GET /?fileloc=//lib/udev/fido_id&path=//lib/udev HTTP/1.1" 200 2258 "http://mail.rgardensoap.com/?path=//lib/udev" "Mozilla/5.0 AppleWebKit/537.36 (KHTML, like Gecko; compatible; GPTBot/1.3; +https://openai.com/gptbot)" 529 **0/529944**
74.7.227.150 - - [10/Mar/2026:22:36:36 -0700] "GET /blog/?fileloc=//proc/2470499/comm&path=//proc/2470499 HTTP/1.1" 200 2263 "http://rgardensoap.com/blog/?path=//proc/2470499" "Mozilla/5.0 AppleWebKit/537.36 (KHTML, like Gecko; compatible; GPTBot/1.3; +https://openai.com/gptbot)" 529 **0/529341**
74.7.241.54 - - [10/Mar/2026:22:36:36 -0700] "GET /fizzy-bath-bombs.html?path=//opt/ai-bolit HTTP/1.1" 200 2667 "http://www.rgardensoap.com/fizzy-bath-bombs.html?path=//opt" "Mozilla/5.0 AppleWebKit/537.36 (KHTML, like Gecko; compatible; GPTBot/1.3; +https://openai.com/gptbot)" 564 **0/564133**
74.7.227.35 - - [10/Mar/2026:22:36:36 -0700] "GET /?fileloc=//lib/udev/ata_id&path=//lib/udev HTTP/1.1" 200 2258 "http://mail.rgardensoap.com/?path=//lib/udev" "Mozilla/5.0 AppleWebKit/537.36 (KHTML, like Gecko; compatible; GPTBot/1.3; +https://openai.com/gptbot)" 534 **0/534883**
74.7.227.150 - - [10/Mar/2026:22:36:37 -0700] "GET /blog?path=//proc/scsi HTTP/1.1" 200 2649 "http://rgardensoap.com/blog?path=//proc" "Mozilla/5.0 AppleWebKit/537.36 (KHTML, like Gecko; compatible; GPTBot/1.3; +https://openai.com/gptbot)" 570 **0/570148**
74.7.241.54 - - [10/Mar/2026:22:36:37 -0700] "GET /fizzy-bath-bombs.html?fileloc=//bin/readelf&path=//bin HTTP/1.1" 200 2245 "http://www.rgardensoap.com/fizzy-bath-bombs.html?path=//bin" "Mozilla/5.0 AppleWebKit/537.36 (KHTML, like Gecko; compatible; GPTBot/1.3; +https://openai.com/gptbot)" 528 **0/528144**
74.7.241.54 - - [10/Mar/2026:22:36:37 -0700] "GET /fizzy-bath-bombs.html?fileloc=/home/p8pyefaexf70/public_html/wp-admin/images/wpspin_light.gif&path=/home/p8pyefaexf70/public_html/wp-admin/images HTTP/1.1" 200 2287 "http://www.rgardensoap.com/fizzy-bath-bombs.html?path=/home/p8pyefaexf70/public_html/wp-admin/images" "Mozilla/5.0 AppleWebKit/537.36 (KHTML, like Gecko; compatible; GPTBot/1.3; +https://openai.com/gptbot)" 287 **0/287084**
74.7.227.35 - - [10/Mar/2026:22:36:37 -0700] "GET /?fileloc=//lib/udev/scsi_id&path=//lib/udev HTTP/1.1" 200 2259 "http://mail.rgardensoap.com/?path=//lib/udev" "Mozilla/5.0 AppleWebKit/537.36 (KHTML, like Gecko; compatible; GPTBot/1.3; +https://openai.com/gptbot)" 535 **0/535829**
74.7.227.150 - - [10/Mar/2026:22:36:37 -0700] "GET /blog?path=//proc/self HTTP/1.1" 200 3885 "http://rgardensoap.com/blog?path=//proc" "Mozilla/5.0 AppleWebKit/537.36 (KHTML, like Gecko; compatible; GPTBot/1.3; +https://openai.com/gptbot)" 605 **0/605094**
74.7.241.54 - - [10/Mar/2026:22:36:38 -0700] "GET /fizzy-bath-bombs.html?fileloc=/home/p8pyefaexf70/public_html/wp-admin/images/media-button.png&path=/home/p8pyefaexf70/public_html/wp-admin/images HTTP/1.1" 200 2283 "http://www.rgardensoap.com/fizzy-bath-bombs.html?path=/home/p8pyefaexf70/public_html/wp-admin/images" "Mozilla/5.0 AppleWebKit/537.36 (KHTML, like Gecko; compatible; GPTBot/1.3; +https://openai.com/gptbot)" 261 **0/261403**
74.7.227.35 - - [10/Mar/2026:22:36:38 -0700] "GET /?fileloc=//lib/udev/v4l_id&path=//lib/udev HTTP/1.1" 200 2258 "http://mail.rgardensoap.com/?path=//lib/udev" "Mozilla/5.0 AppleWebKit/537.36 (KHTML, like Gecko; compatible; GPTBot/1.3; +https://openai.com/gptbot)" 480 **0/480021**
74.7.227.150 - - [10/Mar/2026:22:36:38 -0700] "GET /blog?path=//proc/irq/2 HTTP/1.1" 200 2740 "http://rgardensoap.com/blog?path=//proc/irq" "Mozilla/5.0 AppleWebKit/537.36 (KHTML, like Gecko; compatible; GPTBot/1.3; +https://openai.com/gptbot)" 571 **0/571810**
74.7.241.54 - - [10/Mar/2026:22:36:38 -0700] "GET /fizzy-bath-bombs.html?fileloc=/home/p8pyefaexf70/public_html/wp-admin/images/bubble_bg.gif&path=/home/p8pyefaexf70/public_html/wp-admin/images HTTP/1.1" 200 2286 "http://www.rgardensoap.com/fizzy-bath-bombs.html?path=/home/p8pyefaexf70/public_html/wp-admin/images" "Mozilla/5.0 AppleWebKit/537.36 (KHTML, like Gecko; compatible; GPTBot/1.3; +https://openai.com/gptbot)" 312 **0/312832**
74.7.227.35 - - [10/Mar/2026:22:36:38 -0700] "GET /?path=/home/p8pyefaexf70/.htpasswds HTTP/1.1" 200 2306 "http://mail.rgardensoap.com/?path=/home/p8pyefaexf70" "Mozilla/5.0 AppleWebKit/537.36 (KHTML, like Gecko; compatible; GPTBot/1.3; +https://openai.com/gptbot)" 537 **0/537863**
74.7.241.54 - - [10/Mar/2026:22:36:39 -0700] "GET /fizzy-bath-bombs.html?fileloc=/home/p8pyefaexf70/public_html/wp-admin/images/media-button-other.gif&path=/home/p8pyefaexf70/public_html/wp-admin/images HTTP/1.1" 200 2287 "http://www.rgardensoap.com/fizzy-bath-bombs.html?path=/home/p8pyefaexf70/public_html/wp-admin/images" "Mozilla/5.0 AppleWebKit/537.36 (KHTML, like Gecko; compatible; GPTBot/1.3; +https://openai.com/gptbot)" 364 **0/364694**
74.7.227.150 - - [10/Mar/2026:22:36:39 -0700] "GET /blog?path=//proc/irq/5 HTTP/1.1" 200 2740 "http://rgardensoap.com/blog?path=//proc/irq" "Mozilla/5.0 AppleWebKit/537.36 (KHTML, like Gecko; compatible; GPTBot/1.3; +https://openai.com/gptbot)" 573 **0/573479**
74.7.227.35 - - [10/Mar/2026:22:36:39 -0700] "GET /?path=/home/p8pyefaexf70/public_ftp HTTP/1.1" 200 2550 "http://mail.rgardensoap.com/?path=/home/p8pyefaexf70" "Mozilla/5.0 AppleWebKit/537.36 (KHTML, like Gecko; compatible; GPTBot/1.3; +https://openai.com/gptbot)" 491 **0/491599**
74.7.241.54 - - [10/Mar/2026:22:36:40 -0700] "GET /fizzy-bath-bombs.html?fileloc=/home/p8pyefaexf70/public_html/wp-admin/images/imgedit-icons.png&path=/home/p8pyefaexf70/public_html/wp-admin/images HTTP/1.1" 200 2285 "http://www.rgardensoap.com/fizzy-bath-bombs.html?path=/home/p8pyefaexf70/public_html/wp-admin/images" "Mozilla/5.0 AppleWebKit/537.36 (KHTML, like Gecko; compatible; GPTBot/1.3; +https://openai.com/gptbot)" 338 **0/338360**
74.7.227.150 - - [10/Mar/2026:22:36:39 -0700] "GET /blog?path=//proc/irq/0 HTTP/1.1" 200 2740 "http://rgardensoap.com/blog?path=//proc/irq" "Mozilla/5.0 AppleWebKit/537.36 (KHTML, like Gecko; compatible; GPTBot/1.3; +https://openai.com/gptbot)" 534 **0/534331**
74.7.227.35 - - [10/Mar/2026:22:36:40 -0700] "GET /?fileloc=//etc/spammeripblocks&path=//etc HTTP/1.1" 200 2251 "http://mail.rgardensoap.com/?path=//etc" "Mozilla/5.0 AppleWebKit/537.36 (KHTML, like Gecko; compatible; GPTBot/1.3; +https://openai.com/gptbot)" 467 **0/467839**
74.7.241.54 - - [10/Mar/2026:22:36:40 -0700] "GET /fizzy-bath-bombs.html?fileloc=/home/p8pyefaexf70/public_html/wp-admin/images/wordpress-logo.png&path=/home/p8pyefaexf70/public_html/wp-admin/images HTTP/1.1" 200 2287 "http://www.rgardensoap.com/fizzy-bath-bombs.html?path=/home/p8pyefaexf70/public_html/wp-admin/images" "Mozilla/5.0 AppleWebKit/537.36 (KHTML, like Gecko; compatible; GPTBot/1.3; +https://openai.com/gptbot)" 306 **0/306551**
74.7.227.150 - - [10/Mar/2026:22:36:40 -0700] "GET /blog?path=//proc/irq/6 HTTP/1.1" 200 2740 "http://rgardensoap.com/blog?path=//proc/irq" "Mozilla/5.0 AppleWebKit/537.36 (KHTML, like Gecko; compatible; GPTBot/1.3; +https://openai.com/gptbot)" 507 **0/507404**
74.7.227.35 - - [10/Mar/2026:22:36:40 -0700] "GET /?path=//lib64/gems/ruby/json-2.1.0/json HTTP/1.1" 200 2573 "http://mail.rgardensoap.com/?path=//lib64/gems/ruby/json-2.1.0" "Mozilla/5.0 AppleWebKit/537.36 (KHTML, like Gecko; compatible; GPTBot/1.3; +https://openai.com/gptbot)" 483 **0/483739**
74.7.241.54 - - [10/Mar/2026:22:36:41 -0700] "GET /fizzy-bath-bombs.html?fileloc=//bin/git-shell&path=//bin HTTP/1.1" 200 2247 "http://www.rgardensoap.com/fizzy-bath-bombs.html?path=//bin" "Mozilla/5.0 AppleWebKit/537.36 (KHTML, like Gecko; compatible; GPTBot/1.3; +https://openai.com/gptbot)" 668 **0/668760**
74.7.227.150 - - [10/Mar/2026:22:36:41 -0700] "GET /blog?path=//proc/irq/1 HTTP/1.1" 200 2797 "http://rgardensoap.com/blog?path=//proc/irq" "Mozilla/5.0 AppleWebKit/537.36 (KHTML, like Gecko; compatible; GPTBot/1.3; +https://openai.com/gptbot)" 526 **0/526508**
74.7.241.54 - - [10/Mar/2026:22:36:41 -0700] "GET /plug/vote/plug.xml?fileloc=/home/p8pyefaexf70/public_html/wp-includes/blocks/list.php&path=/home/p8pyefaexf70/public_html/wp-includes/blocks HTTP/1.1" 200 2796 "http://www.rgardensoap.com/plug/vote/plug.xml?path=/home/p8pyefaexf70/public_html/wp-includes/blocks" "Mozilla/5.0 AppleWebKit/537.36 (KHTML, like Gecko; compatible; GPTBot/1.3; +https://openai.com/gptbot)" 491 **0/491025**
74.7.227.35 - - [10/Mar/2026:22:36:41 -0700] "GET /?path=//lib/modules/4.18.0-553.50.1.lve.el8.x86_64 HTTP/1.1" 200 2557 "http://mail.rgardensoap.com/?path=//lib/modules" "Mozilla/5.0 AppleWebKit/537.36 (KHTML, like Gecko; compatible; GPTBot/1.3; +https://openai.com/gptbot)" 902 **0/902915**
74.7.227.150 - - [10/Mar/2026:22:36:41 -0700] "GET /blog?path=//proc/irq/8 HTTP/1.1" 200 2794 "http://rgardensoap.com/blog?path=//proc/irq" "Mozilla/5.0 AppleWebKit/537.36 (KHTML, like Gecko; compatible; GPTBot/1.3; +https://openai.com/gptbot)" 486 **0/486443**
74.7.227.35 - - [10/Mar/2026:22:36:42 -0700] "GET /?fileloc=//lib/grub/i386-pc/pbkdf2.mod&path=//lib/grub/i386-pc HTTP/1.1" 200 2274 "http://mail.rgardensoap.com/?path=//lib/grub/i386-pc" "Mozilla/5.0 AppleWebKit/537.36 (KHTML, like Gecko; compatible; GPTBot/1.3; +https://openai.com/gptbot)" 459 **0/459903**
74.7.241.54 - - [10/Mar/2026:22:36:42 -0700] "GET /plug/vote/plug.xml?fileloc=/home/p8pyefaexf70/public_html/wp-includes/Requests/src/Proxy/Http.php&path=/home/p8pyefaexf70/public_html/wp-includes/Requests/src/Proxy HTTP/1.1" 200 3611 "http://www.rgardensoap.com/plug/vote/plug.xml?path=/home/p8pyefaexf70/public_html/wp-includes/Requests/src/Proxy" "Mozilla/5.0 AppleWebKit/537.36 (KHTML, like Gecko; compatible; GPTBot/1.3; +https://openai.com/gptbot)" 658 **0/658256**
74.7.227.150 - - [10/Mar/2026:22:36:42 -0700] "GET /blog?path=//proc/irq/9 HTTP/1.1" 200 2793 "http://rgardensoap.com/blog?path=//proc/irq" "Mozilla/5.0 AppleWebKit/537.36 (KHTML, like Gecko; compatible; GPTBot/1.3; +https://openai.com/gptbot)" 514 **0/514954**
74.7.227.35 - - [10/Mar/2026:22:36:43 -0700] "GET /?fileloc=//lib64/xtables/libxt_quota.so&path=//lib64/xtables HTTP/1.1" 200 2262 "http://mail.rgardensoap.com/?path=//lib64/xtables" "Mozilla/5.0 AppleWebKit/537.36 (KHTML, like Gecko; compatible; GPTBot/1.3; +https://openai.com/gptbot)" 483 **0/483938**
74.7.241.54 - - [10/Mar/2026:22:36:43 -0700] "GET /plug/vote/plug.xml?fileloc=/home/p8pyefaexf70/public_html/wp-includes/Requests/src/Cookie/Jar.php&path=/home/p8pyefaexf70/public_html/wp-includes/Requests/src/Cookie HTTP/1.1" 200 3611 "http://www.rgardensoap.com/plug/vote/plug.xml?path=/home/p8pyefaexf70/public_html/wp-includes/Requests/src/Cookie" "Mozilla/5.0 AppleWebKit/537.36 (KHTML, like Gecko; compatible; GPTBot/1.3; +https://openai.com/gptbot)" 490 **0/490896**
74.7.227.150 - - [10/Mar/2026:22:36:43 -0700] "GET /blog?path=//proc/irq/4 HTTP/1.1" 200 2799 "http://rgardensoap.com/blog?path=//proc/irq" "Mozilla/5.0 AppleWebKit/537.36 (KHTML, like Gecko; compatible; GPTBot/1.3; +https://openai.com/gptbot)" 485 **0/485652**
74.7.227.35 - - [10/Mar/2026:22:36:43 -0700] "GET /?path=//lib/modules/4.18.0-553.83.1.lve.el8.x86_64 HTTP/1.1" 200 3366 "http://mail.rgardensoap.com/?path=//lib/modules" "Mozilla/5.0 AppleWebKit/537.36 (KHTML, like Gecko; compatible; GPTBot/1.3; +https://openai.com/gptbot)" 563 **0/563679**
74.7.241.54 - - [10/Mar/2026:22:36:43 -0700] "GET /fizzy-bath-bombs.html?fileloc=//bin/libtool&path=//bin HTTP/1.1" 200 88257 "http://www.rgardensoap.com/fizzy-bath-bombs.html?path=//bin" "Mozilla/5.0 AppleWebKit/537.36 (KHTML, like Gecko; compatible; GPTBot/1.3; +https://openai.com/gptbot)" 681 **0/681862**
74.7.227.150 - - [10/Mar/2026:22:36:43 -0700] "GET /blog?path=//proc/irq/7 HTTP/1.1" 200 2741 "http://rgardensoap.com/blog?path=//proc/irq" "Mozilla/5.0 AppleWebKit/537.36 (KHTML, like Gecko; compatible; GPTBot/1.3; +https://openai.com/gptbot)" 597 **0/597046**
74.7.227.35 - - [10/Mar/2026:22:36:44 -0700] "GET /?fileloc=//etc/localtime&path=//etc HTTP/1.1" 200 2248 "http://mail.rgardensoap.com/?path=//etc" "Mozilla/5.0 AppleWebKit/537.36 (KHTML, like Gecko; compatible; GPTBot/1.3; +https://openai.com/gptbot)" 614 **0/614050**
74.7.241.54 - - [10/Mar/2026:22:36:44 -0700] "GET /fizzy-bath-bombs.html?fileloc=//lib/firmware/TXNW2781RCA0.bin&path=//lib/firmware HTTP/1.1" 200 2271 "http://www.rgardensoap.com/fizzy-bath-bombs.html?path=//lib/firmware" "Mozilla/5.0 AppleWebKit/537.36 (KHTML, like Gecko; compatible; GPTBot/1.3; +https://openai.com/gptbot)" 567 **0/567824**
74.7.227.150 - - [10/Mar/2026:22:36:44 -0700] "GET /blog?path=//proc/irq/3 HTTP/1.1" 200 2740 "http://rgardensoap.com/blog?path=//proc/irq" "Mozilla/5.0 AppleWebKit/537.36 (KHTML, like Gecko; compatible; GPTBot/1.3; +https://openai.com/gptbot)" 644 **0/644072**
74.7.227.35 - - [10/Mar/2026:22:36:45 -0700] "GET /?path=//lib64/perl5/auto HTTP/1.1" 200 3008 "http://mail.rgardensoap.com/?path=//lib64/perl5" "Mozilla/5.0 AppleWebKit/537.36 (KHTML, like Gecko; compatible; GPTBot/1.3; +https://openai.com/gptbot)" 504 **0/504837**
74.7.241.54 - - [10/Mar/2026:22:36:45 -0700] "GET /fizzy-bath-bombs.html?fileloc=//lib/firmware/TXNW2781RCA1.bin&path=//lib/firmware HTTP/1.1" 200 2271 "http://www.rgardensoap.com/fizzy-bath-bombs.html?path=//lib/firmware" "Mozilla/5.0 AppleWebKit/537.36 (KHTML, like Gecko; compatible; GPTBot/1.3; +https://openai.com/gptbot)" 591 **0/591990**
74.7.227.150 - - [10/Mar/2026:22:36:45 -0700] "GET /blog/?path=//lib64/python3.6 HTTP/1.1" 200 7889 "http://rgardensoap.com/blog/?path=//lib64" "Mozilla/5.0 AppleWebKit/537.36 (KHTML, like Gecko; compatible; GPTBot/1.3; +https://openai.com/gptbot)" 496 **0/496636**
74.7.227.35 - - [10/Mar/2026:22:36:45 -0700] "GET /?path=//lib64/perl5/bits HTTP/1.1" 200 3604 "http://mail.rgardensoap.com/?path=//lib64/perl5" "Mozilla/5.0 AppleWebKit/537.36 (KHTML, like Gecko; compatible; GPTBot/1.3; +https://openai.com/gptbot)" 532 **0/532378**
74.7.241.54 - - [10/Mar/2026:22:36:45 -0700] "GET /fizzy-bath-bombs.html?fileloc=//lib/firmware/TXNW2781RCA2.bin&path=//lib/firmware HTTP/1.1" 200 2271 "http://www.rgardensoap.com/fizzy-bath-bombs.html?path=//lib/firmware" "Mozilla/5.0 AppleWebKit/537.36 (KHTML, like Gecko; compatible; GPTBot/1.3; +https://openai.com/gptbot)" 681 **0/681397**
74.7.227.150 - - [10/Mar/2026:22:36:45 -0700] "GET /blog/?path=//lib64/python2.7 HTTP/1.1" 200 14382 "http://rgardensoap.com/blog/?path=//lib64" "Mozilla/5.0 AppleWebKit/537.36 (KHTML, like Gecko; compatible; GPTBot/1.3; +https://openai.com/gptbot)" 628 **0/628826**
74.7.227.35 - - [10/Mar/2026:22:36:46 -0700] "GET /?path=//lib/modules/4.18.0-553.54.1.lve.el8.x86_64 HTTP/1.1" 200 3359 "http://mail.rgardensoap.com/?path=//lib/modules" "Mozilla/5.0 AppleWebKit/537.36 (KHTML, like Gecko; compatible; GPTBot/1.3; +https://openai.com/gptbot)" 553 **0/553863**
74.7.227.150 - - [10/Mar/2026:22:36:46 -0700] "GET /blog?path=//lib/sse2 HTTP/1.1" 200 2304 "http://rgardensoap.com/blog?path=//lib" "Mozilla/5.0 AppleWebKit/537.36 (KHTML, like Gecko; compatible; GPTBot/1.3; +https://openai.com/gptbot)" 615 **0/615472**
74.7.241.54 - - [10/Mar/2026:22:36:46 -0700] "GET /fizzy-bath-bombs.html?fileloc=//lib/firmware/TIAS2781RCA4.bin&path=//lib/firmware HTTP/1.1" 200 2271 "http://www.rgardensoap.com/fizzy-bath-bombs.html?path=//lib/firmware" "Mozilla/5.0 AppleWebKit/537.36 (KHTML, like Gecko; compatible; GPTBot/1.3; +https://openai.com/gptbot)" 646 **0/646695**
74.7.227.35 - - [10/Mar/2026:22:36:47 -0700] "GET /?fileloc=//lib/udev/collect&path=//lib/udev HTTP/1.1" 200 2259 "http://mail.rgardensoap.com/?path=//lib/udev" "Mozilla/5.0 AppleWebKit/537.36 (KHTML, like Gecko; compatible; GPTBot/1.3; +https://openai.com/gptbot)" 579 **0/579269**
74.7.241.54 - - [10/Mar/2026:22:36:47 -0700] "GET /fizzy-bath-bombs.html?fileloc=//lib/firmware/TIAS2781RCA2.bin&path=//lib/firmware HTTP/1.1" 200 2271 "http://www.rgardensoap.com/fizzy-bath-bombs.html?path=//lib/firmware" "Mozilla/5.0 AppleWebKit/537.36 (KHTML, like Gecko; compatible; GPTBot/1.3; +https://openai.com/gptbot)" 489 **0/489322**
74.7.227.150 - - [10/Mar/2026:22:36:47 -0700] "GET /blog?fileloc=//proc/net/tcp&path=//proc/net HTTP/1.1" 200 16776 "http://rgardensoap.com/blog?path=//proc/net" "Mozilla/5.0 AppleWebKit/537.36 (KHTML, like Gecko; compatible; GPTBot/1.3; +https://openai.com/gptbot)" 648 **0/648760**
74.7.227.35 - - [10/Mar/2026:22:36:47 -0700] "GET /?path=//opt/alt HTTP/1.1" 200 4003 "http://mail.rgardensoap.com/?path=//opt" "Mozilla/5.0 AppleWebKit/537.36 (KHTML, like Gecko; compatible; GPTBot/1.3; +https://openai.com/gptbot)" 575 **0/575261**
74.7.227.150 - - [10/Mar/2026:22:36:48 -0700] "GET /blog/?path=//proc/irq/77 HTTP/1.1" 200 2806 "http://rgardensoap.com/blog/?path=//proc/irq" "Mozilla/5.0 AppleWebKit/537.36 (KHTML, like Gecko; compatible; GPTBot/1.3; +https://openai.com/gptbot)" 510 **0/510201**
74.7.241.54 - - [10/Mar/2026:22:36:48 -0700] "GET /fizzy-bath-bombs.html?fileloc=//lib/firmware/TXNW2781RCA4.bin&path=//lib/firmware HTTP/1.1" 200 2271 "http://www.rgardensoap.com/fizzy-bath-bombs.html?path=//lib/firmware" "Mozilla/5.0 AppleWebKit/537.36 (KHTML, like Gecko; compatible; GPTBot/1.3; +https://openai.com/gptbot)" 614 **0/614870**
74.7.227.35 - - [10/Mar/2026:22:36:48 -0700] "GET /?path=//lib64/gems/ruby/json-2.1.0/json/ext HTTP/1.1" 200 2642 "http://mail.rgardensoap.com/?path=//lib64/gems/ruby/json-2.1.0/json" "Mozilla/5.0 AppleWebKit/537.36 (KHTML, like Gecko; compatible; GPTBot/1.3; +https://openai.com/gptbot)" 693 **0/693370**
74.7.227.150 - - [10/Mar/2026:22:36:48 -0700] "GET /blog?path=//proc/irq/1/i8042 HTTP/1.1" 200 2324 "http://rgardensoap.com/blog?path=//proc/irq/1" "Mozilla/5.0 AppleWebKit/537.36 (KHTML, like Gecko; compatible; GPTBot/1.3; +https://openai.com/gptbot)" 497 **0/497539**
74.7.241.54 - - [10/Mar/2026:22:36:48 -0700] "GET /plug/vote/plug.xml?fileloc=/home/p8pyefaexf70/public_html/wp-includes/feed-rss2-comments.php&path=/home/p8pyefaexf70/public_html/wp-includes HTTP/1.1" 200 3694 "http://www.rgardensoap.com/plug/vote/plug.xml?path=/home/p8pyefaexf70/public_html/wp-includes" "Mozilla/5.0 AppleWebKit/537.36 (KHTML, like Gecko; compatible; GPTBot/1.3; +https://openai.com/gptbot)" 503 **0/503696**
74.7.241.54 - - [10/Mar/2026:22:36:49 -0700] "GET /plug/vote/plug.xml?fileloc=/home/p8pyefaexf70/public_html/wp-includes/js/hoverIntent.min.js&path=/home/p8pyefaexf70/public_html/wp-includes/js HTTP/1.1" 200 2979 "http://www.rgardensoap.com/plug/vote/plug.xml?path=/home/p8pyefaexf70/public_html/wp-includes/js" "Mozilla/5.0 AppleWebKit/537.36 (KHTML, like Gecko; compatible; GPTBot/1.3; +https://openai.com/gptbot)" 418 **0/418571**
74.7.227.35 - - [10/Mar/2026:22:36:49 -0700] "GET /?path=//lib/modules/4.18.0-553.50.1.lve.el8.x86_64/extra HTTP/1.1" 200 2596 "http://mail.rgardensoap.com/?path=//lib/modules/4.18.0-553.50.1.lve.el8.x86_64" "Mozilla/5.0 AppleWebKit/537.36 (KHTML, like Gecko; compatible; GPTBot/1.3; +https://openai.com/gptbot)" 656 **0/656066**
74.7.227.150 - - [10/Mar/2026:22:36:49 -0700] "GET /blog/?path=//proc/irq/44 HTTP/1.1" 200 2809 "http://rgardensoap.com/blog/?path=//proc/irq" "Mozilla/5.0 AppleWebKit/537.36 (KHTML, like Gecko; compatible; GPTBot/1.3; +https://openai.com/gptbot)" 679 **0/679582**
74.7.241.54 - - [10/Mar/2026:22:36:50 -0700] "GET /plug/vote/plug.xml?fileloc=/home/p8pyefaexf70/public_html/wp-includes/js/dist/a11y.js&path=/home/p8pyefaexf70/public_html/wp-includes/js/dist HTTP/1.1" 200 3782 "http://www.rgardensoap.com/plug/vote/plug.xml?path=/home/p8pyefaexf70/public_html/wp-includes/js/dist" "Mozilla/5.0 AppleWebKit/537.36 (KHTML, like Gecko; compatible; GPTBot/1.3; +https://openai.com/gptbot)" 599 **0/599955**
74.7.227.35 - - [10/Mar/2026:22:36:50 -0700] "GET /?path=//lib64/ruby/io HTTP/1.1" 200 2647 "http://mail.rgardensoap.com/?path=//lib64/ruby" "Mozilla/5.0 AppleWebKit/537.36 (KHTML, like Gecko; compatible; GPTBot/1.3; +https://openai.com/gptbot)" 611 **0/611203**
74.7.227.150 - - [10/Mar/2026:22:36:50 -0700] "GET /blog/?path=//proc/irq/88 HTTP/1.1" 200 2805 "http://rgardensoap.com/blog/?path=//proc/irq" "Mozilla/5.0 AppleWebKit/537.36 (KHTML, like Gecko; compatible; GPTBot/1.3; +https://openai.com/gptbot)" 522 **0/522694**
74.7.241.54 - - [10/Mar/2026:22:36:50 -0700] "GET /plug/vote/plug.xml?fileloc=/home/p8pyefaexf70/public_html/wp-includes/js/dist/i18n.js&path=/home/p8pyefaexf70/public_html/wp-includes/js/dist HTTP/1.1" 200 9131 "http://www.rgardensoap.com/plug/vote/plug.xml?path=/home/p8pyefaexf70/public_html/wp-includes/js/dist" "Mozilla/5.0 AppleWebKit/537.36 (KHTML, like Gecko; compatible; GPTBot/1.3; +https://openai.com/gptbot)" 342 **0/342431**
74.7.227.35 - - [10/Mar/2026:22:36:50 -0700] "GET /?path=//lib64/aspell-0.60 HTTP/1.1" 200 4138 "http://mail.rgardensoap.com/?path=//lib64" "Mozilla/5.0 AppleWebKit/537.36 (KHTML, like Gecko; compatible; GPTBot/1.3; +https://openai.com/gptbot)" 671 **0/671565**
74.7.227.150 - - [10/Mar/2026:22:36:51 -0700] "GET /blog/?path=//proc/irq/55 HTTP/1.1" 200 2807 "http://rgardensoap.com/blog/?path=//proc/irq" "Mozilla/5.0 AppleWebKit/537.36 (KHTML, like Gecko; compatible; GPTBot/1.3; +https://openai.com/gptbot)" 597 **0/597977**
74.7.241.54 - - [10/Mar/2026:22:36:51 -0700] "GET /plug/vote/plug.xml?path=/home/p8pyefaexf70/public_html/wp-includes/blocks/embed HTTP/1.1" 200 2880 "http://www.rgardensoap.com/plug/vote/plug.xml?path=/home/p8pyefaexf70/public_html/wp-includes/blocks" "Mozilla/5.0 AppleWebKit/537.36 (KHTML, like Gecko; compatible; GPTBot/1.3; +https://openai.com/gptbot)" 534 **0/534548**
74.7.227.35 - - [10/Mar/2026:22:36:51 -0700] "GET /?fileloc=//lib/modules/4.18.0-553.83.1.lve.el8.x86_64/modules.builtin.bin&path=//lib/modules/4.18.0-553.83.1.lve.el8.x86_64 HTTP/1.1" 200 2277 "http://mail.rgardensoap.com/?path=//lib/modules/4.18.0-553.83.1.lve.el8.x86_64" "Mozilla/5.0 AppleWebKit/537.36 (KHTML, like Gecko; compatible; GPTBot/1.3; +https://openai.com/gptbot)" 603 **0/603872**
74.7.227.150 - - [10/Mar/2026:22:36:51 -0700] "GET /blog/?path=//proc/irq/66 HTTP/1.1" 200 2807 "http://rgardensoap.com/blog/?path=//proc/irq" "Mozilla/5.0 AppleWebKit/537.36 (KHTML, like Gecko; compatible; GPTBot/1.3; +https://openai.com/gptbot)" 697 **0/697193**
74.7.241.54 - - [10/Mar/2026:22:36:52 -0700] "GET /fizzy-bath-bombs.html?fileloc=//lib/dracut/dracut-init.sh&path=//lib/dracut HTTP/1.1" 200 10169 "http://www.rgardensoap.com/fizzy-bath-bombs.html?path=//lib/dracut" "Mozilla/5.0 AppleWebKit/537.36 (KHTML, like Gecko; compatible; GPTBot/1.3; +https://openai.com/gptbot)" 496 **0/496882**
74.7.227.35 - - [10/Mar/2026:22:36:52 -0700] "GET /?path=//lib/modules/4.18.0-553.83.1.lve.el8.x86_64/vdso HTTP/1.1" 200 2621 "http://mail.rgardensoap.com/?path=//lib/modules/4.18.0-553.83.1.lve.el8.x86_64" "Mozilla/5.0 AppleWebKit/537.36 (KHTML, like Gecko; compatible; GPTBot/1.3; +https://openai.com/gptbot)" 534 **0/534321**
74.7.227.150 - - [10/Mar/2026:22:36:52 -0700] "GET /blog/?path=//proc/irq/11 HTTP/1.1" 200 2743 "http://rgardensoap.com/blog/?path=//proc/irq" "Mozilla/5.0 AppleWebKit/537.36 (KHTML, like Gecko; compatible; GPTBot/1.3; +https://openai.com/gptbot)" 570 **0/570522**
74.7.241.54 - - [10/Mar/2026:22:36:52 -0700] "GET /fizzy-bath-bombs.html?fileloc=//lib/grub/i386-pc/newc.mod&path=//lib/grub/i386-pc HTTP/1.1" 200 2273 "http://www.rgardensoap.com/fizzy-bath-bombs.html?path=//lib/grub/i386-pc" "Mozilla/5.0 AppleWebKit/537.36 (KHTML, like Gecko; compatible; GPTBot/1.3; +https://openai.com/gptbot)" 665 **0/665225**
74.7.227.35 - - [10/Mar/2026:22:36:53 -0700] "GET /?path=//lib64/python3.12/ctypes/__pycache__ HTTP/1.1" 200 2929 "http://mail.rgardensoap.com/?path=//lib64/python3.12/ctypes" "Mozilla/5.0 AppleWebKit/537.36 (KHTML, like Gecko; compatible; GPTBot/1.3; +https://openai.com/gptbot)" 534 **0/534536**
74.7.227.150 - - [10/Mar/2026:22:36:53 -0700] "GET /blog/?fileloc=//lib64/python3.6/statistics.py&path=//lib64/python3.6 HTTP/1.1" 200 8546 "http://rgardensoap.com/blog/?path=//lib64/python3.6" "Mozilla/5.0 AppleWebKit/537.36 (KHTML, like Gecko; compatible; GPTBot/1.3; +https://openai.com/gptbot)" 621 **0/621563**
74.7.241.54 - - [10/Mar/2026:22:36:53 -0700] "GET /fizzy-bath-bombs.html?fileloc=//lib/grub/i386-pc/minix.mod&path=//lib/grub/i386-pc HTTP/1.1" 200 2274 "http://www.rgardensoap.com/fizzy-bath-bombs.html?path=//lib/grub/i386-pc" "Mozilla/5.0 AppleWebKit/537.36 (KHTML, like Gecko; compatible; GPTBot/1.3; +https://openai.com/gptbot)" 551 **0/551391**
74.7.227.35 - - [10/Mar/2026:22:36:53 -0700] "GET /?fileloc=//lib/systemd/systemd&path=//lib/systemd HTTP/1.1" 200 2255 "http://mail.rgardensoap.com/?path=//lib/systemd" "Mozilla/5.0 AppleWebKit/537.36 (KHTML, like Gecko; compatible; GPTBot/1.3; +https://openai.com/gptbot)" 522 **0/522859**
74.7.227.150 - - [10/Mar/2026:22:36:54 -0700] "GET /blog/?fileloc=//lib64/python2.7/Cookie.pyc&path=//lib64/python2.7 HTTP/1.1" 200 2264 "http://rgardensoap.com/blog/?path=//lib64/python2.7" "Mozilla/5.0 AppleWebKit/537.36 (KHTML, like Gecko; compatible; GPTBot/1.3; +https://openai.com/gptbot)" 567 **0/567591**
74.7.241.54 - - [10/Mar/2026:22:36:54 -0700] "GET /fizzy-bath-bombs.html?fileloc=//lib/grub/i386-pc/ntfs.mod&path=//lib/grub/i386-pc HTTP/1.1" 200 2273 "http://www.rgardensoap.com/fizzy-bath-bombs.html?path=//lib/grub/i386-pc" "Mozilla/5.0 AppleWebKit/537.36 (KHTML, like Gecko; compatible; GPTBot/1.3; +https://openai.com/gptbot)" 653 **0/653245**
74.7.227.35 - - [10/Mar/2026:22:36:54 -0700] "GET /?path=//lib/modules/4.18.0-553.54.1.lve.el8.x86_64/vdso HTTP/1.1" 200 2616 "http://mail.rgardensoap.com/?path=//lib/modules/4.18.0-553.54.1.lve.el8.x86_64" "Mozilla/5.0 AppleWebKit/537.36 (KHTML, like Gecko; compatible; GPTBot/1.3; +https://openai.com/gptbot)" 580 **0/580908**
74.7.241.54 - - [10/Mar/2026:22:36:55 -0700] "GET /fizzy-bath-bombs.html?fileloc=//lib/grub/i386-pc/jpeg.mod&path=//lib/grub/i386-pc HTTP/1.1" 200 2272 "http://www.rgardensoap.com/fizzy-bath-bombs.html?path=//lib/grub/i386-pc" "Mozilla/5.0 AppleWebKit/537.36 (KHTML, like Gecko; compatible; GPTBot/1.3; +https://openai.com/gptbot)" 551 **0/551889**
74.7.227.150 - - [10/Mar/2026:22:36:54 -0700] "GET /blog/?fileloc=//lib64/python2.7/new.pyc&path=//lib64/python2.7 HTTP/1.1" 200 2263 "http://rgardensoap.com/blog/?path=//lib64/python2.7" "Mozilla/5.0 AppleWebKit/537.36 (KHTML, like Gecko; compatible; GPTBot/1.3; +https://openai.com/gptbot)" 621 **0/621429**
74.7.227.35 - - [10/Mar/2026:22:36:55 -0700] "GET /?path=//lib64/python3.12/email/__pycache__ HTTP/1.1" 200 3867 "http://mail.rgardensoap.com/?path=//lib64/python3.12/email" "Mozilla/5.0 AppleWebKit/537.36 (KHTML, like Gecko; compatible; GPTBot/1.3; +https://openai.com/gptbot)" 596 **0/596929**
74.7.241.54 - - [10/Mar/2026:22:36:55 -0700] "GET /fizzy-bath-bombs.html?fileloc=//lib/grub/i386-pc/exfat.mod&path=//lib/grub/i386-pc HTTP/1.1" 200 2273 "http://www.rgardensoap.com/fizzy-bath-bombs.html?path=//lib/grub/i386-pc" "Mozilla/5.0 AppleWebKit/537.36 (KHTML, like Gecko; compatible; GPTBot/1.3; +https://openai.com/gptbot)" 566 **0/566660**
74.7.227.150 - - [10/Mar/2026:22:36:55 -0700] "GET /blog/?path=//proc/irq/22 HTTP/1.1" 200 2835 "http://rgardensoap.com/blog/?path=//proc/irq" "Mozilla/5.0 AppleWebKit/537.36 (KHTML, like Gecko; compatible; GPTBot/1.3; +https://openai.com/gptbot)" 515 **0/515006**
74.7.227.35 - - [10/Mar/2026:22:36:55 -0700] "GET /?path=//opt/alt/php55 HTTP/1.1" 200 2554 "http://mail.rgardensoap.com/?path=//opt/alt" "Mozilla/5.0 AppleWebKit/537.36 (KHTML, like Gecko; compatible; GPTBot/1.3; +https://openai.com/gptbot)" 529 **0/529265**
74.7.241.54 - - [10/Mar/2026:22:36:56 -0700] "GET /fizzy-bath-bombs.html?fileloc=//lib/grub/i386-pc/disk.mod&path=//lib/grub/i386-pc HTTP/1.1" 200 2272 "http://www.rgardensoap.com/fizzy-bath-bombs.html?path=//lib/grub/i386-pc" "Mozilla/5.0 AppleWebKit/537.36 (KHTML, like Gecko; compatible; GPTBot/1.3; +https://openai.com/gptbot)" 555 **0/555731**
74.7.227.35 - - [10/Mar/2026:22:36:56 -0700] "GET /?path=//opt/alt/net-snmp11 HTTP/1.1" 200 2559 "http://mail.rgardensoap.com/?path=//opt/alt" "Mozilla/5.0 AppleWebKit/537.36 (KHTML, like Gecko; compatible; GPTBot/1.3; +https://openai.com/gptbot)" 560 **0/560199**
74.7.227.150 - - [10/Mar/2026:22:36:56 -0700] "GET /blog/?path=//proc/irq/33 HTTP/1.1" 200 2831 "http://rgardensoap.com/blog/?path=//proc/irq" "Mozilla/5.0 AppleWebKit/537.36 (KHTML, like Gecko; compatible; GPTBot/1.3; +https://openai.com/gptbot)" 668 **0/668528**
74.7.241.54 - - [10/Mar/2026:22:36:57 -0700] "GET /fizzy-bath-bombs.html?fileloc=//lib/grub/i386-pc/luks.mod&path=//lib/grub/i386-pc HTTP/1.1" 200 2273 "http://www.rgardensoap.com/fizzy-bath-bombs.html?path=//lib/grub/i386-pc" "Mozilla/5.0 AppleWebKit/537.36 (KHTML, like Gecko; compatible; GPTBot/1.3; +https://openai.com/gptbot)" 523 **0/523706**
74.7.227.150 - - [10/Mar/2026:22:36:57 -0700] "GET /wp?path=//var/log HTTP/1.1" 200 2725 "http://rgardensoap.com/wp?path=//var" "Mozilla/5.0 AppleWebKit/537.36 (KHTML, like Gecko; compatible; GPTBot/1.3; +https://openai.com/gptbot)" 476 **0/476865**
74.7.227.35 - - [10/Mar/2026:22:36:57 -0700] "GET /?path=//opt/alt/php81 HTTP/1.1" 200 2638 "http://mail.rgardensoap.com/?path=//opt/alt" "Mozilla/5.0 AppleWebKit/537.36 (KHTML, like Gecko; compatible; GPTBot/1.3; +https://openai.com/gptbot)" 567 **0/567791**
74.7.227.150 - - [10/Mar/2026:22:36:57 -0700] "GET /wp?path=//var/lib HTTP/1.1" 200 2622 "http://rgardensoap.com/wp?path=//var" "Mozilla/5.0 AppleWebKit/537.36 (KHTML, like Gecko; compatible; GPTBot/1.3; +https://openai.com/gptbot)" 724 **0/724130**
74.7.241.54 - - [10/Mar/2026:22:36:57 -0700] "GET /fizzy-bath-bombs.html?fileloc=//lib/grub/i386-pc/memrw.mod&path=//lib/grub/i386-pc HTTP/1.1" 200 2274 "http://www.rgardensoap.com/fizzy-bath-bombs.html?path=//lib/grub/i386-pc" "Mozilla/5.0 AppleWebKit/537.36 (KHTML, like Gecko; compatible; GPTBot/1.3; +https://openai.com/gptbot)" 775 **0/775639**
74.7.227.35 - - [10/Mar/2026:22:36:57 -0700] "GET /?path=//opt/alt/php56 HTTP/1.1" 200 2639 "http://mail.rgardensoap.com/?path=//opt/alt" "Mozilla/5.0 AppleWebKit/537.36 (KHTML, like Gecko; compatible; GPTBot/1.3; +https://openai.com/gptbot)" 737 **0/737444**
74.7.227.150 - - [10/Mar/2026:22:36:58 -0700] "GET /wp?path=//usr/lib HTTP/1.1" 200 3519 "http://rgardensoap.com/wp?path=//usr" "Mozilla/5.0 AppleWebKit/537.36 (KHTML, like Gecko; compatible; GPTBot/1.3; +https://openai.com/gptbot)" 594 **0/594834**
74.7.241.54 - - [10/Mar/2026:22:36:58 -0700] "GET /fizzy-bath-bombs.html?fileloc=//lib/grub/i386-pc/ntldr.mod&path=//lib/grub/i386-pc HTTP/1.1" 200 2273 "http://www.rgardensoap.com/fizzy-bath-bombs.html?path=//lib/grub/i386-pc" "Mozilla/5.0 AppleWebKit/537.36 (KHTML, like Gecko; compatible; GPTBot/1.3; +https://openai.com/gptbot)" 627 **0/627362**
74.7.227.35 - - [10/Mar/2026:22:36:58 -0700] "GET /?path=//opt/alt/php80 HTTP/1.1" 200 2638 "http://mail.rgardensoap.com/?path=//opt/alt" "Mozilla/5.0 AppleWebKit/537.36 (KHTML, like Gecko; compatible; GPTBot/1.3; +https://openai.com/gptbot)" 568 **0/568306**
74.7.241.54 - - [10/Mar/2026:22:36:59 -0700] "GET /fizzy-bath-bombs.html?fileloc=/home/p8pyefaexf70/public_html/wp-admin/images/icons32.png&path=/home/p8pyefaexf70/public_html/wp-admin/images HTTP/1.1" 200 2283 "http://www.rgardensoap.com/fizzy-bath-bombs.html?path=/home/p8pyefaexf70/public_html/wp-admin/images" "Mozilla/5.0 AppleWebKit/537.36 (KHTML, like Gecko; compatible; GPTBot/1.3; +https://openai.com/gptbot)" 343 **0/343820**
74.7.227.150 - - [10/Mar/2026:22:36:59 -0700] "GET /wp?path=//lib/kbd HTTP/1.1" 200 2618 "http://rgardensoap.com/wp?path=//lib" "Mozilla/5.0 AppleWebKit/537.36 (KHTML, like Gecko; compatible; GPTBot/1.3; +https://openai.com/gptbot)" 534 **0/534593**
74.7.227.35 - - [10/Mar/2026:22:36:59 -0700] "GET /?path=//opt/alt/php72 HTTP/1.1" 200 2639 "http://mail.rgardensoap.com/?path=//opt/alt" "Mozilla/5.0 AppleWebKit/537.36 (KHTML, like Gecko; compatible; GPTBot/1.3; +https://openai.com/gptbot)" 601 **0/601852**
74.7.241.54 - - [10/Mar/2026:22:37:00 -0700] "GET /plug/vote/plug.xml?fileloc=/home/p8pyefaexf70/public_html/wp-includes/php-compat/readonly.php&path=/home/p8pyefaexf70/public_html/wp-includes/php-compat HTTP/1.1" 200 2780 "http://www.rgardensoap.com/plug/vote/plug.xml?path=/home/p8pyefaexf70/public_html/wp-includes/php-compat" "Mozilla/5.0 AppleWebKit/537.36 (KHTML, like Gecko; compatible; GPTBot/1.3; +https://openai.com/gptbot)" 509 **0/509032**
74.7.227.150 - - [10/Mar/2026:22:37:00 -0700] "GET /wp?path=//lib/rpm HTTP/1.1" 200 3133 "http://rgardensoap.com/wp?path=//lib" "Mozilla/5.0 AppleWebKit/537.36 (KHTML, like Gecko; compatible; GPTBot/1.3; +https://openai.com/gptbot)" 656 **0/656854**
74.7.227.35 - - [10/Mar/2026:22:37:00 -0700] "GET /?path=//opt/alt/php84 HTTP/1.1" 200 2639 "http://mail.rgardensoap.com/?path=//opt/alt" "Mozilla/5.0 AppleWebKit/537.36 (KHTML, like Gecko; compatible; GPTBot/1.3; +https://openai.com/gptbot)" 621 **0/621200**
74.7.241.54 - - [10/Mar/2026:22:37:00 -0700] "GET /plug/vote/plug.xml?fileloc=//sbin/nsec3hash&path=//sbin HTTP/1.1" 200 2248 "http://www.rgardensoap.com/plug/vote/plug.xml?path=//sbin" "Mozilla/5.0 AppleWebKit/537.36 (KHTML, like Gecko; compatible; GPTBot/1.3; +https://openai.com/gptbot)" 786 **0/786792**
74.7.227.35 - - [10/Mar/2026:22:37:01 -0700] "GET /?path=//opt/alt/php85 HTTP/1.1" 200 2581 "http://mail.rgardensoap.com/?path=//opt/alt" "Mozilla/5.0 AppleWebKit/537.36 (KHTML, like Gecko; compatible; GPTBot/1.3; +https://openai.com/gptbot)" 808 **0/808065**
74.7.227.150 - - [10/Mar/2026:22:37:00 -0700] "GET /wp?path=//proc/fs HTTP/1.1" 200 2610 "http://rgardensoap.com/wp?path=//proc" "Mozilla/5.0 AppleWebKit/537.36 (KHTML, like Gecko; compatible; GPTBot/1.3; +https://openai.com/gptbot)" 1346 **1/1346710**
74.7.241.54 - - [10/Mar/2026:22:37:01 -0700] "GET /healthyskin/fight-for-your-health?fileloc=/home/p8pyefaexf70/public_html/wp-plugin.php&path=/home/p8pyefaexf70/public_html HTTP/1.1" 200 2264 "http://www.rgardensoap.com/healthyskin/fight-for-your-health" "Mozilla/5.0 AppleWebKit/537.36 (KHTML, like Gecko; compatible; GPTBot/1.3; +https://openai.com/gptbot)" 1291 **1/1291052**
74.7.227.35 - - [10/Mar/2026:22:37:01 -0700] "GET /?path=//opt/alt/php73 HTTP/1.1" 200 2639 "http://mail.rgardensoap.com/?path=//opt/alt" "Mozilla/5.0 AppleWebKit/537.36 (KHTML, like Gecko; compatible; GPTBot/1.3; +https://openai.com/gptbot)" 1028 **1/1028834**
74.7.227.150 - - [10/Mar/2026:22:37:02 -0700] "GET /wp?path=//usr/bin HTTP/1.1" 200 14551 "http://rgardensoap.com/wp?path=//usr" "Mozilla/5.0 AppleWebKit/537.36 (KHTML, like Gecko; compatible; GPTBot/1.3; +https://openai.com/gptbot)" 764 **0/764694**
74.7.241.54 - - [10/Mar/2026:22:37:03 -0700] "GET /healthyskin/fight-for-your-health?fileloc=/home/p8pyefaexf70/public_html/wp-config.php&path=/home/p8pyefaexf70/public_html HTTP/1.1" 200 7054 "http://www.rgardensoap.com/healthyskin/fight-for-your-health" "Mozilla/5.0 AppleWebKit/537.36 (KHTML, like Gecko; compatible; GPTBot/1.3; +https://openai.com/gptbot)" 711 **0/711818**
74.7.227.35 - - [10/Mar/2026:22:37:03 -0700] "GET /?path=//opt/alt/php70 HTTP/1.1" 200 2639 "http://mail.rgardensoap.com/?path=//opt/alt" "Mozilla/5.0 AppleWebKit/537.36 (KHTML, like Gecko; compatible; GPTBot/1.3; +https://openai.com/gptbot)" 612 **0/612235**
74.7.227.150 - - [10/Mar/2026:22:37:03 -0700] "GET /wp?path=//lib/gcc HTTP/1.1" 200 2554 "http://rgardensoap.com/wp?path=//lib" "Mozilla/5.0 AppleWebKit/537.36 (KHTML, like Gecko; compatible; GPTBot/1.3; +https://openai.com/gptbot)" 691 **0/691576**
74.7.227.35 - - [10/Mar/2026:22:37:03 -0700] "GET /?fileloc=//lib64/python3.12/email/__pycache__/header.cpython-312.pyc&path=//lib64/python3.12/email/__pycache__ HTTP/1.1" 200 2297 "http://mail.rgardensoap.com/?path=//lib64/python3.12/email/__pycache__" "Mozilla/5.0 AppleWebKit/537.36 (KHTML, like Gecko; compatible; GPTBot/1.3; +https://openai.com/gptbot)" 518 **0/518815**
74.7.241.54 - - [10/Mar/2026:22:37:03 -0700] "GET /plug/vote/plug.xml?fileloc=/home/p8pyefaexf70/public_html/wp-includes/class-wp-user-meta-session-tokens.php&path=/home/p8pyefaexf70/public_html/wp-includes HTTP/1.1" 200 3086 "http://www.rgardensoap.com/plug/vote/plug.xml?path=/home/p8pyefaexf70/public_html/wp-includes" "Mozilla/5.0 AppleWebKit/537.36 (KHTML, like Gecko; compatible; GPTBot/1.3; +https://openai.com/gptbot)" 634 **0/634219**
74.7.227.150 - - [10/Mar/2026:22:37:04 -0700] "GET /blog/?path=//usr/lib64/pkcs11 HTTP/1.1" 200 2587 "http://rgardensoap.com/blog/?path=//usr/lib64" "Mozilla/5.0 AppleWebKit/537.36 (KHTML, like Gecko; compatible; GPTBot/1.3; +https://openai.com/gptbot)" 532 **0/532988**
74.7.227.35 - - [10/Mar/2026:22:37:04 -0700] "GET /?path=//opt/alt/php71 HTTP/1.1" 200 2639 "http://mail.rgardensoap.com/?path=//opt/alt" "Mozilla/5.0 AppleWebKit/537.36 (KHTML, like Gecko; compatible; GPTBot/1.3; +https://openai.com/gptbot)" 507 **0/507625**
74.7.241.54 - - [10/Mar/2026:22:37:04 -0700] "GET /fizzy-bath-bombs.html?fileloc=//lib/firmware/qat_402xx_mmp.bin&path=//lib/firmware HTTP/1.1" 200 2270 "http://www.rgardensoap.com/fizzy-bath-bombs.html?path=//lib/firmware" "Mozilla/5.0 AppleWebKit/537.36 (KHTML, like Gecko; compatible; GPTBot/1.3; +https://openai.com/gptbot)" 493 **0/493436**
74.7.227.150 - - [10/Mar/2026:22:37:04 -0700] "GET /blog/?fileloc=//lib64/python2.7/pickle.pyo&path=//lib64/python2.7 HTTP/1.1" 200 2265 "http://rgardensoap.com/blog/?path=//lib64/python2.7" "Mozilla/5.0 AppleWebKit/537.36 (KHTML, like Gecko; compatible; GPTBot/1.3; +https://openai.com/gptbot)" 883 **0/883057**
74.7.241.54 - - [10/Mar/2026:22:37:05 -0700] "GET /fizzy-bath-bombs.html?fileloc=//lib/firmware/qat_895xcc_mmp.bin&path=//lib/firmware HTTP/1.1" 200 2271 "http://www.rgardensoap.com/fizzy-bath-bombs.html?path=//lib/firmware" "Mozilla/5.0 AppleWebKit/537.36 (KHTML, like Gecko; compatible; GPTBot/1.3; +https://openai.com/gptbot)" 786 **0/786437**
74.7.227.35 - - [10/Mar/2026:22:37:05 -0700] "GET /?path=//opt/alt/php74 HTTP/1.1" 200 2639 "http://mail.rgardensoap.com/?path=//opt/alt" "Mozilla/5.0 AppleWebKit/537.36 (KHTML, like Gecko; compatible; GPTBot/1.3; +https://openai.com/gptbot)" 977 **0/977724**
74.7.227.150 - - [10/Mar/2026:22:37:05 -0700] "GET /blog/?fileloc=//lib64/python2.7/ihooks.pyo&path=//lib64/python2.7 HTTP/1.1" 200 2265 "http://rgardensoap.com/blog/?path=//lib64/python2.7" "Mozilla/5.0 AppleWebKit/537.36 (KHTML, like Gecko; compatible; GPTBot/1.3; +https://openai.com/gptbot)" 519 **0/519925**
74.7.241.54 - - [10/Mar/2026:22:37:06 -0700] "GET /fizzy-bath-bombs.html?fileloc=//lib/firmware/qat_420xx_mmp.bin&path=//lib/firmware HTTP/1.1" 200 2270 "http://www.rgardensoap.com/fizzy-bath-bombs.html?path=//lib/firmware" "Mozilla/5.0 AppleWebKit/537.36 (KHTML, like Gecko; compatible; GPTBot/1.3; +https://openai.com/gptbot)" 490 **0/490447**
74.7.227.35 - - [10/Mar/2026:22:37:06 -0700] "GET /?path=//opt/alt/php54 HTTP/1.1" 200 2639 "http://mail.rgardensoap.com/?path=//opt/alt" "Mozilla/5.0 AppleWebKit/537.36 (KHTML, like Gecko; compatible; GPTBot/1.3; +https://openai.com/gptbot)" 677 **0/677043**
74.7.227.150 - - [10/Mar/2026:22:37:06 -0700] "GET /blog?fileloc=//proc/net/arp&path=//proc/net HTTP/1.1" 200 2254 "http://rgardensoap.com/blog?path=//proc/net" "Mozilla/5.0 AppleWebKit/537.36 (KHTML, like Gecko; compatible; GPTBot/1.3; +https://openai.com/gptbot)" 628 **0/628209**
74.7.241.54 - - [10/Mar/2026:22:37:06 -0700] "GET /plug/vote/plug.xml?fileloc=//proc/execdomains&path=//proc HTTP/1.1" 200 2247 "http://www.rgardensoap.com/plug/vote/plug.xml?path=//proc" "Mozilla/5.0 AppleWebKit/537.36 (KHTML, like Gecko; compatible; GPTBot/1.3; +https://openai.com/gptbot)" 540 **0/540979**
74.7.227.35 - - [10/Mar/2026:22:37:07 -0700] "GET /?path=//opt/alt/php82 HTTP/1.1" 200 2639 "http://mail.rgardensoap.com/?path=//opt/alt" "Mozilla/5.0 AppleWebKit/537.36 (KHTML, like Gecko; compatible; GPTBot/1.3; +https://openai.com/gptbot)" 548 **0/548589**
74.7.227.150 - - [10/Mar/2026:22:37:07 -0700] "GET /wp?path=//lib64/bpf HTTP/1.1" 200 2304 "http://rgardensoap.com/wp?path=//lib64" "Mozilla/5.0 AppleWebKit/537.36 (KHTML, like Gecko; compatible; GPTBot/1.3; +https://openai.com/gptbot)" 495 **0/495039**
74.7.241.54 - - [10/Mar/2026:22:37:07 -0700] "GET /plug/vote/plug.xml?fileloc=//sbin/sendmail&path=//sbin HTTP/1.1" 200 2880 "http://www.rgardensoap.com/plug/vote/plug.xml?path=//sbin" "Mozilla/5.0 AppleWebKit/537.36 (KHTML, like Gecko; compatible; GPTBot/1.3; +https://openai.com/gptbot)" 555 **0/555794**
74.7.227.35 - - [10/Mar/2026:22:37:07 -0700] "GET /?path=//opt/alt/php83 HTTP/1.1" 200 2638 "http://mail.rgardensoap.com/?path=//opt/alt" "Mozilla/5.0 AppleWebKit/537.36 (KHTML, like Gecko; compatible; GPTBot/1.3; +https://openai.com/gptbot)" 576 **0/576975**
74.7.227.150 - - [10/Mar/2026:22:37:07 -0700] "GET /wp?path=//usr/lib/modprobe.d HTTP/1.1" 200 2623 "http://rgardensoap.com/wp?path=//usr/lib" "Mozilla/5.0 AppleWebKit/537.36 (KHTML, like Gecko; compatible; GPTBot/1.3; +https://openai.com/gptbot)" 650 **0/650990**
74.7.241.54 - - [10/Mar/2026:22:37:08 -0700] "GET /plug/vote/plug.xml?fileloc=//sbin/consoletype&path=//sbin HTTP/1.1" 200 2246 "http://www.rgardensoap.com/plug/vote/plug.xml?path=//sbin" "Mozilla/5.0 AppleWebKit/537.36 (KHTML, like Gecko; compatible; GPTBot/1.3; +https://openai.com/gptbot)" 744 **0/744645**
74.7.227.35 - - [10/Mar/2026:22:37:08 -0700] "GET /?path=//opt/alt/ruby30 HTTP/1.1" 200 2675 "http://mail.rgardensoap.com/?path=//opt/alt" "Mozilla/5.0 AppleWebKit/537.36 (KHTML, like Gecko; compatible; GPTBot/1.3; +https://openai.com/gptbot)" 531 **0/531493**
74.7.227.150 - - [10/Mar/2026:22:37:08 -0700] "GET /wp?path=//lib64/tls HTTP/1.1" 200 2305 "http://rgardensoap.com/wp?path=//lib64" "Mozilla/5.0 AppleWebKit/537.36 (KHTML, like Gecko; compatible; GPTBot/1.3; +https://openai.com/gptbot)" 485 **0/485798**
74.7.241.54 - - [10/Mar/2026:22:37:09 -0700] "GET /plug/vote/plug.xml?fileloc=//sbin/faillock&path=//sbin HTTP/1.1" 200 2246 "http://www.rgardensoap.com/plug/vote/plug.xml?path=//sbin" "Mozilla/5.0 AppleWebKit/537.36 (KHTML, like Gecko; compatible; GPTBot/1.3; +https://openai.com/gptbot)" 540 **0/540384**
74.7.227.35 - - [10/Mar/2026:22:37:09 -0700] "GET /?path=//opt/alt/ruby32 HTTP/1.1" 200 2675 "http://mail.rgardensoap.com/?path=//opt/alt" "Mozilla/5.0 AppleWebKit/537.36 (KHTML, like Gecko; compatible; GPTBot/1.3; +https://openai.com/gptbot)" 654 **0/654706**
74.7.227.150 - - [10/Mar/2026:22:37:09 -0700] "GET /wp?path=//lib64/lua HTTP/1.1" 200 2566 "http://rgardensoap.com/wp?path=//lib64" "Mozilla/5.0 AppleWebKit/537.36 (KHTML, like Gecko; compatible; GPTBot/1.3; +https://openai.com/gptbot)" 817 **0/817833**
74.7.241.54 - - [10/Mar/2026:22:37:09 -0700] "GET /plug/vote/plug.xml?fileloc=//sbin/ldconfig&path=//sbin HTTP/1.1" 200 2246 "http://www.rgardensoap.com/plug/vote/plug.xml?path=//sbin" "Mozilla/5.0 AppleWebKit/537.36 (KHTML, like Gecko; compatible; GPTBot/1.3; +https://openai.com/gptbot)" 653 **0/653818**
74.7.227.35 - - [10/Mar/2026:22:37:10 -0700] "GET /?path=//opt/alt/ruby27 HTTP/1.1" 200 2675 "http://mail.rgardensoap.com/?path=//opt/alt" "Mozilla/5.0 AppleWebKit/537.36 (KHTML, like Gecko; compatible; GPTBot/1.3; +https://openai.com/gptbot)" 674 **0/674547**
74.7.227.150 - - [10/Mar/2026:22:37:10 -0700] "GET /wp?path=//lib64/ldb HTTP/1.1" 200 2726 "http://rgardensoap.com/wp?path=//lib64" "Mozilla/5.0 AppleWebKit/537.36 (KHTML, like Gecko; compatible; GPTBot/1.3; +https://openai.com/gptbot)" 584 **0/584543**
74.7.241.54 - - [10/Mar/2026:22:37:10 -0700] "GET /plug/vote/plug.xml?fileloc=//proc/diskstats&path=//proc HTTP/1.1" 200 2248 "http://www.rgardensoap.com/plug/vote/plug.xml?path=//proc" "Mozilla/5.0 AppleWebKit/537.36 (KHTML, like Gecko; compatible; GPTBot/1.3; +https://openai.com/gptbot)" 527 **0/527200**
74.7.227.35 - - [10/Mar/2026:22:37:10 -0700] "GET /?path=//opt/alt/ruby25 HTTP/1.1" 200 2653 "http://mail.rgardensoap.com/?path=//opt/alt" "Mozilla/5.0 AppleWebKit/537.36 (KHTML, like Gecko; compatible; GPTBot/1.3; +https://openai.com/gptbot)" 581 **0/581430**
74.7.227.150 - - [10/Mar/2026:22:37:11 -0700] "GET /wp?fileloc=//usr/bin/soelim&path=//usr/bin HTTP/1.1" 200 2259 "http://rgardensoap.com/wp?path=//usr/bin" "Mozilla/5.0 AppleWebKit/537.36 (KHTML, like Gecko; compatible; GPTBot/1.3; +https://openai.com/gptbot)" 533 **0/533867**
74.7.241.54 - - [10/Mar/2026:22:37:11 -0700] "GET /plug/vote/plug.xml?fileloc=//proc/key-users&path=//proc HTTP/1.1" 200 2247 "http://www.rgardensoap.com/plug/vote/plug.xml?path=//proc" "Mozilla/5.0 AppleWebKit/537.36 (KHTML, like Gecko; compatible; GPTBot/1.3; +https://openai.com/gptbot)" 569 **0/569309**
74.7.227.35 - - [10/Mar/2026:22:37:11 -0700] "GET /?path=//opt/alt/ruby31 HTTP/1.1" 200 2675 "http://mail.rgardensoap.com/?path=//opt/alt" "Mozilla/5.0 AppleWebKit/537.36 (KHTML, like Gecko; compatible; GPTBot/1.3; +https://openai.com/gptbot)" 485 **0/485589**
74.7.227.150 - - [10/Mar/2026:22:37:11 -0700] "GET /wp?fileloc=//usr/bin/pinentry-curses&path=//usr/bin HTTP/1.1" 200 2263 "http://rgardensoap.com/wp?path=//usr/bin" "Mozilla/5.0 AppleWebKit/537.36 (KHTML, like Gecko; compatible; GPTBot/1.3; +https://openai.com/gptbot)" 681 **0/681489**
74.7.241.54 - - [10/Mar/2026:22:37:12 -0700] "GET /plug/vote/plug.xml?fileloc=//sbin/saslauthd&path=//sbin HTTP/1.1" 200 2248 "http://www.rgardensoap.com/plug/vote/plug.xml?path=//sbin" "Mozilla/5.0 AppleWebKit/537.36 (KHTML, like Gecko; compatible; GPTBot/1.3; +https://openai.com/gptbot)" 578 **0/578562**
74.7.227.35 - - [10/Mar/2026:22:37:12 -0700] "GET /?path=//opt/alt/ruby26 HTTP/1.1" 200 2653 "http://mail.rgardensoap.com/?path=//opt/alt" "Mozilla/5.0 AppleWebKit/537.36 (KHTML, like Gecko; compatible; GPTBot/1.3; +https://openai.com/gptbot)" 626 **0/626632**
74.7.227.150 - - [10/Mar/2026:22:37:12 -0700] "GET /wp?fileloc=//usr/bin/ex&path=//usr/bin HTTP/1.1" 200 2256 "http://rgardensoap.com/wp?path=//usr/bin" "Mozilla/5.0 AppleWebKit/537.36 (KHTML, like Gecko; compatible; GPTBot/1.3; +https://openai.com/gptbot)" 668 **0/668717**
74.7.241.54 - - [10/Mar/2026:22:37:12 -0700] "GET /fizzy-bath-bombs.html?fileloc=//bin/unzip&path=//bin HTTP/1.1" 200 2246 "http://www.rgardensoap.com/fizzy-bath-bombs.html?path=//bin" "Mozilla/5.0 AppleWebKit/537.36 (KHTML, like Gecko; compatible; GPTBot/1.3; +https://openai.com/gptbot)" 571 **0/571674**
74.7.227.35 - - [10/Mar/2026:22:37:12 -0700] "GET /?path=//opt/alt/tests HTTP/1.1" 200 10855 "http://mail.rgardensoap.com/?path=//opt/alt" "Mozilla/5.0 AppleWebKit/537.36 (KHTML, like Gecko; compatible; GPTBot/1.3; +https://openai.com/gptbot)" 586 **0/586251**
