74.7.227.150 - - [10/Mar/2026:22:42:51 -0700] "GET /blog/?path=//proc/irq/65 HTTP/1.1" 200 2807 "http://rgardensoap.com/blog/?path=//proc/irq" "Mozilla/5.0 AppleWebKit/537.36 (KHTML, like Gecko; compatible; GPTBot/1.3; +https://openai.com/gptbot)" 473 **0/473157**
74.7.227.35 - - [10/Mar/2026:22:42:51 -0700] "GET /?path=//opt/alt/tests/alt-php71-pecl-psr_1.1.0-1.el8/tests HTTP/1.1" 200 4669 "http://mail.rgardensoap.com/?path=//opt/alt/tests/alt-php71-pecl-psr_1.1.0-1.el8" "Mozilla/5.0 AppleWebKit/537.36 (KHTML, like Gecko; compatible; GPTBot/1.3; +https://openai.com/gptbot)" 542 **0/542342**
74.7.241.54 - - [10/Mar/2026:22:42:51 -0700] "GET /plug/vote/plug.xml?path=//proc/2470499/root/usr/share/locale/pam HTTP/1.1" 200 2609 "http://www.rgardensoap.com/plug/vote/plug.xml?path=//proc/2470499/root/usr/share/locale" "Mozilla/5.0 AppleWebKit/537.36 (KHTML, like Gecko; compatible; GPTBot/1.3; +https://openai.com/gptbot)" 533 **0/533826**
74.7.227.150 - - [10/Mar/2026:22:42:51 -0700] "GET /blog/?path=//proc/irq/31 HTTP/1.1" 200 2829 "http://rgardensoap.com/blog/?path=//proc/irq" "Mozilla/5.0 AppleWebKit/537.36 (KHTML, like Gecko; compatible; GPTBot/1.3; +https://openai.com/gptbot)" 527 **0/527885**
74.7.227.35 - - [10/Mar/2026:22:42:52 -0700] "GET /?path=//opt/alt/tests/alt-php70-pecl-yaf_3.3.6-1.el8/tests HTTP/1.1" 200 4738 "http://mail.rgardensoap.com/?path=//opt/alt/tests/alt-php70-pecl-yaf_3.3.6-1.el8" "Mozilla/5.0 AppleWebKit/537.36 (KHTML, like Gecko; compatible; GPTBot/1.3; +https://openai.com/gptbot)" 524 **0/524312**
74.7.241.54 - - [10/Mar/2026:22:42:52 -0700] "GET /plug/vote/plug.xml?path=//proc/2470499/root/usr/share/locale/gaa HTTP/1.1" 200 2609 "http://www.rgardensoap.com/plug/vote/plug.xml?path=//proc/2470499/root/usr/share/locale" "Mozilla/5.0 AppleWebKit/537.36 (KHTML, like Gecko; compatible; GPTBot/1.3; +https://openai.com/gptbot)" 465 **0/465490**
74.7.227.150 - - [10/Mar/2026:22:42:52 -0700] "GET /blog/?path=//proc/irq/73 HTTP/1.1" 200 2808 "http://rgardensoap.com/blog/?path=//proc/irq" "Mozilla/5.0 AppleWebKit/537.36 (KHTML, like Gecko; compatible; GPTBot/1.3; +https://openai.com/gptbot)" 510 **0/510526**
74.7.241.54 - - [10/Mar/2026:22:42:53 -0700] "GET /plug/vote/plug.xml?path=//proc/2470499/root/usr/share/locale/ath HTTP/1.1" 200 2609 "http://www.rgardensoap.com/plug/vote/plug.xml?path=//proc/2470499/root/usr/share/locale" "Mozilla/5.0 AppleWebKit/537.36 (KHTML, like Gecko; compatible; GPTBot/1.3; +https://openai.com/gptbot)" 474 **0/474321**
74.7.227.35 - - [10/Mar/2026:22:42:52 -0700] "GET /?fileloc=//opt/alt/tests/alt-php70-pecl-eio_3.1.3-3.el8/tests/eio_sync.phpt&path=//opt/alt/tests/alt-php70-pecl-eio_3.1.3-3.el8/tests HTTP/1.1" 200 2641 "http://mail.rgardensoap.com/?path=//opt/alt/tests/alt-php70-pecl-eio_3.1.3-3.el8/tests" "Mozilla/5.0 AppleWebKit/537.36 (KHTML, like Gecko; compatible; GPTBot/1.3; +https://openai.com/gptbot)" 490 **0/490863**
74.7.227.150 - - [10/Mar/2026:22:42:53 -0700] "GET /blog/?path=//proc/irq/25 HTTP/1.1" 200 2829 "http://rgardensoap.com/blog/?path=//proc/irq" "Mozilla/5.0 AppleWebKit/537.36 (KHTML, like Gecko; compatible; GPTBot/1.3; +https://openai.com/gptbot)" 436 **0/436449**
74.7.227.35 - - [10/Mar/2026:22:42:53 -0700] "GET /?path=//opt/alt/tests/alt-php80-pecl-yaf_3.3.6-1.el8/tests HTTP/1.1" 200 4738 "http://mail.rgardensoap.com/?path=//opt/alt/tests/alt-php80-pecl-yaf_3.3.6-1.el8" "Mozilla/5.0 AppleWebKit/537.36 (KHTML, like Gecko; compatible; GPTBot/1.3; +https://openai.com/gptbot)" 481 **0/481781**
74.7.241.54 - - [10/Mar/2026:22:42:53 -0700] "GET /plug/vote/plug.xml?path=//proc/2470499/root/usr/share/locale/grc HTTP/1.1" 200 2607 "http://www.rgardensoap.com/plug/vote/plug.xml?path=//proc/2470499/root/usr/share/locale" "Mozilla/5.0 AppleWebKit/537.36 (KHTML, like Gecko; compatible; GPTBot/1.3; +https://openai.com/gptbot)" 477 **0/477114**
74.7.227.150 - - [10/Mar/2026:22:42:53 -0700] "GET /blog/?path=//proc/irq/59 HTTP/1.1" 200 2807 "http://rgardensoap.com/blog/?path=//proc/irq" "Mozilla/5.0 AppleWebKit/537.36 (KHTML, like Gecko; compatible; GPTBot/1.3; +https://openai.com/gptbot)" 482 **0/482582**
74.7.227.35 - - [10/Mar/2026:22:42:54 -0700] "GET /?fileloc=//opt/alt/tests/alt-php71-pecl-solr_2.6.0-1.el8/tests/150.solrcollapsefunction.phpt&path=//opt/alt/tests/alt-php71-pecl-solr_2.6.0-1.el8/tests HTTP/1.1" 200 2621 "http://mail.rgardensoap.com/?path=//opt/alt/tests/alt-php71-pecl-solr_2.6.0-1.el8/tests" "Mozilla/5.0 AppleWebKit/537.36 (KHTML, like Gecko; compatible; GPTBot/1.3; +https://openai.com/gptbot)" 468 **0/468410**
74.7.241.54 - - [10/Mar/2026:22:42:54 -0700] "GET /plug/vote/plug.xml?path=//proc/2470499/root/usr/share/locale/elx HTTP/1.1" 200 2609 "http://www.rgardensoap.com/plug/vote/plug.xml?path=//proc/2470499/root/usr/share/locale" "Mozilla/5.0 AppleWebKit/537.36 (KHTML, like Gecko; compatible; GPTBot/1.3; +https://openai.com/gptbot)" 445 **0/445968**
74.7.227.150 - - [10/Mar/2026:22:42:54 -0700] "GET /blog/?path=//proc/irq/16 HTTP/1.1" 200 2806 "http://rgardensoap.com/blog/?path=//proc/irq" "Mozilla/5.0 AppleWebKit/537.36 (KHTML, like Gecko; compatible; GPTBot/1.3; +https://openai.com/gptbot)" 766 **0/766166**
74.7.227.35 - - [10/Mar/2026:22:42:54 -0700] "GET /?fileloc=//opt/alt/tests/alt-php73-pecl-solr_2.6.0-1.el8/tests/021.solrdocument_iterator.phpt&path=//opt/alt/tests/alt-php73-pecl-solr_2.6.0-1.el8/tests HTTP/1.1" 200 2671 "http://mail.rgardensoap.com/?path=//opt/alt/tests/alt-php73-pecl-solr_2.6.0-1.el8/tests" "Mozilla/5.0 AppleWebKit/537.36 (KHTML, like Gecko; compatible; GPTBot/1.3; +https://openai.com/gptbot)" 470 **0/470350**
74.7.241.54 - - [10/Mar/2026:22:42:54 -0700] "GET /plug/vote/plug.xml?path=//proc/2470499/root/usr/share/locale/lua HTTP/1.1" 200 2609 "http://www.rgardensoap.com/plug/vote/plug.xml?path=//proc/2470499/root/usr/share/locale" "Mozilla/5.0 AppleWebKit/537.36 (KHTML, like Gecko; compatible; GPTBot/1.3; +https://openai.com/gptbot)" 469 **0/469396**
74.7.227.150 - - [10/Mar/2026:22:42:55 -0700] "GET /blog/?path=//proc/irq/61 HTTP/1.1" 200 2807 "http://rgardensoap.com/blog/?path=//proc/irq" "Mozilla/5.0 AppleWebKit/537.36 (KHTML, like Gecko; compatible; GPTBot/1.3; +https://openai.com/gptbot)" 487 **0/487167**
74.7.227.35 - - [10/Mar/2026:22:42:55 -0700] "GET /?path=//opt/alt/tests/alt-php73-pecl-solr_2.6.0-1.el8/tests/files HTTP/1.1" 200 2911 "http://mail.rgardensoap.com/?path=//opt/alt/tests/alt-php73-pecl-solr_2.6.0-1.el8/tests" "Mozilla/5.0 AppleWebKit/537.36 (KHTML, like Gecko; compatible; GPTBot/1.3; +https://openai.com/gptbot)" 479 **0/479960**
74.7.241.54 - - [10/Mar/2026:22:42:55 -0700] "GET /plug/vote/plug.xml?path=//proc/2470499/root/usr/share/locale/gos HTTP/1.1" 200 2609 "http://www.rgardensoap.com/plug/vote/plug.xml?path=//proc/2470499/root/usr/share/locale" "Mozilla/5.0 AppleWebKit/537.36 (KHTML, like Gecko; compatible; GPTBot/1.3; +https://openai.com/gptbot)" 471 **0/471899**
74.7.227.150 - - [10/Mar/2026:22:42:55 -0700] "GET /blog/?path=//proc/irq/15 HTTP/1.1" 200 2744 "http://rgardensoap.com/blog/?path=//proc/irq" "Mozilla/5.0 AppleWebKit/537.36 (KHTML, like Gecko; compatible; GPTBot/1.3; +https://openai.com/gptbot)" 500 **0/500394**
74.7.227.35 - - [10/Mar/2026:22:42:56 -0700] "GET /?path=//opt/alt/tests/alt-php71-pecl-solr_2.6.0-1.el8/tests/files HTTP/1.1" 200 2910 "http://mail.rgardensoap.com/?path=//opt/alt/tests/alt-php71-pecl-solr_2.6.0-1.el8/tests" "Mozilla/5.0 AppleWebKit/537.36 (KHTML, like Gecko; compatible; GPTBot/1.3; +https://openai.com/gptbot)" 464 **0/464440**
74.7.241.54 - - [10/Mar/2026:22:42:56 -0700] "GET /plug/vote/plug.xml?path=//proc/2470499/root/usr/share/locale/uga HTTP/1.1" 200 2610 "http://www.rgardensoap.com/plug/vote/plug.xml?path=//proc/2470499/root/usr/share/locale" "Mozilla/5.0 AppleWebKit/537.36 (KHTML, like Gecko; compatible; GPTBot/1.3; +https://openai.com/gptbot)" 557 **0/557266**
74.7.227.150 - - [10/Mar/2026:22:42:56 -0700] "GET /blog/?path=//proc/irq/81 HTTP/1.1" 200 2808 "http://rgardensoap.com/blog/?path=//proc/irq" "Mozilla/5.0 AppleWebKit/537.36 (KHTML, like Gecko; compatible; GPTBot/1.3; +https://openai.com/gptbot)" 469 **0/469354**
74.7.227.35 - - [10/Mar/2026:22:42:56 -0700] "GET /?path=//opt/alt/tests/alt-php70-pecl-solr_2.6.0-1.el8/tests/files HTTP/1.1" 200 2911 "http://mail.rgardensoap.com/?path=//opt/alt/tests/alt-php70-pecl-solr_2.6.0-1.el8/tests" "Mozilla/5.0 AppleWebKit/537.36 (KHTML, like Gecko; compatible; GPTBot/1.3; +https://openai.com/gptbot)" 496 **0/496273**
74.7.241.54 - - [10/Mar/2026:22:42:56 -0700] "GET /plug/vote/plug.xml?path=//proc/2470499/root/usr/share/locale/vec HTTP/1.1" 200 2607 "http://www.rgardensoap.com/plug/vote/plug.xml?path=//proc/2470499/root/usr/share/locale" "Mozilla/5.0 AppleWebKit/537.36 (KHTML, like Gecko; compatible; GPTBot/1.3; +https://openai.com/gptbot)" 432 **0/432441**
74.7.227.150 - - [10/Mar/2026:22:42:57 -0700] "GET /blog/?path=//proc/irq/75 HTTP/1.1" 200 2806 "http://rgardensoap.com/blog/?path=//proc/irq" "Mozilla/5.0 AppleWebKit/537.36 (KHTML, like Gecko; compatible; GPTBot/1.3; +https://openai.com/gptbot)" 466 **0/466856**
74.7.227.35 - - [10/Mar/2026:22:42:57 -0700] "GET /?path=//opt/alt/tests/alt-php82-pecl-rar_4.2.0-3.el8/tests HTTP/1.1" 200 4973 "http://mail.rgardensoap.com/?path=//opt/alt/tests/alt-php82-pecl-rar_4.2.0-3.el8" "Mozilla/5.0 AppleWebKit/537.36 (KHTML, like Gecko; compatible; GPTBot/1.3; +https://openai.com/gptbot)" 476 **0/476214**
74.7.241.54 - - [10/Mar/2026:22:42:57 -0700] "GET /plug/vote/plug.xml?path=//proc/2470499/root/usr/share/locale/iro HTTP/1.1" 200 2609 "http://www.rgardensoap.com/plug/vote/plug.xml?path=//proc/2470499/root/usr/share/locale" "Mozilla/5.0 AppleWebKit/537.36 (KHTML, like Gecko; compatible; GPTBot/1.3; +https://openai.com/gptbot)" 489 **0/489888**
74.7.227.150 - - [10/Mar/2026:22:42:57 -0700] "GET /blog/?path=//proc/irq/30 HTTP/1.1" 200 2830 "http://rgardensoap.com/blog/?path=//proc/irq" "Mozilla/5.0 AppleWebKit/537.36 (KHTML, like Gecko; compatible; GPTBot/1.3; +https://openai.com/gptbot)" 470 **0/470111**
74.7.227.35 - - [10/Mar/2026:22:42:57 -0700] "GET /?path=//opt/alt/tests/alt-php73-pecl-yaz_1.2.4-1.el8/tests HTTP/1.1" 200 2637 "http://mail.rgardensoap.com/?path=//opt/alt/tests/alt-php73-pecl-yaz_1.2.4-1.el8" "Mozilla/5.0 AppleWebKit/537.36 (KHTML, like Gecko; compatible; GPTBot/1.3; +https://openai.com/gptbot)" 477 **0/477978**
74.7.241.54 - - [10/Mar/2026:22:42:58 -0700] "GET /plug/vote/plug.xml?path=//proc/2470499/root/usr/share/locale/roa HTTP/1.1" 200 2608 "http://www.rgardensoap.com/plug/vote/plug.xml?path=//proc/2470499/root/usr/share/locale" "Mozilla/5.0 AppleWebKit/537.36 (KHTML, like Gecko; compatible; GPTBot/1.3; +https://openai.com/gptbot)" 456 **0/456538**
74.7.227.150 - - [10/Mar/2026:22:42:58 -0700] "GET /blog/?path=//proc/irq/39 HTTP/1.1" 200 2830 "http://rgardensoap.com/blog/?path=//proc/irq" "Mozilla/5.0 AppleWebKit/537.36 (KHTML, like Gecko; compatible; GPTBot/1.3; +https://openai.com/gptbot)" 437 **0/437546**
74.7.227.35 - - [10/Mar/2026:22:42:58 -0700] "GET /?fileloc=//opt/alt/tests/alt-php71-pecl-psr_1.1.0-1.el8/tests/PsrCacheCacheItemInterface.phpt&path=//opt/alt/tests/alt-php71-pecl-psr_1.1.0-1.el8/tests HTTP/1.1" 200 2613 "http://mail.rgardensoap.com/?path=//opt/alt/tests/alt-php71-pecl-psr_1.1.0-1.el8/tests" "Mozilla/5.0 AppleWebKit/537.36 (KHTML, like Gecko; compatible; GPTBot/1.3; +https://openai.com/gptbot)" 637 **0/637899**
74.7.241.54 - - [10/Mar/2026:22:42:58 -0700] "GET /plug/vote/plug.xml?path=//proc/2470499/root/usr/share/locale/sam HTTP/1.1" 200 2609 "http://www.rgardensoap.com/plug/vote/plug.xml?path=//proc/2470499/root/usr/share/locale" "Mozilla/5.0 AppleWebKit/537.36 (KHTML, like Gecko; compatible; GPTBot/1.3; +https://openai.com/gptbot)" 471 **0/471725**
74.7.227.150 - - [10/Mar/2026:22:42:58 -0700] "GET /blog/?path=//proc/irq/26 HTTP/1.1" 200 2829 "http://rgardensoap.com/blog/?path=//proc/irq" "Mozilla/5.0 AppleWebKit/537.36 (KHTML, like Gecko; compatible; GPTBot/1.3; +https://openai.com/gptbot)" 589 **0/589897**
74.7.227.35 - - [10/Mar/2026:22:42:59 -0700] "GET /?fileloc=//opt/alt/tests/alt-php70-pecl-yaf_3.3.6-1.el8/tests/issue530.phpt&path=//opt/alt/tests/alt-php70-pecl-yaf_3.3.6-1.el8/tests HTTP/1.1" 200 2739 "http://mail.rgardensoap.com/?path=//opt/alt/tests/alt-php70-pecl-yaf_3.3.6-1.el8/tests" "Mozilla/5.0 AppleWebKit/537.36 (KHTML, like Gecko; compatible; GPTBot/1.3; +https://openai.com/gptbot)" 446 **0/446760**
74.7.241.54 - - [10/Mar/2026:22:42:59 -0700] "GET /plug/vote/plug.xml?path=//proc/2470499/root/usr/share/locale/afa HTTP/1.1" 200 2609 "http://www.rgardensoap.com/plug/vote/plug.xml?path=//proc/2470499/root/usr/share/locale" "Mozilla/5.0 AppleWebKit/537.36 (KHTML, like Gecko; compatible; GPTBot/1.3; +https://openai.com/gptbot)" 474 **0/474074**
74.7.227.150 - - [10/Mar/2026:22:42:59 -0700] "GET /blog/?path=//proc/irq/47 HTTP/1.1" 200 2807 "http://rgardensoap.com/blog/?path=//proc/irq" "Mozilla/5.0 AppleWebKit/537.36 (KHTML, like Gecko; compatible; GPTBot/1.3; +https://openai.com/gptbot)" 490 **0/490386**
74.7.227.35 - - [10/Mar/2026:22:42:59 -0700] "GET /?path=//opt/alt/tests/alt-php72-pecl-yaz_1.2.4-1.el8/tests HTTP/1.1" 200 2638 "http://mail.rgardensoap.com/?path=//opt/alt/tests/alt-php72-pecl-yaz_1.2.4-1.el8" "Mozilla/5.0 AppleWebKit/537.36 (KHTML, like Gecko; compatible; GPTBot/1.3; +https://openai.com/gptbot)" 499 **0/499196**
74.7.241.54 - - [10/Mar/2026:22:42:59 -0700] "GET /plug/vote/plug.xml?path=//proc/2470499/root/usr/share/locale/sas HTTP/1.1" 200 2610 "http://www.rgardensoap.com/plug/vote/plug.xml?path=//proc/2470499/root/usr/share/locale" "Mozilla/5.0 AppleWebKit/537.36 (KHTML, like Gecko; compatible; GPTBot/1.3; +https://openai.com/gptbot)" 498 **0/498182**
74.7.227.150 - - [10/Mar/2026:22:43:00 -0700] "GET /blog/?path=//proc/irq/57 HTTP/1.1" 200 2807 "http://rgardensoap.com/blog/?path=//proc/irq" "Mozilla/5.0 AppleWebKit/537.36 (KHTML, like Gecko; compatible; GPTBot/1.3; +https://openai.com/gptbot)" 507 **0/507711**
74.7.227.35 - - [10/Mar/2026:22:43:00 -0700] "GET /?path=//opt/alt/tests/alt-php71-pecl-yaml_2.2.3-1.el8/tests HTTP/1.1" 200 4276 "http://mail.rgardensoap.com/?path=//opt/alt/tests/alt-php71-pecl-yaml_2.2.3-1.el8" "Mozilla/5.0 AppleWebKit/537.36 (KHTML, like Gecko; compatible; GPTBot/1.3; +https://openai.com/gptbot)" 474 **0/474776**
74.7.241.54 - - [10/Mar/2026:22:43:00 -0700] "GET /plug/vote/plug.xml?path=//proc/2470499/root/usr/share/locale/mus HTTP/1.1" 200 2609 "http://www.rgardensoap.com/plug/vote/plug.xml?path=//proc/2470499/root/usr/share/locale" "Mozilla/5.0 AppleWebKit/537.36 (KHTML, like Gecko; compatible; GPTBot/1.3; +https://openai.com/gptbot)" 483 **0/483320**
74.7.227.150 - - [10/Mar/2026:22:43:01 -0700] "GET /blog/?path=//proc/irq/78 HTTP/1.1" 200 2807 "http://rgardensoap.com/blog/?path=//proc/irq" "Mozilla/5.0 AppleWebKit/537.36 (KHTML, like Gecko; compatible; GPTBot/1.3; +https://openai.com/gptbot)" 469 **0/469580**
74.7.227.35 - - [10/Mar/2026:22:43:01 -0700] "GET /?path=//opt/alt/tests/alt-php72-pecl-psr_1.1.0-1.el8/tests HTTP/1.1" 200 4668 "http://mail.rgardensoap.com/?path=//opt/alt/tests/alt-php72-pecl-psr_1.1.0-1.el8" "Mozilla/5.0 AppleWebKit/537.36 (KHTML, like Gecko; compatible; GPTBot/1.3; +https://openai.com/gptbot)" 500 **0/500472**
74.7.241.54 - - [10/Mar/2026:22:43:01 -0700] "GET /plug/vote/plug.xml?path=//proc/2470499/root/usr/share/locale/tvl HTTP/1.1" 200 2609 "http://www.rgardensoap.com/plug/vote/plug.xml?path=//proc/2470499/root/usr/share/locale" "Mozilla/5.0 AppleWebKit/537.36 (KHTML, like Gecko; compatible; GPTBot/1.3; +https://openai.com/gptbot)" 488 **0/488450**
74.7.227.150 - - [10/Mar/2026:22:43:01 -0700] "GET /blog/?path=//proc/irq/37 HTTP/1.1" 200 2830 "http://rgardensoap.com/blog/?path=//proc/irq" "Mozilla/5.0 AppleWebKit/537.36 (KHTML, like Gecko; compatible; GPTBot/1.3; +https://openai.com/gptbot)" 514 **0/514406**
74.7.227.35 - - [10/Mar/2026:22:43:01 -0700] "GET /?path=//opt/alt/tests/alt-php81-pecl-solr_2.7.0-1.el8/tests HTTP/1.1" 200 7489 "http://mail.rgardensoap.com/?path=//opt/alt/tests/alt-php81-pecl-solr_2.7.0-1.el8" "Mozilla/5.0 AppleWebKit/537.36 (KHTML, like Gecko; compatible; GPTBot/1.3; +https://openai.com/gptbot)" 497 **0/497077**
74.7.241.54 - - [10/Mar/2026:22:43:01 -0700] "GET /plug/vote/plug.xml?path=//proc/2470499/root/usr/share/locale/fur HTTP/1.1" 200 2607 "http://www.rgardensoap.com/plug/vote/plug.xml?path=//proc/2470499/root/usr/share/locale" "Mozilla/5.0 AppleWebKit/537.36 (KHTML, like Gecko; compatible; GPTBot/1.3; +https://openai.com/gptbot)" 492 **0/492240**
74.7.227.150 - - [10/Mar/2026:22:43:02 -0700] "GET /blog/?path=//proc/irq/80 HTTP/1.1" 200 2807 "http://rgardensoap.com/blog/?path=//proc/irq" "Mozilla/5.0 AppleWebKit/537.36 (KHTML, like Gecko; compatible; GPTBot/1.3; +https://openai.com/gptbot)" 495 **0/495096**
74.7.241.54 - - [10/Mar/2026:22:43:02 -0700] "GET /plug/vote/plug.xml?path=//proc/2470499/root/usr/share/locale/kro HTTP/1.1" 200 2609 "http://www.rgardensoap.com/plug/vote/plug.xml?path=//proc/2470499/root/usr/share/locale" "Mozilla/5.0 AppleWebKit/537.36 (KHTML, like Gecko; compatible; GPTBot/1.3; +https://openai.com/gptbot)" 527 **0/527569**
74.7.227.35 - - [10/Mar/2026:22:43:02 -0700] "GET /?path=//opt/alt/tests/alt-php84-pecl-rar_4.2.0-3.el8/tests HTTP/1.1" 200 4939 "http://mail.rgardensoap.com/?path=//opt/alt/tests/alt-php84-pecl-rar_4.2.0-3.el8" "Mozilla/5.0 AppleWebKit/537.36 (KHTML, like Gecko; compatible; GPTBot/1.3; +https://openai.com/gptbot)" 649 **0/649534**
74.7.227.150 - - [10/Mar/2026:22:43:02 -0700] "GET /blog/?path=//proc/irq/69 HTTP/1.1" 200 2807 "http://rgardensoap.com/blog/?path=//proc/irq" "Mozilla/5.0 AppleWebKit/537.36 (KHTML, like Gecko; compatible; GPTBot/1.3; +https://openai.com/gptbot)" 511 **0/511584**
74.7.241.54 - - [10/Mar/2026:22:43:03 -0700] "GET /plug/vote/plug.xml?path=//proc/2470499/root/usr/share/locale/frp HTTP/1.1" 200 2609 "http://www.rgardensoap.com/plug/vote/plug.xml?path=//proc/2470499/root/usr/share/locale" "Mozilla/5.0 AppleWebKit/537.36 (KHTML, like Gecko; compatible; GPTBot/1.3; +https://openai.com/gptbot)" 551 **0/551596**
74.7.227.35 - - [10/Mar/2026:22:43:03 -0700] "GET /?path=//opt/alt/tests/alt-php81-pecl-psr_1.2.0-1.el8/tests HTTP/1.1" 200 4668 "http://mail.rgardensoap.com/?path=//opt/alt/tests/alt-php81-pecl-psr_1.2.0-1.el8" "Mozilla/5.0 AppleWebKit/537.36 (KHTML, like Gecko; compatible; GPTBot/1.3; +https://openai.com/gptbot)" 583 **0/583799**
74.7.227.150 - - [10/Mar/2026:22:43:03 -0700] "GET /blog/?fileloc=//proc/irq/81/effective_affinity&path=//proc/irq/81 HTTP/1.1" 200 2271 "http://rgardensoap.com/blog/?path=//proc/irq/81" "Mozilla/5.0 AppleWebKit/537.36 (KHTML, like Gecko; compatible; GPTBot/1.3; +https://openai.com/gptbot)" 571 **0/571608**
74.7.241.54 - - [10/Mar/2026:22:43:03 -0700] "GET /plug/vote/plug.xml?path=//proc/2470499/root/usr/share/locale/cpp HTTP/1.1" 200 2609 "http://www.rgardensoap.com/plug/vote/plug.xml?path=//proc/2470499/root/usr/share/locale" "Mozilla/5.0 AppleWebKit/537.36 (KHTML, like Gecko; compatible; GPTBot/1.3; +https://openai.com/gptbot)" 512 **0/512179**
74.7.227.35 - - [10/Mar/2026:22:43:03 -0700] "GET /?path=//opt/alt/tests/alt-php74-pecl-eio_3.1.3-3.el8/tests HTTP/1.1" 200 3434 "http://mail.rgardensoap.com/?path=//opt/alt/tests/alt-php74-pecl-eio_3.1.3-3.el8" "Mozilla/5.0 AppleWebKit/537.36 (KHTML, like Gecko; compatible; GPTBot/1.3; +https://openai.com/gptbot)" 589 **0/589368**
74.7.241.54 - - [10/Mar/2026:22:43:04 -0700] "GET /plug/vote/plug.xml?path=//proc/2470499/root/usr/share/locale/pon HTTP/1.1" 200 2609 "http://www.rgardensoap.com/plug/vote/plug.xml?path=//proc/2470499/root/usr/share/locale" "Mozilla/5.0 AppleWebKit/537.36 (KHTML, like Gecko; compatible; GPTBot/1.3; +https://openai.com/gptbot)" 469 **0/469924**
74.7.227.150 - - [10/Mar/2026:22:43:04 -0700] "GET /blog/?path=//proc/irq/36 HTTP/1.1" 200 2830 "http://rgardensoap.com/blog/?path=//proc/irq" "Mozilla/5.0 AppleWebKit/537.36 (KHTML, like Gecko; compatible; GPTBot/1.3; +https://openai.com/gptbot)" 554 **0/554772**
74.7.227.35 - - [10/Mar/2026:22:43:04 -0700] "GET /?path=//opt/alt/tests/alt-php71-pecl-yaf_3.3.6-1.el8/tests HTTP/1.1" 200 4738 "http://mail.rgardensoap.com/?path=//opt/alt/tests/alt-php71-pecl-yaf_3.3.6-1.el8" "Mozilla/5.0 AppleWebKit/537.36 (KHTML, like Gecko; compatible; GPTBot/1.3; +https://openai.com/gptbot)" 607 **0/607544**
74.7.241.54 - - [10/Mar/2026:22:43:05 -0700] "GET /plug/vote/plug.xml?path=//proc/2470499/root/usr/share/locale/lez HTTP/1.1" 200 2611 "http://www.rgardensoap.com/plug/vote/plug.xml?path=//proc/2470499/root/usr/share/locale" "Mozilla/5.0 AppleWebKit/537.36 (KHTML, like Gecko; compatible; GPTBot/1.3; +https://openai.com/gptbot)" 472 **0/472623**
74.7.227.150 - - [10/Mar/2026:22:43:05 -0700] "GET /blog/?path=//proc/irq/48 HTTP/1.1" 200 2807 "http://rgardensoap.com/blog/?path=//proc/irq" "Mozilla/5.0 AppleWebKit/537.36 (KHTML, like Gecko; compatible; GPTBot/1.3; +https://openai.com/gptbot)" 468 **0/468376**
74.7.227.35 - - [10/Mar/2026:22:43:05 -0700] "GET /?path=//opt/alt/tests/alt-php82-pecl-psr_1.2.0-1.el8/tests HTTP/1.1" 200 4668 "http://mail.rgardensoap.com/?path=//opt/alt/tests/alt-php82-pecl-psr_1.2.0-1.el8" "Mozilla/5.0 AppleWebKit/537.36 (KHTML, like Gecko; compatible; GPTBot/1.3; +https://openai.com/gptbot)" 464 **0/464483**
74.7.241.54 - - [10/Mar/2026:22:43:05 -0700] "GET /plug/vote/plug.xml?path=//proc/2470499/root/usr/share/locale/mul HTTP/1.1" 200 2609 "http://www.rgardensoap.com/plug/vote/plug.xml?path=//proc/2470499/root/usr/share/locale" "Mozilla/5.0 AppleWebKit/537.36 (KHTML, like Gecko; compatible; GPTBot/1.3; +https://openai.com/gptbot)" 493 **0/493114**
74.7.227.150 - - [10/Mar/2026:22:43:05 -0700] "GET /blog/?path=//proc/irq/43 HTTP/1.1" 200 2806 "http://rgardensoap.com/blog/?path=//proc/irq" "Mozilla/5.0 AppleWebKit/537.36 (KHTML, like Gecko; compatible; GPTBot/1.3; +https://openai.com/gptbot)" 503 **0/503709**
74.7.227.35 - - [10/Mar/2026:22:43:05 -0700] "GET /?path=//opt/alt/tests/alt-php74-pecl-rar_4.2.0-3.el8/tests HTTP/1.1" 200 4968 "http://mail.rgardensoap.com/?path=//opt/alt/tests/alt-php74-pecl-rar_4.2.0-3.el8" "Mozilla/5.0 AppleWebKit/537.36 (KHTML, like Gecko; compatible; GPTBot/1.3; +https://openai.com/gptbot)" 500 **0/500814**
74.7.241.54 - - [10/Mar/2026:22:43:06 -0700] "GET /plug/vote/plug.xml?path=//proc/2470499/root/usr/share/locale/szl HTTP/1.1" 200 2610 "http://www.rgardensoap.com/plug/vote/plug.xml?path=//proc/2470499/root/usr/share/locale" "Mozilla/5.0 AppleWebKit/537.36 (KHTML, like Gecko; compatible; GPTBot/1.3; +https://openai.com/gptbot)" 484 **0/484471**
74.7.227.150 - - [10/Mar/2026:22:43:06 -0700] "GET /blog/?fileloc=//proc/irq/26/node&path=//proc/irq/26 HTTP/1.1" 200 2266 "http://rgardensoap.com/blog/?path=//proc/irq/26" "Mozilla/5.0 AppleWebKit/537.36 (KHTML, like Gecko; compatible; GPTBot/1.3; +https://openai.com/gptbot)" 514 **0/514019**
74.7.227.35 - - [10/Mar/2026:22:43:06 -0700] "GET /?path=//opt/alt/tests/alt-php82-pecl-yaf_3.3.6-1.el8/tests HTTP/1.1" 200 4738 "http://mail.rgardensoap.com/?path=//opt/alt/tests/alt-php82-pecl-yaf_3.3.6-1.el8" "Mozilla/5.0 AppleWebKit/537.36 (KHTML, like Gecko; compatible; GPTBot/1.3; +https://openai.com/gptbot)" 498 **0/498393**
74.7.241.54 - - [10/Mar/2026:22:43:06 -0700] "GET /plug/vote/plug.xml?path=//proc/2470499/root/usr/share/locale/nog HTTP/1.1" 200 2609 "http://www.rgardensoap.com/plug/vote/plug.xml?path=//proc/2470499/root/usr/share/locale" "Mozilla/5.0 AppleWebKit/537.36 (KHTML, like Gecko; compatible; GPTBot/1.3; +https://openai.com/gptbot)" 539 **0/539130**
74.7.227.150 - - [10/Mar/2026:22:43:06 -0700] "GET /blog/?path=//proc/irq/70 HTTP/1.1" 200 2807 "http://rgardensoap.com/blog/?path=//proc/irq" "Mozilla/5.0 AppleWebKit/537.36 (KHTML, like Gecko; compatible; GPTBot/1.3; +https://openai.com/gptbot)" 512 **0/512452**
74.7.227.35 - - [10/Mar/2026:22:43:07 -0700] "GET /?path=//opt/alt/tests/alt-php70-pecl-psr_1.1.0-1.el8/tests HTTP/1.1" 200 4669 "http://mail.rgardensoap.com/?path=//opt/alt/tests/alt-php70-pecl-psr_1.1.0-1.el8" "Mozilla/5.0 AppleWebKit/537.36 (KHTML, like Gecko; compatible; GPTBot/1.3; +https://openai.com/gptbot)" 487 **0/487482**
74.7.241.54 - - [10/Mar/2026:22:43:07 -0700] "GET /plug/vote/plug.xml?path=//proc/2470499/root/usr/share/locale/vot HTTP/1.1" 200 2607 "http://www.rgardensoap.com/plug/vote/plug.xml?path=//proc/2470499/root/usr/share/locale" "Mozilla/5.0 AppleWebKit/537.36 (KHTML, like Gecko; compatible; GPTBot/1.3; +https://openai.com/gptbot)" 463 **0/463055**
74.7.227.150 - - [10/Mar/2026:22:43:07 -0700] "GET /blog/?path=//proc/irq/12 HTTP/1.1" 200 2798 "http://rgardensoap.com/blog/?path=//proc/irq" "Mozilla/5.0 AppleWebKit/537.36 (KHTML, like Gecko; compatible; GPTBot/1.3; +https://openai.com/gptbot)" 492 **0/492034**
74.7.227.35 - - [10/Mar/2026:22:43:07 -0700] "GET /?path=//opt/alt/tests/alt-php84-pecl-http_4.2.6-4.el8/tests HTTP/1.1" 200 5117 "http://mail.rgardensoap.com/?path=//opt/alt/tests/alt-php84-pecl-http_4.2.6-4.el8" "Mozilla/5.0 AppleWebKit/537.36 (KHTML, like Gecko; compatible; GPTBot/1.3; +https://openai.com/gptbot)" 506 **0/506622**
74.7.241.54 - - [10/Mar/2026:22:43:08 -0700] "GET /plug/vote/plug.xml?path=//proc/2470499/root/usr/share/locale/sma HTTP/1.1" 200 2609 "http://www.rgardensoap.com/plug/vote/plug.xml?path=//proc/2470499/root/usr/share/locale" "Mozilla/5.0 AppleWebKit/537.36 (KHTML, like Gecko; compatible; GPTBot/1.3; +https://openai.com/gptbot)" 465 **0/465925**
74.7.227.150 - - [10/Mar/2026:22:43:08 -0700] "GET /blog/?path=//proc/irq/14 HTTP/1.1" 200 2744 "http://rgardensoap.com/blog/?path=//proc/irq" "Mozilla/5.0 AppleWebKit/537.36 (KHTML, like Gecko; compatible; GPTBot/1.3; +https://openai.com/gptbot)" 456 **0/456845**
74.7.227.35 - - [10/Mar/2026:22:43:08 -0700] "GET /?path=//opt/alt/tests/alt-php81-pecl-lzf_1.7.0-1.el8/tests HTTP/1.1" 200 2746 "http://mail.rgardensoap.com/?path=//opt/alt/tests/alt-php81-pecl-lzf_1.7.0-1.el8" "Mozilla/5.0 AppleWebKit/537.36 (KHTML, like Gecko; compatible; GPTBot/1.3; +https://openai.com/gptbot)" 455 **0/455076**
74.7.241.54 - - [10/Mar/2026:22:43:08 -0700] "GET /plug/vote/plug.xml?path=//proc/2470499/root/usr/share/locale/ira HTTP/1.1" 200 2609 "http://www.rgardensoap.com/plug/vote/plug.xml?path=//proc/2470499/root/usr/share/locale" "Mozilla/5.0 AppleWebKit/537.36 (KHTML, like Gecko; compatible; GPTBot/1.3; +https://openai.com/gptbot)" 456 **0/456361**
74.7.227.150 - - [10/Mar/2026:22:43:08 -0700] "GET /blog/?path=//proc/irq/27 HTTP/1.1" 200 2829 "http://rgardensoap.com/blog/?path=//proc/irq" "Mozilla/5.0 AppleWebKit/537.36 (KHTML, like Gecko; compatible; GPTBot/1.3; +https://openai.com/gptbot)" 470 **0/470820**
74.7.227.35 - - [10/Mar/2026:22:43:09 -0700] "GET /?path=//opt/alt/tests/alt-php72-pecl-yaml_2.2.3-1.el8/tests HTTP/1.1" 200 4276 "http://mail.rgardensoap.com/?path=//opt/alt/tests/alt-php72-pecl-yaml_2.2.3-1.el8" "Mozilla/5.0 AppleWebKit/537.36 (KHTML, like Gecko; compatible; GPTBot/1.3; +https://openai.com/gptbot)" 523 **0/523885**
74.7.241.54 - - [10/Mar/2026:22:43:09 -0700] "GET /plug/vote/plug.xml?path=//proc/2470499/root/usr/share/locale/rup HTTP/1.1" 200 2609 "http://www.rgardensoap.com/plug/vote/plug.xml?path=//proc/2470499/root/usr/share/locale" "Mozilla/5.0 AppleWebKit/537.36 (KHTML, like Gecko; compatible; GPTBot/1.3; +https://openai.com/gptbot)" 491 **0/491946**
74.7.227.150 - - [10/Mar/2026:22:43:09 -0700] "GET /blog/?path=//proc/irq/10 HTTP/1.1" 200 2743 "http://rgardensoap.com/blog/?path=//proc/irq" "Mozilla/5.0 AppleWebKit/537.36 (KHTML, like Gecko; compatible; GPTBot/1.3; +https://openai.com/gptbot)" 786 **0/786489**
74.7.227.35 - - [10/Mar/2026:22:43:09 -0700] "GET /?path=//opt/alt/tests/alt-php83-pecl-yaf_3.3.6-1.el8/tests HTTP/1.1" 200 4738 "http://mail.rgardensoap.com/?path=//opt/alt/tests/alt-php83-pecl-yaf_3.3.6-1.el8" "Mozilla/5.0 AppleWebKit/537.36 (KHTML, like Gecko; compatible; GPTBot/1.3; +https://openai.com/gptbot)" 462 **0/462432**
74.7.241.54 - - [10/Mar/2026:22:43:10 -0700] "GET /plug/vote/plug.xml?path=//proc/2470499/root/usr/share/locale/crh HTTP/1.1" 200 2609 "http://www.rgardensoap.com/plug/vote/plug.xml?path=//proc/2470499/root/usr/share/locale" "Mozilla/5.0 AppleWebKit/537.36 (KHTML, like Gecko; compatible; GPTBot/1.3; +https://openai.com/gptbot)" 481 **0/481265**
74.7.227.35 - - [10/Mar/2026:22:43:10 -0700] "GET /?path=//opt/alt/tests/alt-php73-pecl-http_3.3.0-1.el8/tests HTTP/1.1" 200 6111 "http://mail.rgardensoap.com/?path=//opt/alt/tests/alt-php73-pecl-http_3.3.0-1.el8" "Mozilla/5.0 AppleWebKit/537.36 (KHTML, like Gecko; compatible; GPTBot/1.3; +https://openai.com/gptbot)" 485 **0/485888**
74.7.227.150 - - [10/Mar/2026:22:43:10 -0700] "GET /blog/?path=//proc/irq/13 HTTP/1.1" 200 2743 "http://rgardensoap.com/blog/?path=//proc/irq" "Mozilla/5.0 AppleWebKit/537.36 (KHTML, like Gecko; compatible; GPTBot/1.3; +https://openai.com/gptbot)" 475 **0/475700**
74.7.241.54 - - [10/Mar/2026:22:43:10 -0700] "GET /plug/vote/plug.xml?path=//proc/2470499/root/usr/share/locale/rue HTTP/1.1" 200 2608 "http://www.rgardensoap.com/plug/vote/plug.xml?path=//proc/2470499/root/usr/share/locale" "Mozilla/5.0 AppleWebKit/537.36 (KHTML, like Gecko; compatible; GPTBot/1.3; +https://openai.com/gptbot)" 480 **0/480603**
74.7.227.35 - - [10/Mar/2026:22:43:11 -0700] "GET /?path=//opt/alt/tests/alt-php73-pecl-lzf_1.7.0-1.el8/tests HTTP/1.1" 200 2746 "http://mail.rgardensoap.com/?path=//opt/alt/tests/alt-php73-pecl-lzf_1.7.0-1.el8" "Mozilla/5.0 AppleWebKit/537.36 (KHTML, like Gecko; compatible; GPTBot/1.3; +https://openai.com/gptbot)" 459 **0/459414**
74.7.227.150 - - [10/Mar/2026:22:43:11 -0700] "GET /blog/?path=//proc/irq/68 HTTP/1.1" 200 2808 "http://rgardensoap.com/blog/?path=//proc/irq" "Mozilla/5.0 AppleWebKit/537.36 (KHTML, like Gecko; compatible; GPTBot/1.3; +https://openai.com/gptbot)" 490 **0/490325**
74.7.241.54 - - [10/Mar/2026:22:43:11 -0700] "GET /plug/vote/plug.xml?path=//proc/2470499/root/usr/share/locale/chp HTTP/1.1" 200 2609 "http://www.rgardensoap.com/plug/vote/plug.xml?path=//proc/2470499/root/usr/share/locale" "Mozilla/5.0 AppleWebKit/537.36 (KHTML, like Gecko; compatible; GPTBot/1.3; +https://openai.com/gptbot)" 471 **0/471511**
74.7.227.35 - - [10/Mar/2026:22:43:11 -0700] "GET /?path=//opt/alt/tests/alt-php54-pecl-http_2.6.0-1.el8/tests HTTP/1.1" 200 5090 "http://mail.rgardensoap.com/?path=//opt/alt/tests/alt-php54-pecl-http_2.6.0-1.el8" "Mozilla/5.0 AppleWebKit/537.36 (KHTML, like Gecko; compatible; GPTBot/1.3; +https://openai.com/gptbot)" 473 **0/473046**
74.7.227.150 - - [10/Mar/2026:22:43:11 -0700] "GET /blog/?path=//proc/irq/32 HTTP/1.1" 200 2830 "http://rgardensoap.com/blog/?path=//proc/irq" "Mozilla/5.0 AppleWebKit/537.36 (KHTML, like Gecko; compatible; GPTBot/1.3; +https://openai.com/gptbot)" 492 **0/492501**
74.7.241.54 - - [10/Mar/2026:22:43:11 -0700] "GET /plug/vote/plug.xml?path=//proc/2470499/root/usr/share/locale/ssa HTTP/1.1" 200 2609 "http://www.rgardensoap.com/plug/vote/plug.xml?path=//proc/2470499/root/usr/share/locale" "Mozilla/5.0 AppleWebKit/537.36 (KHTML, like Gecko; compatible; GPTBot/1.3; +https://openai.com/gptbot)" 467 **0/467046**
74.7.227.35 - - [10/Mar/2026:22:43:12 -0700] "GET /?fileloc=//opt/alt/tests/alt-php82-pecl-psr_1.2.0-1.el8/tests/SampleLogger2.inc&path=//opt/alt/tests/alt-php82-pecl-psr_1.2.0-1.el8/tests HTTP/1.1" 200 2418 "http://mail.rgardensoap.com/?path=//opt/alt/tests/alt-php82-pecl-psr_1.2.0-1.el8/tests" "Mozilla/5.0 AppleWebKit/537.36 (KHTML, like Gecko; compatible; GPTBot/1.3; +https://openai.com/gptbot)" 487 **0/487887**
74.7.227.150 - - [10/Mar/2026:22:43:12 -0700] "GET /blog/?path=//proc/irq/40 HTTP/1.1" 200 2830 "http://rgardensoap.com/blog/?path=//proc/irq" "Mozilla/5.0 AppleWebKit/537.36 (KHTML, like Gecko; compatible; GPTBot/1.3; +https://openai.com/gptbot)" 495 **0/495496**
74.7.241.54 - - [10/Mar/2026:22:43:12 -0700] "GET /plug/vote/plug.xml?path=//proc/2470499/root/usr/share/locale/car HTTP/1.1" 200 2607 "http://www.rgardensoap.com/plug/vote/plug.xml?path=//proc/2470499/root/usr/share/locale" "Mozilla/5.0 AppleWebKit/537.36 (KHTML, like Gecko; compatible; GPTBot/1.3; +https://openai.com/gptbot)" 493 **0/493354**
74.7.227.150 - - [10/Mar/2026:22:43:13 -0700] "GET /blog/?path=//proc/irq/42 HTTP/1.1" 200 2798 "http://rgardensoap.com/blog/?path=//proc/irq" "Mozilla/5.0 AppleWebKit/537.36 (KHTML, like Gecko; compatible; GPTBot/1.3; +https://openai.com/gptbot)" 467 **0/467126**
74.7.241.54 - - [10/Mar/2026:22:43:13 -0700] "GET /plug/vote/plug.xml?path=//proc/2470499/root/usr/share/locale/pal HTTP/1.1" 200 2609 "http://www.rgardensoap.com/plug/vote/plug.xml?path=//proc/2470499/root/usr/share/locale" "Mozilla/5.0 AppleWebKit/537.36 (KHTML, like Gecko; compatible; GPTBot/1.3; +https://openai.com/gptbot)" 546 **0/546354**
74.7.227.35 - - [10/Mar/2026:22:43:12 -0700] "GET /?path=//opt/alt/tests/alt-php81-pecl-yaf_3.3.6-1.el8/tests HTTP/1.1" 200 4738 "http://mail.rgardensoap.com/?path=//opt/alt/tests/alt-php81-pecl-yaf_3.3.6-1.el8" "Mozilla/5.0 AppleWebKit/537.36 (KHTML, like Gecko; compatible; GPTBot/1.3; +https://openai.com/gptbot)" 780 **0/780612**
74.7.227.150 - - [10/Mar/2026:22:43:13 -0700] "GET /blog/?path=//proc/irq/24 HTTP/1.1" 200 2829 "http://rgardensoap.com/blog/?path=//proc/irq" "Mozilla/5.0 AppleWebKit/537.36 (KHTML, like Gecko; compatible; GPTBot/1.3; +https://openai.com/gptbot)" 459 **0/459399**
74.7.241.54 - - [10/Mar/2026:22:43:13 -0700] "GET /plug/vote/plug.xml?path=//proc/2470499/root/usr/share/locale/lui HTTP/1.1" 200 2609 "http://www.rgardensoap.com/plug/vote/plug.xml?path=//proc/2470499/root/usr/share/locale" "Mozilla/5.0 AppleWebKit/537.36 (KHTML, like Gecko; compatible; GPTBot/1.3; +https://openai.com/gptbot)" 620 **0/620564**
74.7.227.35 - - [10/Mar/2026:22:43:13 -0700] "GET /?path=//opt/alt/tests/alt-php83-pecl-solr_2.7.0-1.el8/tests HTTP/1.1" 200 7489 "http://mail.rgardensoap.com/?path=//opt/alt/tests/alt-php83-pecl-solr_2.7.0-1.el8" "Mozilla/5.0 AppleWebKit/537.36 (KHTML, like Gecko; compatible; GPTBot/1.3; +https://openai.com/gptbot)" 637 **0/637846**
74.7.227.150 - - [10/Mar/2026:22:43:14 -0700] "GET /blog/?path=//proc/irq/29 HTTP/1.1" 200 2829 "http://rgardensoap.com/blog/?path=//proc/irq" "Mozilla/5.0 AppleWebKit/537.36 (KHTML, like Gecko; compatible; GPTBot/1.3; +https://openai.com/gptbot)" 546 **0/546831**
74.7.227.35 - - [10/Mar/2026:22:43:14 -0700] "GET /?path=//opt/alt/tests/alt-php84-pecl-yaf_3.3.6-1.el8/tests HTTP/1.1" 200 4718 "http://mail.rgardensoap.com/?path=//opt/alt/tests/alt-php84-pecl-yaf_3.3.6-1.el8" "Mozilla/5.0 AppleWebKit/537.36 (KHTML, like Gecko; compatible; GPTBot/1.3; +https://openai.com/gptbot)" 492 **0/492493**
74.7.241.54 - - [10/Mar/2026:22:43:14 -0700] "GET /plug/vote/plug.xml?path=//proc/2470499/root/usr/share/locale/tpi HTTP/1.1" 200 2609 "http://www.rgardensoap.com/plug/vote/plug.xml?path=//proc/2470499/root/usr/share/locale" "Mozilla/5.0 AppleWebKit/537.36 (KHTML, like Gecko; compatible; GPTBot/1.3; +https://openai.com/gptbot)" 575 **0/575309**
74.7.227.150 - - [10/Mar/2026:22:43:14 -0700] "GET /blog/?path=//proc/irq/12/i8042 HTTP/1.1" 200 2322 "http://rgardensoap.com/blog/?path=//proc/irq/12" "Mozilla/5.0 AppleWebKit/537.36 (KHTML, like Gecko; compatible; GPTBot/1.3; +https://openai.com/gptbot)" 504 **0/504128**
74.7.241.54 - - [10/Mar/2026:22:43:15 -0700] "GET /plug/vote/plug.xml?path=//proc/2470499/root/usr/share/locale/kut HTTP/1.1" 200 2607 "http://www.rgardensoap.com/plug/vote/plug.xml?path=//proc/2470499/root/usr/share/locale" "Mozilla/5.0 AppleWebKit/537.36 (KHTML, like Gecko; compatible; GPTBot/1.3; +https://openai.com/gptbot)" 516 **0/516970**
74.7.227.35 - - [10/Mar/2026:22:43:15 -0700] "GET /?fileloc=//opt/alt/tests/alt-php84-pecl-http_4.2.6-4.el8/tests/version001.phpt&path=//opt/alt/tests/alt-php84-pecl-http_4.2.6-4.el8/tests HTTP/1.1" 200 2555 "http://mail.rgardensoap.com/?path=//opt/alt/tests/alt-php84-pecl-http_4.2.6-4.el8/tests" "Mozilla/5.0 AppleWebKit/537.36 (KHTML, like Gecko; compatible; GPTBot/1.3; +https://openai.com/gptbot)" 486 **0/486230**
74.7.227.150 - - [10/Mar/2026:22:43:15 -0700] "GET /blog/?path=//proc/irq/84 HTTP/1.1" 200 2808 "http://rgardensoap.com/blog/?path=//proc/irq" "Mozilla/5.0 AppleWebKit/537.36 (KHTML, like Gecko; compatible; GPTBot/1.3; +https://openai.com/gptbot)" 480 **0/480075**
74.7.241.54 - - [10/Mar/2026:22:43:16 -0700] "GET /plug/vote/plug.xml?path=//proc/2470499/root/usr/share/locale/gor HTTP/1.1" 200 2607 "http://www.rgardensoap.com/plug/vote/plug.xml?path=//proc/2470499/root/usr/share/locale" "Mozilla/5.0 AppleWebKit/537.36 (KHTML, like Gecko; compatible; GPTBot/1.3; +https://openai.com/gptbot)" 473 **0/473743**
74.7.227.35 - - [10/Mar/2026:22:43:16 -0700] "GET /?path=//opt/alt/tests/alt-php83-pecl-yaml_2.2.3-1.el8/tests HTTP/1.1" 200 4276 "http://mail.rgardensoap.com/?path=//opt/alt/tests/alt-php83-pecl-yaml_2.2.3-1.el8" "Mozilla/5.0 AppleWebKit/537.36 (KHTML, like Gecko; compatible; GPTBot/1.3; +https://openai.com/gptbot)" 453 **0/453691**
74.7.227.150 - - [10/Mar/2026:22:43:16 -0700] "GET /blog/?path=//proc/irq/82 HTTP/1.1" 200 2809 "http://rgardensoap.com/blog/?path=//proc/irq" "Mozilla/5.0 AppleWebKit/537.36 (KHTML, like Gecko; compatible; GPTBot/1.3; +https://openai.com/gptbot)" 467 **0/467902**
74.7.241.54 - - [10/Mar/2026:22:43:16 -0700] "GET /plug/vote/plug.xml?path=//proc/2470499/root/usr/share/locale/lun HTTP/1.1" 200 2609 "http://www.rgardensoap.com/plug/vote/plug.xml?path=//proc/2470499/root/usr/share/locale" "Mozilla/5.0 AppleWebKit/537.36 (KHTML, like Gecko; compatible; GPTBot/1.3; +https://openai.com/gptbot)" 469 **0/469852**
74.7.227.35 - - [10/Mar/2026:22:43:16 -0700] "GET /?path=//opt/alt/tests/alt-php71-pecl-http_3.3.0-1.el8/tests HTTP/1.1" 200 6111 "http://mail.rgardensoap.com/?path=//opt/alt/tests/alt-php71-pecl-http_3.3.0-1.el8" "Mozilla/5.0 AppleWebKit/537.36 (KHTML, like Gecko; compatible; GPTBot/1.3; +https://openai.com/gptbot)" 462 **0/462219**
74.7.227.150 - - [10/Mar/2026:22:43:16 -0700] "GET /blog/?path=//proc/irq/51 HTTP/1.1" 200 2807 "http://rgardensoap.com/blog/?path=//proc/irq" "Mozilla/5.0 AppleWebKit/537.36 (KHTML, like Gecko; compatible; GPTBot/1.3; +https://openai.com/gptbot)" 446 **0/446624**
74.7.241.54 - - [10/Mar/2026:22:43:17 -0700] "GET /plug/vote/plug.xml?path=//proc/2470499/root/usr/share/locale/kho HTTP/1.1" 200 2609 "http://www.rgardensoap.com/plug/vote/plug.xml?path=//proc/2470499/root/usr/share/locale" "Mozilla/5.0 AppleWebKit/537.36 (KHTML, like Gecko; compatible; GPTBot/1.3; +https://openai.com/gptbot)" 492 **0/492916**
74.7.227.35 - - [10/Mar/2026:22:43:17 -0700] "GET /?path=//opt/alt/tests/alt-php74-pecl-solr_2.7.0-1.el8/tests HTTP/1.1" 200 7489 "http://mail.rgardensoap.com/?path=//opt/alt/tests/alt-php74-pecl-solr_2.7.0-1.el8" "Mozilla/5.0 AppleWebKit/537.36 (KHTML, like Gecko; compatible; GPTBot/1.3; +https://openai.com/gptbot)" 476 **0/476434**
74.7.227.150 - - [10/Mar/2026:22:43:17 -0700] "GET /blog/?path=//proc/irq/72 HTTP/1.1" 200 2807 "http://rgardensoap.com/blog/?path=//proc/irq" "Mozilla/5.0 AppleWebKit/537.36 (KHTML, like Gecko; compatible; GPTBot/1.3; +https://openai.com/gptbot)" 464 **0/464924**
74.7.241.54 - - [10/Mar/2026:22:43:17 -0700] "GET /plug/vote/plug.xml?path=//proc/2470499/root/usr/share/locale/tem HTTP/1.1" 200 2606 "http://www.rgardensoap.com/plug/vote/plug.xml?path=//proc/2470499/root/usr/share/locale" "Mozilla/5.0 AppleWebKit/537.36 (KHTML, like Gecko; compatible; GPTBot/1.3; +https://openai.com/gptbot)" 512 **0/512079**
74.7.227.35 - - [10/Mar/2026:22:43:17 -0700] "GET /?fileloc=//opt/alt/tests/alt-php73-pecl-http_3.3.0-1.el8/tests/skipif.inc&path=//opt/alt/tests/alt-php73-pecl-http_3.3.0-1.el8/tests HTTP/1.1" 200 2864 "http://mail.rgardensoap.com/?path=//opt/alt/tests/alt-php73-pecl-http_3.3.0-1.el8/tests" "Mozilla/5.0 AppleWebKit/537.36 (KHTML, like Gecko; compatible; GPTBot/1.3; +https://openai.com/gptbot)" 467 **0/467304**
74.7.227.150 - - [10/Mar/2026:22:43:18 -0700] "GET /blog/?path=//proc/irq/50 HTTP/1.1" 200 2806 "http://rgardensoap.com/blog/?path=//proc/irq" "Mozilla/5.0 AppleWebKit/537.36 (KHTML, like Gecko; compatible; GPTBot/1.3; +https://openai.com/gptbot)" 482 **0/482281**
74.7.241.54 - - [10/Mar/2026:22:43:18 -0700] "GET /plug/vote/plug.xml?path=//proc/2470499/root/usr/share/locale/hus HTTP/1.1" 200 2609 "http://www.rgardensoap.com/plug/vote/plug.xml?path=//proc/2470499/root/usr/share/locale" "Mozilla/5.0 AppleWebKit/537.36 (KHTML, like Gecko; compatible; GPTBot/1.3; +https://openai.com/gptbot)" 483 **0/483347**
74.7.227.35 - - [10/Mar/2026:22:43:18 -0700] "GET /?fileloc=//opt/alt/tests/alt-php73-pecl-http_3.3.0-1.el8/tests/envresponsecodes.phpt&path=//opt/alt/tests/alt-php73-pecl-http_3.3.0-1.el8/tests HTTP/1.1" 200 2525 "http://mail.rgardensoap.com/?path=//opt/alt/tests/alt-php73-pecl-http_3.3.0-1.el8/tests" "Mozilla/5.0 AppleWebKit/537.36 (KHTML, like Gecko; compatible; GPTBot/1.3; +https://openai.com/gptbot)" 469 **0/469023**
74.7.227.150 - - [10/Mar/2026:22:43:18 -0700] "GET /blog/?path=//proc/irq/83 HTTP/1.1" 200 2808 "http://rgardensoap.com/blog/?path=//proc/irq" "Mozilla/5.0 AppleWebKit/537.36 (KHTML, like Gecko; compatible; GPTBot/1.3; +https://openai.com/gptbot)" 468 **0/468447**
74.7.241.54 - - [10/Mar/2026:22:43:19 -0700] "GET /plug/vote/plug.xml?path=//proc/2470499/root/usr/share/locale/frr HTTP/1.1" 200 2607 "http://www.rgardensoap.com/plug/vote/plug.xml?path=//proc/2470499/root/usr/share/locale" "Mozilla/5.0 AppleWebKit/537.36 (KHTML, like Gecko; compatible; GPTBot/1.3; +https://openai.com/gptbot)" 454 **0/454285**
74.7.227.35 - - [10/Mar/2026:22:43:19 -0700] "GET /?fileloc=//opt/alt/tests/alt-php54-pecl-http_2.6.0-1.el8/tests/client029.phpt&path=//opt/alt/tests/alt-php54-pecl-http_2.6.0-1.el8/tests HTTP/1.1" 200 3176 "http://mail.rgardensoap.com/?path=//opt/alt/tests/alt-php54-pecl-http_2.6.0-1.el8/tests" "Mozilla/5.0 AppleWebKit/537.36 (KHTML, like Gecko; compatible; GPTBot/1.3; +https://openai.com/gptbot)" 473 **0/473641**
74.7.227.150 - - [10/Mar/2026:22:43:19 -0700] "GET /blog/?path=//proc/irq/64 HTTP/1.1" 200 2808 "http://rgardensoap.com/blog/?path=//proc/irq" "Mozilla/5.0 AppleWebKit/537.36 (KHTML, like Gecko; compatible; GPTBot/1.3; +https://openai.com/gptbot)" 490 **0/490028**
74.7.241.54 - - [10/Mar/2026:22:43:19 -0700] "GET /plug/vote/plug.xml?path=//proc/2470499/root/usr/share/locale/oto HTTP/1.1" 200 2609 "http://www.rgardensoap.com/plug/vote/plug.xml?path=//proc/2470499/root/usr/share/locale" "Mozilla/5.0 AppleWebKit/537.36 (KHTML, like Gecko; compatible; GPTBot/1.3; +https://openai.com/gptbot)" 451 **0/451382**
74.7.227.35 - - [10/Mar/2026:22:43:19 -0700] "GET /?fileloc=//opt/alt/tests/alt-php54-pecl-http_2.6.0-1.el8/tests/params014.phpt&path=//opt/alt/tests/alt-php54-pecl-http_2.6.0-1.el8/tests HTTP/1.1" 200 2728 "http://mail.rgardensoap.com/?path=//opt/alt/tests/alt-php54-pecl-http_2.6.0-1.el8/tests" "Mozilla/5.0 AppleWebKit/537.36 (KHTML, like Gecko; compatible; GPTBot/1.3; +https://openai.com/gptbot)" 469 **0/469388**
74.7.227.150 - - [10/Mar/2026:22:43:19 -0700] "GET /blog/?path=//proc/irq/62 HTTP/1.1" 200 2808 "http://rgardensoap.com/blog/?path=//proc/irq" "Mozilla/5.0 AppleWebKit/537.36 (KHTML, like Gecko; compatible; GPTBot/1.3; +https://openai.com/gptbot)" 475 **0/475299**
74.7.241.54 - - [10/Mar/2026:22:43:20 -0700] "GET /plug/vote/plug.xml?path=//proc/2470499/root/usr/share/locale/bat HTTP/1.1" 200 2606 "http://www.rgardensoap.com/plug/vote/plug.xml?path=//proc/2470499/root/usr/share/locale" "Mozilla/5.0 AppleWebKit/537.36 (KHTML, like Gecko; compatible; GPTBot/1.3; +https://openai.com/gptbot)" 496 **0/496431**
74.7.227.35 - - [10/Mar/2026:22:43:20 -0700] "GET /?fileloc=//opt/alt/tests/alt-php54-pecl-http_2.6.0-1.el8/tests/params008.phpt&path=//opt/alt/tests/alt-php54-pecl-http_2.6.0-1.el8/tests HTTP/1.1" 200 2611 "http://mail.rgardensoap.com/?path=//opt/alt/tests/alt-php54-pecl-http_2.6.0-1.el8/tests" "Mozilla/5.0 AppleWebKit/537.36 (KHTML, like Gecko; compatible; GPTBot/1.3; +https://openai.com/gptbot)" 482 **0/482230**
74.7.227.150 - - [10/Mar/2026:22:43:20 -0700] "GET /blog/?path=//proc/irq/28 HTTP/1.1" 200 2829 "http://rgardensoap.com/blog/?path=//proc/irq" "Mozilla/5.0 AppleWebKit/537.36 (KHTML, like Gecko; compatible; GPTBot/1.3; +https://openai.com/gptbot)" 479 **0/479700**
74.7.241.54 - - [10/Mar/2026:22:43:21 -0700] "GET /plug/vote/plug.xml?path=//proc/2470499/root/usr/share/locale/pms HTTP/1.1" 200 2609 "http://www.rgardensoap.com/plug/vote/plug.xml?path=//proc/2470499/root/usr/share/locale" "Mozilla/5.0 AppleWebKit/537.36 (KHTML, like Gecko; compatible; GPTBot/1.3; +https://openai.com/gptbot)" 525 **0/525387**
74.7.227.35 - - [10/Mar/2026:22:43:21 -0700] "GET /?fileloc=//opt/alt/tests/alt-php83-pecl-solr_2.7.0-1.el8/tests/007.solrclient_deleteByIds.phpt&path=//opt/alt/tests/alt-php83-pecl-solr_2.7.0-1.el8/tests HTTP/1.1" 200 2809 "http://mail.rgardensoap.com/?path=//opt/alt/tests/alt-php83-pecl-solr_2.7.0-1.el8/tests" "Mozilla/5.0 AppleWebKit/537.36 (KHTML, like Gecko; compatible; GPTBot/1.3; +https://openai.com/gptbot)" 488 **0/488920**
74.7.227.150 - - [10/Mar/2026:22:43:21 -0700] "GET /blog/?path=//proc/irq/74 HTTP/1.1" 200 2807 "http://rgardensoap.com/blog/?path=//proc/irq" "Mozilla/5.0 AppleWebKit/537.36 (KHTML, like Gecko; compatible; GPTBot/1.3; +https://openai.com/gptbot)" 451 **0/451229**
74.7.241.54 - - [10/Mar/2026:22:43:21 -0700] "GET /plug/vote/plug.xml?path=//proc/2470499/root/usr/share/locale/tut HTTP/1.1" 200 2606 "http://www.rgardensoap.com/plug/vote/plug.xml?path=//proc/2470499/root/usr/share/locale" "Mozilla/5.0 AppleWebKit/537.36 (KHTML, like Gecko; compatible; GPTBot/1.3; +https://openai.com/gptbot)" 465 **0/465207**
74.7.227.35 - - [10/Mar/2026:22:43:21 -0700] "GET /?fileloc=//opt/alt/tests/alt-php83-pecl-solr_2.7.0-1.el8/tests/150.solrcollapsefunction.phpt&path=//opt/alt/tests/alt-php83-pecl-solr_2.7.0-1.el8/tests HTTP/1.1" 200 2621 "http://mail.rgardensoap.com/?path=//opt/alt/tests/alt-php83-pecl-solr_2.7.0-1.el8/tests" "Mozilla/5.0 AppleWebKit/537.36 (KHTML, like Gecko; compatible; GPTBot/1.3; +https://openai.com/gptbot)" 459 **0/459580**
74.7.227.150 - - [10/Mar/2026:22:43:21 -0700] "GET /blog/?path=//proc/irq/85 HTTP/1.1" 200 2809 "http://rgardensoap.com/blog/?path=//proc/irq" "Mozilla/5.0 AppleWebKit/537.36 (KHTML, like Gecko; compatible; GPTBot/1.3; +https://openai.com/gptbot)" 469 **0/469718**
74.7.241.54 - - [10/Mar/2026:22:43:22 -0700] "GET /plug/vote/plug.xml?path=//proc/2470499/root/usr/share/locale/art HTTP/1.1" 200 2606 "http://www.rgardensoap.com/plug/vote/plug.xml?path=//proc/2470499/root/usr/share/locale" "Mozilla/5.0 AppleWebKit/537.36 (KHTML, like Gecko; compatible; GPTBot/1.3; +https://openai.com/gptbot)" 469 **0/469968**
74.7.227.35 - - [10/Mar/2026:22:43:22 -0700] "GET /?fileloc=//opt/alt/tests/alt-php73-pecl-http_3.3.0-1.el8/tests/urlparser005.phpt&path=//opt/alt/tests/alt-php73-pecl-http_3.3.0-1.el8/tests HTTP/1.1" 200 2713 "http://mail.rgardensoap.com/?path=//opt/alt/tests/alt-php73-pecl-http_3.3.0-1.el8/tests" "Mozilla/5.0 AppleWebKit/537.36 (KHTML, like Gecko; compatible; GPTBot/1.3; +https://openai.com/gptbot)" 468 **0/468278**
74.7.227.150 - - [10/Mar/2026:22:43:22 -0700] "GET /blog/?path=//proc/2470499/cwd HTTP/1.1" 200 2944 "http://rgardensoap.com/blog/?path=//proc/2470499" "Mozilla/5.0 AppleWebKit/537.36 (KHTML, like Gecko; compatible; GPTBot/1.3; +https://openai.com/gptbot)" 665 **0/665073**
74.7.241.54 - - [10/Mar/2026:22:43:22 -0700] "GET /plug/vote/plug.xml?path=//proc/2470499/root/usr/share/locale/sio HTTP/1.1" 200 2609 "http://www.rgardensoap.com/plug/vote/plug.xml?path=//proc/2470499/root/usr/share/locale" "Mozilla/5.0 AppleWebKit/537.36 (KHTML, like Gecko; compatible; GPTBot/1.3; +https://openai.com/gptbot)" 471 **0/471998**
74.7.227.35 - - [10/Mar/2026:22:43:23 -0700] "GET /?path=//opt/alt/tests/alt-php83-pecl-solr_2.7.0-1.el8/tests/files HTTP/1.1" 200 2911 "http://mail.rgardensoap.com/?path=//opt/alt/tests/alt-php83-pecl-solr_2.7.0-1.el8/tests" "Mozilla/5.0 AppleWebKit/537.36 (KHTML, like Gecko; compatible; GPTBot/1.3; +https://openai.com/gptbot)" 437 **0/437519**
74.7.227.150 - - [10/Mar/2026:22:43:23 -0700] "GET /blog?path=//lib64/python2.7 HTTP/1.1" 200 14382 "http://rgardensoap.com/blog?path=//lib64" "Mozilla/5.0 AppleWebKit/537.36 (KHTML, like Gecko; compatible; GPTBot/1.3; +https://openai.com/gptbot)" 532 **0/532548**
74.7.241.54 - - [10/Mar/2026:22:43:23 -0700] "GET /plug/vote/plug.xml?path=//proc/2470499/root/usr/share/locale/pro HTTP/1.1" 200 2603 "http://www.rgardensoap.com/plug/vote/plug.xml?path=//proc/2470499/root/usr/share/locale" "Mozilla/5.0 AppleWebKit/537.36 (KHTML, like Gecko; compatible; GPTBot/1.3; +https://openai.com/gptbot)" 471 **0/471677**
74.7.227.35 - - [10/Mar/2026:22:43:23 -0700] "GET /?path=//opt/alt/tests/alt-php82-pecl-http_4.2.6-4.el8/tests HTTP/1.1" 200 5112 "http://mail.rgardensoap.com/?path=//opt/alt/tests/alt-php82-pecl-http_4.2.6-4.el8" "Mozilla/5.0 AppleWebKit/537.36 (KHTML, like Gecko; compatible; GPTBot/1.3; +https://openai.com/gptbot)" 471 **0/471282**
74.7.227.150 - - [10/Mar/2026:22:43:23 -0700] "GET /blog/?fileloc=//lib64/python2.7/StringIO.pyc&path=//lib64/python2.7 HTTP/1.1" 200 2266 "http://rgardensoap.com/blog/?path=//lib64/python2.7" "Mozilla/5.0 AppleWebKit/537.36 (KHTML, like Gecko; compatible; GPTBot/1.3; +https://openai.com/gptbot)" 441 **0/441150**
74.7.227.35 - - [10/Mar/2026:22:43:24 -0700] "GET /?path=//opt/alt/tests/alt-php74-pecl-solr_2.7.0-1.el8/tests/files HTTP/1.1" 200 2911 "http://mail.rgardensoap.com/?path=//opt/alt/tests/alt-php74-pecl-solr_2.7.0-1.el8/tests" "Mozilla/5.0 AppleWebKit/537.36 (KHTML, like Gecko; compatible; GPTBot/1.3; +https://openai.com/gptbot)" 458 **0/458514**
