74.7.227.35 - - [10/Mar/2026:22:45:15 -0700] "GET /?path=//lib64/i360_pam_imunify HTTP/1.1" 200 2730 "http://mail.rgardensoap.com/?path=//lib64" "Mozilla/5.0 AppleWebKit/537.36 (KHTML, like Gecko; compatible; GPTBot/1.3; +https://openai.com/gptbot)" 575 **0/575397**
74.7.241.54 - - [10/Mar/2026:22:45:15 -0700] "GET /plug/vote/plug.xml?path=//proc/2470499/root/usr/share/locale/lua/LC_MESSAGES HTTP/1.1" 200 2377 "http://www.rgardensoap.com/plug/vote/plug.xml?path=//proc/2470499/root/usr/share/locale/lua" "Mozilla/5.0 AppleWebKit/537.36 (KHTML, like Gecko; compatible; GPTBot/1.3; +https://openai.com/gptbot)" 496 **0/496476**
74.7.227.150 - - [10/Mar/2026:22:45:15 -0700] "GET /blog/?fileloc=//usr/lib64/python3.6/sysconfig.py&path=//usr/lib64/python3.6 HTTP/1.1" 200 9369 "http://rgardensoap.com/blog/?path=//usr/lib64/python3.6" "Mozilla/5.0 AppleWebKit/537.36 (KHTML, like Gecko; compatible; GPTBot/1.3; +https://openai.com/gptbot)" 641 **0/641242**
74.7.227.35 - - [10/Mar/2026:22:45:16 -0700] "GET /?fileloc=//etc/skipsmtpcheckhosts&path=//etc HTTP/1.1" 200 2253 "http://mail.rgardensoap.com/?path=//etc" "Mozilla/5.0 AppleWebKit/537.36 (KHTML, like Gecko; compatible; GPTBot/1.3; +https://openai.com/gptbot)" 499 **0/499647**
74.7.241.54 - - [10/Mar/2026:22:45:16 -0700] "GET /plug/vote/plug.xml?path=//proc/2470499/root/usr/share/locale/pal/LC_MESSAGES HTTP/1.1" 200 2377 "http://www.rgardensoap.com/plug/vote/plug.xml?path=//proc/2470499/root/usr/share/locale/pal" "Mozilla/5.0 AppleWebKit/537.36 (KHTML, like Gecko; compatible; GPTBot/1.3; +https://openai.com/gptbot)" 540 **0/540330**
74.7.227.150 - - [10/Mar/2026:22:45:16 -0700] "GET /blog/?fileloc=//lib64/libodbcnnS.so.2&path=//lib64 HTTP/1.1" 200 2252 "http://rgardensoap.com/blog/?path=//lib64" "Mozilla/5.0 AppleWebKit/537.36 (KHTML, like Gecko; compatible; GPTBot/1.3; +https://openai.com/gptbot)" 548 **0/548492**
74.7.227.35 - - [10/Mar/2026:22:45:17 -0700] "GET /?fileloc=//lib64/libargon2.so.1&path=//lib64 HTTP/1.1" 200 2252 "http://mail.rgardensoap.com/?path=//lib64" "Mozilla/5.0 AppleWebKit/537.36 (KHTML, like Gecko; compatible; GPTBot/1.3; +https://openai.com/gptbot)" 613 **0/613306**
74.7.241.54 - - [10/Mar/2026:22:45:17 -0700] "GET /plug/vote/plug.xml?path=//proc/2470499/root/usr/share/locale/ota/LC_MESSAGES HTTP/1.1" 200 2377 "http://www.rgardensoap.com/plug/vote/plug.xml?path=//proc/2470499/root/usr/share/locale/ota" "Mozilla/5.0 AppleWebKit/537.36 (KHTML, like Gecko; compatible; GPTBot/1.3; +https://openai.com/gptbot)" 547 **0/547255**
74.7.227.150 - - [10/Mar/2026:22:45:17 -0700] "GET /blog?path=//var/www/html HTTP/1.1" 200 3059 "http://rgardensoap.com/blog?path=//var/www" "Mozilla/5.0 AppleWebKit/537.36 (KHTML, like Gecko; compatible; GPTBot/1.3; +https://openai.com/gptbot)" 581 **0/581842**
74.7.227.35 - - [10/Mar/2026:22:45:17 -0700] "GET /?fileloc=//opt/alt/tests/alt-php74-pecl-mcrypt_1.0.7-1.el8/tests/bug55169.phpt&path=//opt/alt/tests/alt-php74-pecl-mcrypt_1.0.7-1.el8/tests HTTP/1.1" 200 2680 "http://mail.rgardensoap.com/?path=//opt/alt/tests/alt-php74-pecl-mcrypt_1.0.7-1.el8/tests" "Mozilla/5.0 AppleWebKit/537.36 (KHTML, like Gecko; compatible; GPTBot/1.3; +https://openai.com/gptbot)" 582 **0/582025**
74.7.241.54 - - [10/Mar/2026:22:45:17 -0700] "GET /plug/vote/plug.xml?path=//proc/2470499/root/usr/share/locale/sga/LC_MESSAGES HTTP/1.1" 200 2378 "http://www.rgardensoap.com/plug/vote/plug.xml?path=//proc/2470499/root/usr/share/locale/sga" "Mozilla/5.0 AppleWebKit/537.36 (KHTML, like Gecko; compatible; GPTBot/1.3; +https://openai.com/gptbot)" 538 **0/538555**
74.7.227.150 - - [10/Mar/2026:22:45:18 -0700] "GET /blog/?fileloc=//proc/sys/net/ipv4/fwmark_reflect&path=//proc/sys/net/ipv4 HTTP/1.1" 200 2285 "http://rgardensoap.com/blog/?path=//proc/sys/net/ipv4" "Mozilla/5.0 AppleWebKit/537.36 (KHTML, like Gecko; compatible; GPTBot/1.3; +https://openai.com/gptbot)" 592 **0/592380**
74.7.227.35 - - [10/Mar/2026:22:45:18 -0700] "GET /?fileloc=//lib64/libsodium.so.23&path=//lib64 HTTP/1.1" 200 2253 "http://mail.rgardensoap.com/?path=//lib64" "Mozilla/5.0 AppleWebKit/537.36 (KHTML, like Gecko; compatible; GPTBot/1.3; +https://openai.com/gptbot)" 556 **0/556148**
74.7.241.54 - - [10/Mar/2026:22:45:18 -0700] "GET /plug/vote/plug.xml?path=//proc/2470499/root/usr/share/locale/apa/LC_MESSAGES HTTP/1.1" 200 2376 "http://www.rgardensoap.com/plug/vote/plug.xml?path=//proc/2470499/root/usr/share/locale/apa" "Mozilla/5.0 AppleWebKit/537.36 (KHTML, like Gecko; compatible; GPTBot/1.3; +https://openai.com/gptbot)" 540 **0/540896**
74.7.227.150 - - [10/Mar/2026:22:45:18 -0700] "GET /blog/?fileloc=//proc/sys/net/ipv6/fwmark_reflect&path=//proc/sys/net/ipv6 HTTP/1.1" 200 2285 "http://rgardensoap.com/blog/?path=//proc/sys/net/ipv6" "Mozilla/5.0 AppleWebKit/537.36 (KHTML, like Gecko; compatible; GPTBot/1.3; +https://openai.com/gptbot)" 611 **0/611014**
74.7.227.35 - - [10/Mar/2026:22:45:19 -0700] "GET /?fileloc=//opt/alt/tests/alt-php82-pecl-mcrypt_1.0.7-1.el8/tests/mcrypt_module_is_block_mode.phpt&path=//opt/alt/tests/alt-php82-pecl-mcrypt_1.0.7-1.el8/tests HTTP/1.1" 200 2533 "http://mail.rgardensoap.com/?path=//opt/alt/tests/alt-php82-pecl-mcrypt_1.0.7-1.el8/tests" "Mozilla/5.0 AppleWebKit/537.36 (KHTML, like Gecko; compatible; GPTBot/1.3; +https://openai.com/gptbot)" 532 **0/532208**
74.7.241.54 - - [10/Mar/2026:22:45:19 -0700] "GET /plug/vote/plug.xml?path=//proc/2470499/root/usr/share/locale/kro/LC_MESSAGES HTTP/1.1" 200 2378 "http://www.rgardensoap.com/plug/vote/plug.xml?path=//proc/2470499/root/usr/share/locale/kro" "Mozilla/5.0 AppleWebKit/537.36 (KHTML, like Gecko; compatible; GPTBot/1.3; +https://openai.com/gptbot)" 595 **0/595210**
74.7.227.150 - - [10/Mar/2026:22:45:19 -0700] "GET /blog/?path=//usr/lib64/sse2 HTTP/1.1" 200 2314 "http://rgardensoap.com/blog/?path=//usr/lib64" "Mozilla/5.0 AppleWebKit/537.36 (KHTML, like Gecko; compatible; GPTBot/1.3; +https://openai.com/gptbot)" 599 **0/599429**
74.7.241.54 - - [10/Mar/2026:22:45:20 -0700] "GET /plug/vote/plug.xml?path=//proc/2470499/root/usr/share/locale/mag/LC_MESSAGES HTTP/1.1" 200 2378 "http://www.rgardensoap.com/plug/vote/plug.xml?path=//proc/2470499/root/usr/share/locale/mag" "Mozilla/5.0 AppleWebKit/537.36 (KHTML, like Gecko; compatible; GPTBot/1.3; +https://openai.com/gptbot)" 500 **0/500582**
74.7.227.35 - - [10/Mar/2026:22:45:20 -0700] "GET /?fileloc=//lib64/libgnutls.so.30&path=//lib64 HTTP/1.1" 200 2253 "http://mail.rgardensoap.com/?path=//lib64" "Mozilla/5.0 AppleWebKit/537.36 (KHTML, like Gecko; compatible; GPTBot/1.3; +https://openai.com/gptbot)" 688 **0/688411**
74.7.227.150 - - [10/Mar/2026:22:45:20 -0700] "GET /wp-links.php?path=//etc/environment-modules HTTP/1.1" 200 2641 "http://rgardensoap.com/wp-links.php?path=//etc" "Mozilla/5.0 AppleWebKit/537.36 (KHTML, like Gecko; compatible; GPTBot/1.3; +https://openai.com/gptbot)" 505 **0/505029**
74.7.227.35 - - [10/Mar/2026:22:45:20 -0700] "GET /?fileloc=//opt/cpanel/ea-profiles-cpanel/default-nginx.json&path=//opt/cpanel/ea-profiles-cpanel HTTP/1.1" 200 2709 "http://mail.rgardensoap.com/?path=//opt/cpanel/ea-profiles-cpanel" "Mozilla/5.0 AppleWebKit/537.36 (KHTML, like Gecko; compatible; GPTBot/1.3; +https://openai.com/gptbot)" 281 **0/281570**
74.7.241.54 - - [10/Mar/2026:22:45:20 -0700] "GET /plug/vote/plug.xml?path=//proc/2470499/root/usr/share/locale/alt/LC_MESSAGES HTTP/1.1" 200 2377 "http://www.rgardensoap.com/plug/vote/plug.xml?path=//proc/2470499/root/usr/share/locale/alt" "Mozilla/5.0 AppleWebKit/537.36 (KHTML, like Gecko; compatible; GPTBot/1.3; +https://openai.com/gptbot)" 535 **0/535514**
74.7.227.150 - - [10/Mar/2026:22:45:21 -0700] "GET /blog/?path=//usr/lib64/apr-util-1 HTTP/1.1" 200 2656 "http://rgardensoap.com/blog/?path=//usr/lib64" "Mozilla/5.0 AppleWebKit/537.36 (KHTML, like Gecko; compatible; GPTBot/1.3; +https://openai.com/gptbot)" 563 **0/563943**
74.7.241.54 - - [10/Mar/2026:22:45:21 -0700] "GET /plug/vote/plug.xml?path=//proc/2470499/root/usr/share/locale/osa/LC_MESSAGES HTTP/1.1" 200 2377 "http://www.rgardensoap.com/plug/vote/plug.xml?path=//proc/2470499/root/usr/share/locale/osa" "Mozilla/5.0 AppleWebKit/537.36 (KHTML, like Gecko; compatible; GPTBot/1.3; +https://openai.com/gptbot)" 551 **0/551540**
74.7.227.35 - - [10/Mar/2026:22:45:21 -0700] "GET /?path=//opt/alt/tests/alt-php72-pecl-pthreads-zts_3.2.0-1.el8/tests HTTP/1.1" 200 6967 "http://mail.rgardensoap.com/?path=//opt/alt/tests/alt-php72-pecl-pthreads-zts_3.2.0-1.el8" "Mozilla/5.0 AppleWebKit/537.36 (KHTML, like Gecko; compatible; GPTBot/1.3; +https://openai.com/gptbot)" 602 **0/602836**
74.7.227.150 - - [10/Mar/2026:22:45:21 -0700] "GET /blog/?path=//usr/lib64/krb5 HTTP/1.1" 200 2554 "http://rgardensoap.com/blog/?path=//usr/lib64" "Mozilla/5.0 AppleWebKit/537.36 (KHTML, like Gecko; compatible; GPTBot/1.3; +https://openai.com/gptbot)" 599 **0/599644**
74.7.241.54 - - [10/Mar/2026:22:45:22 -0700] "GET /plug/vote/plug.xml?path=//proc/2470499/root/usr/share/locale/rap/LC_MESSAGES HTTP/1.1" 200 2377 "http://www.rgardensoap.com/plug/vote/plug.xml?path=//proc/2470499/root/usr/share/locale/rap" "Mozilla/5.0 AppleWebKit/537.36 (KHTML, like Gecko; compatible; GPTBot/1.3; +https://openai.com/gptbot)" 582 **0/582169**
74.7.227.35 - - [10/Mar/2026:22:45:22 -0700] "GET /?fileloc=//lib/systemd/systemd-user-sessions&path=//lib/systemd HTTP/1.1" 200 2264 "http://mail.rgardensoap.com/?path=//lib/systemd" "Mozilla/5.0 AppleWebKit/537.36 (KHTML, like Gecko; compatible; GPTBot/1.3; +https://openai.com/gptbot)" 534 **0/534023**
74.7.227.150 - - [10/Mar/2026:22:45:22 -0700] "GET /blog/?path=//lib64/apr-util-1 HTTP/1.1" 200 2647 "http://rgardensoap.com/blog/?path=//lib64" "Mozilla/5.0 AppleWebKit/537.36 (KHTML, like Gecko; compatible; GPTBot/1.3; +https://openai.com/gptbot)" 493 **0/493361**
74.7.241.54 - - [10/Mar/2026:22:45:22 -0700] "GET /plug/vote/plug.xml?path=//proc/2470499/root/usr/share/locale/rom/LC_MESSAGES HTTP/1.1" 200 2377 "http://www.rgardensoap.com/plug/vote/plug.xml?path=//proc/2470499/root/usr/share/locale/rom" "Mozilla/5.0 AppleWebKit/537.36 (KHTML, like Gecko; compatible; GPTBot/1.3; +https://openai.com/gptbot)" 478 **0/478991**
74.7.227.35 - - [10/Mar/2026:22:45:22 -0700] "GET /?fileloc=//etc/gcrypt/random.conf&path=//etc/gcrypt HTTP/1.1" 200 2353 "http://mail.rgardensoap.com/?path=//etc/gcrypt" "Mozilla/5.0 AppleWebKit/537.36 (KHTML, like Gecko; compatible; GPTBot/1.3; +https://openai.com/gptbot)" 472 **0/472450**
74.7.227.150 - - [10/Mar/2026:22:45:23 -0700] "GET /blog?path=//lib64/python3.6/venv HTTP/1.1" 200 2708 "http://rgardensoap.com/blog?path=//lib64/python3.6" "Mozilla/5.0 AppleWebKit/537.36 (KHTML, like Gecko; compatible; GPTBot/1.3; +https://openai.com/gptbot)" 481 **0/481158**
74.7.241.54 - - [10/Mar/2026:22:45:23 -0700] "GET /plug/vote/plug.xml?path=//proc/2470499/root/usr/share/locale/pro/LC_MESSAGES HTTP/1.1" 200 2373 "http://www.rgardensoap.com/plug/vote/plug.xml?path=//proc/2470499/root/usr/share/locale/pro" "Mozilla/5.0 AppleWebKit/537.36 (KHTML, like Gecko; compatible; GPTBot/1.3; +https://openai.com/gptbot)" 460 **0/460266**
74.7.227.35 - - [10/Mar/2026:22:45:23 -0700] "GET /?path=//lib64/ImageMagick-6.9.13 HTTP/1.1" 200 2593 "http://mail.rgardensoap.com/?path=//lib64" "Mozilla/5.0 AppleWebKit/537.36 (KHTML, like Gecko; compatible; GPTBot/1.3; +https://openai.com/gptbot)" 485 **0/485033**
74.7.227.150 - - [10/Mar/2026:22:45:23 -0700] "GET /blog?path=//lib64/python2.7/test HTTP/1.1" 200 2823 "http://rgardensoap.com/blog?path=//lib64/python2.7" "Mozilla/5.0 AppleWebKit/537.36 (KHTML, like Gecko; compatible; GPTBot/1.3; +https://openai.com/gptbot)" 488 **0/488917**
74.7.241.54 - - [10/Mar/2026:22:45:24 -0700] "GET /plug/vote/plug.xml?path=//proc/2470499/root/usr/share/locale/sma/LC_MESSAGES HTTP/1.1" 200 2377 "http://www.rgardensoap.com/plug/vote/plug.xml?path=//proc/2470499/root/usr/share/locale/sma" "Mozilla/5.0 AppleWebKit/537.36 (KHTML, like Gecko; compatible; GPTBot/1.3; +https://openai.com/gptbot)" 506 **0/506169**
74.7.227.35 - - [10/Mar/2026:22:45:24 -0700] "GET /?path=//lib64/guile/2.0/ccache/oop/goops HTTP/1.1" 200 2920 "http://mail.rgardensoap.com/?path=//lib64/guile/2.0/ccache/oop" "Mozilla/5.0 AppleWebKit/537.36 (KHTML, like Gecko; compatible; GPTBot/1.3; +https://openai.com/gptbot)" 490 **0/490685**
74.7.227.150 - - [10/Mar/2026:22:45:24 -0700] "GET /blog/?path=//lib64/python3.12/http HTTP/1.1" 200 2771 "http://rgardensoap.com/blog/?path=//lib64/python3.12" "Mozilla/5.0 AppleWebKit/537.36 (KHTML, like Gecko; compatible; GPTBot/1.3; +https://openai.com/gptbot)" 473 **0/473184**
74.7.241.54 - - [10/Mar/2026:22:45:24 -0700] "GET /plug/vote/plug.xml?path=//proc/2470499/root/usr/share/locale/goh/LC_MESSAGES HTTP/1.1" 200 2378 "http://www.rgardensoap.com/plug/vote/plug.xml?path=//proc/2470499/root/usr/share/locale/goh" "Mozilla/5.0 AppleWebKit/537.36 (KHTML, like Gecko; compatible; GPTBot/1.3; +https://openai.com/gptbot)" 507 **0/507200**
74.7.227.35 - - [10/Mar/2026:22:45:24 -0700] "GET /?path=//opt/alt/libxml2 HTTP/1.1" 200 2557 "http://mail.rgardensoap.com/?path=//opt/alt" "Mozilla/5.0 AppleWebKit/537.36 (KHTML, like Gecko; compatible; GPTBot/1.3; +https://openai.com/gptbot)" 478 **0/478123**
74.7.227.150 - - [10/Mar/2026:22:45:25 -0700] "GET /blog?fileloc=//var/www/html/updowncheck.php&path=//var/www/html HTTP/1.1" 200 2451 "http://rgardensoap.com/blog?path=//var/www/html" "Mozilla/5.0 AppleWebKit/537.36 (KHTML, like Gecko; compatible; GPTBot/1.3; +https://openai.com/gptbot)" 492 **0/492998**
74.7.241.54 - - [10/Mar/2026:22:45:25 -0700] "GET /plug/vote/plug.xml?path=//proc/2470499/root/usr/share/locale/pra/LC_MESSAGES HTTP/1.1" 200 2376 "http://www.rgardensoap.com/plug/vote/plug.xml?path=//proc/2470499/root/usr/share/locale/pra" "Mozilla/5.0 AppleWebKit/537.36 (KHTML, like Gecko; compatible; GPTBot/1.3; +https://openai.com/gptbot)" 497 **0/497687**
74.7.227.35 - - [10/Mar/2026:22:45:25 -0700] "GET /?path=//opt/alt/libssh2 HTTP/1.1" 200 2556 "http://mail.rgardensoap.com/?path=//opt/alt" "Mozilla/5.0 AppleWebKit/537.36 (KHTML, like Gecko; compatible; GPTBot/1.3; +https://openai.com/gptbot)" 494 **0/494739**
74.7.227.150 - - [10/Mar/2026:22:45:25 -0700] "GET /blog?path=//lib64/python2.7/lib2to3 HTTP/1.1" 200 3480 "http://rgardensoap.com/blog?path=//lib64/python2.7" "Mozilla/5.0 AppleWebKit/537.36 (KHTML, like Gecko; compatible; GPTBot/1.3; +https://openai.com/gptbot)" 516 **0/516883**
74.7.241.54 - - [10/Mar/2026:22:45:26 -0700] "GET /plug/vote/plug.xml?path=//proc/2470499/root/usr/share/locale/cmc/LC_MESSAGES HTTP/1.1" 200 2377 "http://www.rgardensoap.com/plug/vote/plug.xml?path=//proc/2470499/root/usr/share/locale/cmc" "Mozilla/5.0 AppleWebKit/537.36 (KHTML, like Gecko; compatible; GPTBot/1.3; +https://openai.com/gptbot)" 495 **0/495926**
74.7.227.35 - - [10/Mar/2026:22:45:26 -0700] "GET /?fileloc=//etc/nsswitch.conf&path=//etc HTTP/1.1" 200 3217 "http://mail.rgardensoap.com/?path=//etc" "Mozilla/5.0 AppleWebKit/537.36 (KHTML, like Gecko; compatible; GPTBot/1.3; +https://openai.com/gptbot)" 522 **0/522409**
74.7.227.150 - - [10/Mar/2026:22:45:26 -0700] "GET /blog?path=//lib64/python3.12/logging HTTP/1.1" 200 2721 "http://rgardensoap.com/blog?path=//lib64/python3.12" "Mozilla/5.0 AppleWebKit/537.36 (KHTML, like Gecko; compatible; GPTBot/1.3; +https://openai.com/gptbot)" 502 **0/502823**
74.7.241.54 - - [10/Mar/2026:22:45:26 -0700] "GET /plug/vote/plug.xml?path=//proc/2470499/root/usr/share/locale/pau/LC_MESSAGES HTTP/1.1" 200 2377 "http://www.rgardensoap.com/plug/vote/plug.xml?path=//proc/2470499/root/usr/share/locale/pau" "Mozilla/5.0 AppleWebKit/537.36 (KHTML, like Gecko; compatible; GPTBot/1.3; +https://openai.com/gptbot)" 510 **0/510554**
74.7.227.35 - - [10/Mar/2026:22:45:26 -0700] "GET /?path=//lib64/python2.7/test HTTP/1.1" 200 2823 "http://mail.rgardensoap.com/?path=//lib64/python2.7" "Mozilla/5.0 AppleWebKit/537.36 (KHTML, like Gecko; compatible; GPTBot/1.3; +https://openai.com/gptbot)" 530 **0/530616**
74.7.227.150 - - [10/Mar/2026:22:45:27 -0700] "GET /blog?path=//lib64/python3.12/tomllib HTTP/1.1" 200 2745 "http://rgardensoap.com/blog?path=//lib64/python3.12" "Mozilla/5.0 AppleWebKit/537.36 (KHTML, like Gecko; compatible; GPTBot/1.3; +https://openai.com/gptbot)" 490 **0/490520**
74.7.241.54 - - [10/Mar/2026:22:45:27 -0700] "GET /plug/vote/plug.xml?path=//proc/2470499/root/usr/share/locale/vec/LC_MESSAGES HTTP/1.1" 200 2377 "http://www.rgardensoap.com/plug/vote/plug.xml?path=//proc/2470499/root/usr/share/locale/vec" "Mozilla/5.0 AppleWebKit/537.36 (KHTML, like Gecko; compatible; GPTBot/1.3; +https://openai.com/gptbot)" 487 **0/487580**
74.7.227.150 - - [10/Mar/2026:22:45:27 -0700] "GET /blog/?path=//lib64/python2.7/xml HTTP/1.1" 200 2770 "http://rgardensoap.com/blog/?path=//lib64/python2.7" "Mozilla/5.0 AppleWebKit/537.36 (KHTML, like Gecko; compatible; GPTBot/1.3; +https://openai.com/gptbot)" 481 **0/481636**
74.7.227.35 - - [10/Mar/2026:22:45:27 -0700] "GET /?path=//opt/alt/ruby31/lib64 HTTP/1.1" 200 2598 "http://mail.rgardensoap.com/?path=//opt/alt/ruby31" "Mozilla/5.0 AppleWebKit/537.36 (KHTML, like Gecko; compatible; GPTBot/1.3; +https://openai.com/gptbot)" 827 **0/827866**
74.7.241.54 - - [10/Mar/2026:22:45:28 -0700] "GET /plug/vote/plug.xml?path=//proc/2470499/root/usr/share/locale/car/LC_MESSAGES HTTP/1.1" 200 2377 "http://www.rgardensoap.com/plug/vote/plug.xml?path=//proc/2470499/root/usr/share/locale/car" "Mozilla/5.0 AppleWebKit/537.36 (KHTML, like Gecko; compatible; GPTBot/1.3; +https://openai.com/gptbot)" 524 **0/524623**
74.7.227.35 - - [10/Mar/2026:22:45:28 -0700] "GET /?path=//opt/alt/ruby25/lib64 HTTP/1.1" 200 2599 "http://mail.rgardensoap.com/?path=//opt/alt/ruby25" "Mozilla/5.0 AppleWebKit/537.36 (KHTML, like Gecko; compatible; GPTBot/1.3; +https://openai.com/gptbot)" 517 **0/517170**
74.7.241.54 - - [10/Mar/2026:22:45:28 -0700] "GET /plug/vote/plug.xml?path=//proc/2470499/root/usr/share/locale/sus/LC_MESSAGES HTTP/1.1" 200 2377 "http://www.rgardensoap.com/plug/vote/plug.xml?path=//proc/2470499/root/usr/share/locale/sus" "Mozilla/5.0 AppleWebKit/537.36 (KHTML, like Gecko; compatible; GPTBot/1.3; +https://openai.com/gptbot)" 478 **0/478047**
74.7.227.150 - - [10/Mar/2026:22:45:28 -0700] "GET /wp?path=//proc/irq/1 HTTP/1.1" 200 2797 "http://rgardensoap.com/wp?path=//proc/irq" "Mozilla/5.0 AppleWebKit/537.36 (KHTML, like Gecko; compatible; GPTBot/1.3; +https://openai.com/gptbot)" 820 **0/820088**
74.7.227.35 - - [10/Mar/2026:22:45:29 -0700] "GET /?fileloc=//opt/alt/tests/alt-php72-pecl-pthreads-zts_3.2.0-1.el8/tests/display-startup-errors-output.phpt&path=//opt/alt/tests/alt-php72-pecl-pthreads-zts_3.2.0-1.el8/tests HTTP/1.1" 200 2723 "http://mail.rgardensoap.com/?path=//opt/alt/tests/alt-php72-pecl-pthreads-zts_3.2.0-1.el8/tests" "Mozilla/5.0 AppleWebKit/537.36 (KHTML, like Gecko; compatible; GPTBot/1.3; +https://openai.com/gptbot)" 494 **0/494602**
74.7.241.54 - - [10/Mar/2026:22:45:29 -0700] "GET /plug/vote/plug.xml?path=//proc/2470499/root/usr/share/locale/ltg/LC_MESSAGES HTTP/1.1" 200 2377 "http://www.rgardensoap.com/plug/vote/plug.xml?path=//proc/2470499/root/usr/share/locale/ltg" "Mozilla/5.0 AppleWebKit/537.36 (KHTML, like Gecko; compatible; GPTBot/1.3; +https://openai.com/gptbot)" 490 **0/490750**
74.7.227.150 - - [10/Mar/2026:22:45:29 -0700] "GET /wp?path=//proc/irq/8 HTTP/1.1" 200 2794 "http://rgardensoap.com/wp?path=//proc/irq" "Mozilla/5.0 AppleWebKit/537.36 (KHTML, like Gecko; compatible; GPTBot/1.3; +https://openai.com/gptbot)" 502 **0/502536**
74.7.227.35 - - [10/Mar/2026:22:45:29 -0700] "GET /?path=//opt/alt/ruby32/lib64 HTTP/1.1" 200 2748 "http://mail.rgardensoap.com/?path=//opt/alt/ruby32" "Mozilla/5.0 AppleWebKit/537.36 (KHTML, like Gecko; compatible; GPTBot/1.3; +https://openai.com/gptbot)" 534 **0/534505**
74.7.241.54 - - [10/Mar/2026:22:45:29 -0700] "GET /plug/vote/plug.xml?path=//proc/2470499/root/usr/share/locale/hus/LC_MESSAGES HTTP/1.1" 200 2377 "http://www.rgardensoap.com/plug/vote/plug.xml?path=//proc/2470499/root/usr/share/locale/hus" "Mozilla/5.0 AppleWebKit/537.36 (KHTML, like Gecko; compatible; GPTBot/1.3; +https://openai.com/gptbot)" 537 **0/537522**
74.7.227.150 - - [10/Mar/2026:22:45:29 -0700] "GET /wp?path=//proc/irq/7 HTTP/1.1" 200 2741 "http://rgardensoap.com/wp?path=//proc/irq" "Mozilla/5.0 AppleWebKit/537.36 (KHTML, like Gecko; compatible; GPTBot/1.3; +https://openai.com/gptbot)" 496 **0/496288**
74.7.227.35 - - [10/Mar/2026:22:45:30 -0700] "GET /?path=//lib64/python3.6/test HTTP/1.1" 200 2679 "http://mail.rgardensoap.com/?path=//lib64/python3.6" "Mozilla/5.0 AppleWebKit/537.36 (KHTML, like Gecko; compatible; GPTBot/1.3; +https://openai.com/gptbot)" 503 **0/503394**
74.7.241.54 - - [10/Mar/2026:22:45:30 -0700] "GET /plug/vote/plug.xml?path=//proc/2470499/root/usr/share/locale/roa/LC_MESSAGES HTTP/1.1" 200 2377 "http://www.rgardensoap.com/plug/vote/plug.xml?path=//proc/2470499/root/usr/share/locale/roa" "Mozilla/5.0 AppleWebKit/537.36 (KHTML, like Gecko; compatible; GPTBot/1.3; +https://openai.com/gptbot)" 511 **0/511297**
74.7.227.150 - - [10/Mar/2026:22:45:30 -0700] "GET /wp?path=//proc/irq/6 HTTP/1.1" 200 2740 "http://rgardensoap.com/wp?path=//proc/irq" "Mozilla/5.0 AppleWebKit/537.36 (KHTML, like Gecko; compatible; GPTBot/1.3; +https://openai.com/gptbot)" 494 **0/494241**
74.7.227.35 - - [10/Mar/2026:22:45:31 -0700] "GET /?path=//opt/alt/ruby30/lib64 HTTP/1.1" 200 2598 "http://mail.rgardensoap.com/?path=//opt/alt/ruby30" "Mozilla/5.0 AppleWebKit/537.36 (KHTML, like Gecko; compatible; GPTBot/1.3; +https://openai.com/gptbot)" 511 **0/511185**
74.7.241.54 - - [10/Mar/2026:22:45:31 -0700] "GET /plug/vote/plug.xml?path=//proc/2470499/root/usr/share/locale/paa/LC_MESSAGES HTTP/1.1" 200 2376 "http://www.rgardensoap.com/plug/vote/plug.xml?path=//proc/2470499/root/usr/share/locale/paa" "Mozilla/5.0 AppleWebKit/537.36 (KHTML, like Gecko; compatible; GPTBot/1.3; +https://openai.com/gptbot)" 506 **0/506695**
74.7.227.150 - - [10/Mar/2026:22:45:31 -0700] "GET /wp?path=//proc/irq/2 HTTP/1.1" 200 2740 "http://rgardensoap.com/wp?path=//proc/irq" "Mozilla/5.0 AppleWebKit/537.36 (KHTML, like Gecko; compatible; GPTBot/1.3; +https://openai.com/gptbot)" 521 **0/521914**
74.7.227.35 - - [10/Mar/2026:22:45:31 -0700] "GET /?path=//opt/alt/ruby27/lib64 HTTP/1.1" 200 2599 "http://mail.rgardensoap.com/?path=//opt/alt/ruby27" "Mozilla/5.0 AppleWebKit/537.36 (KHTML, like Gecko; compatible; GPTBot/1.3; +https://openai.com/gptbot)" 533 **0/533082**
74.7.241.54 - - [10/Mar/2026:22:45:31 -0700] "GET /plug/vote/plug.xml?path=//proc/2470499/root/usr/share/locale/mus/LC_MESSAGES HTTP/1.1" 200 2378 "http://www.rgardensoap.com/plug/vote/plug.xml?path=//proc/2470499/root/usr/share/locale/mus" "Mozilla/5.0 AppleWebKit/537.36 (KHTML, like Gecko; compatible; GPTBot/1.3; +https://openai.com/gptbot)" 508 **0/508374**
74.7.227.150 - - [10/Mar/2026:22:45:31 -0700] "GET /wp?path=//proc/irq/4 HTTP/1.1" 200 2799 "http://rgardensoap.com/wp?path=//proc/irq" "Mozilla/5.0 AppleWebKit/537.36 (KHTML, like Gecko; compatible; GPTBot/1.3; +https://openai.com/gptbot)" 489 **0/489700**
74.7.227.35 - - [10/Mar/2026:22:45:32 -0700] "GET /?path=//lib64/python3.6/venv HTTP/1.1" 200 2708 "http://mail.rgardensoap.com/?path=//lib64/python3.6" "Mozilla/5.0 AppleWebKit/537.36 (KHTML, like Gecko; compatible; GPTBot/1.3; +https://openai.com/gptbot)" 478 **0/478619**
74.7.241.54 - - [10/Mar/2026:22:45:32 -0700] "GET /plug/vote/plug.xml?path=//proc/2470499/root/usr/share/locale/art/LC_MESSAGES HTTP/1.1" 200 2375 "http://www.rgardensoap.com/plug/vote/plug.xml?path=//proc/2470499/root/usr/share/locale/art" "Mozilla/5.0 AppleWebKit/537.36 (KHTML, like Gecko; compatible; GPTBot/1.3; +https://openai.com/gptbot)" 472 **0/472734**
74.7.227.150 - - [10/Mar/2026:22:45:32 -0700] "GET /wp?path=//proc/irq/3 HTTP/1.1" 200 2740 "http://rgardensoap.com/wp?path=//proc/irq" "Mozilla/5.0 AppleWebKit/537.36 (KHTML, like Gecko; compatible; GPTBot/1.3; +https://openai.com/gptbot)" 498 **0/498588**
74.7.227.35 - - [10/Mar/2026:22:45:33 -0700] "GET /?fileloc=//lib/dracut/dracut-install&path=//lib/dracut HTTP/1.1" 200 2258 "http://mail.rgardensoap.com/?path=//lib/dracut" "Mozilla/5.0 AppleWebKit/537.36 (KHTML, like Gecko; compatible; GPTBot/1.3; +https://openai.com/gptbot)" 461 **0/461722**
74.7.241.54 - - [10/Mar/2026:22:45:33 -0700] "GET /plug/vote/plug.xml?path=//proc/2470499/root/usr/share/locale/ale/LC_MESSAGES HTTP/1.1" 200 2373 "http://www.rgardensoap.com/plug/vote/plug.xml?path=//proc/2470499/root/usr/share/locale/ale" "Mozilla/5.0 AppleWebKit/537.36 (KHTML, like Gecko; compatible; GPTBot/1.3; +https://openai.com/gptbot)" 485 **0/485174**
74.7.227.150 - - [10/Mar/2026:22:45:33 -0700] "GET /wp?path=//proc/irq/9 HTTP/1.1" 200 2793 "http://rgardensoap.com/wp?path=//proc/irq" "Mozilla/5.0 AppleWebKit/537.36 (KHTML, like Gecko; compatible; GPTBot/1.3; +https://openai.com/gptbot)" 479 **0/479523**
74.7.227.35 - - [10/Mar/2026:22:45:33 -0700] "GET /?path=//opt/alt/tests/alt-php74-pecl-rrd_2.0.3-1.el8/tests/data HTTP/1.1" 200 2685 "http://mail.rgardensoap.com/?path=//opt/alt/tests/alt-php74-pecl-rrd_2.0.3-1.el8/tests" "Mozilla/5.0 AppleWebKit/537.36 (KHTML, like Gecko; compatible; GPTBot/1.3; +https://openai.com/gptbot)" 478 **0/478697**
74.7.241.54 - - [10/Mar/2026:22:45:33 -0700] "GET /plug/vote/plug.xml?path=//proc/2470499/root/usr/share/locale/chp/LC_MESSAGES HTTP/1.1" 200 2377 "http://www.rgardensoap.com/plug/vote/plug.xml?path=//proc/2470499/root/usr/share/locale/chp" "Mozilla/5.0 AppleWebKit/537.36 (KHTML, like Gecko; compatible; GPTBot/1.3; +https://openai.com/gptbot)" 477 **0/477363**
74.7.227.150 - - [10/Mar/2026:22:45:33 -0700] "GET /wp?path=//proc/irq/5 HTTP/1.1" 200 2740 "http://rgardensoap.com/wp?path=//proc/irq" "Mozilla/5.0 AppleWebKit/537.36 (KHTML, like Gecko; compatible; GPTBot/1.3; +https://openai.com/gptbot)" 469 **0/469594**
74.7.227.35 - - [10/Mar/2026:22:45:34 -0700] "GET /?path=//lib64/perl5/B HTTP/1.1" 200 2673 "http://mail.rgardensoap.com/?path=//lib64/perl5" "Mozilla/5.0 AppleWebKit/537.36 (KHTML, like Gecko; compatible; GPTBot/1.3; +https://openai.com/gptbot)" 487 **0/487566**
74.7.241.54 - - [10/Mar/2026:22:45:34 -0700] "GET /plug/vote/plug.xml?path=//proc/2470499/root/usr/share/locale/hup/LC_MESSAGES HTTP/1.1" 200 2377 "http://www.rgardensoap.com/plug/vote/plug.xml?path=//proc/2470499/root/usr/share/locale/hup" "Mozilla/5.0 AppleWebKit/537.36 (KHTML, like Gecko; compatible; GPTBot/1.3; +https://openai.com/gptbot)" 505 **0/505638**
74.7.227.150 - - [10/Mar/2026:22:45:34 -0700] "GET /wp?path=//proc/irq/0 HTTP/1.1" 200 2740 "http://rgardensoap.com/wp?path=//proc/irq" "Mozilla/5.0 AppleWebKit/537.36 (KHTML, like Gecko; compatible; GPTBot/1.3; +https://openai.com/gptbot)" 486 **0/486366**
74.7.227.35 - - [10/Mar/2026:22:45:35 -0700] "GET /?path=//opt/alt/ruby31/lib64/gems HTTP/1.1" 200 2572 "http://mail.rgardensoap.com/?path=//opt/alt/ruby31/lib64" "Mozilla/5.0 AppleWebKit/537.36 (KHTML, like Gecko; compatible; GPTBot/1.3; +https://openai.com/gptbot)" 457 **0/457688**
74.7.241.54 - - [10/Mar/2026:22:45:35 -0700] "GET /plug/vote/plug.xml?path=//proc/2470499/root/usr/share/locale/pap/LC_MESSAGES HTTP/1.1" 200 2376 "http://www.rgardensoap.com/plug/vote/plug.xml?path=//proc/2470499/root/usr/share/locale/pap" "Mozilla/5.0 AppleWebKit/537.36 (KHTML, like Gecko; compatible; GPTBot/1.3; +https://openai.com/gptbot)" 482 **0/482151**
74.7.227.150 - - [10/Mar/2026:22:45:35 -0700] "GET /wp?path=//lib64/dovecot HTTP/1.1" 200 4240 "http://rgardensoap.com/wp?path=//lib64" "Mozilla/5.0 AppleWebKit/537.36 (KHTML, like Gecko; compatible; GPTBot/1.3; +https://openai.com/gptbot)" 480 **0/480937**
74.7.227.35 - - [10/Mar/2026:22:45:35 -0700] "GET /?path=//opt/alt/ruby25/lib64/ruby HTTP/1.1" 200 2604 "http://mail.rgardensoap.com/?path=//opt/alt/ruby25/lib64" "Mozilla/5.0 AppleWebKit/537.36 (KHTML, like Gecko; compatible; GPTBot/1.3; +https://openai.com/gptbot)" 505 **0/505403**
74.7.241.54 - - [10/Mar/2026:22:45:35 -0700] "GET /plug/vote/plug.xml?path=//proc/2470499/root/usr/share/locale/loz/LC_MESSAGES HTTP/1.1" 200 2376 "http://www.rgardensoap.com/plug/vote/plug.xml?path=//proc/2470499/root/usr/share/locale/loz" "Mozilla/5.0 AppleWebKit/537.36 (KHTML, like Gecko; compatible; GPTBot/1.3; +https://openai.com/gptbot)" 485 **0/485654**
74.7.227.150 - - [10/Mar/2026:22:45:35 -0700] "GET /wp?path=//lib64/rsyslog HTTP/1.1" 200 3484 "http://rgardensoap.com/wp?path=//lib64" "Mozilla/5.0 AppleWebKit/537.36 (KHTML, like Gecko; compatible; GPTBot/1.3; +https://openai.com/gptbot)" 504 **0/504007**
74.7.227.35 - - [10/Mar/2026:22:45:36 -0700] "GET /?path=//lib64/python3.12/json HTTP/1.1" 200 2770 "http://mail.rgardensoap.com/?path=//lib64/python3.12" "Mozilla/5.0 AppleWebKit/537.36 (KHTML, like Gecko; compatible; GPTBot/1.3; +https://openai.com/gptbot)" 472 **0/472811**
74.7.241.54 - - [10/Mar/2026:22:45:36 -0700] "GET /plug/vote/plug.xml?path=//proc/2470499/root/usr/share/locale/mul/LC_MESSAGES HTTP/1.1" 200 2378 "http://www.rgardensoap.com/plug/vote/plug.xml?path=//proc/2470499/root/usr/share/locale/mul" "Mozilla/5.0 AppleWebKit/537.36 (KHTML, like Gecko; compatible; GPTBot/1.3; +https://openai.com/gptbot)" 470 **0/470790**
74.7.227.150 - - [10/Mar/2026:22:45:36 -0700] "GET /wp?path=//lib/games HTTP/1.1" 200 2304 "http://rgardensoap.com/wp?path=//lib" "Mozilla/5.0 AppleWebKit/537.36 (KHTML, like Gecko; compatible; GPTBot/1.3; +https://openai.com/gptbot)" 485 **0/485449**
74.7.227.35 - - [10/Mar/2026:22:45:36 -0700] "GET /?path=//opt/alt/ruby32/lib64/gems HTTP/1.1" 200 2572 "http://mail.rgardensoap.com/?path=//opt/alt/ruby32/lib64" "Mozilla/5.0 AppleWebKit/537.36 (KHTML, like Gecko; compatible; GPTBot/1.3; +https://openai.com/gptbot)" 459 **0/459527**
74.7.241.54 - - [10/Mar/2026:22:45:36 -0700] "GET /plug/vote/plug.xml?path=//proc/2470499/root/usr/share/locale/got/LC_MESSAGES HTTP/1.1" 200 2380 "http://www.rgardensoap.com/plug/vote/plug.xml?path=//proc/2470499/root/usr/share/locale/got" "Mozilla/5.0 AppleWebKit/537.36 (KHTML, like Gecko; compatible; GPTBot/1.3; +https://openai.com/gptbot)" 465 **0/465547**
74.7.227.150 - - [10/Mar/2026:22:45:37 -0700] "GET /wp?fileloc=//proc/irq/7/smp_affinity&path=//proc/irq/7 HTTP/1.1" 200 2271 "http://rgardensoap.com/wp?path=//proc/irq/7" "Mozilla/5.0 AppleWebKit/537.36 (KHTML, like Gecko; compatible; GPTBot/1.3; +https://openai.com/gptbot)" 463 **0/463650**
74.7.227.35 - - [10/Mar/2026:22:45:37 -0700] "GET /?path=//opt/alt/ruby32/lib64/ruby HTTP/1.1" 200 3520 "http://mail.rgardensoap.com/?path=//opt/alt/ruby32/lib64" "Mozilla/5.0 AppleWebKit/537.36 (KHTML, like Gecko; compatible; GPTBot/1.3; +https://openai.com/gptbot)" 498 **0/498884**
74.7.241.54 - - [10/Mar/2026:22:45:37 -0700] "GET /plug/vote/plug.xml?path=//proc/2470499/root/usr/share/locale/alg/LC_MESSAGES HTTP/1.1" 200 2377 "http://www.rgardensoap.com/plug/vote/plug.xml?path=//proc/2470499/root/usr/share/locale/alg" "Mozilla/5.0 AppleWebKit/537.36 (KHTML, like Gecko; compatible; GPTBot/1.3; +https://openai.com/gptbot)" 466 **0/466117**
74.7.227.150 - - [10/Mar/2026:22:45:37 -0700] "GET /wp?path=//lib/debug HTTP/1.1" 200 2655 "http://rgardensoap.com/wp?path=//lib" "Mozilla/5.0 AppleWebKit/537.36 (KHTML, like Gecko; compatible; GPTBot/1.3; +https://openai.com/gptbot)" 472 **0/472107**
74.7.227.35 - - [10/Mar/2026:22:45:38 -0700] "GET /?path=//opt/alt/ruby30/lib64/gems HTTP/1.1" 200 2572 "http://mail.rgardensoap.com/?path=//opt/alt/ruby30/lib64" "Mozilla/5.0 AppleWebKit/537.36 (KHTML, like Gecko; compatible; GPTBot/1.3; +https://openai.com/gptbot)" 472 **0/472914**
74.7.241.54 - - [10/Mar/2026:22:45:38 -0700] "GET /plug/vote/plug.xml?path=//proc/2470499/root/usr/share/locale/uga/LC_MESSAGES HTTP/1.1" 200 2378 "http://www.rgardensoap.com/plug/vote/plug.xml?path=//proc/2470499/root/usr/share/locale/uga" "Mozilla/5.0 AppleWebKit/537.36 (KHTML, like Gecko; compatible; GPTBot/1.3; +https://openai.com/gptbot)" 472 **0/472875**
74.7.227.150 - - [10/Mar/2026:22:45:38 -0700] "GET /wp?path=//lib/tuned HTTP/1.1" 200 3149 "http://rgardensoap.com/wp?path=//lib" "Mozilla/5.0 AppleWebKit/537.36 (KHTML, like Gecko; compatible; GPTBot/1.3; +https://openai.com/gptbot)" 478 **0/478012**
74.7.227.35 - - [10/Mar/2026:22:45:38 -0700] "GET /?path=//opt/alt/ruby27/lib64/gems HTTP/1.1" 200 2572 "http://mail.rgardensoap.com/?path=//opt/alt/ruby27/lib64" "Mozilla/5.0 AppleWebKit/537.36 (KHTML, like Gecko; compatible; GPTBot/1.3; +https://openai.com/gptbot)" 457 **0/457921**
74.7.241.54 - - [10/Mar/2026:22:45:38 -0700] "GET /plug/vote/plug.xml?path=//proc/2470499/root/usr/share/locale/shs/LC_MESSAGES HTTP/1.1" 200 2377 "http://www.rgardensoap.com/plug/vote/plug.xml?path=//proc/2470499/root/usr/share/locale/shs" "Mozilla/5.0 AppleWebKit/537.36 (KHTML, like Gecko; compatible; GPTBot/1.3; +https://openai.com/gptbot)" 479 **0/479875**
74.7.227.150 - - [10/Mar/2026:22:45:38 -0700] "GET /wp?path=//lib/kcare HTTP/1.1" 200 2574 "http://rgardensoap.com/wp?path=//lib" "Mozilla/5.0 AppleWebKit/537.36 (KHTML, like Gecko; compatible; GPTBot/1.3; +https://openai.com/gptbot)" 456 **0/456264**
74.7.227.35 - - [10/Mar/2026:22:45:39 -0700] "GET /?path=//opt/alt/tests/alt-php81-pecl-igbinary_3.2.15-1.el8 HTTP/1.1" 200 2585 "http://mail.rgardensoap.com/?path=//opt/alt/tests" "Mozilla/5.0 AppleWebKit/537.36 (KHTML, like Gecko; compatible; GPTBot/1.3; +https://openai.com/gptbot)" 485 **0/485141**
74.7.241.54 - - [10/Mar/2026:22:45:39 -0700] "GET /plug/vote/plug.xml?path=//proc/2470499/root/usr/share/locale/iro/LC_MESSAGES HTTP/1.1" 200 2377 "http://www.rgardensoap.com/plug/vote/plug.xml?path=//proc/2470499/root/usr/share/locale/iro" "Mozilla/5.0 AppleWebKit/537.36 (KHTML, like Gecko; compatible; GPTBot/1.3; +https://openai.com/gptbot)" 499 **0/499478**
74.7.227.150 - - [10/Mar/2026:22:45:39 -0700] "GET /blog?path=//opt/alt/aom HTTP/1.1" 200 2576 "http://rgardensoap.com/blog?path=//opt/alt" "Mozilla/5.0 AppleWebKit/537.36 (KHTML, like Gecko; compatible; GPTBot/1.3; +https://openai.com/gptbot)" 489 **0/489211**
74.7.227.35 - - [10/Mar/2026:22:45:40 -0700] "GET /?path=//opt/alt/tests/alt-php83-pecl-igbinary_3.2.15-1.el8 HTTP/1.1" 200 2585 "http://mail.rgardensoap.com/?path=//opt/alt/tests" "Mozilla/5.0 AppleWebKit/537.36 (KHTML, like Gecko; compatible; GPTBot/1.3; +https://openai.com/gptbot)" 482 **0/482341**
74.7.241.54 - - [10/Mar/2026:22:45:40 -0700] "GET /plug/vote/plug.xml?path=//proc/2470499/root/usr/share/locale/guc/LC_MESSAGES HTTP/1.1" 200 2378 "http://www.rgardensoap.com/plug/vote/plug.xml?path=//proc/2470499/root/usr/share/locale/guc" "Mozilla/5.0 AppleWebKit/537.36 (KHTML, like Gecko; compatible; GPTBot/1.3; +https://openai.com/gptbot)" 469 **0/469690**
74.7.227.150 - - [10/Mar/2026:22:45:40 -0700] "GET /ova-tools.php HTTP/1.1" 200 3815 "https://www.rgardensoap.com" "Mozilla/5.0 AppleWebKit/537.36 (KHTML, like Gecko; compatible; GPTBot/1.3; +https://openai.com/gptbot)" 482 **0/482199**
74.7.227.35 - - [10/Mar/2026:22:45:40 -0700] "GET /?path=//opt/alt/tests/alt-php82-pecl-igbinary_3.2.15-1.el8 HTTP/1.1" 200 2585 "http://mail.rgardensoap.com/?path=//opt/alt/tests" "Mozilla/5.0 AppleWebKit/537.36 (KHTML, like Gecko; compatible; GPTBot/1.3; +https://openai.com/gptbot)" 463 **0/463959**
74.7.241.54 - - [10/Mar/2026:22:45:40 -0700] "GET /plug/vote/plug.xml?path=//proc/2470499/root/usr/share/locale/gem/LC_MESSAGES HTTP/1.1" 200 2378 "http://www.rgardensoap.com/plug/vote/plug.xml?path=//proc/2470499/root/usr/share/locale/gem" "Mozilla/5.0 AppleWebKit/537.36 (KHTML, like Gecko; compatible; GPTBot/1.3; +https://openai.com/gptbot)" 487 **0/487550**
74.7.227.150 - - [10/Mar/2026:22:45:40 -0700] "GET /blog?path=//proc/2470499/fd HTTP/1.1" 200 2618 "http://rgardensoap.com/blog?path=//proc/2470499" "Mozilla/5.0 AppleWebKit/537.36 (KHTML, like Gecko; compatible; GPTBot/1.3; +https://openai.com/gptbot)" 456 **0/456286**
74.7.227.35 - - [10/Mar/2026:22:45:41 -0700] "GET /?path=//opt/alt/tests/alt-php83-pecl-redis_5.3.7-5.el8 HTTP/1.1" 200 2580 "http://mail.rgardensoap.com/?path=//opt/alt/tests" "Mozilla/5.0 AppleWebKit/537.36 (KHTML, like Gecko; compatible; GPTBot/1.3; +https://openai.com/gptbot)" 458 **0/458131**
74.7.241.54 - - [10/Mar/2026:22:45:41 -0700] "GET /plug/vote/plug.xml?path=//proc/2470499/root/usr/share/locale/co HTTP/1.1" 200 2608 "http://www.rgardensoap.com/plug/vote/plug.xml?path=//proc/2470499/root/usr/share/locale" "Mozilla/5.0 AppleWebKit/537.36 (KHTML, like Gecko; compatible; GPTBot/1.3; +https://openai.com/gptbot)" 486 **0/486609**
74.7.227.150 - - [10/Mar/2026:22:45:41 -0700] "GET /blog?path=//proc/2470499/ns HTTP/1.1" 200 2780 "http://rgardensoap.com/blog?path=//proc/2470499" "Mozilla/5.0 AppleWebKit/537.36 (KHTML, like Gecko; compatible; GPTBot/1.3; +https://openai.com/gptbot)" 497 **0/497454**
74.7.227.35 - - [10/Mar/2026:22:45:41 -0700] "GET /?path=//opt/alt/ruby31/lib64/gems/ruby HTTP/1.1" 200 2341 "http://mail.rgardensoap.com/?path=//opt/alt/ruby31/lib64/gems" "Mozilla/5.0 AppleWebKit/537.36 (KHTML, like Gecko; compatible; GPTBot/1.3; +https://openai.com/gptbot)" 480 **0/480194**
74.7.241.54 - - [10/Mar/2026:22:45:42 -0700] "GET /plug/vote/plug.xml?fileloc=//proc/2470499/root/usr/share/perl5/pod/perl56delta.pod&path=//proc/2470499/root/usr/share/perl5/pod HTTP/1.1" 200 39569 "http://www.rgardensoap.com/plug/vote/plug.xml?path=//proc/2470499/root/usr/share/perl5/pod" "Mozilla/5.0 AppleWebKit/537.36 (KHTML, like Gecko; compatible; GPTBot/1.3; +https://openai.com/gptbot)" 518 **0/518294**
74.7.227.150 - - [10/Mar/2026:22:45:42 -0700] "GET /wp?path=//lib64/dovecot/auth HTTP/1.1" 200 2713 "http://rgardensoap.com/wp?path=//lib64/dovecot" "Mozilla/5.0 AppleWebKit/537.36 (KHTML, like Gecko; compatible; GPTBot/1.3; +https://openai.com/gptbot)" 473 **0/473226**
74.7.227.35 - - [10/Mar/2026:22:45:42 -0700] "GET /?path=//opt/alt/ruby25/lib64/ruby/2.5.0 HTTP/1.1" 200 2683 "http://mail.rgardensoap.com/?path=//opt/alt/ruby25/lib64/ruby" "Mozilla/5.0 AppleWebKit/537.36 (KHTML, like Gecko; compatible; GPTBot/1.3; +https://openai.com/gptbot)" 507 **0/507042**
74.7.241.54 - - [10/Mar/2026:22:45:42 -0700] "GET /plug/vote/plug.xml?fileloc=//proc/2470499/root/usr/share/perl5/pod/perl58delta.pod&path=//proc/2470499/root/usr/share/perl5/pod HTTP/1.1" 200 44464 "http://www.rgardensoap.com/plug/vote/plug.xml?path=//proc/2470499/root/usr/share/perl5/pod" "Mozilla/5.0 AppleWebKit/537.36 (KHTML, like Gecko; compatible; GPTBot/1.3; +https://openai.com/gptbot)" 502 **0/502946**
74.7.227.150 - - [10/Mar/2026:22:45:42 -0700] "GET /wp?fileloc=//lib64/rsyslog/lmnsd_ptcp.so&path=//lib64/rsyslog HTTP/1.1" 200 2265 "http://rgardensoap.com/wp?path=//lib64/rsyslog" "Mozilla/5.0 AppleWebKit/537.36 (KHTML, like Gecko; compatible; GPTBot/1.3; +https://openai.com/gptbot)" 451 **0/451100**
74.7.227.35 - - [10/Mar/2026:22:45:43 -0700] "GET /?path=//opt/alt/ruby25/lib64/ruby/gems HTTP/1.1" 200 2582 "http://mail.rgardensoap.com/?path=//opt/alt/ruby25/lib64/ruby" "Mozilla/5.0 AppleWebKit/537.36 (KHTML, like Gecko; compatible; GPTBot/1.3; +https://openai.com/gptbot)" 486 **0/486137**
74.7.241.54 - - [10/Mar/2026:22:45:43 -0700] "GET /plug/vote/plug.xml?fileloc=//proc/2470499/root/usr/share/perl5/pod/perlcygwin.pod&path=//proc/2470499/root/usr/share/perl5/pod HTTP/1.1" 200 12696 "http://www.rgardensoap.com/plug/vote/plug.xml?path=//proc/2470499/root/usr/share/perl5/pod" "Mozilla/5.0 AppleWebKit/537.36 (KHTML, like Gecko; compatible; GPTBot/1.3; +https://openai.com/gptbot)" 482 **0/482700**
74.7.227.150 - - [10/Mar/2026:22:45:43 -0700] "GET /wp?fileloc=//bin/post-grohtml&path=//bin HTTP/1.1" 200 2247 "http://rgardensoap.com/wp?path=//bin" "Mozilla/5.0 AppleWebKit/537.36 (KHTML, like Gecko; compatible; GPTBot/1.3; +https://openai.com/gptbot)" 484 **0/484494**
74.7.227.35 - - [10/Mar/2026:22:45:43 -0700] "GET /?path=//opt/alt/ruby32/lib64/gems/ruby HTTP/1.1" 200 2742 "http://mail.rgardensoap.com/?path=//opt/alt/ruby32/lib64/gems" "Mozilla/5.0 AppleWebKit/537.36 (KHTML, like Gecko; compatible; GPTBot/1.3; +https://openai.com/gptbot)" 493 **0/493356**
74.7.241.54 - - [10/Mar/2026:22:45:43 -0700] "GET /plug/vote/plug.xml?path=//proc/2470499/root/usr/share/locale/sk.cp1250 HTTP/1.1" 200 2611 "http://www.rgardensoap.com/plug/vote/plug.xml?path=//proc/2470499/root/usr/share/locale" "Mozilla/5.0 AppleWebKit/537.36 (KHTML, like Gecko; compatible; GPTBot/1.3; +https://openai.com/gptbot)" 470 **0/470293**
74.7.227.150 - - [10/Mar/2026:22:45:44 -0700] "GET /blog/?path=//var/php/apm/db HTTP/1.1" 200 2311 "http://rgardensoap.com/blog/?path=//var/php/apm" "Mozilla/5.0 AppleWebKit/537.36 (KHTML, like Gecko; compatible; GPTBot/1.3; +https://openai.com/gptbot)" 491 **0/491870**
74.7.227.35 - - [10/Mar/2026:22:45:44 -0700] "GET /?path=//opt/alt/ruby32/lib64/ruby/vendor_ruby HTTP/1.1" 200 2344 "http://mail.rgardensoap.com/?path=//opt/alt/ruby32/lib64/ruby" "Mozilla/5.0 AppleWebKit/537.36 (KHTML, like Gecko; compatible; GPTBot/1.3; +https://openai.com/gptbot)" 501 **0/501485**
74.7.241.54 - - [10/Mar/2026:22:45:44 -0700] "GET /plug/vote/plug.xml?fileloc=//proc/2470499/cwd/lib64/libfreebl3.so&path=//proc/2470499/cwd/lib64 HTTP/1.1" 200 2282 "http://www.rgardensoap.com/plug/vote/plug.xml?path=//proc/2470499/cwd/lib64" "Mozilla/5.0 AppleWebKit/537.36 (KHTML, like Gecko; compatible; GPTBot/1.3; +https://openai.com/gptbot)" 471 **0/471301**
74.7.227.150 - - [10/Mar/2026:22:45:44 -0700] "GET /blog?path=//lib64/python3.12/email HTTP/1.1" 200 3318 "http://rgardensoap.com/blog?path=//lib64/python3.12" "Mozilla/5.0 AppleWebKit/537.36 (KHTML, like Gecko; compatible; GPTBot/1.3; +https://openai.com/gptbot)" 482 **0/482359**
74.7.227.35 - - [10/Mar/2026:22:45:45 -0700] "GET /?path=//opt/alt/ruby32/lib64/ruby/rbconfig HTTP/1.1" 200 2605 "http://mail.rgardensoap.com/?path=//opt/alt/ruby32/lib64/ruby" "Mozilla/5.0 AppleWebKit/537.36 (KHTML, like Gecko; compatible; GPTBot/1.3; +https://openai.com/gptbot)" 471 **0/471251**
74.7.241.54 - - [10/Mar/2026:22:45:45 -0700] "GET /plug/vote/plug.xml?fileloc=//proc/2470499/cwd/lib64/libimaevm.so.2&path=//proc/2470499/cwd/lib64 HTTP/1.1" 200 2283 "http://www.rgardensoap.com/plug/vote/plug.xml?path=//proc/2470499/cwd/lib64" "Mozilla/5.0 AppleWebKit/537.36 (KHTML, like Gecko; compatible; GPTBot/1.3; +https://openai.com/gptbot)" 470 **0/470372**
74.7.227.150 - - [10/Mar/2026:22:45:45 -0700] "GET /blog?path=//lib64/i360_pam_imunify HTTP/1.1" 200 2730 "http://rgardensoap.com/blog?path=//lib64" "Mozilla/5.0 AppleWebKit/537.36 (KHTML, like Gecko; compatible; GPTBot/1.3; +https://openai.com/gptbot)" 441 **0/441274**
74.7.227.35 - - [10/Mar/2026:22:45:45 -0700] "GET /?path=//opt/alt/ruby30/lib64/gems/ruby HTTP/1.1" 200 2341 "http://mail.rgardensoap.com/?path=//opt/alt/ruby30/lib64/gems" "Mozilla/5.0 AppleWebKit/537.36 (KHTML, like Gecko; compatible; GPTBot/1.3; +https://openai.com/gptbot)" 492 **0/492348**
74.7.241.54 - - [10/Mar/2026:22:45:45 -0700] "GET /plug/vote/plug.xml?fileloc=//proc/2470499/cwd/lib64/libparted.so.2&path=//proc/2470499/cwd/lib64 HTTP/1.1" 200 2283 "http://www.rgardensoap.com/plug/vote/plug.xml?path=//proc/2470499/cwd/lib64" "Mozilla/5.0 AppleWebKit/537.36 (KHTML, like Gecko; compatible; GPTBot/1.3; +https://openai.com/gptbot)" 465 **0/465812**
74.7.227.150 - - [10/Mar/2026:22:45:45 -0700] "GET /wp-header.php?path=/ HTTP/1.1" 200 2903 "http://rgardensoap.com/wp-header.php" "Mozilla/5.0 AppleWebKit/537.36 (KHTML, like Gecko; compatible; GPTBot/1.3; +https://openai.com/gptbot)" 448 **0/448955**
74.7.227.35 - - [10/Mar/2026:22:45:46 -0700] "GET /?path=//opt/alt/ruby27/lib64/gems/ruby HTTP/1.1" 200 2341 "http://mail.rgardensoap.com/?path=//opt/alt/ruby27/lib64/gems" "Mozilla/5.0 AppleWebKit/537.36 (KHTML, like Gecko; compatible; GPTBot/1.3; +https://openai.com/gptbot)" 454 **0/454762**
74.7.241.54 - - [10/Mar/2026:22:45:46 -0700] "GET /plug/vote/plug.xml?fileloc=//proc/2470499/cwd/lib64/libatomic.so.1&path=//proc/2470499/cwd/lib64 HTTP/1.1" 200 2283 "http://www.rgardensoap.com/plug/vote/plug.xml?path=//proc/2470499/cwd/lib64" "Mozilla/5.0 AppleWebKit/537.36 (KHTML, like Gecko; compatible; GPTBot/1.3; +https://openai.com/gptbot)" 511 **0/511444**
74.7.227.150 - - [10/Mar/2026:22:45:46 -0700] "GET /blog/?path=//proc/sys/net/mptcp HTTP/1.1" 200 2658 "http://rgardensoap.com/blog/?path=//proc/sys/net" "Mozilla/5.0 AppleWebKit/537.36 (KHTML, like Gecko; compatible; GPTBot/1.3; +https://openai.com/gptbot)" 456 **0/456575**
74.7.227.35 - - [10/Mar/2026:22:45:47 -0700] "GET /?path=//opt/alt/ruby32/lib64/ruby/enc HTTP/1.1" 200 3426 "http://mail.rgardensoap.com/?path=//opt/alt/ruby32/lib64/ruby" "Mozilla/5.0 AppleWebKit/537.36 (KHTML, like Gecko; compatible; GPTBot/1.3; +https://openai.com/gptbot)" 465 **0/465749**
74.7.241.54 - - [10/Mar/2026:22:45:47 -0700] "GET /plug/vote/plug.xml?fileloc=//proc/2470499/cwd/lib64/libipset.so.13&path=//proc/2470499/cwd/lib64 HTTP/1.1" 200 2283 "http://www.rgardensoap.com/plug/vote/plug.xml?path=//proc/2470499/cwd/lib64" "Mozilla/5.0 AppleWebKit/537.36 (KHTML, like Gecko; compatible; GPTBot/1.3; +https://openai.com/gptbot)" 467 **0/467683**
74.7.227.150 - - [10/Mar/2026:22:45:47 -0700] "GET /ova-tools.php?path=/home/p8pyefaexf70/public_html/wp-content HTTP/1.1" 200 3097 "http://rgardensoap.com/ova-tools.php" "Mozilla/5.0 AppleWebKit/537.36 (KHTML, like Gecko; compatible; GPTBot/1.3; +https://openai.com/gptbot)" 471 **0/471490**
74.7.227.35 - - [10/Mar/2026:22:45:47 -0700] "GET /?path=//opt/alt/ruby32/lib64/ruby/cgi HTTP/1.1" 200 2602 "http://mail.rgardensoap.com/?path=//opt/alt/ruby32/lib64/ruby" "Mozilla/5.0 AppleWebKit/537.36 (KHTML, like Gecko; compatible; GPTBot/1.3; +https://openai.com/gptbot)" 584 **0/584696**
74.7.241.54 - - [10/Mar/2026:22:45:47 -0700] "GET /plug/vote/plug.xml?fileloc=//proc/2470499/cwd/lib64/libcgraph.so.6&path=//proc/2470499/cwd/lib64 HTTP/1.1" 200 2283 "http://www.rgardensoap.com/plug/vote/plug.xml?path=//proc/2470499/cwd/lib64" "Mozilla/5.0 AppleWebKit/537.36 (KHTML, like Gecko; compatible; GPTBot/1.3; +https://openai.com/gptbot)" 664 **0/664869**
74.7.227.150 - - [10/Mar/2026:22:45:47 -0700] "GET /blog/?path=//proc/self/net/rpc HTTP/1.1" 200 2321 "http://rgardensoap.com/blog/?path=//proc/self/net" "Mozilla/5.0 AppleWebKit/537.36 (KHTML, like Gecko; compatible; GPTBot/1.3; +https://openai.com/gptbot)" 631 **0/631967**
74.7.227.35 - - [10/Mar/2026:22:45:48 -0700] "GET /?path=//opt/alt/ruby32/lib64/ruby/erb HTTP/1.1" 200 2602 "http://mail.rgardensoap.com/?path=//opt/alt/ruby32/lib64/ruby" "Mozilla/5.0 AppleWebKit/537.36 (KHTML, like Gecko; compatible; GPTBot/1.3; +https://openai.com/gptbot)" 480 **0/480858**
74.7.241.54 - - [10/Mar/2026:22:45:48 -0700] "GET /plug/vote/plug.xml?fileloc=//proc/2470499/cwd/lib64/libmcrypt.so.4&path=//proc/2470499/cwd/lib64 HTTP/1.1" 200 2284 "http://www.rgardensoap.com/plug/vote/plug.xml?path=//proc/2470499/cwd/lib64" "Mozilla/5.0 AppleWebKit/537.36 (KHTML, like Gecko; compatible; GPTBot/1.3; +https://openai.com/gptbot)" 456 **0/456324**
74.7.227.150 - - [10/Mar/2026:22:45:48 -0700] "GET /blog/?path=//proc/sys/net/core HTTP/1.1" 200 3516 "http://rgardensoap.com/blog/?path=//proc/sys/net" "Mozilla/5.0 AppleWebKit/537.36 (KHTML, like Gecko; compatible; GPTBot/1.3; +https://openai.com/gptbot)" 516 **0/516012**
74.7.227.35 - - [10/Mar/2026:22:45:49 -0700] "GET /?path=//opt/alt/ruby32/lib64/ruby/io HTTP/1.1" 200 2669 "http://mail.rgardensoap.com/?path=//opt/alt/ruby32/lib64/ruby" "Mozilla/5.0 AppleWebKit/537.36 (KHTML, like Gecko; compatible; GPTBot/1.3; +https://openai.com/gptbot)" 457 **0/457226**
74.7.241.54 - - [10/Mar/2026:22:45:49 -0700] "GET /plug/vote/plug.xml?fileloc=//proc/2470499/cwd/lib64/libgpgme.so.11&path=//proc/2470499/cwd/lib64 HTTP/1.1" 200 2282 "http://www.rgardensoap.com/plug/vote/plug.xml?path=//proc/2470499/cwd/lib64" "Mozilla/5.0 AppleWebKit/537.36 (KHTML, like Gecko; compatible; GPTBot/1.3; +https://openai.com/gptbot)" 450 **0/450115**
74.7.227.150 - - [10/Mar/2026:22:45:49 -0700] "GET /blog/?path=//proc/self/net/stat HTTP/1.1" 200 2322 "http://rgardensoap.com/blog/?path=//proc/self/net" "Mozilla/5.0 AppleWebKit/537.36 (KHTML, like Gecko; compatible; GPTBot/1.3; +https://openai.com/gptbot)" 456 **0/456811**
74.7.227.35 - - [10/Mar/2026:22:45:49 -0700] "GET /?path=//opt/alt/ruby25/lib64/ruby/2.5.0/syslog HTTP/1.1" 200 2353 "http://mail.rgardensoap.com/?path=//opt/alt/ruby25/lib64/ruby/2.5.0" "Mozilla/5.0 AppleWebKit/537.36 (KHTML, like Gecko; compatible; GPTBot/1.3; +https://openai.com/gptbot)" 470 **0/470785**
74.7.241.54 - - [10/Mar/2026:22:45:49 -0700] "GET /plug/vote/plug.xml?fileloc=//proc/2470499/cwd/lib64/libnssdbm3.so&path=//proc/2470499/cwd/lib64 HTTP/1.1" 200 2283 "http://www.rgardensoap.com/plug/vote/plug.xml?path=//proc/2470499/cwd/lib64" "Mozilla/5.0 AppleWebKit/537.36 (KHTML, like Gecko; compatible; GPTBot/1.3; +https://openai.com/gptbot)" 465 **0/465182**
74.7.227.150 - - [10/Mar/2026:22:45:49 -0700] "GET /blog/?path=//proc/2470499/root/usr HTTP/1.1" 200 2795 "http://rgardensoap.com/blog/?path=//proc/2470499/root" "Mozilla/5.0 AppleWebKit/537.36 (KHTML, like Gecko; compatible; GPTBot/1.3; +https://openai.com/gptbot)" 463 **0/463364**
74.7.227.35 - - [10/Mar/2026:22:45:50 -0700] "GET /?path=//opt/alt/ruby25/lib64/ruby/gems/2.5.0 HTTP/1.1" 200 2652 "http://mail.rgardensoap.com/?path=//opt/alt/ruby25/lib64/ruby/gems" "Mozilla/5.0 AppleWebKit/537.36 (KHTML, like Gecko; compatible; GPTBot/1.3; +https://openai.com/gptbot)" 450 **0/450585**
74.7.227.150 - - [10/Mar/2026:22:45:50 -0700] "GET /blog/?path=//proc/2470499/root/var HTTP/1.1" 200 2863 "http://rgardensoap.com/blog/?path=//proc/2470499/root" "Mozilla/5.0 AppleWebKit/537.36 (KHTML, like Gecko; compatible; GPTBot/1.3; +https://openai.com/gptbot)" 452 **0/452918**
