74.7.241.54 - - [10/Mar/2026:22:49:11 -0700] "GET /plug/vote/plug.xml?fileloc=//proc/2470499/root/usr/share/libtool/build-aux/missing&path=//proc/2470499/root/usr/share/libtool/build-aux HTTP/1.1" 200 4845 "http://www.rgardensoap.com/plug/vote/plug.xml?path=//proc/2470499/root/usr/share/libtool/build-aux" "Mozilla/5.0 AppleWebKit/537.36 (KHTML, like Gecko; compatible; GPTBot/1.3; +https://openai.com/gptbot)" 498 **0/498265**
74.7.227.35 - - [10/Mar/2026:22:49:11 -0700] "GET /?path=//opt/alt/tests/alt-php84-pecl-gmagick_2.0.6-1.RC1.el8/tests HTTP/1.1" 200 8411 "http://mail.rgardensoap.com/?path=//opt/alt/tests/alt-php84-pecl-gmagick_2.0.6-1.RC1.el8" "Mozilla/5.0 AppleWebKit/537.36 (KHTML, like Gecko; compatible; GPTBot/1.3; +https://openai.com/gptbot)" 608 **0/608623**
74.7.227.150 - - [10/Mar/2026:22:49:11 -0700] "GET /blog/?path=//opt/alt/php71/var HTTP/1.1" 200 2613 "http://rgardensoap.com/blog/?path=//opt/alt/php71" "Mozilla/5.0 AppleWebKit/537.36 (KHTML, like Gecko; compatible; GPTBot/1.3; +https://openai.com/gptbot)" 567 **0/567462**
74.7.241.54 - - [10/Mar/2026:22:49:12 -0700] "GET /plug/vote/plug.xml?fileloc=//proc/2470499/root/usr/share/libtool/build-aux/config.sub&path=//proc/2470499/root/usr/share/libtool/build-aux HTTP/1.1" 200 12493 "http://www.rgardensoap.com/plug/vote/plug.xml?path=//proc/2470499/root/usr/share/libtool/build-aux" "Mozilla/5.0 AppleWebKit/537.36 (KHTML, like Gecko; compatible; GPTBot/1.3; +https://openai.com/gptbot)" 589 **0/589539**
74.7.227.150 - - [10/Mar/2026:22:49:12 -0700] "GET /blog/?path=//opt/alt/php54/usr HTTP/1.1" 200 2662 "http://rgardensoap.com/blog/?path=//opt/alt/php54" "Mozilla/5.0 AppleWebKit/537.36 (KHTML, like Gecko; compatible; GPTBot/1.3; +https://openai.com/gptbot)" 537 **0/537993**
74.7.227.35 - - [10/Mar/2026:22:49:12 -0700] "GET /?path=//opt/alt/tests/alt-php70-pecl-gmagick_2.0.6-1.RC1.el8/tests HTTP/1.1" 200 8411 "http://mail.rgardensoap.com/?path=//opt/alt/tests/alt-php70-pecl-gmagick_2.0.6-1.RC1.el8" "Mozilla/5.0 AppleWebKit/537.36 (KHTML, like Gecko; compatible; GPTBot/1.3; +https://openai.com/gptbot)" 666 **0/666523**
74.7.241.54 - - [10/Mar/2026:22:49:13 -0700] "GET /plug/vote/plug.xml?fileloc=//proc/2470499/root/usr/share/libtool/build-aux/depcomp&path=//proc/2470499/root/usr/share/libtool/build-aux HTTP/1.1" 200 9680 "http://www.rgardensoap.com/plug/vote/plug.xml?path=//proc/2470499/root/usr/share/libtool/build-aux" "Mozilla/5.0 AppleWebKit/537.36 (KHTML, like Gecko; compatible; GPTBot/1.3; +https://openai.com/gptbot)" 496 **0/496502**
74.7.227.35 - - [10/Mar/2026:22:49:13 -0700] "GET /?path=//opt/alt/tests/alt-php81-pecl-leveldb_0.3.0-1.el8 HTTP/1.1" 200 2581 "http://mail.rgardensoap.com/?path=//opt/alt/tests" "Mozilla/5.0 AppleWebKit/537.36 (KHTML, like Gecko; compatible; GPTBot/1.3; +https://openai.com/gptbot)" 575 **0/575032**
74.7.227.150 - - [10/Mar/2026:22:49:13 -0700] "GET /wp?path=//opt/cpanel/ea-brotli HTTP/1.1" 200 2636 "http://rgardensoap.com/wp?path=//opt/cpanel" "Mozilla/5.0 AppleWebKit/537.36 (KHTML, like Gecko; compatible; GPTBot/1.3; +https://openai.com/gptbot)" 582 **0/582111**
74.7.241.54 - - [10/Mar/2026:22:49:13 -0700] "GET /plug/vote/plug.xml?fileloc=//proc/2470499/root/usr/share/libtool/build-aux/install-sh&path=//proc/2470499/root/usr/share/libtool/build-aux HTTP/1.1" 200 7570 "http://www.rgardensoap.com/plug/vote/plug.xml?path=//proc/2470499/root/usr/share/libtool/build-aux" "Mozilla/5.0 AppleWebKit/537.36 (KHTML, like Gecko; compatible; GPTBot/1.3; +https://openai.com/gptbot)" 537 **0/537603**
74.7.227.35 - - [10/Mar/2026:22:49:14 -0700] "GET /?path=//opt/alt/tests/alt-php82-pecl-leveldb_0.3.0-1.el8/tests HTTP/1.1" 200 3330 "http://mail.rgardensoap.com/?path=//opt/alt/tests/alt-php82-pecl-leveldb_0.3.0-1.el8" "Mozilla/5.0 AppleWebKit/537.36 (KHTML, like Gecko; compatible; GPTBot/1.3; +https://openai.com/gptbot)" 537 **0/537253**
74.7.227.150 - - [10/Mar/2026:22:49:14 -0700] "GET /blog/?path=//opt/alt/php82/var HTTP/1.1" 200 2613 "http://rgardensoap.com/blog/?path=//opt/alt/php82" "Mozilla/5.0 AppleWebKit/537.36 (KHTML, like Gecko; compatible; GPTBot/1.3; +https://openai.com/gptbot)" 557 **0/557450**
74.7.241.54 - - [10/Mar/2026:22:49:14 -0700] "GET /plug/vote/plug.xml?path=//proc/2470499/root/usr/share/locale/ja HTTP/1.1" 200 2643 "http://www.rgardensoap.com/plug/vote/plug.xml?path=//proc/2470499/root/usr/share/locale" "Mozilla/5.0 AppleWebKit/537.36 (KHTML, like Gecko; compatible; GPTBot/1.3; +https://openai.com/gptbot)" 468 **0/468753**
74.7.227.35 - - [10/Mar/2026:22:49:14 -0700] "GET /?fileloc=//opt/alt/tests/alt-php83-pecl-gmagick_2.0.6-1.RC1.el8/tests/hald_8.png&path=//opt/alt/tests/alt-php83-pecl-gmagick_2.0.6-1.RC1.el8/tests HTTP/1.1" 200 2304 "http://mail.rgardensoap.com/?path=//opt/alt/tests/alt-php83-pecl-gmagick_2.0.6-1.RC1.el8/tests" "Mozilla/5.0 AppleWebKit/537.36 (KHTML, like Gecko; compatible; GPTBot/1.3; +https://openai.com/gptbot)" 329 **0/329891**
74.7.227.150 - - [10/Mar/2026:22:49:14 -0700] "GET /blog/?path=//opt/alt/dav1d HTTP/1.1" 200 2578 "http://rgardensoap.com/blog/?path=//opt/alt" "Mozilla/5.0 AppleWebKit/537.36 (KHTML, like Gecko; compatible; GPTBot/1.3; +https://openai.com/gptbot)" 511 **0/511702**
74.7.241.54 - - [10/Mar/2026:22:49:15 -0700] "GET /plug/vote/plug.xml?path=//proc/2470499/root/usr/share/locale/hz HTTP/1.1" 200 2608 "http://www.rgardensoap.com/plug/vote/plug.xml?path=//proc/2470499/root/usr/share/locale" "Mozilla/5.0 AppleWebKit/537.36 (KHTML, like Gecko; compatible; GPTBot/1.3; +https://openai.com/gptbot)" 563 **0/563966**
74.7.227.35 - - [10/Mar/2026:22:49:15 -0700] "GET /?fileloc=//opt/alt/tests/alt-php83-pecl-gmagick_2.0.6-1.RC1.el8/tests/gmagickdraw-025-affine.phpt&path=//opt/alt/tests/alt-php83-pecl-gmagick_2.0.6-1.RC1.el8/tests HTTP/1.1" 200 2527 "http://mail.rgardensoap.com/?path=//opt/alt/tests/alt-php83-pecl-gmagick_2.0.6-1.RC1.el8/tests" "Mozilla/5.0 AppleWebKit/537.36 (KHTML, like Gecko; compatible; GPTBot/1.3; +https://openai.com/gptbot)" 501 **0/501067**
74.7.227.150 - - [10/Mar/2026:22:49:15 -0700] "GET /blog/?path=//opt/alt/php84/var HTTP/1.1" 200 2613 "http://rgardensoap.com/blog/?path=//opt/alt/php84" "Mozilla/5.0 AppleWebKit/537.36 (KHTML, like Gecko; compatible; GPTBot/1.3; +https://openai.com/gptbot)" 482 **0/482890**
74.7.241.54 - - [10/Mar/2026:22:49:15 -0700] "GET /plug/vote/plug.xml?path=//proc/2470499/root/usr/share/locale/is HTTP/1.1" 200 2608 "http://www.rgardensoap.com/plug/vote/plug.xml?path=//proc/2470499/root/usr/share/locale" "Mozilla/5.0 AppleWebKit/537.36 (KHTML, like Gecko; compatible; GPTBot/1.3; +https://openai.com/gptbot)" 476 **0/476656**
74.7.227.35 - - [10/Mar/2026:22:49:15 -0700] "GET /?fileloc=//opt/alt/tests/alt-php83-pecl-gmagick_2.0.6-1.RC1.el8/tests/gmagickdraw-020-polyline.phpt&path=//opt/alt/tests/alt-php83-pecl-gmagick_2.0.6-1.RC1.el8/tests HTTP/1.1" 200 2705 "http://mail.rgardensoap.com/?path=//opt/alt/tests/alt-php83-pecl-gmagick_2.0.6-1.RC1.el8/tests" "Mozilla/5.0 AppleWebKit/537.36 (KHTML, like Gecko; compatible; GPTBot/1.3; +https://openai.com/gptbot)" 472 **0/472273**
74.7.227.150 - - [10/Mar/2026:22:49:16 -0700] "GET /blog/?path=//opt/alt/php74/link HTTP/1.1" 200 2550 "http://rgardensoap.com/blog/?path=//opt/alt/php74" "Mozilla/5.0 AppleWebKit/537.36 (KHTML, like Gecko; compatible; GPTBot/1.3; +https://openai.com/gptbot)" 484 **0/484103**
74.7.241.54 - - [10/Mar/2026:22:49:16 -0700] "GET /plug/vote/plug.xml?path=//proc/2470499/root/usr/share/locale/sq HTTP/1.1" 200 2609 "http://www.rgardensoap.com/plug/vote/plug.xml?path=//proc/2470499/root/usr/share/locale" "Mozilla/5.0 AppleWebKit/537.36 (KHTML, like Gecko; compatible; GPTBot/1.3; +https://openai.com/gptbot)" 474 **0/474112**
74.7.227.35 - - [10/Mar/2026:22:49:16 -0700] "GET /?fileloc=//opt/alt/tests/alt-php83-pecl-gmagick_2.0.6-1.RC1.el8/tests/gmagick-107_setimagevirtualpixelmethod.phpt&path=//opt/alt/tests/alt-php83-pecl-gmagick_2.0.6-1.RC1.el8/tests HTTP/1.1" 200 3010 "http://mail.rgardensoap.com/?path=//opt/alt/tests/alt-php83-pecl-gmagick_2.0.6-1.RC1.el8/tests" "Mozilla/5.0 AppleWebKit/537.36 (KHTML, like Gecko; compatible; GPTBot/1.3; +https://openai.com/gptbot)" 485 **0/485196**
74.7.227.150 - - [10/Mar/2026:22:49:16 -0700] "GET /blog/?path=//opt/alt/php71/link HTTP/1.1" 200 2550 "http://rgardensoap.com/blog/?path=//opt/alt/php71" "Mozilla/5.0 AppleWebKit/537.36 (KHTML, like Gecko; compatible; GPTBot/1.3; +https://openai.com/gptbot)" 491 **0/491132**
74.7.241.54 - - [10/Mar/2026:22:49:16 -0700] "GET /plug/vote/plug.xml?path=//proc/2470499/root/usr/share/locale/mk HTTP/1.1" 200 2608 "http://www.rgardensoap.com/plug/vote/plug.xml?path=//proc/2470499/root/usr/share/locale" "Mozilla/5.0 AppleWebKit/537.36 (KHTML, like Gecko; compatible; GPTBot/1.3; +https://openai.com/gptbot)" 493 **0/493069**
74.7.227.35 - - [10/Mar/2026:22:49:17 -0700] "GET /?fileloc=//opt/alt/tests/alt-php56-pecl-gmagick_1.1.7-1.RC3.el8/tests/gmagick-071-next_previousimage.phpt&path=//opt/alt/tests/alt-php56-pecl-gmagick_1.1.7-1.RC3.el8/tests HTTP/1.1" 200 2502 "http://mail.rgardensoap.com/?path=//opt/alt/tests/alt-php56-pecl-gmagick_1.1.7-1.RC3.el8/tests" "Mozilla/5.0 AppleWebKit/537.36 (KHTML, like Gecko; compatible; GPTBot/1.3; +https://openai.com/gptbot)" 534 **0/534688**
43.133.14.237 - - [10/Mar/2026:22:49:17 -0700] "GET /?fileloc=/home/p8pyefaexf70/public_html/wp-includes/cache.php&path=/home/p8pyefaexf70/public_html/wp-includes HTTP/1.1" 200 5034 "-" "Mozilla/5.0 (iPhone; CPU iPhone OS 13_2_3 like Mac OS X) AppleWebKit/605.1.15 (KHTML, like Gecko) Version/13.0.3 Mobile/15E148 Safari/604.1" 359 **0/359223**
74.7.227.150 - - [10/Mar/2026:22:49:17 -0700] "GET /blog/?path=//opt/alt/krb5/usr HTTP/1.1" 200 2642 "http://rgardensoap.com/blog/?path=//opt/alt/krb5" "Mozilla/5.0 AppleWebKit/537.36 (KHTML, like Gecko; compatible; GPTBot/1.3; +https://openai.com/gptbot)" 550 **0/550694**
74.7.241.54 - - [10/Mar/2026:22:49:17 -0700] "GET /plug/vote/plug.xml?path=//proc/2470499/root/usr/share/locale/ka HTTP/1.1" 200 2608 "http://www.rgardensoap.com/plug/vote/plug.xml?path=//proc/2470499/root/usr/share/locale" "Mozilla/5.0 AppleWebKit/537.36 (KHTML, like Gecko; compatible; GPTBot/1.3; +https://openai.com/gptbot)" 491 **0/491937**
74.7.227.35 - - [10/Mar/2026:22:49:17 -0700] "GET /?path=//opt/alt/tests/alt-php73-pecl-leveldb_0.3.0-1.el8/tests HTTP/1.1" 200 3330 "http://mail.rgardensoap.com/?path=//opt/alt/tests/alt-php73-pecl-leveldb_0.3.0-1.el8" "Mozilla/5.0 AppleWebKit/537.36 (KHTML, like Gecko; compatible; GPTBot/1.3; +https://openai.com/gptbot)" 515 **0/515481**
74.7.227.150 - - [10/Mar/2026:22:49:18 -0700] "GET /blog/?path=//opt/alt/php85/usr HTTP/1.1" 200 2563 "http://rgardensoap.com/blog/?path=//opt/alt/php85" "Mozilla/5.0 AppleWebKit/537.36 (KHTML, like Gecko; compatible; GPTBot/1.3; +https://openai.com/gptbot)" 516 **0/516697**
74.7.241.54 - - [10/Mar/2026:22:49:18 -0700] "GET /plug/vote/plug.xml?path=//proc/2470499/root/usr/share/locale/ky HTTP/1.1" 200 2609 "http://www.rgardensoap.com/plug/vote/plug.xml?path=//proc/2470499/root/usr/share/locale" "Mozilla/5.0 AppleWebKit/537.36 (KHTML, like Gecko; compatible; GPTBot/1.3; +https://openai.com/gptbot)" 658 **0/658393**
74.7.227.35 - - [10/Mar/2026:22:49:18 -0700] "GET /?path=//opt/alt/tests/alt-php80-pecl-msgpack_2.2.0-1.el8/tests HTTP/1.1" 200 4632 "http://mail.rgardensoap.com/?path=//opt/alt/tests/alt-php80-pecl-msgpack_2.2.0-1.el8" "Mozilla/5.0 AppleWebKit/537.36 (KHTML, like Gecko; compatible; GPTBot/1.3; +https://openai.com/gptbot)" 547 **0/547671**
74.7.227.150 - - [10/Mar/2026:22:49:18 -0700] "GET /blog/?path=//opt/alt/php72/var HTTP/1.1" 200 2614 "http://rgardensoap.com/blog/?path=//opt/alt/php72" "Mozilla/5.0 AppleWebKit/537.36 (KHTML, like Gecko; compatible; GPTBot/1.3; +https://openai.com/gptbot)" 604 **0/604300**
74.7.241.54 - - [10/Mar/2026:22:49:19 -0700] "GET /plug/vote/plug.xml?path=//proc/2470499/root/usr/share/locale/zu HTTP/1.1" 200 2608 "http://www.rgardensoap.com/plug/vote/plug.xml?path=//proc/2470499/root/usr/share/locale" "Mozilla/5.0 AppleWebKit/537.36 (KHTML, like Gecko; compatible; GPTBot/1.3; +https://openai.com/gptbot)" 508 **0/508327**
74.7.227.35 - - [10/Mar/2026:22:49:19 -0700] "GET /?fileloc=//opt/alt/tests/alt-php84-pecl-gmagick_2.0.6-1.RC1.el8/tests/gmagick-070-motionblurimage.phpt&path=//opt/alt/tests/alt-php84-pecl-gmagick_2.0.6-1.RC1.el8/tests HTTP/1.1" 200 2505 "http://mail.rgardensoap.com/?path=//opt/alt/tests/alt-php84-pecl-gmagick_2.0.6-1.RC1.el8/tests" "Mozilla/5.0 AppleWebKit/537.36 (KHTML, like Gecko; compatible; GPTBot/1.3; +https://openai.com/gptbot)" 642 **0/642505**
74.7.227.150 - - [10/Mar/2026:22:49:19 -0700] "GET /blog/?path=//opt/alt/php71/var/www HTTP/1.1" 200 2572 "http://rgardensoap.com/blog/?path=//opt/alt/php71/var" "Mozilla/5.0 AppleWebKit/537.36 (KHTML, like Gecko; compatible; GPTBot/1.3; +https://openai.com/gptbot)" 469 **0/469658**
74.7.241.54 - - [10/Mar/2026:22:49:19 -0700] "GET /plug/vote/plug.xml?path=//proc/2470499/root/usr/share/screen HTTP/1.1" 200 2595 "http://www.rgardensoap.com/plug/vote/plug.xml?path=//proc/2470499/root/usr/share" "Mozilla/5.0 AppleWebKit/537.36 (KHTML, like Gecko; compatible; GPTBot/1.3; +https://openai.com/gptbot)" 469 **0/469298**
74.7.227.35 - - [10/Mar/2026:22:49:20 -0700] "GET /?fileloc=//opt/alt/tests/alt-php70-pecl-gmagick_2.0.6-1.RC1.el8/tests/gmagickdraw_044_setTextUnderColor_basic.phpt&path=//opt/alt/tests/alt-php70-pecl-gmagick_2.0.6-1.RC1.el8/tests HTTP/1.1" 200 2766 "http://mail.rgardensoap.com/?path=//opt/alt/tests/alt-php70-pecl-gmagick_2.0.6-1.RC1.el8/tests" "Mozilla/5.0 AppleWebKit/537.36 (KHTML, like Gecko; compatible; GPTBot/1.3; +https://openai.com/gptbot)" 510 **0/510135**
74.7.227.150 - - [10/Mar/2026:22:49:20 -0700] "GET /blog/?path=//opt/alt/php82/link HTTP/1.1" 200 2550 "http://rgardensoap.com/blog/?path=//opt/alt/php82" "Mozilla/5.0 AppleWebKit/537.36 (KHTML, like Gecko; compatible; GPTBot/1.3; +https://openai.com/gptbot)" 551 **0/551012**
74.7.241.54 - - [10/Mar/2026:22:49:20 -0700] "GET /plug/vote/plug.xml?path=//proc/2470499/root/usr/share/locale/sk HTTP/1.1" 200 2642 "http://www.rgardensoap.com/plug/vote/plug.xml?path=//proc/2470499/root/usr/share/locale" "Mozilla/5.0 AppleWebKit/537.36 (KHTML, like Gecko; compatible; GPTBot/1.3; +https://openai.com/gptbot)" 557 **0/557519**
74.7.227.35 - - [10/Mar/2026:22:49:20 -0700] "GET /?fileloc=//opt/alt/tests/alt-php70-pecl-gmagick_2.0.6-1.RC1.el8/tests/gmagick-070-motionblurimage.phpt&path=//opt/alt/tests/alt-php70-pecl-gmagick_2.0.6-1.RC1.el8/tests HTTP/1.1" 200 2505 "http://mail.rgardensoap.com/?path=//opt/alt/tests/alt-php70-pecl-gmagick_2.0.6-1.RC1.el8/tests" "Mozilla/5.0 AppleWebKit/537.36 (KHTML, like Gecko; compatible; GPTBot/1.3; +https://openai.com/gptbot)" 661 **0/661249**
74.7.241.54 - - [10/Mar/2026:22:49:20 -0700] "GET /plug/vote/plug.xml?path=//proc/2470499/root/usr/share/locale/ie HTTP/1.1" 200 2607 "http://www.rgardensoap.com/plug/vote/plug.xml?path=//proc/2470499/root/usr/share/locale" "Mozilla/5.0 AppleWebKit/537.36 (KHTML, like Gecko; compatible; GPTBot/1.3; +https://openai.com/gptbot)" 611 **0/611519**
74.7.227.150 - - [10/Mar/2026:22:49:20 -0700] "GET /blog/?path=//opt/alt/php74/var HTTP/1.1" 200 2614 "http://rgardensoap.com/blog/?path=//opt/alt/php74" "Mozilla/5.0 AppleWebKit/537.36 (KHTML, like Gecko; compatible; GPTBot/1.3; +https://openai.com/gptbot)" 674 **0/674197**
74.7.227.35 - - [10/Mar/2026:22:49:21 -0700] "GET /?path=//opt/alt/tests/alt-php81-pecl-leveldb_0.3.0-1.el8/tests HTTP/1.1" 200 3330 "http://mail.rgardensoap.com/?path=//opt/alt/tests/alt-php81-pecl-leveldb_0.3.0-1.el8" "Mozilla/5.0 AppleWebKit/537.36 (KHTML, like Gecko; compatible; GPTBot/1.3; +https://openai.com/gptbot)" 553 **0/553049**
74.7.241.54 - - [10/Mar/2026:22:49:21 -0700] "GET /plug/vote/plug.xml?path=//proc/2470499/root/usr/share/locale/dz HTTP/1.1" 200 2608 "http://www.rgardensoap.com/plug/vote/plug.xml?path=//proc/2470499/root/usr/share/locale" "Mozilla/5.0 AppleWebKit/537.36 (KHTML, like Gecko; compatible; GPTBot/1.3; +https://openai.com/gptbot)" 517 **0/517193**
74.7.227.150 - - [10/Mar/2026:22:49:21 -0700] "GET /blog/?path=//opt/alt/php74/usr HTTP/1.1" 200 2662 "http://rgardensoap.com/blog/?path=//opt/alt/php74" "Mozilla/5.0 AppleWebKit/537.36 (KHTML, like Gecko; compatible; GPTBot/1.3; +https://openai.com/gptbot)" 496 **0/496964**
74.7.227.35 - - [10/Mar/2026:22:49:22 -0700] "GET /?path=//opt/alt/tests/alt-php82-pecl-msgpack_2.2.0-1.el8 HTTP/1.1" 200 2582 "http://mail.rgardensoap.com/?path=//opt/alt/tests" "Mozilla/5.0 AppleWebKit/537.36 (KHTML, like Gecko; compatible; GPTBot/1.3; +https://openai.com/gptbot)" 527 **0/527076**
74.7.241.54 - - [10/Mar/2026:22:49:22 -0700] "GET /plug/vote/plug.xml?path=//proc/2470499/root/usr/share/man/pt HTTP/1.1" 200 2629 "http://www.rgardensoap.com/plug/vote/plug.xml?path=//proc/2470499/root/usr/share/man" "Mozilla/5.0 AppleWebKit/537.36 (KHTML, like Gecko; compatible; GPTBot/1.3; +https://openai.com/gptbot)" 495 **0/495942**
74.7.227.150 - - [10/Mar/2026:22:49:22 -0700] "GET /blog/?path=//opt/alt/php83/link HTTP/1.1" 200 2550 "http://rgardensoap.com/blog/?path=//opt/alt/php83" "Mozilla/5.0 AppleWebKit/537.36 (KHTML, like Gecko; compatible; GPTBot/1.3; +https://openai.com/gptbot)" 465 **0/465561**
74.7.227.35 - - [10/Mar/2026:22:49:22 -0700] "GET /?path=//opt/alt/tests/alt-php84-pecl-leveldb_0.3.0-1.el8 HTTP/1.1" 200 2581 "http://mail.rgardensoap.com/?path=//opt/alt/tests" "Mozilla/5.0 AppleWebKit/537.36 (KHTML, like Gecko; compatible; GPTBot/1.3; +https://openai.com/gptbot)" 478 **0/478181**
74.7.241.54 - - [10/Mar/2026:22:49:22 -0700] "GET /plug/vote/plug.xml?path=//proc/2470499/root/usr/share/locale/ff HTTP/1.1" 200 2608 "http://www.rgardensoap.com/plug/vote/plug.xml?path=//proc/2470499/root/usr/share/locale" "Mozilla/5.0 AppleWebKit/537.36 (KHTML, like Gecko; compatible; GPTBot/1.3; +https://openai.com/gptbot)" 456 **0/456642**
74.7.227.150 - - [10/Mar/2026:22:49:23 -0700] "GET /blog/?path=//opt/alt/php73/usr HTTP/1.1" 200 2662 "http://rgardensoap.com/blog/?path=//opt/alt/php73" "Mozilla/5.0 AppleWebKit/537.36 (KHTML, like Gecko; compatible; GPTBot/1.3; +https://openai.com/gptbot)" 528 **0/528884**
74.7.227.35 - - [10/Mar/2026:22:49:23 -0700] "GET /?path=//opt/alt/tests/alt-php83-pecl-leveldb_0.3.0-1.el8 HTTP/1.1" 200 2581 "http://mail.rgardensoap.com/?path=//opt/alt/tests" "Mozilla/5.0 AppleWebKit/537.36 (KHTML, like Gecko; compatible; GPTBot/1.3; +https://openai.com/gptbot)" 548 **0/548726**
74.7.227.150 - - [10/Mar/2026:22:49:23 -0700] "GET /blog/?path=//opt/alt/php83/usr HTTP/1.1" 200 2662 "http://rgardensoap.com/blog/?path=//opt/alt/php83" "Mozilla/5.0 AppleWebKit/537.36 (KHTML, like Gecko; compatible; GPTBot/1.3; +https://openai.com/gptbot)" 517 **0/517342**
74.7.241.54 - - [10/Mar/2026:22:49:23 -0700] "GET /plug/vote/plug.xml?path=//proc/2470499/root/usr/share/locale/bg HTTP/1.1" 200 2642 "http://www.rgardensoap.com/plug/vote/plug.xml?path=//proc/2470499/root/usr/share/locale" "Mozilla/5.0 AppleWebKit/537.36 (KHTML, like Gecko; compatible; GPTBot/1.3; +https://openai.com/gptbot)" 598 **0/598488**
74.7.227.150 - - [10/Mar/2026:22:49:24 -0700] "GET /blog/?path=//opt/alt/pcre2 HTTP/1.1" 200 2554 "http://rgardensoap.com/blog/?path=//opt/alt" "Mozilla/5.0 AppleWebKit/537.36 (KHTML, like Gecko; compatible; GPTBot/1.3; +https://openai.com/gptbot)" 507 **0/507318**
74.7.227.35 - - [10/Mar/2026:22:49:24 -0700] "GET /?path=//opt/alt/tests/alt-php81-pecl-msgpack_2.2.0-1.el8 HTTP/1.1" 200 2582 "http://mail.rgardensoap.com/?path=//opt/alt/tests" "Mozilla/5.0 AppleWebKit/537.36 (KHTML, like Gecko; compatible; GPTBot/1.3; +https://openai.com/gptbot)" 587 **0/587417**
74.7.241.54 - - [10/Mar/2026:22:49:24 -0700] "GET /plug/vote/plug.xml?path=//proc/2470499/cwd/lib/.build-id/2e HTTP/1.1" 200 3089 "http://www.rgardensoap.com/plug/vote/plug.xml?path=//proc/2470499/cwd/lib/.build-id" "Mozilla/5.0 AppleWebKit/537.36 (KHTML, like Gecko; compatible; GPTBot/1.3; +https://openai.com/gptbot)" 513 **0/513170**
74.7.227.150 - - [10/Mar/2026:22:49:24 -0700] "GET /blog/?path=//opt/alt/t1lib HTTP/1.1" 200 2554 "http://rgardensoap.com/blog/?path=//opt/alt" "Mozilla/5.0 AppleWebKit/537.36 (KHTML, like Gecko; compatible; GPTBot/1.3; +https://openai.com/gptbot)" 561 **0/561686**
74.7.241.54 - - [10/Mar/2026:22:49:25 -0700] "GET /plug/vote/plug.xml?path=//proc/2470499/cwd/lib/.build-id/d6 HTTP/1.1" 200 3251 "http://www.rgardensoap.com/plug/vote/plug.xml?path=//proc/2470499/cwd/lib/.build-id" "Mozilla/5.0 AppleWebKit/537.36 (KHTML, like Gecko; compatible; GPTBot/1.3; +https://openai.com/gptbot)" 501 **0/501817**
74.7.227.35 - - [10/Mar/2026:22:49:25 -0700] "GET /?path=//lib/sysusers.d HTTP/1.1" 200 2660 "http://mail.rgardensoap.com/?path=//lib" "Mozilla/5.0 AppleWebKit/537.36 (KHTML, like Gecko; compatible; GPTBot/1.3; +https://openai.com/gptbot)" 574 **0/574389**
74.7.227.150 - - [10/Mar/2026:22:49:25 -0700] "GET /blog/?path=//opt/alt/php80/var HTTP/1.1" 200 2613 "http://rgardensoap.com/blog/?path=//opt/alt/php80" "Mozilla/5.0 AppleWebKit/537.36 (KHTML, like Gecko; compatible; GPTBot/1.3; +https://openai.com/gptbot)" 583 **0/583221**
74.7.227.35 - - [10/Mar/2026:22:49:25 -0700] "GET /?path=//lib/modprobe.d HTTP/1.1" 200 2615 "http://mail.rgardensoap.com/?path=//lib" "Mozilla/5.0 AppleWebKit/537.36 (KHTML, like Gecko; compatible; GPTBot/1.3; +https://openai.com/gptbot)" 444 **0/444264**
74.7.241.54 - - [10/Mar/2026:22:49:25 -0700] "GET /plug/vote/plug.xml?path=//proc/2470499/cwd/lib64/dovecot HTTP/1.1" 200 4295 "http://www.rgardensoap.com/plug/vote/plug.xml?path=//proc/2470499/cwd/lib64" "Mozilla/5.0 AppleWebKit/537.36 (KHTML, like Gecko; compatible; GPTBot/1.3; +https://openai.com/gptbot)" 509 **0/509045**
74.7.241.54 - - [10/Mar/2026:22:49:26 -0700] "GET /plug/vote/plug.xml?path=//proc/2470499/cwd/lib64/apache2 HTTP/1.1" 200 2579 "http://www.rgardensoap.com/plug/vote/plug.xml?path=//proc/2470499/cwd/lib64" "Mozilla/5.0 AppleWebKit/537.36 (KHTML, like Gecko; compatible; GPTBot/1.3; +https://openai.com/gptbot)" 449 **0/449811**
74.7.227.35 - - [10/Mar/2026:22:49:26 -0700] "GET /?path=//lib/tmpfiles.d HTTP/1.1" 200 3442 "http://mail.rgardensoap.com/?path=//lib" "Mozilla/5.0 AppleWebKit/537.36 (KHTML, like Gecko; compatible; GPTBot/1.3; +https://openai.com/gptbot)" 469 **0/469540**
74.7.227.150 - - [10/Mar/2026:22:49:26 -0700] "GET /blog/?path=//opt/alt/php73/etc HTTP/1.1" 200 3184 "http://rgardensoap.com/blog/?path=//opt/alt/php73" "Mozilla/5.0 AppleWebKit/537.36 (KHTML, like Gecko; compatible; GPTBot/1.3; +https://openai.com/gptbot)" 512 **0/512637**
74.7.241.54 - - [10/Mar/2026:22:49:26 -0700] "GET /plug/vote/plug.xml?path=//proc/2470499/cwd/lib64/gettext HTTP/1.1" 200 2745 "http://www.rgardensoap.com/plug/vote/plug.xml?path=//proc/2470499/cwd/lib64" "Mozilla/5.0 AppleWebKit/537.36 (KHTML, like Gecko; compatible; GPTBot/1.3; +https://openai.com/gptbot)" 450 **0/450483**
74.7.227.35 - - [10/Mar/2026:22:49:27 -0700] "GET /?fileloc=//lib64/libhdf5.so.103&path=//lib64 HTTP/1.1" 200 2252 "http://mail.rgardensoap.com/?path=//lib64" "Mozilla/5.0 AppleWebKit/537.36 (KHTML, like Gecko; compatible; GPTBot/1.3; +https://openai.com/gptbot)" 477 **0/477219**
74.7.227.150 - - [10/Mar/2026:22:49:27 -0700] "GET /blog/?path=//opt/alt/php73/var HTTP/1.1" 200 2613 "http://rgardensoap.com/blog/?path=//opt/alt/php73" "Mozilla/5.0 AppleWebKit/537.36 (KHTML, like Gecko; compatible; GPTBot/1.3; +https://openai.com/gptbot)" 494 **0/494536**
74.7.241.54 - - [10/Mar/2026:22:49:27 -0700] "GET /plug/vote/plug.xml?fileloc=//proc/2470499/cwd/bin/Mail&path=//proc/2470499/cwd/bin HTTP/1.1" 200 2277 "http://www.rgardensoap.com/plug/vote/plug.xml?path=//proc/2470499/cwd/bin" "Mozilla/5.0 AppleWebKit/537.36 (KHTML, like Gecko; compatible; GPTBot/1.3; +https://openai.com/gptbot)" 467 **0/467125**
74.7.227.35 - - [10/Mar/2026:22:49:27 -0700] "GET /?path=//opt/alt/tests/alt-php72-pecl-http_3.3.0-1.el8/tests/data HTTP/1.1" 200 2870 "http://mail.rgardensoap.com/?path=//opt/alt/tests/alt-php72-pecl-http_3.3.0-1.el8/tests" "Mozilla/5.0 AppleWebKit/537.36 (KHTML, like Gecko; compatible; GPTBot/1.3; +https://openai.com/gptbot)" 477 **0/477963**
74.7.227.150 - - [10/Mar/2026:22:49:27 -0700] "GET /blog/?path=//opt/alt/php71/usr HTTP/1.1" 200 2662 "http://rgardensoap.com/blog/?path=//opt/alt/php71" "Mozilla/5.0 AppleWebKit/537.36 (KHTML, like Gecko; compatible; GPTBot/1.3; +https://openai.com/gptbot)" 470 **0/470956**
74.7.241.54 - - [10/Mar/2026:22:49:28 -0700] "GET /plug/vote/plug.xml?fileloc=//proc/2470499/root/usr/share/perl5/pod/perllol.pod&path=//proc/2470499/root/usr/share/perl5/pod HTTP/1.1" 200 6109 "http://www.rgardensoap.com/plug/vote/plug.xml?path=//proc/2470499/root/usr/share/perl5/pod" "Mozilla/5.0 AppleWebKit/537.36 (KHTML, like Gecko; compatible; GPTBot/1.3; +https://openai.com/gptbot)" 496 **0/496855**
74.7.227.35 - - [10/Mar/2026:22:49:28 -0700] "GET /?path=//opt/alt/tests/alt-php73-pecl-http_3.3.0-1.el8/tests/data HTTP/1.1" 200 2870 "http://mail.rgardensoap.com/?path=//opt/alt/tests/alt-php73-pecl-http_3.3.0-1.el8/tests" "Mozilla/5.0 AppleWebKit/537.36 (KHTML, like Gecko; compatible; GPTBot/1.3; +https://openai.com/gptbot)" 458 **0/458302**
74.7.227.150 - - [10/Mar/2026:22:49:28 -0700] "GET /blog/?path=//opt/alt/php56/etc HTTP/1.1" 200 3136 "http://rgardensoap.com/blog/?path=//opt/alt/php56" "Mozilla/5.0 AppleWebKit/537.36 (KHTML, like Gecko; compatible; GPTBot/1.3; +https://openai.com/gptbot)" 473 **0/473231**
74.7.241.54 - - [10/Mar/2026:22:49:28 -0700] "GET /plug/vote/plug.xml?fileloc=//proc/2470499/root/usr/share/perl5/pod/perlport.pod&path=//proc/2470499/root/usr/share/perl5/pod HTTP/1.1" 200 34033 "http://www.rgardensoap.com/plug/vote/plug.xml?path=//proc/2470499/root/usr/share/perl5/pod" "Mozilla/5.0 AppleWebKit/537.36 (KHTML, like Gecko; compatible; GPTBot/1.3; +https://openai.com/gptbot)" 500 **0/500121**
74.7.227.35 - - [10/Mar/2026:22:49:28 -0700] "GET /?path=//opt/alt/tests/alt-php80-pecl-http_4.2.6-4.el8/tests/data HTTP/1.1" 200 2870 "http://mail.rgardensoap.com/?path=//opt/alt/tests/alt-php80-pecl-http_4.2.6-4.el8/tests" "Mozilla/5.0 AppleWebKit/537.36 (KHTML, like Gecko; compatible; GPTBot/1.3; +https://openai.com/gptbot)" 503 **0/503668**
74.7.227.150 - - [10/Mar/2026:22:49:28 -0700] "GET /blog/?path=//opt/alt/php80/usr HTTP/1.1" 200 2662 "http://rgardensoap.com/blog/?path=//opt/alt/php80" "Mozilla/5.0 AppleWebKit/537.36 (KHTML, like Gecko; compatible; GPTBot/1.3; +https://openai.com/gptbot)" 511 **0/511425**
74.7.241.54 - - [10/Mar/2026:22:49:29 -0700] "GET /plug/vote/plug.xml?fileloc=//proc/2470499/root/usr/share/perl5/pod/perlop.pod&path=//proc/2470499/root/usr/share/perl5/pod HTTP/1.1" 200 49456 "http://www.rgardensoap.com/plug/vote/plug.xml?path=//proc/2470499/root/usr/share/perl5/pod" "Mozilla/5.0 AppleWebKit/537.36 (KHTML, like Gecko; compatible; GPTBot/1.3; +https://openai.com/gptbot)" 508 **0/508916**
74.7.227.35 - - [10/Mar/2026:22:49:29 -0700] "GET /?path=//opt/alt/tests/alt-php82-pecl-msgpack_2.2.0-1.el8/tests HTTP/1.1" 200 4632 "http://mail.rgardensoap.com/?path=//opt/alt/tests/alt-php82-pecl-msgpack_2.2.0-1.el8" "Mozilla/5.0 AppleWebKit/537.36 (KHTML, like Gecko; compatible; GPTBot/1.3; +https://openai.com/gptbot)" 485 **0/485665**
74.7.227.150 - - [10/Mar/2026:22:49:29 -0700] "GET /blog/?path=//opt/alt/php73/link HTTP/1.1" 200 2550 "http://rgardensoap.com/blog/?path=//opt/alt/php73" "Mozilla/5.0 AppleWebKit/537.36 (KHTML, like Gecko; compatible; GPTBot/1.3; +https://openai.com/gptbot)" 456 **0/456725**
74.7.241.54 - - [10/Mar/2026:22:49:30 -0700] "GET /plug/vote/plug.xml?path=//proc/2470499/root/usr/share/locale/wo/LC_MESSAGES HTTP/1.1" 200 2637 "http://www.rgardensoap.com/plug/vote/plug.xml?path=//proc/2470499/root/usr/share/locale/wo" "Mozilla/5.0 AppleWebKit/537.36 (KHTML, like Gecko; compatible; GPTBot/1.3; +https://openai.com/gptbot)" 498 **0/498109**
74.7.227.35 - - [10/Mar/2026:22:49:30 -0700] "GET /?path=//opt/alt/tests/alt-php84-pecl-leveldb_0.3.0-1.el8/tests HTTP/1.1" 200 3330 "http://mail.rgardensoap.com/?path=//opt/alt/tests/alt-php84-pecl-leveldb_0.3.0-1.el8" "Mozilla/5.0 AppleWebKit/537.36 (KHTML, like Gecko; compatible; GPTBot/1.3; +https://openai.com/gptbot)" 518 **0/518157**
74.7.227.150 - - [10/Mar/2026:22:49:30 -0700] "GET /blog/?path=//opt/alt/php80/etc HTTP/1.1" 200 3184 "http://rgardensoap.com/blog/?path=//opt/alt/php80" "Mozilla/5.0 AppleWebKit/537.36 (KHTML, like Gecko; compatible; GPTBot/1.3; +https://openai.com/gptbot)" 506 **0/506197**
74.7.241.54 - - [10/Mar/2026:22:49:30 -0700] "GET /plug/vote/plug.xml?path=//proc/2470499/root/usr/share/locale/kr/LC_MESSAGES HTTP/1.1" 200 2376 "http://www.rgardensoap.com/plug/vote/plug.xml?path=//proc/2470499/root/usr/share/locale/kr" "Mozilla/5.0 AppleWebKit/537.36 (KHTML, like Gecko; compatible; GPTBot/1.3; +https://openai.com/gptbot)" 471 **0/471428**
74.7.227.35 - - [10/Mar/2026:22:49:30 -0700] "GET /?path=//opt/alt/tests/alt-php83-pecl-leveldb_0.3.0-1.el8/tests HTTP/1.1" 200 3330 "http://mail.rgardensoap.com/?path=//opt/alt/tests/alt-php83-pecl-leveldb_0.3.0-1.el8" "Mozilla/5.0 AppleWebKit/537.36 (KHTML, like Gecko; compatible; GPTBot/1.3; +https://openai.com/gptbot)" 491 **0/491824**
74.7.227.150 - - [10/Mar/2026:22:49:30 -0700] "GET /blog/?path=//opt/alt/php85/etc HTTP/1.1" 200 2565 "http://rgardensoap.com/blog/?path=//opt/alt/php85" "Mozilla/5.0 AppleWebKit/537.36 (KHTML, like Gecko; compatible; GPTBot/1.3; +https://openai.com/gptbot)" 524 **0/524606**
74.7.241.54 - - [10/Mar/2026:22:49:31 -0700] "GET /plug/vote/plug.xml?fileloc=//proc/2470499/cwd/lib/.build-id/2e/c8b64ce7714979af5a2b7246bf1a7ea92d1445&path=//proc/2470499/cwd/lib/.build-id/2e HTTP/1.1" 200 2322 "http://www.rgardensoap.com/plug/vote/plug.xml?path=//proc/2470499/cwd/lib/.build-id/2e" "Mozilla/5.0 AppleWebKit/537.36 (KHTML, like Gecko; compatible; GPTBot/1.3; +https://openai.com/gptbot)" 469 **0/469531**
74.7.227.35 - - [10/Mar/2026:22:49:31 -0700] "GET /?path=//opt/alt/tests/alt-php81-pecl-msgpack_2.2.0-1.el8/tests HTTP/1.1" 200 4632 "http://mail.rgardensoap.com/?path=//opt/alt/tests/alt-php81-pecl-msgpack_2.2.0-1.el8" "Mozilla/5.0 AppleWebKit/537.36 (KHTML, like Gecko; compatible; GPTBot/1.3; +https://openai.com/gptbot)" 495 **0/495135**
74.7.227.150 - - [10/Mar/2026:22:49:31 -0700] "GET /blog/?path=//opt/alt/php70/var HTTP/1.1" 200 2613 "http://rgardensoap.com/blog/?path=//opt/alt/php70" "Mozilla/5.0 AppleWebKit/537.36 (KHTML, like Gecko; compatible; GPTBot/1.3; +https://openai.com/gptbot)" 496 **0/496533**
74.7.241.54 - - [10/Mar/2026:22:49:32 -0700] "GET /plug/vote/plug.xml?fileloc=//proc/2470499/cwd/lib/.build-id/d6/34514cb846a6d43d4de7d68f4c49f673cc6f43&path=//proc/2470499/cwd/lib/.build-id/d6 HTTP/1.1" 200 2321 "http://www.rgardensoap.com/plug/vote/plug.xml?path=//proc/2470499/cwd/lib/.build-id/d6" "Mozilla/5.0 AppleWebKit/537.36 (KHTML, like Gecko; compatible; GPTBot/1.3; +https://openai.com/gptbot)" 503 **0/503957**
74.7.227.35 - - [10/Mar/2026:22:49:32 -0700] "GET /?path=//opt/alt/tests/alt-php83-pecl-http_4.2.6-4.el8/tests/data HTTP/1.1" 200 2870 "http://mail.rgardensoap.com/?path=//opt/alt/tests/alt-php83-pecl-http_4.2.6-4.el8/tests" "Mozilla/5.0 AppleWebKit/537.36 (KHTML, like Gecko; compatible; GPTBot/1.3; +https://openai.com/gptbot)" 451 **0/451550**
74.7.227.150 - - [10/Mar/2026:22:49:32 -0700] "GET /blog/?path=//opt/alt/t1lib/usr HTTP/1.1" 200 2622 "http://rgardensoap.com/blog/?path=//opt/alt/t1lib" "Mozilla/5.0 AppleWebKit/537.36 (KHTML, like Gecko; compatible; GPTBot/1.3; +https://openai.com/gptbot)" 486 **0/486365**
74.7.241.54 - - [10/Mar/2026:22:49:32 -0700] "GET /plug/vote/plug.xml?fileloc=//proc/2470499/cwd/lib/.build-id/2e/9c0a724c195bff5f6e99eb450ab937c9a46117&path=//proc/2470499/cwd/lib/.build-id/2e HTTP/1.1" 200 2323 "http://www.rgardensoap.com/plug/vote/plug.xml?path=//proc/2470499/cwd/lib/.build-id/2e" "Mozilla/5.0 AppleWebKit/537.36 (KHTML, like Gecko; compatible; GPTBot/1.3; +https://openai.com/gptbot)" 471 **0/471841**
74.7.227.35 - - [10/Mar/2026:22:49:32 -0700] "GET /?path=//opt/alt/tests/alt-php74-pecl-http_3.3.0-1.el8/tests/data HTTP/1.1" 200 2870 "http://mail.rgardensoap.com/?path=//opt/alt/tests/alt-php74-pecl-http_3.3.0-1.el8/tests" "Mozilla/5.0 AppleWebKit/537.36 (KHTML, like Gecko; compatible; GPTBot/1.3; +https://openai.com/gptbot)" 475 **0/475018**
74.7.227.150 - - [10/Mar/2026:22:49:32 -0700] "GET /blog/?path=//opt/alt/php80/var/www HTTP/1.1" 200 2572 "http://rgardensoap.com/blog/?path=//opt/alt/php80/var" "Mozilla/5.0 AppleWebKit/537.36 (KHTML, like Gecko; compatible; GPTBot/1.3; +https://openai.com/gptbot)" 583 **0/583741**
74.7.241.54 - - [10/Mar/2026:22:49:33 -0700] "GET /plug/vote/plug.xml?fileloc=//proc/2470499/cwd/lib/.build-id/d6/d63d8e799ee559ecb9174425b21c00094ebde2&path=//proc/2470499/cwd/lib/.build-id/d6 HTTP/1.1" 200 2323 "http://www.rgardensoap.com/plug/vote/plug.xml?path=//proc/2470499/cwd/lib/.build-id/d6" "Mozilla/5.0 AppleWebKit/537.36 (KHTML, like Gecko; compatible; GPTBot/1.3; +https://openai.com/gptbot)" 475 **0/475910**
74.7.227.35 - - [10/Mar/2026:22:49:33 -0700] "GET /?fileloc=//lib/tmpfiles.d/tmp.conf&path=//lib/tmpfiles.d HTTP/1.1" 200 2602 "http://mail.rgardensoap.com/?path=//lib/tmpfiles.d" "Mozilla/5.0 AppleWebKit/537.36 (KHTML, like Gecko; compatible; GPTBot/1.3; +https://openai.com/gptbot)" 497 **0/497917**
74.7.227.150 - - [10/Mar/2026:22:49:33 -0700] "GET /blog/?path=//opt/alt/php70/link HTTP/1.1" 200 2550 "http://rgardensoap.com/blog/?path=//opt/alt/php70" "Mozilla/5.0 AppleWebKit/537.36 (KHTML, like Gecko; compatible; GPTBot/1.3; +https://openai.com/gptbot)" 497 **0/497589**
74.7.241.54 - - [10/Mar/2026:22:49:33 -0700] "GET /plug/vote/plug.xml?path=//proc/2470499/cwd/lib64/apache2/modules HTTP/1.1" 200 4017 "http://www.rgardensoap.com/plug/vote/plug.xml?path=//proc/2470499/cwd/lib64/apache2" "Mozilla/5.0 AppleWebKit/537.36 (KHTML, like Gecko; compatible; GPTBot/1.3; +https://openai.com/gptbot)" 468 **0/468451**
74.7.227.35 - - [10/Mar/2026:22:49:33 -0700] "GET /?path=//opt/alt/tests/alt-php71-pecl-http_3.3.0-1.el8/tests/data HTTP/1.1" 200 2870 "http://mail.rgardensoap.com/?path=//opt/alt/tests/alt-php71-pecl-http_3.3.0-1.el8/tests" "Mozilla/5.0 AppleWebKit/537.36 (KHTML, like Gecko; compatible; GPTBot/1.3; +https://openai.com/gptbot)" 471 **0/471062**
74.7.227.150 - - [10/Mar/2026:22:49:34 -0700] "GET /blog/?path=//opt/alt/php81/link HTTP/1.1" 200 2550 "http://rgardensoap.com/blog/?path=//opt/alt/php81" "Mozilla/5.0 AppleWebKit/537.36 (KHTML, like Gecko; compatible; GPTBot/1.3; +https://openai.com/gptbot)" 470 **0/470971**
74.7.241.54 - - [10/Mar/2026:22:49:34 -0700] "GET /plug/vote/plug.xml?path=//proc/2470499/root/usr/share/locale/nl/LC_MESSAGES HTTP/1.1" 200 4670 "http://www.rgardensoap.com/plug/vote/plug.xml?path=//proc/2470499/root/usr/share/locale/nl" "Mozilla/5.0 AppleWebKit/537.36 (KHTML, like Gecko; compatible; GPTBot/1.3; +https://openai.com/gptbot)" 474 **0/474352**
74.7.227.150 - - [10/Mar/2026:22:49:34 -0700] "GET /blog/?path=//opt/alt/php56/var HTTP/1.1" 200 2613 "http://rgardensoap.com/blog/?path=//opt/alt/php56" "Mozilla/5.0 AppleWebKit/537.36 (KHTML, like Gecko; compatible; GPTBot/1.3; +https://openai.com/gptbot)" 510 **0/510819**
74.7.227.35 - - [10/Mar/2026:22:49:34 -0700] "GET /?path=//opt/alt/tests/alt-php56-pecl-http_2.6.0-1.el8/tests/data HTTP/1.1" 200 2870 "http://mail.rgardensoap.com/?path=//opt/alt/tests/alt-php56-pecl-http_2.6.0-1.el8/tests" "Mozilla/5.0 AppleWebKit/537.36 (KHTML, like Gecko; compatible; GPTBot/1.3; +https://openai.com/gptbot)" 443 **0/443558**
74.7.241.54 - - [10/Mar/2026:22:49:35 -0700] "GET /plug/vote/plug.xml?path=//proc/2470499/root/usr/share/locale/ko/LC_MESSAGES HTTP/1.1" 200 4088 "http://www.rgardensoap.com/plug/vote/plug.xml?path=//proc/2470499/root/usr/share/locale/ko" "Mozilla/5.0 AppleWebKit/537.36 (KHTML, like Gecko; compatible; GPTBot/1.3; +https://openai.com/gptbot)" 526 **0/526797**
74.7.227.150 - - [10/Mar/2026:22:49:35 -0700] "GET /blog/?path=//opt/alt/php72/usr HTTP/1.1" 200 2662 "http://rgardensoap.com/blog/?path=//opt/alt/php72" "Mozilla/5.0 AppleWebKit/537.36 (KHTML, like Gecko; compatible; GPTBot/1.3; +https://openai.com/gptbot)" 485 **0/485337**
74.7.227.35 - - [10/Mar/2026:22:49:35 -0700] "GET /?path=//opt/alt/tests/alt-php84-pecl-http_4.2.6-4.el8/tests/data HTTP/1.1" 200 2870 "http://mail.rgardensoap.com/?path=//opt/alt/tests/alt-php84-pecl-http_4.2.6-4.el8/tests" "Mozilla/5.0 AppleWebKit/537.36 (KHTML, like Gecko; compatible; GPTBot/1.3; +https://openai.com/gptbot)" 465 **0/465733**
74.7.241.54 - - [10/Mar/2026:22:49:35 -0700] "GET /plug/vote/plug.xml?path=//proc/2470499/root/usr/share/locale/io/LC_MESSAGES HTTP/1.1" 200 2681 "http://www.rgardensoap.com/plug/vote/plug.xml?path=//proc/2470499/root/usr/share/locale/io" "Mozilla/5.0 AppleWebKit/537.36 (KHTML, like Gecko; compatible; GPTBot/1.3; +https://openai.com/gptbot)" 455 **0/455452**
74.7.227.150 - - [10/Mar/2026:22:49:36 -0700] "GET /blog/?path=//opt/alt/php81/usr HTTP/1.1" 200 2662 "http://rgardensoap.com/blog/?path=//opt/alt/php81" "Mozilla/5.0 AppleWebKit/537.36 (KHTML, like Gecko; compatible; GPTBot/1.3; +https://openai.com/gptbot)" 513 **0/513747**
74.7.227.35 - - [10/Mar/2026:22:49:36 -0700] "GET /?path=//opt/alt/tests/alt-php54-pecl-http_2.6.0-1.el8/tests/data HTTP/1.1" 200 2871 "http://mail.rgardensoap.com/?path=//opt/alt/tests/alt-php54-pecl-http_2.6.0-1.el8/tests" "Mozilla/5.0 AppleWebKit/537.36 (KHTML, like Gecko; compatible; GPTBot/1.3; +https://openai.com/gptbot)" 465 **0/465390**
74.7.241.54 - - [10/Mar/2026:22:49:36 -0700] "GET /plug/vote/plug.xml?path=//proc/2470499/root/usr/share/locale/li/LC_MESSAGES HTTP/1.1" 200 2711 "http://www.rgardensoap.com/plug/vote/plug.xml?path=//proc/2470499/root/usr/share/locale/li" "Mozilla/5.0 AppleWebKit/537.36 (KHTML, like Gecko; compatible; GPTBot/1.3; +https://openai.com/gptbot)" 457 **0/457586**
74.7.227.150 - - [10/Mar/2026:22:49:36 -0700] "GET /blog/?path=//opt/alt/php80/link HTTP/1.1" 200 2550 "http://rgardensoap.com/blog/?path=//opt/alt/php80" "Mozilla/5.0 AppleWebKit/537.36 (KHTML, like Gecko; compatible; GPTBot/1.3; +https://openai.com/gptbot)" 454 **0/454279**
74.7.227.35 - - [10/Mar/2026:22:49:36 -0700] "GET /?path=//opt/alt/tests/alt-php70-pecl-http_3.3.0-1.el8/tests/data HTTP/1.1" 200 2870 "http://mail.rgardensoap.com/?path=//opt/alt/tests/alt-php70-pecl-http_3.3.0-1.el8/tests" "Mozilla/5.0 AppleWebKit/537.36 (KHTML, like Gecko; compatible; GPTBot/1.3; +https://openai.com/gptbot)" 474 **0/474061**
74.7.241.54 - - [10/Mar/2026:22:49:37 -0700] "GET /plug/vote/plug.xml?path=//proc/2470499/root/usr/share/locale/ln/LC_MESSAGES HTTP/1.1" 200 2376 "http://www.rgardensoap.com/plug/vote/plug.xml?path=//proc/2470499/root/usr/share/locale/ln" "Mozilla/5.0 AppleWebKit/537.36 (KHTML, like Gecko; compatible; GPTBot/1.3; +https://openai.com/gptbot)" 537 **0/537590**
74.7.227.150 - - [10/Mar/2026:22:49:37 -0700] "GET /blog/?path=//opt/alt/php84/usr HTTP/1.1" 200 2662 "http://rgardensoap.com/blog/?path=//opt/alt/php84" "Mozilla/5.0 AppleWebKit/537.36 (KHTML, like Gecko; compatible; GPTBot/1.3; +https://openai.com/gptbot)" 473 **0/473318**
74.7.227.35 - - [10/Mar/2026:22:49:37 -0700] "GET /?path=//opt/alt/tests/alt-php81-pecl-http_4.2.6-4.el8/tests/data HTTP/1.1" 200 2870 "http://mail.rgardensoap.com/?path=//opt/alt/tests/alt-php81-pecl-http_4.2.6-4.el8/tests" "Mozilla/5.0 AppleWebKit/537.36 (KHTML, like Gecko; compatible; GPTBot/1.3; +https://openai.com/gptbot)" 472 **0/472295**
74.7.241.54 - - [10/Mar/2026:22:49:37 -0700] "GET /plug/vote/plug.xml?path=//proc/2470499/root/usr/share/locale/fr/LC_MESSAGES HTTP/1.1" 200 5130 "http://www.rgardensoap.com/plug/vote/plug.xml?path=//proc/2470499/root/usr/share/locale/fr" "Mozilla/5.0 AppleWebKit/537.36 (KHTML, like Gecko; compatible; GPTBot/1.3; +https://openai.com/gptbot)" 473 **0/473578**
74.7.227.150 - - [10/Mar/2026:22:49:37 -0700] "GET /blog/?path=//opt/alt/php54/var HTTP/1.1" 200 2613 "http://rgardensoap.com/blog/?path=//opt/alt/php54" "Mozilla/5.0 AppleWebKit/537.36 (KHTML, like Gecko; compatible; GPTBot/1.3; +https://openai.com/gptbot)" 466 **0/466792**
74.7.227.35 - - [10/Mar/2026:22:49:38 -0700] "GET /?path=//opt/alt/tests/alt-php83-geos_1.0.0-1.dfe1ab17b0.el8 HTTP/1.1" 200 2585 "http://mail.rgardensoap.com/?path=//opt/alt/tests" "Mozilla/5.0 AppleWebKit/537.36 (KHTML, like Gecko; compatible; GPTBot/1.3; +https://openai.com/gptbot)" 584 **0/584056**
74.7.241.54 - - [10/Mar/2026:22:49:38 -0700] "GET /plug/vote/plug.xml?path=//proc/2470499/root/usr/share/locale/rw/LC_MESSAGES HTTP/1.1" 200 2996 "http://www.rgardensoap.com/plug/vote/plug.xml?path=//proc/2470499/root/usr/share/locale/rw" "Mozilla/5.0 AppleWebKit/537.36 (KHTML, like Gecko; compatible; GPTBot/1.3; +https://openai.com/gptbot)" 470 **0/470553**
74.7.227.150 - - [10/Mar/2026:22:49:38 -0700] "GET /blog/?path=//opt/alt/php70/etc HTTP/1.1" 200 3183 "http://rgardensoap.com/blog/?path=//opt/alt/php70" "Mozilla/5.0 AppleWebKit/537.36 (KHTML, like Gecko; compatible; GPTBot/1.3; +https://openai.com/gptbot)" 449 **0/449367**
74.7.227.35 - - [10/Mar/2026:22:49:38 -0700] "GET /?fileloc=//opt/alt/tests/alt-php81-pecl-msgpack_2.2.0-1.el8/tests/015b.phpt&path=//opt/alt/tests/alt-php81-pecl-msgpack_2.2.0-1.el8/tests HTTP/1.1" 200 2794 "http://mail.rgardensoap.com/?path=//opt/alt/tests/alt-php81-pecl-msgpack_2.2.0-1.el8/tests" "Mozilla/5.0 AppleWebKit/537.36 (KHTML, like Gecko; compatible; GPTBot/1.3; +https://openai.com/gptbot)" 469 **0/469090**
74.7.241.54 - - [10/Mar/2026:22:49:39 -0700] "GET /plug/vote/plug.xml?path=//proc/2470499/root/usr/share/locale/pi/LC_MESSAGES HTTP/1.1" 200 2375 "http://www.rgardensoap.com/plug/vote/plug.xml?path=//proc/2470499/root/usr/share/locale/pi" "Mozilla/5.0 AppleWebKit/537.36 (KHTML, like Gecko; compatible; GPTBot/1.3; +https://openai.com/gptbot)" 459 **0/459686**
74.7.227.150 - - [10/Mar/2026:22:49:39 -0700] "GET /blog/?path=//opt/alt/php81/var HTTP/1.1" 200 2613 "http://rgardensoap.com/blog/?path=//opt/alt/php81" "Mozilla/5.0 AppleWebKit/537.36 (KHTML, like Gecko; compatible; GPTBot/1.3; +https://openai.com/gptbot)" 452 **0/452427**
74.7.227.35 - - [10/Mar/2026:22:49:39 -0700] "GET /?path=//opt/alt/tests/alt-php73-geos_1.0.0-1.dfe1ab17b0.el8 HTTP/1.1" 200 2585 "http://mail.rgardensoap.com/?path=//opt/alt/tests" "Mozilla/5.0 AppleWebKit/537.36 (KHTML, like Gecko; compatible; GPTBot/1.3; +https://openai.com/gptbot)" 476 **0/476597**
74.7.241.54 - - [10/Mar/2026:22:49:39 -0700] "GET /plug/vote/plug.xml?path=//proc/2470499/root/usr/share/locale/lb/LC_MESSAGES HTTP/1.1" 200 2376 "http://www.rgardensoap.com/plug/vote/plug.xml?path=//proc/2470499/root/usr/share/locale/lb" "Mozilla/5.0 AppleWebKit/537.36 (KHTML, like Gecko; compatible; GPTBot/1.3; +https://openai.com/gptbot)" 461 **0/461272**
74.7.227.150 - - [10/Mar/2026:22:49:39 -0700] "GET /blog/?path=//opt/alt/php54/link HTTP/1.1" 200 2550 "http://rgardensoap.com/blog/?path=//opt/alt/php54" "Mozilla/5.0 AppleWebKit/537.36 (KHTML, like Gecko; compatible; GPTBot/1.3; +https://openai.com/gptbot)" 474 **0/474673**
74.7.227.35 - - [10/Mar/2026:22:49:40 -0700] "GET /?path=//opt/alt/tests/alt-php74-geos_1.0.0-1.dfe1ab17b0.el8 HTTP/1.1" 200 2585 "http://mail.rgardensoap.com/?path=//opt/alt/tests" "Mozilla/5.0 AppleWebKit/537.36 (KHTML, like Gecko; compatible; GPTBot/1.3; +https://openai.com/gptbot)" 457 **0/457508**
74.7.241.54 - - [10/Mar/2026:22:49:40 -0700] "GET /plug/vote/plug.xml?path=//proc/2470499/root/usr/share/locale/kl/LC_MESSAGES HTTP/1.1" 200 2376 "http://www.rgardensoap.com/plug/vote/plug.xml?path=//proc/2470499/root/usr/share/locale/kl" "Mozilla/5.0 AppleWebKit/537.36 (KHTML, like Gecko; compatible; GPTBot/1.3; +https://openai.com/gptbot)" 454 **0/454727**
74.7.227.150 - - [10/Mar/2026:22:49:40 -0700] "GET /blog/?path=//opt/alt/php72/link HTTP/1.1" 200 2550 "http://rgardensoap.com/blog/?path=//opt/alt/php72" "Mozilla/5.0 AppleWebKit/537.36 (KHTML, like Gecko; compatible; GPTBot/1.3; +https://openai.com/gptbot)" 466 **0/466019**
74.7.241.54 - - [10/Mar/2026:22:49:40 -0700] "GET /plug/vote/plug.xml?fileloc=//proc/2470499/cwd/lib64/apache2/modules/mod_security2.so&path=//proc/2470499/cwd/lib64/apache2/modules HTTP/1.1" 200 2305 "http://www.rgardensoap.com/plug/vote/plug.xml?path=//proc/2470499/cwd/lib64/apache2/modules" "Mozilla/5.0 AppleWebKit/537.36 (KHTML, like Gecko; compatible; GPTBot/1.3; +https://openai.com/gptbot)" 465 **0/465109**
74.7.227.35 - - [10/Mar/2026:22:49:40 -0700] "GET /?path=//opt/alt/tests/alt-php82-geos_1.0.0-1.dfe1ab17b0.el8 HTTP/1.1" 200 2585 "http://mail.rgardensoap.com/?path=//opt/alt/tests" "Mozilla/5.0 AppleWebKit/537.36 (KHTML, like Gecko; compatible; GPTBot/1.3; +https://openai.com/gptbot)" 564 **0/564045**
74.7.227.150 - - [10/Mar/2026:22:49:41 -0700] "GET /blog/?path=//opt/alt/php56/link HTTP/1.1" 200 2550 "http://rgardensoap.com/blog/?path=//opt/alt/php56" "Mozilla/5.0 AppleWebKit/537.36 (KHTML, like Gecko; compatible; GPTBot/1.3; +https://openai.com/gptbot)" 455 **0/455642**
74.7.227.35 - - [10/Mar/2026:22:49:41 -0700] "GET /?path=//opt/alt/tests/alt-php84-geos_1.0.0-1.dfe1ab17b0.el8 HTTP/1.1" 200 2585 "http://mail.rgardensoap.com/?path=//opt/alt/tests" "Mozilla/5.0 AppleWebKit/537.36 (KHTML, like Gecko; compatible; GPTBot/1.3; +https://openai.com/gptbot)" 467 **0/467344**
74.7.241.54 - - [10/Mar/2026:22:49:41 -0700] "GET /plug/vote/plug.xml?fileloc=//proc/2470499/root/usr/share/locale/nl/LC_MESSAGES/parted.mo&path=//proc/2470499/root/usr/share/locale/nl/LC_MESSAGES HTTP/1.1" 200 2328 "http://www.rgardensoap.com/plug/vote/plug.xml?path=//proc/2470499/root/usr/share/locale/nl/LC_MESSAGES" "Mozilla/5.0 AppleWebKit/537.36 (KHTML, like Gecko; compatible; GPTBot/1.3; +https://openai.com/gptbot)" 477 **0/477069**
74.7.227.150 - - [10/Mar/2026:22:49:41 -0700] "GET /blog/?path=//opt/alt/php54/etc HTTP/1.1" 200 3146 "http://rgardensoap.com/blog/?path=//opt/alt/php54" "Mozilla/5.0 AppleWebKit/537.36 (KHTML, like Gecko; compatible; GPTBot/1.3; +https://openai.com/gptbot)" 456 **0/456423**
74.7.227.35 - - [10/Mar/2026:22:49:42 -0700] "GET /?path=//opt/alt/tests/alt-php72-geos_1.0.0-1.dfe1ab17b0.el8 HTTP/1.1" 200 2585 "http://mail.rgardensoap.com/?path=//opt/alt/tests" "Mozilla/5.0 AppleWebKit/537.36 (KHTML, like Gecko; compatible; GPTBot/1.3; +https://openai.com/gptbot)" 449 **0/449235**
74.7.241.54 - - [10/Mar/2026:22:49:42 -0700] "GET /plug/vote/plug.xml?fileloc=//proc/2470499/root/usr/share/locale/nl/LC_MESSAGES/libuser.mo&path=//proc/2470499/root/usr/share/locale/nl/LC_MESSAGES HTTP/1.1" 200 2330 "http://www.rgardensoap.com/plug/vote/plug.xml?path=//proc/2470499/root/usr/share/locale/nl/LC_MESSAGES" "Mozilla/5.0 AppleWebKit/537.36 (KHTML, like Gecko; compatible; GPTBot/1.3; +https://openai.com/gptbot)" 458 **0/458416**
74.7.227.150 - - [10/Mar/2026:22:49:42 -0700] "GET /blog/?path=//opt/alt/php82/usr HTTP/1.1" 200 2662 "http://rgardensoap.com/blog/?path=//opt/alt/php82" "Mozilla/5.0 AppleWebKit/537.36 (KHTML, like Gecko; compatible; GPTBot/1.3; +https://openai.com/gptbot)" 454 **0/454344**
74.7.227.35 - - [10/Mar/2026:22:49:42 -0700] "GET /?path=//lib64/perl5/Tie HTTP/1.1" 200 2555 "http://mail.rgardensoap.com/?path=//lib64/perl5" "Mozilla/5.0 AppleWebKit/537.36 (KHTML, like Gecko; compatible; GPTBot/1.3; +https://openai.com/gptbot)" 457 **0/457297**
74.7.241.54 - - [10/Mar/2026:22:49:42 -0700] "GET /plug/vote/plug.xml?fileloc=//proc/2470499/root/usr/share/locale/nl/LC_MESSAGES/usermode.mo&path=//proc/2470499/root/usr/share/locale/nl/LC_MESSAGES HTTP/1.1" 200 2330 "http://www.rgardensoap.com/plug/vote/plug.xml?path=//proc/2470499/root/usr/share/locale/nl/LC_MESSAGES" "Mozilla/5.0 AppleWebKit/537.36 (KHTML, like Gecko; compatible; GPTBot/1.3; +https://openai.com/gptbot)" 464 **0/464747**
74.7.227.150 - - [10/Mar/2026:22:49:42 -0700] "GET /blog/?path=//opt/alt/php84/link HTTP/1.1" 200 2550 "http://rgardensoap.com/blog/?path=//opt/alt/php84" "Mozilla/5.0 AppleWebKit/537.36 (KHTML, like Gecko; compatible; GPTBot/1.3; +https://openai.com/gptbot)" 445 **0/445159**
74.7.227.35 - - [10/Mar/2026:22:49:43 -0700] "GET /?path=//opt/alt/ruby26/lib64/ruby/gems/2.6.0/specifications HTTP/1.1" 200 2607 "http://mail.rgardensoap.com/?path=//opt/alt/ruby26/lib64/ruby/gems/2.6.0" "Mozilla/5.0 AppleWebKit/537.36 (KHTML, like Gecko; compatible; GPTBot/1.3; +https://openai.com/gptbot)" 478 **0/478062**
74.7.241.54 - - [10/Mar/2026:22:49:43 -0700] "GET /plug/vote/plug.xml?fileloc=//proc/2470499/root/usr/share/locale/nl/LC_MESSAGES/gettext-tools.mo&path=//proc/2470499/root/usr/share/locale/nl/LC_MESSAGES HTTP/1.1" 200 2332 "http://www.rgardensoap.com/plug/vote/plug.xml?path=//proc/2470499/root/usr/share/locale/nl/LC_MESSAGES" "Mozilla/5.0 AppleWebKit/537.36 (KHTML, like Gecko; compatible; GPTBot/1.3; +https://openai.com/gptbot)" 468 **0/468590**
74.7.227.150 - - [10/Mar/2026:22:49:43 -0700] "GET /blog/?path=//opt/alt/php82/etc HTTP/1.1" 200 3184 "http://rgardensoap.com/blog/?path=//opt/alt/php82" "Mozilla/5.0 AppleWebKit/537.36 (KHTML, like Gecko; compatible; GPTBot/1.3; +https://openai.com/gptbot)" 453 **0/453399**
74.7.227.35 - - [10/Mar/2026:22:49:43 -0700] "GET /?path=//lib64/guile/2.0/ccache/system/repl HTTP/1.1" 200 2800 "http://mail.rgardensoap.com/?path=//lib64/guile/2.0/ccache/system" "Mozilla/5.0 AppleWebKit/537.36 (KHTML, like Gecko; compatible; GPTBot/1.3; +https://openai.com/gptbot)" 443 **0/443724**
74.7.241.54 - - [10/Mar/2026:22:49:44 -0700] "GET /plug/vote/plug.xml?fileloc=//proc/2470499/root/usr/share/locale/nl/LC_MESSAGES/sysstat.mo&path=//proc/2470499/root/usr/share/locale/nl/LC_MESSAGES HTTP/1.1" 200 2330 "http://www.rgardensoap.com/plug/vote/plug.xml?path=//proc/2470499/root/usr/share/locale/nl/LC_MESSAGES" "Mozilla/5.0 AppleWebKit/537.36 (KHTML, like Gecko; compatible; GPTBot/1.3; +https://openai.com/gptbot)" 472 **0/472004**
