74.7.227.150 - - [10/Mar/2026:22:32:40 -0700] "GET /blog/?path=//lib64/tls HTTP/1.1" 200 2305 "http://rgardensoap.com/blog/?path=//lib64" "Mozilla/5.0 AppleWebKit/537.36 (KHTML, like Gecko; compatible; GPTBot/1.3; +https://openai.com/gptbot)" 496 **0/496257**
74.7.227.35 - - [10/Mar/2026:22:32:40 -0700] "GET /?fileloc=//lib64/libtdsS.so.2&path=//lib64 HTTP/1.1" 200 2249 "http://mail.rgardensoap.com/?path=//lib64" "Mozilla/5.0 AppleWebKit/537.36 (KHTML, like Gecko; compatible; GPTBot/1.3; +https://openai.com/gptbot)" 456 **0/456357**
74.7.241.54 - - [10/Mar/2026:22:32:40 -0700] "GET /plug/vote/plug.xml?path=/home/p8pyefaexf70/public_html/wp-includes/blocks/accordion-panel HTTP/1.1" 200 2725 "http://www.rgardensoap.com/plug/vote/plug.xml?path=/home/p8pyefaexf70/public_html/wp-includes/blocks" "Mozilla/5.0 AppleWebKit/537.36 (KHTML, like Gecko; compatible; GPTBot/1.3; +https://openai.com/gptbot)" 452 **0/452787**
74.7.227.150 - - [10/Mar/2026:22:32:40 -0700] "GET /blog/?path=//lib64/gio HTTP/1.1" 200 2545 "http://rgardensoap.com/blog/?path=//lib64" "Mozilla/5.0 AppleWebKit/537.36 (KHTML, like Gecko; compatible; GPTBot/1.3; +https://openai.com/gptbot)" 531 **0/531766**
74.7.241.54 - - [10/Mar/2026:22:32:40 -0700] "GET /plug/vote/plug.xml?fileloc=/home/p8pyefaexf70/public_html/wp-includes/wp-diff.php&path=/home/p8pyefaexf70/public_html/wp-includes HTTP/1.1" 200 2568 "http://www.rgardensoap.com/plug/vote/plug.xml?path=/home/p8pyefaexf70/public_html/wp-includes" "Mozilla/5.0 AppleWebKit/537.36 (KHTML, like Gecko; compatible; GPTBot/1.3; +https://openai.com/gptbot)" 493 **0/493920**
74.7.227.35 - - [10/Mar/2026:22:32:40 -0700] "GET /?fileloc=//lib64/libGL.so.1&path=//lib64 HTTP/1.1" 200 2248 "http://mail.rgardensoap.com/?path=//lib64" "Mozilla/5.0 AppleWebKit/537.36 (KHTML, like Gecko; compatible; GPTBot/1.3; +https://openai.com/gptbot)" 556 **0/556308**
74.7.241.54 - - [10/Mar/2026:22:32:41 -0700] "GET /plug/vote/plug.xml?fileloc=/home/p8pyefaexf70/public_html/wp-includes/js/dist/private-apis.js&path=/home/p8pyefaexf70/public_html/wp-includes/js/dist HTTP/1.1" 200 3803 "http://www.rgardensoap.com/plug/vote/plug.xml?path=/home/p8pyefaexf70/public_html/wp-includes/js/dist" "Mozilla/5.0 AppleWebKit/537.36 (KHTML, like Gecko; compatible; GPTBot/1.3; +https://openai.com/gptbot)" 298 **0/298776**
74.7.227.150 - - [10/Mar/2026:22:32:41 -0700] "GET /blog/?path=//lib/sse2 HTTP/1.1" 200 2304 "http://rgardensoap.com/blog/?path=//lib" "Mozilla/5.0 AppleWebKit/537.36 (KHTML, like Gecko; compatible; GPTBot/1.3; +https://openai.com/gptbot)" 586 **0/586945**
74.7.227.35 - - [10/Mar/2026:22:32:41 -0700] "GET /?fileloc=//lib64/libdnf.so.2&path=//lib64 HTTP/1.1" 200 2250 "http://mail.rgardensoap.com/?path=//lib64" "Mozilla/5.0 AppleWebKit/537.36 (KHTML, like Gecko; compatible; GPTBot/1.3; +https://openai.com/gptbot)" 513 **0/513391**
74.7.241.54 - - [10/Mar/2026:22:32:42 -0700] "GET /plug/vote/plug.xml?fileloc=/home/p8pyefaexf70/public_html/wp-includes/js/dist/private-apis.min.js&path=/home/p8pyefaexf70/public_html/wp-includes/js/dist HTTP/1.1" 200 3248 "http://www.rgardensoap.com/plug/vote/plug.xml?path=/home/p8pyefaexf70/public_html/wp-includes/js/dist" "Mozilla/5.0 AppleWebKit/537.36 (KHTML, like Gecko; compatible; GPTBot/1.3; +https://openai.com/gptbot)" 332 **0/332057**
74.7.227.150 - - [10/Mar/2026:22:32:42 -0700] "GET /blog/?path=//lib64/tk8.6 HTTP/1.1" 200 2570 "http://rgardensoap.com/blog/?path=//lib64" "Mozilla/5.0 AppleWebKit/537.36 (KHTML, like Gecko; compatible; GPTBot/1.3; +https://openai.com/gptbot)" 524 **0/524399**
74.7.227.35 - - [10/Mar/2026:22:32:42 -0700] "GET /?fileloc=//lib64/libglut.so.3&path=//lib64 HTTP/1.1" 200 2251 "http://mail.rgardensoap.com/?path=//lib64" "Mozilla/5.0 AppleWebKit/537.36 (KHTML, like Gecko; compatible; GPTBot/1.3; +https://openai.com/gptbot)" 491 **0/491836**
74.7.241.54 - - [10/Mar/2026:22:32:42 -0700] "GET /plug/vote/plug.xml?fileloc=/home/p8pyefaexf70/public_html/wp-includes/blocks/comments-pagination.php&path=/home/p8pyefaexf70/public_html/wp-includes/blocks HTTP/1.1" 200 2753 "http://www.rgardensoap.com/plug/vote/plug.xml?path=/home/p8pyefaexf70/public_html/wp-includes/blocks" "Mozilla/5.0 AppleWebKit/537.36 (KHTML, like Gecko; compatible; GPTBot/1.3; +https://openai.com/gptbot)" 489 **0/489537**
74.7.227.150 - - [10/Mar/2026:22:32:42 -0700] "GET /blog?path=//lib64/perl5 HTTP/1.1" 200 4001 "http://rgardensoap.com/blog?path=//lib64" "Mozilla/5.0 AppleWebKit/537.36 (KHTML, like Gecko; compatible; GPTBot/1.3; +https://openai.com/gptbot)" 487 **0/487445**
74.7.227.35 - - [10/Mar/2026:22:32:42 -0700] "GET /?fileloc=//lib64/libjson-c.so&path=//lib64 HTTP/1.1" 200 2249 "http://mail.rgardensoap.com/?path=//lib64" "Mozilla/5.0 AppleWebKit/537.36 (KHTML, like Gecko; compatible; GPTBot/1.3; +https://openai.com/gptbot)" 468 **0/468145**
74.7.241.54 - - [10/Mar/2026:22:32:43 -0700] "GET /plug/vote/plug.xml?fileloc=/home/p8pyefaexf70/public_html/wp-includes/blocks/comments-pagination-numbers.php&path=/home/p8pyefaexf70/public_html/wp-includes/blocks HTTP/1.1" 200 2885 "http://www.rgardensoap.com/plug/vote/plug.xml?path=/home/p8pyefaexf70/public_html/wp-includes/blocks" "Mozilla/5.0 AppleWebKit/537.36 (KHTML, like Gecko; compatible; GPTBot/1.3; +https://openai.com/gptbot)" 572 **0/572687**
74.7.227.150 - - [10/Mar/2026:22:32:43 -0700] "GET /wp?path=//tmp HTTP/1.1" 200 2581 "http://rgardensoap.com/wp?path=/" "Mozilla/5.0 AppleWebKit/537.36 (KHTML, like Gecko; compatible; GPTBot/1.3; +https://openai.com/gptbot)" 512 **0/512768**
74.7.227.35 - - [10/Mar/2026:22:32:43 -0700] "GET /?fileloc=//lib64/libcord.so.1&path=//lib64 HTTP/1.1" 200 2250 "http://mail.rgardensoap.com/?path=//lib64" "Mozilla/5.0 AppleWebKit/537.36 (KHTML, like Gecko; compatible; GPTBot/1.3; +https://openai.com/gptbot)" 509 **0/509552**
74.7.241.54 - - [10/Mar/2026:22:32:43 -0700] "GET /plug/vote/plug.xml?fileloc=/home/p8pyefaexf70/public_html/wp-includes/blocks/comments-pagination-previous.php&path=/home/p8pyefaexf70/public_html/wp-includes/blocks HTTP/1.1" 200 2850 "http://www.rgardensoap.com/plug/vote/plug.xml?path=/home/p8pyefaexf70/public_html/wp-includes/blocks" "Mozilla/5.0 AppleWebKit/537.36 (KHTML, like Gecko; compatible; GPTBot/1.3; +https://openai.com/gptbot)" 494 **0/494849**
74.7.227.150 - - [10/Mar/2026:22:32:43 -0700] "GET /blog/?path=//opt/alt/python35 HTTP/1.1" 200 2673 "http://rgardensoap.com/blog/?path=//opt/alt" "Mozilla/5.0 AppleWebKit/537.36 (KHTML, like Gecko; compatible; GPTBot/1.3; +https://openai.com/gptbot)" 572 **0/572077**
74.7.227.35 - - [10/Mar/2026:22:32:43 -0700] "GET /?fileloc=//lib64/libtidy.so.5&path=//lib64 HTTP/1.1" 200 2251 "http://mail.rgardensoap.com/?path=//lib64" "Mozilla/5.0 AppleWebKit/537.36 (KHTML, like Gecko; compatible; GPTBot/1.3; +https://openai.com/gptbot)" 555 **0/555111**
74.7.241.54 - - [10/Mar/2026:22:32:44 -0700] "GET /plug/vote/plug.xml?path=/home/p8pyefaexf70/public_html/wp-includes/php-compat HTTP/1.1" 200 2655 "http://www.rgardensoap.com/plug/vote/plug.xml?path=/home/p8pyefaexf70/public_html/wp-includes" "Mozilla/5.0 AppleWebKit/537.36 (KHTML, like Gecko; compatible; GPTBot/1.3; +https://openai.com/gptbot)" 641 **0/641904**
74.7.227.150 - - [10/Mar/2026:22:32:44 -0700] "GET /wp?path=//opt HTTP/1.1" 200 2783 "http://rgardensoap.com/wp?path=/" "Mozilla/5.0 AppleWebKit/537.36 (KHTML, like Gecko; compatible; GPTBot/1.3; +https://openai.com/gptbot)" 525 **0/525376**
74.7.227.35 - - [10/Mar/2026:22:32:44 -0700] "GET /?fileloc=//lib64/librpm.so.8&path=//lib64 HTTP/1.1" 200 2250 "http://mail.rgardensoap.com/?path=//lib64" "Mozilla/5.0 AppleWebKit/537.36 (KHTML, like Gecko; compatible; GPTBot/1.3; +https://openai.com/gptbot)" 619 **0/619674**
74.7.241.54 - - [10/Mar/2026:22:32:45 -0700] "GET /healthyskin/fight-for-your-health?fileloc=/home/p8pyefaexf70/public_html/wp-admin/admin-post.php&path=/home/p8pyefaexf70/public_html/wp-admin HTTP/1.1" 200 2943 "http://www.rgardensoap.com/healthyskin/fight-for-your-health?path=/home/p8pyefaexf70/public_html/wp-admin" "Mozilla/5.0 AppleWebKit/537.36 (KHTML, like Gecko; compatible; GPTBot/1.3; +https://openai.com/gptbot)" 475 **0/475938**
74.7.227.150 - - [10/Mar/2026:22:32:45 -0700] "GET /blog/?fileloc=//bin/mysqldump&path=//bin HTTP/1.1" 200 2249 "http://rgardensoap.com/blog/?path=//bin" "Mozilla/5.0 AppleWebKit/537.36 (KHTML, like Gecko; compatible; GPTBot/1.3; +https://openai.com/gptbot)" 609 **0/609430**
74.7.227.35 - - [10/Mar/2026:22:32:45 -0700] "GET /?fileloc=//lib64/libgdbm.so.6&path=//lib64 HTTP/1.1" 200 2251 "http://mail.rgardensoap.com/?path=//lib64" "Mozilla/5.0 AppleWebKit/537.36 (KHTML, like Gecko; compatible; GPTBot/1.3; +https://openai.com/gptbot)" 530 **0/530245**
74.7.241.54 - - [10/Mar/2026:22:32:45 -0700] "GET /fizzy-bath-bombs.html?path=/ HTTP/1.1" 200 2903 "http://www.rgardensoap.com/fizzy-bath-bombs.html" "Mozilla/5.0 AppleWebKit/537.36 (KHTML, like Gecko; compatible; GPTBot/1.3; +https://openai.com/gptbot)" 485 **0/485836**
74.7.227.150 - - [10/Mar/2026:22:32:46 -0700] "GET /blog?path=//var/php/apm HTTP/1.1" 200 2548 "http://rgardensoap.com/blog?path=//var/php" "Mozilla/5.0 AppleWebKit/537.36 (KHTML, like Gecko; compatible; GPTBot/1.3; +https://openai.com/gptbot)" 563 **0/563242**
74.7.227.35 - - [10/Mar/2026:22:32:46 -0700] "GET /?fileloc=//lib64/librrd.so.8&path=//lib64 HTTP/1.1" 200 2249 "http://mail.rgardensoap.com/?path=//lib64" "Mozilla/5.0 AppleWebKit/537.36 (KHTML, like Gecko; compatible; GPTBot/1.3; +https://openai.com/gptbot)" 517 **0/517917**
74.7.241.54 - - [10/Mar/2026:22:32:46 -0700] "GET /plug/vote/plug.xml?fileloc=//sbin/tsig-keygen&path=//sbin HTTP/1.1" 200 2250 "http://www.rgardensoap.com/plug/vote/plug.xml?path=//sbin" "Mozilla/5.0 AppleWebKit/537.36 (KHTML, like Gecko; compatible; GPTBot/1.3; +https://openai.com/gptbot)" 517 **0/517198**
74.7.227.150 - - [10/Mar/2026:22:32:46 -0700] "GET /blog?path=//lib64/sasl2 HTTP/1.1" 200 2697 "http://rgardensoap.com/blog?path=//lib64" "Mozilla/5.0 AppleWebKit/537.36 (KHTML, like Gecko; compatible; GPTBot/1.3; +https://openai.com/gptbot)" 478 **0/478199**
74.7.227.35 - - [10/Mar/2026:22:32:46 -0700] "GET /?fileloc=//lib64/libmvec.so.1&path=//lib64 HTTP/1.1" 200 2251 "http://mail.rgardensoap.com/?path=//lib64" "Mozilla/5.0 AppleWebKit/537.36 (KHTML, like Gecko; compatible; GPTBot/1.3; +https://openai.com/gptbot)" 509 **0/509558**
74.7.241.54 - - [10/Mar/2026:22:32:47 -0700] "GET /plug/vote/plug.xml?fileloc=//sbin/dnssec-signzone&path=//sbin HTTP/1.1" 200 2252 "http://www.rgardensoap.com/plug/vote/plug.xml?path=//sbin" "Mozilla/5.0 AppleWebKit/537.36 (KHTML, like Gecko; compatible; GPTBot/1.3; +https://openai.com/gptbot)" 521 **0/521302**
74.7.227.150 - - [10/Mar/2026:22:32:47 -0700] "GET /wp?path=//var HTTP/1.1" 200 2828 "http://rgardensoap.com/wp?path=/" "Mozilla/5.0 AppleWebKit/537.36 (KHTML, like Gecko; compatible; GPTBot/1.3; +https://openai.com/gptbot)" 530 **0/530379**
74.7.227.35 - - [10/Mar/2026:22:32:47 -0700] "GET /?fileloc=//lib64/libcriu.so.1&path=//lib64 HTTP/1.1" 200 2250 "http://mail.rgardensoap.com/?path=//lib64" "Mozilla/5.0 AppleWebKit/537.36 (KHTML, like Gecko; compatible; GPTBot/1.3; +https://openai.com/gptbot)" 523 **0/523557**
74.7.241.54 - - [10/Mar/2026:22:32:47 -0700] "GET /plug/vote/plug.xml?fileloc=//sbin/ddns-confgen&path=//sbin HTTP/1.1" 200 2250 "http://www.rgardensoap.com/plug/vote/plug.xml?path=//sbin" "Mozilla/5.0 AppleWebKit/537.36 (KHTML, like Gecko; compatible; GPTBot/1.3; +https://openai.com/gptbot)" 524 **0/524002**
74.7.227.150 - - [10/Mar/2026:22:32:48 -0700] "GET /wp?path=//etc HTTP/1.1" 200 4596 "http://rgardensoap.com/wp?path=/" "Mozilla/5.0 AppleWebKit/537.36 (KHTML, like Gecko; compatible; GPTBot/1.3; +https://openai.com/gptbot)" 512 **0/512061**
74.7.227.35 - - [10/Mar/2026:22:32:48 -0700] "GET /?fileloc=//lib64/libhwy.so.1&path=//lib64 HTTP/1.1" 200 2251 "http://mail.rgardensoap.com/?path=//lib64" "Mozilla/5.0 AppleWebKit/537.36 (KHTML, like Gecko; compatible; GPTBot/1.3; +https://openai.com/gptbot)" 494 **0/494091**
74.7.241.54 - - [10/Mar/2026:22:32:48 -0700] "GET /plug/vote/plug.xml?fileloc=//sbin/dnssec-checkds&path=//sbin HTTP/1.1" 200 2662 "http://www.rgardensoap.com/plug/vote/plug.xml?path=//sbin" "Mozilla/5.0 AppleWebKit/537.36 (KHTML, like Gecko; compatible; GPTBot/1.3; +https://openai.com/gptbot)" 504 **0/504256**
74.7.227.150 - - [10/Mar/2026:22:32:48 -0700] "GET /blog/?path=//lib/motd.d HTTP/1.1" 200 2305 "http://rgardensoap.com/blog/?path=//lib" "Mozilla/5.0 AppleWebKit/537.36 (KHTML, like Gecko; compatible; GPTBot/1.3; +https://openai.com/gptbot)" 499 **0/499363**
74.7.227.35 - - [10/Mar/2026:22:32:48 -0700] "GET /?fileloc=//lib64/libmenu.so.6&path=//lib64 HTTP/1.1" 200 2250 "http://mail.rgardensoap.com/?path=//lib64" "Mozilla/5.0 AppleWebKit/537.36 (KHTML, like Gecko; compatible; GPTBot/1.3; +https://openai.com/gptbot)" 630 **0/630939**
74.7.241.54 - - [10/Mar/2026:22:32:49 -0700] "GET /plug/vote/plug.xml?fileloc=//sbin/ip&path=//sbin HTTP/1.1" 200 2242 "http://www.rgardensoap.com/plug/vote/plug.xml?path=//sbin" "Mozilla/5.0 AppleWebKit/537.36 (KHTML, like Gecko; compatible; GPTBot/1.3; +https://openai.com/gptbot)" 480 **0/480399**
74.7.227.150 - - [10/Mar/2026:22:32:49 -0700] "GET /wp?path=//lib64 HTTP/1.1" 200 33809 "http://rgardensoap.com/wp?path=/" "Mozilla/5.0 AppleWebKit/537.36 (KHTML, like Gecko; compatible; GPTBot/1.3; +https://openai.com/gptbot)" 563 **0/563402**
74.7.227.35 - - [10/Mar/2026:22:32:49 -0700] "GET /?fileloc=//lib64/libestr.so.0&path=//lib64 HTTP/1.1" 200 2251 "http://mail.rgardensoap.com/?path=//lib64" "Mozilla/5.0 AppleWebKit/537.36 (KHTML, like Gecko; compatible; GPTBot/1.3; +https://openai.com/gptbot)" 512 **0/512744**
74.7.241.54 - - [10/Mar/2026:22:32:49 -0700] "GET /plug/vote/plug.xml?fileloc=//proc/fb&path=//proc HTTP/1.1" 200 2242 "http://www.rgardensoap.com/plug/vote/plug.xml?path=//proc" "Mozilla/5.0 AppleWebKit/537.36 (KHTML, like Gecko; compatible; GPTBot/1.3; +https://openai.com/gptbot)" 471 **0/471233**
74.7.241.54 - - [10/Mar/2026:22:32:50 -0700] "GET /plug/vote/plug.xml?fileloc=/home/p8pyefaexf70/public_html/wp-includes/blocks/comments-pagination/editor-rtl.min.css&path=/home/p8pyefaexf70/public_html/wp-includes/blocks/comments-pagination HTTP/1.1" 200 2396 "http://www.rgardensoap.com/plug/vote/plug.xml?path=/home/p8pyefaexf70/public_html/wp-includes/blocks/comments-pagination" "Mozilla/5.0 AppleWebKit/537.36 (KHTML, like Gecko; compatible; GPTBot/1.3; +https://openai.com/gptbot)" 256 **0/256243**
74.7.227.150 - - [10/Mar/2026:22:32:50 -0700] "GET /wp?path=//sbin HTTP/1.1" 200 3987 "http://rgardensoap.com/wp?path=/" "Mozilla/5.0 AppleWebKit/537.36 (KHTML, like Gecko; compatible; GPTBot/1.3; +https://openai.com/gptbot)" 544 **0/544376**
74.7.227.35 - - [10/Mar/2026:22:32:50 -0700] "GET /?fileloc=//lib64/libvpx.so.5&path=//lib64 HTTP/1.1" 200 2250 "http://mail.rgardensoap.com/?path=//lib64" "Mozilla/5.0 AppleWebKit/537.36 (KHTML, like Gecko; compatible; GPTBot/1.3; +https://openai.com/gptbot)" 495 **0/495615**
74.7.241.54 - - [10/Mar/2026:22:32:50 -0700] "GET /plug/vote/plug.xml?fileloc=/home/p8pyefaexf70/public_html/wp-includes/blocks/comments-pagination/style-rtl.min.css&path=/home/p8pyefaexf70/public_html/wp-includes/blocks/comments-pagination HTTP/1.1" 200 2433 "http://www.rgardensoap.com/plug/vote/plug.xml?path=/home/p8pyefaexf70/public_html/wp-includes/blocks/comments-pagination" "Mozilla/5.0 AppleWebKit/537.36 (KHTML, like Gecko; compatible; GPTBot/1.3; +https://openai.com/gptbot)" 242 **0/242808**
74.7.227.35 - - [10/Mar/2026:22:32:50 -0700] "GET /?fileloc=//lib64/libyaz.so.5&path=//lib64 HTTP/1.1" 200 2251 "http://mail.rgardensoap.com/?path=//lib64" "Mozilla/5.0 AppleWebKit/537.36 (KHTML, like Gecko; compatible; GPTBot/1.3; +https://openai.com/gptbot)" 456 **0/456730**
74.7.227.150 - - [10/Mar/2026:22:32:50 -0700] "GET /blog/?fileloc=//bin/mkdir&path=//bin HTTP/1.1" 200 2245 "http://rgardensoap.com/blog/?path=//bin" "Mozilla/5.0 AppleWebKit/537.36 (KHTML, like Gecko; compatible; GPTBot/1.3; +https://openai.com/gptbot)" 525 **0/525134**
74.7.241.54 - - [10/Mar/2026:22:32:51 -0700] "GET /archivarix.cms.php?fileloc=/home/p8pyefaexf70/public_html/wp-comments-post.php&path=/home/p8pyefaexf70/public_html HTTP/1.1" 200 3258 "http://www.rgardensoap.com/archivarix.cms.php" "Mozilla/5.0 AppleWebKit/537.36 (KHTML, like Gecko; compatible; GPTBot/1.3; +https://openai.com/gptbot)" 465 **0/465887**
74.7.227.35 - - [10/Mar/2026:22:32:51 -0700] "GET /?fileloc=//lib64/libcups.so.2&path=//lib64 HTTP/1.1" 200 2251 "http://mail.rgardensoap.com/?path=//lib64" "Mozilla/5.0 AppleWebKit/537.36 (KHTML, like Gecko; compatible; GPTBot/1.3; +https://openai.com/gptbot)" 481 **0/481301**
74.7.227.150 - - [10/Mar/2026:22:32:51 -0700] "GET /blog?path=//lib64/tcl8.6 HTTP/1.1" 200 2665 "http://rgardensoap.com/blog?path=//lib64" "Mozilla/5.0 AppleWebKit/537.36 (KHTML, like Gecko; compatible; GPTBot/1.3; +https://openai.com/gptbot)" 450 **0/450921**
74.7.241.54 - - [10/Mar/2026:22:32:51 -0700] "GET /plug/vote/plug.xml?fileloc=/home/p8pyefaexf70/public_html/wp-includes/widgets/class-wp-widget-rss.php&path=/home/p8pyefaexf70/public_html/wp-includes/widgets HTTP/1.1" 200 4096 "http://www.rgardensoap.com/plug/vote/plug.xml?path=/home/p8pyefaexf70/public_html/wp-includes/widgets" "Mozilla/5.0 AppleWebKit/537.36 (KHTML, like Gecko; compatible; GPTBot/1.3; +https://openai.com/gptbot)" 458 **0/458989**
74.7.227.35 - - [10/Mar/2026:22:32:52 -0700] "GET /?fileloc=//lib64/libyajl.so.2&path=//lib64 HTTP/1.1" 200 2252 "http://mail.rgardensoap.com/?path=//lib64" "Mozilla/5.0 AppleWebKit/537.36 (KHTML, like Gecko; compatible; GPTBot/1.3; +https://openai.com/gptbot)" 470 **0/470225**
74.7.227.150 - - [10/Mar/2026:22:32:52 -0700] "GET /blog/?path=//proc/bus HTTP/1.1" 200 2571 "http://rgardensoap.com/blog/?path=//proc" "Mozilla/5.0 AppleWebKit/537.36 (KHTML, like Gecko; compatible; GPTBot/1.3; +https://openai.com/gptbot)" 457 **0/457511**
74.7.241.54 - - [10/Mar/2026:22:32:52 -0700] "GET /fizzy-bath-bombs.html?path=//run HTTP/1.1" 200 2838 "http://www.rgardensoap.com/fizzy-bath-bombs.html?path=/" "Mozilla/5.0 AppleWebKit/537.36 (KHTML, like Gecko; compatible; GPTBot/1.3; +https://openai.com/gptbot)" 471 **0/471495**
74.7.227.35 - - [10/Mar/2026:22:32:52 -0700] "GET /?fileloc=//lib64/libpmem.so.1&path=//lib64 HTTP/1.1" 200 2250 "http://mail.rgardensoap.com/?path=//lib64" "Mozilla/5.0 AppleWebKit/537.36 (KHTML, like Gecko; compatible; GPTBot/1.3; +https://openai.com/gptbot)" 439 **0/439332**
74.7.227.150 - - [10/Mar/2026:22:32:52 -0700] "GET /blog/?path=//lib/debug HTTP/1.1" 200 2655 "http://rgardensoap.com/blog/?path=//lib" "Mozilla/5.0 AppleWebKit/537.36 (KHTML, like Gecko; compatible; GPTBot/1.3; +https://openai.com/gptbot)" 428 **0/428186**
74.7.241.54 - - [10/Mar/2026:22:32:53 -0700] "GET /fizzy-bath-bombs.html?fileloc=//.mp&path=/ HTTP/1.1" 200 2249 "http://www.rgardensoap.com/fizzy-bath-bombs.html?path=/" "Mozilla/5.0 AppleWebKit/537.36 (KHTML, like Gecko; compatible; GPTBot/1.3; +https://openai.com/gptbot)" 457 **0/457067**
74.7.227.35 - - [10/Mar/2026:22:32:53 -0700] "GET /?fileloc=//lib64/libgomp.so.1&path=//lib64 HTTP/1.1" 200 2251 "http://mail.rgardensoap.com/?path=//lib64" "Mozilla/5.0 AppleWebKit/537.36 (KHTML, like Gecko; compatible; GPTBot/1.3; +https://openai.com/gptbot)" 511 **0/511551**
74.7.227.150 - - [10/Mar/2026:22:32:53 -0700] "GET /blog/?path=//lib/games HTTP/1.1" 200 2304 "http://rgardensoap.com/blog/?path=//lib" "Mozilla/5.0 AppleWebKit/537.36 (KHTML, like Gecko; compatible; GPTBot/1.3; +https://openai.com/gptbot)" 500 **0/500050**
74.7.241.54 - - [10/Mar/2026:22:32:53 -0700] "GET /fizzy-bath-bombs.html?path=//tmp HTTP/1.1" 200 2581 "http://www.rgardensoap.com/fizzy-bath-bombs.html?path=/" "Mozilla/5.0 AppleWebKit/537.36 (KHTML, like Gecko; compatible; GPTBot/1.3; +https://openai.com/gptbot)" 462 **0/462687**
74.7.227.35 - - [10/Mar/2026:22:32:53 -0700] "GET /?fileloc=//lib64/libgcc_s.so.1&path=//lib64 HTTP/1.1" 200 2251 "http://mail.rgardensoap.com/?path=//lib64" "Mozilla/5.0 AppleWebKit/537.36 (KHTML, like Gecko; compatible; GPTBot/1.3; +https://openai.com/gptbot)" 468 **0/468900**
74.7.227.150 - - [10/Mar/2026:22:32:54 -0700] "GET /blog/?path=//proc/scsi HTTP/1.1" 200 2649 "http://rgardensoap.com/blog/?path=//proc" "Mozilla/5.0 AppleWebKit/537.36 (KHTML, like Gecko; compatible; GPTBot/1.3; +https://openai.com/gptbot)" 504 **0/504587**
74.7.241.54 - - [10/Mar/2026:22:32:54 -0700] "GET /fizzy-bath-bombs.html?path=//bin HTTP/1.1" 200 14505 "http://www.rgardensoap.com/fizzy-bath-bombs.html?path=/" "Mozilla/5.0 AppleWebKit/537.36 (KHTML, like Gecko; compatible; GPTBot/1.3; +https://openai.com/gptbot)" 498 **0/498661**
74.7.227.150 - - [10/Mar/2026:22:32:54 -0700] "GET /blog/?path=//proc/acpi HTTP/1.1" 200 2558 "http://rgardensoap.com/blog/?path=//proc" "Mozilla/5.0 AppleWebKit/537.36 (KHTML, like Gecko; compatible; GPTBot/1.3; +https://openai.com/gptbot)" 461 **0/461773**
74.7.227.35 - - [10/Mar/2026:22:32:54 -0700] "GET /?fileloc=//lib64/liblzma.so.5&path=//lib64 HTTP/1.1" 200 2252 "http://mail.rgardensoap.com/?path=//lib64" "Mozilla/5.0 AppleWebKit/537.36 (KHTML, like Gecko; compatible; GPTBot/1.3; +https://openai.com/gptbot)" 721 **0/721791**
74.7.241.54 - - [10/Mar/2026:22:32:54 -0700] "GET /fizzy-bath-bombs.html?path=//opt HTTP/1.1" 200 2783 "http://www.rgardensoap.com/fizzy-bath-bombs.html?path=/" "Mozilla/5.0 AppleWebKit/537.36 (KHTML, like Gecko; compatible; GPTBot/1.3; +https://openai.com/gptbot)" 485 **0/485552**
74.7.227.150 - - [10/Mar/2026:22:32:55 -0700] "GET /blog/?path=//var/cache HTTP/1.1" 200 2679 "http://rgardensoap.com/blog/?path=//var" "Mozilla/5.0 AppleWebKit/537.36 (KHTML, like Gecko; compatible; GPTBot/1.3; +https://openai.com/gptbot)" 506 **0/506735**
74.7.227.35 - - [10/Mar/2026:22:32:55 -0700] "GET /?fileloc=//lib64/libzstd.so.1&path=//lib64 HTTP/1.1" 200 2252 "http://mail.rgardensoap.com/?path=//lib64" "Mozilla/5.0 AppleWebKit/537.36 (KHTML, like Gecko; compatible; GPTBot/1.3; +https://openai.com/gptbot)" 528 **0/528444**
74.7.241.54 - - [10/Mar/2026:22:32:55 -0700] "GET /fizzy-bath-bombs.html?path=//lib HTTP/1.1" 200 3503 "http://www.rgardensoap.com/fizzy-bath-bombs.html?path=/" "Mozilla/5.0 AppleWebKit/537.36 (KHTML, like Gecko; compatible; GPTBot/1.3; +https://openai.com/gptbot)" 476 **0/476576**
74.7.227.150 - - [10/Mar/2026:22:32:55 -0700] "GET /blog/?path=//opt/suphp HTTP/1.1" 200 2543 "http://rgardensoap.com/blog/?path=//opt" "Mozilla/5.0 AppleWebKit/537.36 (KHTML, like Gecko; compatible; GPTBot/1.3; +https://openai.com/gptbot)" 546 **0/546467**
74.7.227.35 - - [10/Mar/2026:22:32:56 -0700] "GET /?fileloc=//lib64/libmana.so.1&path=//lib64 HTTP/1.1" 200 2250 "http://mail.rgardensoap.com/?path=//lib64" "Mozilla/5.0 AppleWebKit/537.36 (KHTML, like Gecko; compatible; GPTBot/1.3; +https://openai.com/gptbot)" 494 **0/494102**
74.7.241.54 - - [10/Mar/2026:22:32:56 -0700] "GET /fizzy-bath-bombs.html?path=//sbin HTTP/1.1" 200 3987 "http://www.rgardensoap.com/fizzy-bath-bombs.html?path=/" "Mozilla/5.0 AppleWebKit/537.36 (KHTML, like Gecko; compatible; GPTBot/1.3; +https://openai.com/gptbot)" 530 **0/530013**
74.7.227.35 - - [10/Mar/2026:22:32:56 -0700] "GET /?fileloc=//lib64/libnpth.so.0&path=//lib64 HTTP/1.1" 200 2250 "http://mail.rgardensoap.com/?path=//lib64" "Mozilla/5.0 AppleWebKit/537.36 (KHTML, like Gecko; compatible; GPTBot/1.3; +https://openai.com/gptbot)" 508 **0/508153**
74.7.241.54 - - [10/Mar/2026:22:32:56 -0700] "GET /fizzy-bath-bombs.html?path=//root HTTP/1.1" 200 2292 "http://www.rgardensoap.com/fizzy-bath-bombs.html?path=/" "Mozilla/5.0 AppleWebKit/537.36 (KHTML, like Gecko; compatible; GPTBot/1.3; +https://openai.com/gptbot)" 481 **0/481880**
74.7.227.150 - - [10/Mar/2026:22:32:56 -0700] "GET /wp?fileloc=//lib64/libevent_core.so&path=//lib64 HTTP/1.1" 200 2251 "http://rgardensoap.com/wp?path=//lib64" "Mozilla/5.0 AppleWebKit/537.36 (KHTML, like Gecko; compatible; GPTBot/1.3; +https://openai.com/gptbot)" 959 **0/959971**
74.7.227.35 - - [10/Mar/2026:22:32:57 -0700] "GET /?fileloc=//lib64/libfuse.so.2&path=//lib64 HTTP/1.1" 200 2250 "http://mail.rgardensoap.com/?path=//lib64" "Mozilla/5.0 AppleWebKit/537.36 (KHTML, like Gecko; compatible; GPTBot/1.3; +https://openai.com/gptbot)" 517 **0/517382**
74.7.241.54 - - [10/Mar/2026:22:32:57 -0700] "GET /plug/vote/plug.xml?fileloc=/home/p8pyefaexf70/public_html/wp-includes/widgets/class-wp-widget-links.php&path=/home/p8pyefaexf70/public_html/wp-includes/widgets HTTP/1.1" 200 4117 "http://www.rgardensoap.com/plug/vote/plug.xml?path=/home/p8pyefaexf70/public_html/wp-includes/widgets" "Mozilla/5.0 AppleWebKit/537.36 (KHTML, like Gecko; compatible; GPTBot/1.3; +https://openai.com/gptbot)" 468 **0/468306**
74.7.227.150 - - [10/Mar/2026:22:32:57 -0700] "GET /wp?fileloc=//lib64/libefa.so.1&path=//lib64 HTTP/1.1" 200 2249 "http://rgardensoap.com/wp?path=//lib64" "Mozilla/5.0 AppleWebKit/537.36 (KHTML, like Gecko; compatible; GPTBot/1.3; +https://openai.com/gptbot)" 219 **0/219211**
74.7.241.54 - - [10/Mar/2026:22:32:58 -0700] "GET /plug/vote/plug.xml?fileloc=/home/p8pyefaexf70/public_html/wp-includes/widgets/class-wp-nav-menu-widget.php&path=/home/p8pyefaexf70/public_html/wp-includes/widgets HTTP/1.1" 200 4403 "http://www.rgardensoap.com/plug/vote/plug.xml?path=/home/p8pyefaexf70/public_html/wp-includes/widgets" "Mozilla/5.0 AppleWebKit/537.36 (KHTML, like Gecko; compatible; GPTBot/1.3; +https://openai.com/gptbot)" 467 **0/467135**
74.7.227.35 - - [10/Mar/2026:22:32:58 -0700] "GET /?fileloc=//lib64/libpamc.so.0&path=//lib64 HTTP/1.1" 200 2250 "http://mail.rgardensoap.com/?path=//lib64" "Mozilla/5.0 AppleWebKit/537.36 (KHTML, like Gecko; compatible; GPTBot/1.3; +https://openai.com/gptbot)" 513 **0/513137**
74.7.227.150 - - [10/Mar/2026:22:32:58 -0700] "GET /wp?path=//lib64/girepository-1.0 HTTP/1.1" 200 3556 "http://rgardensoap.com/wp?path=//lib64" "Mozilla/5.0 AppleWebKit/537.36 (KHTML, like Gecko; compatible; GPTBot/1.3; +https://openai.com/gptbot)" 469 **0/469455**
74.7.227.35 - - [10/Mar/2026:22:32:58 -0700] "GET /?fileloc=//lib64/libgpm.so.2&path=//lib64 HTTP/1.1" 200 2250 "http://mail.rgardensoap.com/?path=//lib64" "Mozilla/5.0 AppleWebKit/537.36 (KHTML, like Gecko; compatible; GPTBot/1.3; +https://openai.com/gptbot)" 510 **0/510684**
74.7.227.150 - - [10/Mar/2026:22:32:58 -0700] "GET /wp?fileloc=//lib64/libcroco-0.6.so.3.0.1&path=//lib64 HTTP/1.1" 200 2256 "http://rgardensoap.com/wp?path=//lib64" "Mozilla/5.0 AppleWebKit/537.36 (KHTML, like Gecko; compatible; GPTBot/1.3; +https://openai.com/gptbot)" 474 **0/474235**
74.7.241.54 - - [10/Mar/2026:22:32:58 -0700] "GET /plug/vote/plug.xml?fileloc=/home/p8pyefaexf70/public_html/wp-includes/widgets/class-wp-widget-text.php&path=/home/p8pyefaexf70/public_html/wp-includes/widgets HTTP/1.1" 200 8340 "http://www.rgardensoap.com/plug/vote/plug.xml?path=/home/p8pyefaexf70/public_html/wp-includes/widgets" "Mozilla/5.0 AppleWebKit/537.36 (KHTML, like Gecko; compatible; GPTBot/1.3; +https://openai.com/gptbot)" 605 **0/605713**
74.7.227.35 - - [10/Mar/2026:22:32:59 -0700] "GET /?fileloc=//lib64/libpcre.so.1&path=//lib64 HTTP/1.1" 200 2250 "http://mail.rgardensoap.com/?path=//lib64" "Mozilla/5.0 AppleWebKit/537.36 (KHTML, like Gecko; compatible; GPTBot/1.3; +https://openai.com/gptbot)" 510 **0/510895**
74.7.241.54 - - [10/Mar/2026:22:32:59 -0700] "GET /fizzy-bath-bombs.html?path=//run/console HTTP/1.1" 200 2305 "http://www.rgardensoap.com/fizzy-bath-bombs.html?path=//run" "Mozilla/5.0 AppleWebKit/537.36 (KHTML, like Gecko; compatible; GPTBot/1.3; +https://openai.com/gptbot)" 478 **0/478349**
74.7.227.150 - - [10/Mar/2026:22:32:59 -0700] "GET /wp?fileloc=//lib64/liblab_gamut.so.1&path=//lib64 HTTP/1.1" 200 2254 "http://rgardensoap.com/wp?path=//lib64" "Mozilla/5.0 AppleWebKit/537.36 (KHTML, like Gecko; compatible; GPTBot/1.3; +https://openai.com/gptbot)" 632 **0/632719**
74.7.227.35 - - [10/Mar/2026:22:32:59 -0700] "GET /?fileloc=//lib64/libuser.so.1&path=//lib64 HTTP/1.1" 200 2251 "http://mail.rgardensoap.com/?path=//lib64" "Mozilla/5.0 AppleWebKit/537.36 (KHTML, like Gecko; compatible; GPTBot/1.3; +https://openai.com/gptbot)" 474 **0/474730**
74.7.241.54 - - [10/Mar/2026:22:33:00 -0700] "GET /fizzy-bath-bombs.html?path=//run/systemd HTTP/1.1" 200 2544 "http://www.rgardensoap.com/fizzy-bath-bombs.html?path=//run" "Mozilla/5.0 AppleWebKit/537.36 (KHTML, like Gecko; compatible; GPTBot/1.3; +https://openai.com/gptbot)" 550 **0/550171**
74.7.227.150 - - [10/Mar/2026:22:33:00 -0700] "GET /wp?fileloc=//lib64/libsecret-1.so.0&path=//lib64 HTTP/1.1" 200 2251 "http://rgardensoap.com/wp?path=//lib64" "Mozilla/5.0 AppleWebKit/537.36 (KHTML, like Gecko; compatible; GPTBot/1.3; +https://openai.com/gptbot)" 512 **0/512569**
74.7.227.35 - - [10/Mar/2026:22:33:00 -0700] "GET /?fileloc=//lib64/libuuid.so.1&path=//lib64 HTTP/1.1" 200 2251 "http://mail.rgardensoap.com/?path=//lib64" "Mozilla/5.0 AppleWebKit/537.36 (KHTML, like Gecko; compatible; GPTBot/1.3; +https://openai.com/gptbot)" 579 **0/579808**
74.7.241.54 - - [10/Mar/2026:22:33:00 -0700] "GET /fizzy-bath-bombs.html?path=//run/screen HTTP/1.1" 200 2294 "http://www.rgardensoap.com/fizzy-bath-bombs.html?path=//run" "Mozilla/5.0 AppleWebKit/537.36 (KHTML, like Gecko; compatible; GPTBot/1.3; +https://openai.com/gptbot)" 498 **0/498242**
74.7.227.150 - - [10/Mar/2026:22:33:00 -0700] "GET /wp?fileloc=//lib64/libpq.so.5&path=//lib64 HTTP/1.1" 200 2250 "http://rgardensoap.com/wp?path=//lib64" "Mozilla/5.0 AppleWebKit/537.36 (KHTML, like Gecko; compatible; GPTBot/1.3; +https://openai.com/gptbot)" 498 **0/498725**
74.7.227.35 - - [10/Mar/2026:22:33:01 -0700] "GET /?fileloc=//lib64/libxcb-xv.so&path=//lib64 HTTP/1.1" 200 2251 "http://mail.rgardensoap.com/?path=//lib64" "Mozilla/5.0 AppleWebKit/537.36 (KHTML, like Gecko; compatible; GPTBot/1.3; +https://openai.com/gptbot)" 686 **0/686851**
74.7.227.150 - - [10/Mar/2026:22:33:01 -0700] "GET /blog/?path=//var/spool HTTP/1.1" 200 2579 "http://rgardensoap.com/blog/?path=//var" "Mozilla/5.0 AppleWebKit/537.36 (KHTML, like Gecko; compatible; GPTBot/1.3; +https://openai.com/gptbot)" 566 **0/566834**
74.7.241.54 - - [10/Mar/2026:22:33:01 -0700] "GET /fizzy-bath-bombs.html?fileloc=//bin/mariadb-embedded&path=//bin HTTP/1.1" 200 2253 "http://www.rgardensoap.com/fizzy-bath-bombs.html?path=//bin" "Mozilla/5.0 AppleWebKit/537.36 (KHTML, like Gecko; compatible; GPTBot/1.3; +https://openai.com/gptbot)" 753 **0/753738**
74.7.227.150 - - [10/Mar/2026:22:33:02 -0700] "GET /blog?fileloc=//lib64/liblve.so.0.9.0&path=//lib64 HTTP/1.1" 200 2252 "http://rgardensoap.com/blog?path=//lib64" "Mozilla/5.0 AppleWebKit/537.36 (KHTML, like Gecko; compatible; GPTBot/1.3; +https://openai.com/gptbot)" 569 **0/569146**
74.7.227.35 - - [10/Mar/2026:22:33:02 -0700] "GET /?path=//opt/suphp HTTP/1.1" 200 2543 "http://mail.rgardensoap.com/?path=//opt" "Mozilla/5.0 AppleWebKit/537.36 (KHTML, like Gecko; compatible; GPTBot/1.3; +https://openai.com/gptbot)" 679 **0/679372**
74.7.241.54 - - [10/Mar/2026:22:33:02 -0700] "GET /fizzy-bath-bombs.html?fileloc=//bin/Mail&path=//bin HTTP/1.1" 200 2242 "http://www.rgardensoap.com/fizzy-bath-bombs.html?path=//bin" "Mozilla/5.0 AppleWebKit/537.36 (KHTML, like Gecko; compatible; GPTBot/1.3; +https://openai.com/gptbot)" 609 **0/609440**
74.7.227.150 - - [10/Mar/2026:22:33:02 -0700] "GET /blog?path=//lib/grub HTTP/1.1" 200 2546 "http://rgardensoap.com/blog?path=//lib" "Mozilla/5.0 AppleWebKit/537.36 (KHTML, like Gecko; compatible; GPTBot/1.3; +https://openai.com/gptbot)" 516 **0/516464**
74.7.241.54 - - [10/Mar/2026:22:33:03 -0700] "GET /fizzy-bath-bombs.html?fileloc=//lib/cpp&path=//lib HTTP/1.1" 200 2245 "http://www.rgardensoap.com/fizzy-bath-bombs.html?path=//lib" "Mozilla/5.0 AppleWebKit/537.36 (KHTML, like Gecko; compatible; GPTBot/1.3; +https://openai.com/gptbot)" 540 **0/540242**
74.7.227.35 - - [10/Mar/2026:22:33:02 -0700] "GET /?fileloc=//lib64/libGLX.so.0&path=//lib64 HTTP/1.1" 200 2249 "http://mail.rgardensoap.com/?path=//lib64" "Mozilla/5.0 AppleWebKit/537.36 (KHTML, like Gecko; compatible; GPTBot/1.3; +https://openai.com/gptbot)" 641 **0/641256**
74.7.227.150 - - [10/Mar/2026:22:33:03 -0700] "GET /blog?path=//proc/tty HTTP/1.1" 200 2677 "http://rgardensoap.com/blog?path=//proc" "Mozilla/5.0 AppleWebKit/537.36 (KHTML, like Gecko; compatible; GPTBot/1.3; +https://openai.com/gptbot)" 616 **0/616001**
74.7.241.54 - - [10/Mar/2026:22:33:03 -0700] "GET /fizzy-bath-bombs.html?fileloc=//bin/tbl&path=//bin HTTP/1.1" 200 2244 "http://www.rgardensoap.com/fizzy-bath-bombs.html?path=//bin" "Mozilla/5.0 AppleWebKit/537.36 (KHTML, like Gecko; compatible; GPTBot/1.3; +https://openai.com/gptbot)" 549 **0/549148**
74.7.227.35 - - [10/Mar/2026:22:33:03 -0700] "GET /?fileloc=//lib64/libXmuu.so.1&path=//lib64 HTTP/1.1" 200 2250 "http://mail.rgardensoap.com/?path=//lib64" "Mozilla/5.0 AppleWebKit/537.36 (KHTML, like Gecko; compatible; GPTBot/1.3; +https://openai.com/gptbot)" 516 **0/516990**
74.7.227.150 - - [10/Mar/2026:22:33:04 -0700] "GET /wp?path=//run HTTP/1.1" 200 2838 "http://rgardensoap.com/wp?path=/" "Mozilla/5.0 AppleWebKit/537.36 (KHTML, like Gecko; compatible; GPTBot/1.3; +https://openai.com/gptbot)" 473 **0/473536**
74.7.241.54 - - [10/Mar/2026:22:33:04 -0700] "GET /fizzy-bath-bombs.html?fileloc=//bin/GET&path=//bin HTTP/1.1" 200 7592 "http://www.rgardensoap.com/fizzy-bath-bombs.html?path=//bin" "Mozilla/5.0 AppleWebKit/537.36 (KHTML, like Gecko; compatible; GPTBot/1.3; +https://openai.com/gptbot)" 486 **0/486494**
74.7.227.35 - - [10/Mar/2026:22:33:04 -0700] "GET /?fileloc=//lib64/libX11.so.6&path=//lib64 HTTP/1.1" 200 2248 "http://mail.rgardensoap.com/?path=//lib64" "Mozilla/5.0 AppleWebKit/537.36 (KHTML, like Gecko; compatible; GPTBot/1.3; +https://openai.com/gptbot)" 504 **0/504776**
74.7.227.150 - - [10/Mar/2026:22:33:04 -0700] "GET /wp?path=//bin HTTP/1.1" 200 14505 "http://rgardensoap.com/wp?path=/" "Mozilla/5.0 AppleWebKit/537.36 (KHTML, like Gecko; compatible; GPTBot/1.3; +https://openai.com/gptbot)" 540 **0/540971**
74.7.241.54 - - [10/Mar/2026:22:33:04 -0700] "GET /fizzy-bath-bombs.html?fileloc=//sbin/cracklib-packer&path=//sbin HTTP/1.1" 200 2252 "http://www.rgardensoap.com/fizzy-bath-bombs.html?path=//sbin" "Mozilla/5.0 AppleWebKit/537.36 (KHTML, like Gecko; compatible; GPTBot/1.3; +https://openai.com/gptbot)" 497 **0/497827**
74.7.227.35 - - [10/Mar/2026:22:33:05 -0700] "GET /?fileloc=//lib64/libisccc.so&path=//lib64 HTTP/1.1" 200 2250 "http://mail.rgardensoap.com/?path=//lib64" "Mozilla/5.0 AppleWebKit/537.36 (KHTML, like Gecko; compatible; GPTBot/1.3; +https://openai.com/gptbot)" 473 **0/473854**
74.7.227.150 - - [10/Mar/2026:22:33:05 -0700] "GET /wp?path=//lib HTTP/1.1" 200 3503 "http://rgardensoap.com/wp?path=/" "Mozilla/5.0 AppleWebKit/537.36 (KHTML, like Gecko; compatible; GPTBot/1.3; +https://openai.com/gptbot)" 471 **0/471043**
74.7.241.54 - - [10/Mar/2026:22:33:05 -0700] "GET /fizzy-bath-bombs.html?fileloc=//sbin/cracklib-check&path=//sbin HTTP/1.1" 200 2250 "http://www.rgardensoap.com/fizzy-bath-bombs.html?path=//sbin" "Mozilla/5.0 AppleWebKit/537.36 (KHTML, like Gecko; compatible; GPTBot/1.3; +https://openai.com/gptbot)" 475 **0/475614**
74.7.227.35 - - [10/Mar/2026:22:33:05 -0700] "GET /?fileloc=//lib64/rcrt1.o&path=//lib64 HTTP/1.1" 200 2248 "http://mail.rgardensoap.com/?path=//lib64" "Mozilla/5.0 AppleWebKit/537.36 (KHTML, like Gecko; compatible; GPTBot/1.3; +https://openai.com/gptbot)" 532 **0/532661**
74.7.227.150 - - [10/Mar/2026:22:33:06 -0700] "GET /wp?path=//usr HTTP/1.1" 200 2762 "http://rgardensoap.com/wp?path=/" "Mozilla/5.0 AppleWebKit/537.36 (KHTML, like Gecko; compatible; GPTBot/1.3; +https://openai.com/gptbot)" 470 **0/470532**
74.7.241.54 - - [10/Mar/2026:22:33:06 -0700] "GET /fizzy-bath-bombs.html?fileloc=//sbin/dnssec-checkds&path=//sbin HTTP/1.1" 200 2662 "http://www.rgardensoap.com/fizzy-bath-bombs.html?path=//sbin" "Mozilla/5.0 AppleWebKit/537.36 (KHTML, like Gecko; compatible; GPTBot/1.3; +https://openai.com/gptbot)" 483 **0/483391**
74.7.227.35 - - [10/Mar/2026:22:33:06 -0700] "GET /?fileloc=//lib64/libXt.so.6&path=//lib64 HTTP/1.1" 200 2248 "http://mail.rgardensoap.com/?path=//lib64" "Mozilla/5.0 AppleWebKit/537.36 (KHTML, like Gecko; compatible; GPTBot/1.3; +https://openai.com/gptbot)" 550 **0/550024**
74.7.227.150 - - [10/Mar/2026:22:33:06 -0700] "GET /blog/?path=//proc/irq/2 HTTP/1.1" 200 2740 "http://rgardensoap.com/blog/?path=//proc/irq" "Mozilla/5.0 AppleWebKit/537.36 (KHTML, like Gecko; compatible; GPTBot/1.3; +https://openai.com/gptbot)" 498 **0/498801**
74.7.241.54 - - [10/Mar/2026:22:33:06 -0700] "GET /fizzy-bath-bombs.html?fileloc=//sbin/named-checkzone&path=//sbin HTTP/1.1" 200 2250 "http://www.rgardensoap.com/fizzy-bath-bombs.html?path=//sbin" "Mozilla/5.0 AppleWebKit/537.36 (KHTML, like Gecko; compatible; GPTBot/1.3; +https://openai.com/gptbot)" 482 **0/482631**
74.7.227.35 - - [10/Mar/2026:22:33:06 -0700] "GET /?fileloc=//lib64/libXi.so.6&path=//lib64 HTTP/1.1" 200 2248 "http://mail.rgardensoap.com/?path=//lib64" "Mozilla/5.0 AppleWebKit/537.36 (KHTML, like Gecko; compatible; GPTBot/1.3; +https://openai.com/gptbot)" 524 **0/524663**
74.7.227.150 - - [10/Mar/2026:22:33:07 -0700] "GET /blog/?path=//proc/irq/7 HTTP/1.1" 200 2741 "http://rgardensoap.com/blog/?path=//proc/irq" "Mozilla/5.0 AppleWebKit/537.36 (KHTML, like Gecko; compatible; GPTBot/1.3; +https://openai.com/gptbot)" 534 **0/534789**
74.7.241.54 - - [10/Mar/2026:22:33:07 -0700] "GET /fizzy-bath-bombs.html?fileloc=//bin/xargs&path=//bin HTTP/1.1" 200 2244 "http://www.rgardensoap.com/fizzy-bath-bombs.html?path=//bin" "Mozilla/5.0 AppleWebKit/537.36 (KHTML, like Gecko; compatible; GPTBot/1.3; +https://openai.com/gptbot)" 479 **0/479738**
74.7.227.35 - - [10/Mar/2026:22:33:07 -0700] "GET /?fileloc=//lib64/libraqm.so.0&path=//lib64 HTTP/1.1" 200 2251 "http://mail.rgardensoap.com/?path=//lib64" "Mozilla/5.0 AppleWebKit/537.36 (KHTML, like Gecko; compatible; GPTBot/1.3; +https://openai.com/gptbot)" 537 **0/537541**
74.7.227.150 - - [10/Mar/2026:22:33:08 -0700] "GET /blog/?path=//proc/irq/4 HTTP/1.1" 200 2799 "http://rgardensoap.com/blog/?path=//proc/irq" "Mozilla/5.0 AppleWebKit/537.36 (KHTML, like Gecko; compatible; GPTBot/1.3; +https://openai.com/gptbot)" 454 **0/454527**
74.7.241.54 - - [10/Mar/2026:22:33:08 -0700] "GET /fizzy-bath-bombs.html?fileloc=//bin/renew-dummy-cert&path=//bin HTTP/1.1" 200 2658 "http://www.rgardensoap.com/fizzy-bath-bombs.html?path=//bin" "Mozilla/5.0 AppleWebKit/537.36 (KHTML, like Gecko; compatible; GPTBot/1.3; +https://openai.com/gptbot)" 493 **0/493267**
74.7.227.35 - - [10/Mar/2026:22:33:08 -0700] "GET /?fileloc=//lib64/libnuma.so.1&path=//lib64 HTTP/1.1" 200 2251 "http://mail.rgardensoap.com/?path=//lib64" "Mozilla/5.0 AppleWebKit/537.36 (KHTML, like Gecko; compatible; GPTBot/1.3; +https://openai.com/gptbot)" 519 **0/519502**
74.7.227.150 - - [10/Mar/2026:22:33:08 -0700] "GET /blog/?path=//proc/irq/8 HTTP/1.1" 200 2794 "http://rgardensoap.com/blog/?path=//proc/irq" "Mozilla/5.0 AppleWebKit/537.36 (KHTML, like Gecko; compatible; GPTBot/1.3; +https://openai.com/gptbot)" 488 **0/488499**
74.7.241.54 - - [10/Mar/2026:22:33:08 -0700] "GET /fizzy-bath-bombs.html?fileloc=//bin/git-receive-pack&path=//bin HTTP/1.1" 200 2252 "http://www.rgardensoap.com/fizzy-bath-bombs.html?path=//bin" "Mozilla/5.0 AppleWebKit/537.36 (KHTML, like Gecko; compatible; GPTBot/1.3; +https://openai.com/gptbot)" 478 **0/478342**
74.7.227.35 - - [10/Mar/2026:22:33:08 -0700] "GET /?fileloc=//lib64/libdrm.so.2&path=//lib64 HTTP/1.1" 200 2250 "http://mail.rgardensoap.com/?path=//lib64" "Mozilla/5.0 AppleWebKit/537.36 (KHTML, like Gecko; compatible; GPTBot/1.3; +https://openai.com/gptbot)" 503 **0/503362**
74.7.227.150 - - [10/Mar/2026:22:33:09 -0700] "GET /blog/?path=//proc/irq/5 HTTP/1.1" 200 2740 "http://rgardensoap.com/blog/?path=//proc/irq" "Mozilla/5.0 AppleWebKit/537.36 (KHTML, like Gecko; compatible; GPTBot/1.3; +https://openai.com/gptbot)" 469 **0/469515**
74.7.241.54 - - [10/Mar/2026:22:33:09 -0700] "GET /fizzy-bath-bombs.html?fileloc=//sbin/consoletype&path=//sbin HTTP/1.1" 200 2246 "http://www.rgardensoap.com/fizzy-bath-bombs.html?path=//sbin" "Mozilla/5.0 AppleWebKit/537.36 (KHTML, like Gecko; compatible; GPTBot/1.3; +https://openai.com/gptbot)" 471 **0/471564**
74.7.227.35 - - [10/Mar/2026:22:33:09 -0700] "GET /?fileloc=//lib64/libgvpr.so.2&path=//lib64 HTTP/1.1" 200 2251 "http://mail.rgardensoap.com/?path=//lib64" "Mozilla/5.0 AppleWebKit/537.36 (KHTML, like Gecko; compatible; GPTBot/1.3; +https://openai.com/gptbot)" 519 **0/519923**
74.7.227.150 - - [10/Mar/2026:22:33:09 -0700] "GET /blog/?path=//proc/irq/0 HTTP/1.1" 200 2740 "http://rgardensoap.com/blog/?path=//proc/irq" "Mozilla/5.0 AppleWebKit/537.36 (KHTML, like Gecko; compatible; GPTBot/1.3; +https://openai.com/gptbot)" 467 **0/467667**
74.7.241.54 - - [10/Mar/2026:22:33:09 -0700] "GET /fizzy-bath-bombs.html?fileloc=//sbin/ldconfig&path=//sbin HTTP/1.1" 200 2246 "http://www.rgardensoap.com/fizzy-bath-bombs.html?path=//sbin" "Mozilla/5.0 AppleWebKit/537.36 (KHTML, like Gecko; compatible; GPTBot/1.3; +https://openai.com/gptbot)" 521 **0/521592**
74.7.227.35 - - [10/Mar/2026:22:33:10 -0700] "GET /?fileloc=//lib64/libkmod.so.2&path=//lib64 HTTP/1.1" 200 2251 "http://mail.rgardensoap.com/?path=//lib64" "Mozilla/5.0 AppleWebKit/537.36 (KHTML, like Gecko; compatible; GPTBot/1.3; +https://openai.com/gptbot)" 448 **0/448111**
74.7.227.150 - - [10/Mar/2026:22:33:10 -0700] "GET /blog/?path=//proc/irq/1 HTTP/1.1" 200 2797 "http://rgardensoap.com/blog/?path=//proc/irq" "Mozilla/5.0 AppleWebKit/537.36 (KHTML, like Gecko; compatible; GPTBot/1.3; +https://openai.com/gptbot)" 524 **0/524188**
74.7.241.54 - - [10/Mar/2026:22:33:10 -0700] "GET /fizzy-bath-bombs.html?fileloc=//sbin/tsig-keygen&path=//sbin HTTP/1.1" 200 2250 "http://www.rgardensoap.com/fizzy-bath-bombs.html?path=//sbin" "Mozilla/5.0 AppleWebKit/537.36 (KHTML, like Gecko; compatible; GPTBot/1.3; +https://openai.com/gptbot)" 455 **0/455335**
74.7.227.35 - - [10/Mar/2026:22:33:10 -0700] "GET /?fileloc=//lib64/libkrad.so.0&path=//lib64 HTTP/1.1" 200 2250 "http://mail.rgardensoap.com/?path=//lib64" "Mozilla/5.0 AppleWebKit/537.36 (KHTML, like Gecko; compatible; GPTBot/1.3; +https://openai.com/gptbot)" 530 **0/530086**
74.7.227.150 - - [10/Mar/2026:22:33:11 -0700] "GET /blog/?path=//proc/irq/6 HTTP/1.1" 200 2740 "http://rgardensoap.com/blog/?path=//proc/irq" "Mozilla/5.0 AppleWebKit/537.36 (KHTML, like Gecko; compatible; GPTBot/1.3; +https://openai.com/gptbot)" 452 **0/452716**
74.7.241.54 - - [10/Mar/2026:22:33:11 -0700] "GET /fizzy-bath-bombs.html?fileloc=//bin/sync&path=//bin HTTP/1.1" 200 2244 "http://www.rgardensoap.com/fizzy-bath-bombs.html?path=//bin" "Mozilla/5.0 AppleWebKit/537.36 (KHTML, like Gecko; compatible; GPTBot/1.3; +https://openai.com/gptbot)" 451 **0/451473**
74.7.227.35 - - [10/Mar/2026:22:33:11 -0700] "GET /?fileloc=//lib64/libudev.so.1&path=//lib64 HTTP/1.1" 200 2251 "http://mail.rgardensoap.com/?path=//lib64" "Mozilla/5.0 AppleWebKit/537.36 (KHTML, like Gecko; compatible; GPTBot/1.3; +https://openai.com/gptbot)" 507 **0/507947**
74.7.227.150 - - [10/Mar/2026:22:33:11 -0700] "GET /wp?fileloc=//bin/mogrify&path=//bin HTTP/1.1" 200 2248 "http://rgardensoap.com/wp?path=//bin" "Mozilla/5.0 AppleWebKit/537.36 (KHTML, like Gecko; compatible; GPTBot/1.3; +https://openai.com/gptbot)" 515 **0/515417**
74.7.241.54 - - [10/Mar/2026:22:33:11 -0700] "GET /fizzy-bath-bombs.html?fileloc=//bin/zcmp&path=//bin HTTP/1.1" 200 3066 "http://www.rgardensoap.com/fizzy-bath-bombs.html?path=//bin" "Mozilla/5.0 AppleWebKit/537.36 (KHTML, like Gecko; compatible; GPTBot/1.3; +https://openai.com/gptbot)" 470 **0/470077**
74.7.227.35 - - [10/Mar/2026:22:33:12 -0700] "GET /?fileloc=//lib64/libp11.so.3&path=//lib64 HTTP/1.1" 200 2249 "http://mail.rgardensoap.com/?path=//lib64" "Mozilla/5.0 AppleWebKit/537.36 (KHTML, like Gecko; compatible; GPTBot/1.3; +https://openai.com/gptbot)" 452 **0/452545**
74.7.227.150 - - [10/Mar/2026:22:33:12 -0700] "GET /wp?path=//lib/fontconfig HTTP/1.1" 200 2545 "http://rgardensoap.com/wp?path=//lib" "Mozilla/5.0 AppleWebKit/537.36 (KHTML, like Gecko; compatible; GPTBot/1.3; +https://openai.com/gptbot)" 460 **0/460680**
74.7.241.54 - - [10/Mar/2026:22:33:12 -0700] "GET /fizzy-bath-bombs.html?fileloc=//bin/look&path=//bin HTTP/1.1" 200 2243 "http://www.rgardensoap.com/fizzy-bath-bombs.html?path=//bin" "Mozilla/5.0 AppleWebKit/537.36 (KHTML, like Gecko; compatible; GPTBot/1.3; +https://openai.com/gptbot)" 455 **0/455751**
74.7.227.35 - - [10/Mar/2026:22:33:12 -0700] "GET /?path=//lib64/lftp HTTP/1.1" 200 2545 "http://mail.rgardensoap.com/?path=//lib64" "Mozilla/5.0 AppleWebKit/537.36 (KHTML, like Gecko; compatible; GPTBot/1.3; +https://openai.com/gptbot)" 498 **0/498015**
74.7.227.150 - - [10/Mar/2026:22:33:12 -0700] "GET /wp?fileloc=//bin/mesg&path=//bin HTTP/1.1" 200 2244 "http://rgardensoap.com/wp?path=//bin" "Mozilla/5.0 AppleWebKit/537.36 (KHTML, like Gecko; compatible; GPTBot/1.3; +https://openai.com/gptbot)" 472 **0/472259**
74.7.241.54 - - [10/Mar/2026:22:33:13 -0700] "GET /fizzy-bath-bombs.html?fileloc=//bin/find&path=//bin HTTP/1.1" 200 2243 "http://www.rgardensoap.com/fizzy-bath-bombs.html?path=//bin" "Mozilla/5.0 AppleWebKit/537.36 (KHTML, like Gecko; compatible; GPTBot/1.3; +https://openai.com/gptbot)" 484 **0/484161**
74.7.227.35 - - [10/Mar/2026:22:33:13 -0700] "GET /?path=//lib64/bind HTTP/1.1" 200 2305 "http://mail.rgardensoap.com/?path=//lib64" "Mozilla/5.0 AppleWebKit/537.36 (KHTML, like Gecko; compatible; GPTBot/1.3; +https://openai.com/gptbot)" 484 **0/484318**
74.7.227.150 - - [10/Mar/2026:22:33:13 -0700] "GET /wp?fileloc=//bin/mktemp&path=//bin HTTP/1.1" 200 2245 "http://rgardensoap.com/wp?path=//bin" "Mozilla/5.0 AppleWebKit/537.36 (KHTML, like Gecko; compatible; GPTBot/1.3; +https://openai.com/gptbot)" 479 **0/479309**
74.7.241.54 - - [10/Mar/2026:22:33:13 -0700] "GET /fizzy-bath-bombs.html?fileloc=//bin/uapi&path=//bin HTTP/1.1" 200 2871 "http://www.rgardensoap.com/fizzy-bath-bombs.html?path=//bin" "Mozilla/5.0 AppleWebKit/537.36 (KHTML, like Gecko; compatible; GPTBot/1.3; +https://openai.com/gptbot)" 483 **0/483952**
74.7.227.35 - - [10/Mar/2026:22:33:13 -0700] "GET /?path=//lib64/sssd HTTP/1.1" 200 3097 "http://mail.rgardensoap.com/?path=//lib64" "Mozilla/5.0 AppleWebKit/537.36 (KHTML, like Gecko; compatible; GPTBot/1.3; +https://openai.com/gptbot)" 476 **0/476227**
74.7.227.150 - - [10/Mar/2026:22:33:14 -0700] "GET /wp?fileloc=//bin/mkfifo&path=//bin HTTP/1.1" 200 2245 "http://rgardensoap.com/wp?path=//bin" "Mozilla/5.0 AppleWebKit/537.36 (KHTML, like Gecko; compatible; GPTBot/1.3; +https://openai.com/gptbot)" 505 **0/505083**
74.7.241.54 - - [10/Mar/2026:22:33:14 -0700] "GET /fizzy-bath-bombs.html?fileloc=//bin/gzip&path=//bin HTTP/1.1" 200 2245 "http://www.rgardensoap.com/fizzy-bath-bombs.html?path=//bin" "Mozilla/5.0 AppleWebKit/537.36 (KHTML, like Gecko; compatible; GPTBot/1.3; +https://openai.com/gptbot)" 492 **0/492668**
74.7.227.35 - - [10/Mar/2026:22:33:14 -0700] "GET /?fileloc=//lib64/libss.so.2&path=//lib64 HTTP/1.1" 200 2249 "http://mail.rgardensoap.com/?path=//lib64" "Mozilla/5.0 AppleWebKit/537.36 (KHTML, like Gecko; compatible; GPTBot/1.3; +https://openai.com/gptbot)" 459 **0/459366**
74.7.227.150 - - [10/Mar/2026:22:33:14 -0700] "GET /blog/?path=//proc/irq/3 HTTP/1.1" 200 2740 "http://rgardensoap.com/blog/?path=//proc/irq" "Mozilla/5.0 AppleWebKit/537.36 (KHTML, like Gecko; compatible; GPTBot/1.3; +https://openai.com/gptbot)" 472 **0/472994**
74.7.241.54 - - [10/Mar/2026:22:33:14 -0700] "GET /fizzy-bath-bombs.html?fileloc=//bin/cpan&path=//bin HTTP/1.1" 200 5773 "http://www.rgardensoap.com/fizzy-bath-bombs.html?path=//bin" "Mozilla/5.0 AppleWebKit/537.36 (KHTML, like Gecko; compatible; GPTBot/1.3; +https://openai.com/gptbot)" 482 **0/482659**
74.7.227.35 - - [10/Mar/2026:22:33:15 -0700] "GET /?fileloc=//lib64/libev.so.4&path=//lib64 HTTP/1.1" 200 2249 "http://mail.rgardensoap.com/?path=//lib64" "Mozilla/5.0 AppleWebKit/537.36 (KHTML, like Gecko; compatible; GPTBot/1.3; +https://openai.com/gptbot)" 514 **0/514131**
74.7.227.150 - - [10/Mar/2026:22:33:15 -0700] "GET /blog/?path=//proc/irq/9 HTTP/1.1" 200 2793 "http://rgardensoap.com/blog/?path=//proc/irq" "Mozilla/5.0 AppleWebKit/537.36 (KHTML, like Gecko; compatible; GPTBot/1.3; +https://openai.com/gptbot)" 481 **0/481158**
74.7.241.54 - - [10/Mar/2026:22:33:15 -0700] "GET /fizzy-bath-bombs.html?fileloc=//bin/ping&path=//bin HTTP/1.1" 200 2244 "http://www.rgardensoap.com/fizzy-bath-bombs.html?path=//bin" "Mozilla/5.0 AppleWebKit/537.36 (KHTML, like Gecko; compatible; GPTBot/1.3; +https://openai.com/gptbot)" 566 **0/566059**
74.7.227.35 - - [10/Mar/2026:22:33:15 -0700] "GET /?fileloc=//lib64/libSM.so.6&path=//lib64 HTTP/1.1" 200 2248 "http://mail.rgardensoap.com/?path=//lib64" "Mozilla/5.0 AppleWebKit/537.36 (KHTML, like Gecko; compatible; GPTBot/1.3; +https://openai.com/gptbot)" 488 **0/488780**
74.7.227.150 - - [10/Mar/2026:22:33:16 -0700] "GET /blog?path=//lib64/tls HTTP/1.1" 200 2305 "http://rgardensoap.com/blog?path=//lib64" "Mozilla/5.0 AppleWebKit/537.36 (KHTML, like Gecko; compatible; GPTBot/1.3; +https://openai.com/gptbot)" 479 **0/479826**
74.7.241.54 - - [10/Mar/2026:22:33:16 -0700] "GET /fizzy-bath-bombs.html?fileloc=//bin/link&path=//bin HTTP/1.1" 200 2242 "http://www.rgardensoap.com/fizzy-bath-bombs.html?path=//bin" "Mozilla/5.0 AppleWebKit/537.36 (KHTML, like Gecko; compatible; GPTBot/1.3; +https://openai.com/gptbot)" 491 **0/491313**
74.7.227.35 - - [10/Mar/2026:22:33:16 -0700] "GET /?fileloc=//lib64/libpq.so.5&path=//lib64 HTTP/1.1" 200 2250 "http://mail.rgardensoap.com/?path=//lib64" "Mozilla/5.0 AppleWebKit/537.36 (KHTML, like Gecko; compatible; GPTBot/1.3; +https://openai.com/gptbot)" 477 **0/477084**
