74.7.241.54 - - [11/Mar/2026:05:32:59 -0700] "GET /fizzy-bath-bombs.html?fileloc=//opt/alt/php72/usr/include/php/ext/igbinary/php_igbinary.h&path=//opt/alt/php72/usr/include/php/ext/igbinary HTTP/1.1" 200 2690 "http://www.rgardensoap.com/fizzy-bath-bombs.html?path=//opt/alt/php72/usr/include/php/ext/igbinary" "Mozilla/5.0 AppleWebKit/537.36 (KHTML, like Gecko; compatible; GPTBot/1.3; +https://openai.com/gptbot)" 732 **0/732609**
74.7.227.150 - - [11/Mar/2026:05:33:00 -0700] "GET /plugin.php?fileloc=//lib64/libbabeltrace-ctf-text.so.1&path=//lib64 HTTP/1.1" 200 2261 "http://rgardensoap.com/plugin.php?path=//lib64" "Mozilla/5.0 AppleWebKit/537.36 (KHTML, like Gecko; compatible; GPTBot/1.3; +https://openai.com/gptbot)" 558 **0/558253**
74.7.227.35 - - [11/Mar/2026:05:33:00 -0700] "GET /?path=//proc/self/root/proc/thread-self/root/proc/thread-self/root/proc/thread-self/root/lib/.build-id/7c HTTP/1.1" 200 3093 "http://mail.rgardensoap.com/?path=//proc/self/root/proc/thread-self/root/proc/thread-self/root/proc/thread-self/root/lib/.build-id" "Mozilla/5.0 AppleWebKit/537.36 (KHTML, like Gecko; compatible; GPTBot/1.3; +https://openai.com/gptbot)" 761 **0/761115**
74.7.241.54 - - [11/Mar/2026:05:33:00 -0700] "GET /fizzy-bath-bombs.html?path=//opt/alt/php72/usr/include/php/ext/swoole/thirdparty HTTP/1.1" 200 2765 "http://www.rgardensoap.com/fizzy-bath-bombs.html?path=//opt/alt/php72/usr/include/php/ext/swoole" "Mozilla/5.0 AppleWebKit/537.36 (KHTML, like Gecko; compatible; GPTBot/1.3; +https://openai.com/gptbot)" 750 **0/750716**
74.7.227.150 - - [11/Mar/2026:05:33:01 -0700] "GET /plugin.php?fileloc=//lib64/libpam_misc.so.0.82.1&path=//lib64 HTTP/1.1" 200 2256 "http://rgardensoap.com/plugin.php?path=//lib64" "Mozilla/5.0 AppleWebKit/537.36 (KHTML, like Gecko; compatible; GPTBot/1.3; +https://openai.com/gptbot)" 730 **0/730841**
74.7.227.35 - - [11/Mar/2026:05:33:01 -0700] "GET /?path=//proc/self/root/proc/thread-self/root/proc/thread-self/root/proc/thread-self/root/lib/.build-id/c2 HTTP/1.1" 200 3141 "http://mail.rgardensoap.com/?path=//proc/self/root/proc/thread-self/root/proc/thread-self/root/proc/thread-self/root/lib/.build-id" "Mozilla/5.0 AppleWebKit/537.36 (KHTML, like Gecko; compatible; GPTBot/1.3; +https://openai.com/gptbot)" 743 **0/743490**
74.7.241.54 - - [11/Mar/2026:05:33:01 -0700] "GET /fizzy-bath-bombs.html?path=//opt/alt/php74/usr/include/php/ext/mbstring HTTP/1.1" 200 2766 "http://www.rgardensoap.com/fizzy-bath-bombs.html?path=//opt/alt/php74/usr/include/php/ext" "Mozilla/5.0 AppleWebKit/537.36 (KHTML, like Gecko; compatible; GPTBot/1.3; +https://openai.com/gptbot)" 731 **0/731224**
74.7.227.150 - - [11/Mar/2026:05:33:02 -0700] "GET /themes.php?fileloc=//lib64/libblkid.so.1.1.0&path=//lib64 HTTP/1.1" 200 2254 "http://rgardensoap.com/themes.php?path=//lib64" "Mozilla/5.0 AppleWebKit/537.36 (KHTML, like Gecko; compatible; GPTBot/1.3; +https://openai.com/gptbot)" 844 **0/844388**
74.7.227.35 - - [11/Mar/2026:05:33:02 -0700] "GET /?path=//proc/self/root/proc/thread-self/root/proc/thread-self/root/proc/thread-self/root/lib/.build-id/1d HTTP/1.1" 200 3185 "http://mail.rgardensoap.com/?path=//proc/self/root/proc/thread-self/root/proc/thread-self/root/proc/thread-self/root/lib/.build-id" "Mozilla/5.0 AppleWebKit/537.36 (KHTML, like Gecko; compatible; GPTBot/1.3; +https://openai.com/gptbot)" 776 **0/776087**
74.7.241.54 - - [11/Mar/2026:05:33:02 -0700] "GET /fizzy-bath-bombs.html?path=//opt/alt/php72/usr/include/php/ext/mysqlnd HTTP/1.1" 200 3445 "http://www.rgardensoap.com/fizzy-bath-bombs.html?path=//opt/alt/php72/usr/include/php/ext" "Mozilla/5.0 AppleWebKit/537.36 (KHTML, like Gecko; compatible; GPTBot/1.3; +https://openai.com/gptbot)" 1242 **1/1242033**
74.7.227.35 - - [11/Mar/2026:05:33:03 -0700] "GET /?path=//proc/self/root/proc/thread-self/root/proc/thread-self/root/proc/thread-self/root/lib/.build-id/6b HTTP/1.1" 200 3338 "http://mail.rgardensoap.com/?path=//proc/self/root/proc/thread-self/root/proc/thread-self/root/proc/thread-self/root/lib/.build-id" "Mozilla/5.0 AppleWebKit/537.36 (KHTML, like Gecko; compatible; GPTBot/1.3; +https://openai.com/gptbot)" 1070 **1/1070722**
74.7.227.150 - - [11/Mar/2026:05:33:03 -0700] "GET /plugin.php?fileloc=//lib64/libtidy.so.5.6.0&path=//lib64 HTTP/1.1" 200 2254 "http://rgardensoap.com/plugin.php?path=//lib64" "Mozilla/5.0 AppleWebKit/537.36 (KHTML, like Gecko; compatible; GPTBot/1.3; +https://openai.com/gptbot)" 1218 **1/1218201**
74.7.241.54 - - [11/Mar/2026:05:33:04 -0700] "GET /fizzy-bath-bombs.html?path=//opt/alt/php71/usr/include/php/ext/igbinary HTTP/1.1" 200 2723 "http://www.rgardensoap.com/fizzy-bath-bombs.html?path=//opt/alt/php71/usr/include/php/ext" "Mozilla/5.0 AppleWebKit/537.36 (KHTML, like Gecko; compatible; GPTBot/1.3; +https://openai.com/gptbot)" 903 **0/903360**
74.7.227.35 - - [11/Mar/2026:05:33:04 -0700] "GET /?path=//proc/self/root/proc/thread-self/root/proc/thread-self/root/proc/thread-self/root/lib/.build-id/e2 HTTP/1.1" 200 3230 "http://mail.rgardensoap.com/?path=//proc/self/root/proc/thread-self/root/proc/thread-self/root/proc/thread-self/root/lib/.build-id" "Mozilla/5.0 AppleWebKit/537.36 (KHTML, like Gecko; compatible; GPTBot/1.3; +https://openai.com/gptbot)" 908 **0/908307**
74.7.227.150 - - [11/Mar/2026:05:33:04 -0700] "GET /plugin.php?fileloc=//lib64/libgearman.so.8&path=//lib64 HTTP/1.1" 200 2252 "http://rgardensoap.com/plugin.php?path=//lib64" "Mozilla/5.0 AppleWebKit/537.36 (KHTML, like Gecko; compatible; GPTBot/1.3; +https://openai.com/gptbot)" 871 **0/871213**
74.7.241.54 - - [11/Mar/2026:05:33:05 -0700] "GET /fizzy-bath-bombs.html?path=//opt/alt/php74/usr/include/php/ext/gd HTTP/1.1" 200 2660 "http://www.rgardensoap.com/fizzy-bath-bombs.html?path=//opt/alt/php74/usr/include/php/ext" "Mozilla/5.0 AppleWebKit/537.36 (KHTML, like Gecko; compatible; GPTBot/1.3; +https://openai.com/gptbot)" 857 **0/857245**
74.7.227.35 - - [11/Mar/2026:05:33:05 -0700] "GET /?path=//proc/self/root/proc/thread-self/root/proc/thread-self/root/proc/thread-self/root/lib/.build-id/8b HTTP/1.1" 200 3088 "http://mail.rgardensoap.com/?path=//proc/self/root/proc/thread-self/root/proc/thread-self/root/proc/thread-self/root/lib/.build-id" "Mozilla/5.0 AppleWebKit/537.36 (KHTML, like Gecko; compatible; GPTBot/1.3; +https://openai.com/gptbot)" 850 **0/850843**
74.7.227.150 - - [11/Mar/2026:05:33:05 -0700] "GET /simple.php?fileloc=//lib64/libcollection.so.4.1.1&path=//lib64 HTTP/1.1" 200 2254 "http://rgardensoap.com/simple.php?path=//lib64" "Mozilla/5.0 AppleWebKit/537.36 (KHTML, like Gecko; compatible; GPTBot/1.3; +https://openai.com/gptbot)" 912 **0/912359**
74.7.241.54 - - [11/Mar/2026:05:33:06 -0700] "GET /fizzy-bath-bombs.html?fileloc=//opt/alt/php71/usr/include/php/ext/mysqlnd/mysqlnd_structs.h&path=//opt/alt/php71/usr/include/php/ext/mysqlnd HTTP/1.1" 200 12688 "http://www.rgardensoap.com/fizzy-bath-bombs.html?path=//opt/alt/php71/usr/include/php/ext/mysqlnd" "Mozilla/5.0 AppleWebKit/537.36 (KHTML, like Gecko; compatible; GPTBot/1.3; +https://openai.com/gptbot)" 841 **0/841535**
74.7.227.35 - - [11/Mar/2026:05:33:06 -0700] "GET /?path=//proc/self/root/proc/thread-self/root/proc/thread-self/root/proc/thread-self/root/var/www/cgi-bin HTTP/1.1" 200 2648 "http://mail.rgardensoap.com/?path=//proc/self/root/proc/thread-self/root/proc/thread-self/root/proc/thread-self/root/var/www" "Mozilla/5.0 AppleWebKit/537.36 (KHTML, like Gecko; compatible; GPTBot/1.3; +https://openai.com/gptbot)" 844 **0/844764**
74.7.227.150 - - [11/Mar/2026:05:33:06 -0700] "GET /plugin.php?fileloc=//lib64/libssh_threads.so.4.8.7&path=//lib64 HTTP/1.1" 200 2256 "http://rgardensoap.com/plugin.php?path=//lib64" "Mozilla/5.0 AppleWebKit/537.36 (KHTML, like Gecko; compatible; GPTBot/1.3; +https://openai.com/gptbot)" 748 **0/748208**
74.7.241.54 - - [11/Mar/2026:05:33:07 -0700] "GET /fizzy-bath-bombs.html?fileloc=//opt/alt/php71/usr/include/php/ext/mysqlnd/mysqlnd_result.h&path=//opt/alt/php71/usr/include/php/ext/mysqlnd HTTP/1.1" 200 2950 "http://www.rgardensoap.com/fizzy-bath-bombs.html?path=//opt/alt/php71/usr/include/php/ext/mysqlnd" "Mozilla/5.0 AppleWebKit/537.36 (KHTML, like Gecko; compatible; GPTBot/1.3; +https://openai.com/gptbot)" 629 **0/629745**
74.7.227.35 - - [11/Mar/2026:05:33:07 -0700] "GET /?fileloc=//proc/self/root/proc/thread-self/root/proc/thread-self/root/proc/thread-self/root/var/www/html/updowncheck.php&path=//proc/self/root/proc/thread-self/root/proc/thread-self/root/proc/thread-self/root/var/www/html HTTP/1.1" 200 2523 "http://mail.rgardensoap.com/?path=//proc/self/root/proc/thread-self/root/proc/thread-self/root/proc/thread-self/root/var/www/html" "Mozilla/5.0 AppleWebKit/537.36 (KHTML, like Gecko; compatible; GPTBot/1.3; +https://openai.com/gptbot)" 579 **0/579118**
74.7.227.150 - - [11/Mar/2026:05:33:07 -0700] "GET /simple.php?fileloc=//lib64/libbind9.so.161&path=//lib64 HTTP/1.1" 200 2252 "http://rgardensoap.com/simple.php?path=//lib64" "Mozilla/5.0 AppleWebKit/537.36 (KHTML, like Gecko; compatible; GPTBot/1.3; +https://openai.com/gptbot)" 565 **0/565284**
74.7.241.54 - - [11/Mar/2026:05:33:07 -0700] "GET /fizzy-bath-bombs.html?fileloc=//opt/alt/php71/usr/include/php/ext/mysqlnd/mysql_float_to_double.h&path=//opt/alt/php71/usr/include/php/ext/mysqlnd HTTP/1.1" 200 3154 "http://www.rgardensoap.com/fizzy-bath-bombs.html?path=//opt/alt/php71/usr/include/php/ext/mysqlnd" "Mozilla/5.0 AppleWebKit/537.36 (KHTML, like Gecko; compatible; GPTBot/1.3; +https://openai.com/gptbot)" 679 **0/679486**
74.7.227.35 - - [11/Mar/2026:05:33:08 -0700] "GET /?fileloc=//proc/self/root/proc/thread-self/root/proc/thread-self/root/proc/thread-self/root/var/www/html/.aaa.pdf&path=//proc/self/root/proc/thread-self/root/proc/thread-self/root/proc/thread-self/root/var/www/html HTTP/1.1" 200 2339 "http://mail.rgardensoap.com/?path=//proc/self/root/proc/thread-self/root/proc/thread-self/root/proc/thread-self/root/var/www/html" "Mozilla/5.0 AppleWebKit/537.36 (KHTML, like Gecko; compatible; GPTBot/1.3; +https://openai.com/gptbot)" 549 **0/549004**
74.7.227.150 - - [11/Mar/2026:05:33:08 -0700] "GET /administrator/templates/bluestork/error.php?path=//opt/cpanel/ea-ruby27/src/passenger-release-6.1.2/build/support/vendor HTTP/1.1" 200 2665 "http://rgardensoap.com/administrator/templates/bluestork/error.php?path=//opt/cpanel/ea-ruby27/src/passenger-release-6.1.2/build/support" "Mozilla/5.0 AppleWebKit/537.36 (KHTML, like Gecko; compatible; GPTBot/1.3; +https://openai.com/gptbot)" 562 **0/562218**
74.7.241.54 - - [11/Mar/2026:05:33:08 -0700] "GET /fizzy-bath-bombs.html?fileloc=//opt/alt/php71/usr/include/php/ext/mysqlnd/mysqlnd_connection.h&path=//opt/alt/php71/usr/include/php/ext/mysqlnd HTTP/1.1" 200 3372 "http://www.rgardensoap.com/fizzy-bath-bombs.html?path=//opt/alt/php71/usr/include/php/ext/mysqlnd" "Mozilla/5.0 AppleWebKit/537.36 (KHTML, like Gecko; compatible; GPTBot/1.3; +https://openai.com/gptbot)" 691 **0/691787**
74.7.227.35 - - [11/Mar/2026:05:33:08 -0700] "GET /?fileloc=//proc/self/root/proc/thread-self/root/proc/thread-self/root/proc/thread-self/root/var/www/html/.aaa.html&path=//proc/self/root/proc/thread-self/root/proc/thread-self/root/proc/thread-self/root/var/www/html HTTP/1.1" 200 2340 "http://mail.rgardensoap.com/?path=//proc/self/root/proc/thread-self/root/proc/thread-self/root/proc/thread-self/root/var/www/html" "Mozilla/5.0 AppleWebKit/537.36 (KHTML, like Gecko; compatible; GPTBot/1.3; +https://openai.com/gptbot)" 608 **0/608537**
74.7.241.54 - - [11/Mar/2026:05:33:09 -0700] "GET /fizzy-bath-bombs.html?path=//opt/alt/php54/usr/include/php/ext/gd HTTP/1.1" 200 2719 "http://www.rgardensoap.com/fizzy-bath-bombs.html?path=//opt/alt/php54/usr/include/php/ext" "Mozilla/5.0 AppleWebKit/537.36 (KHTML, like Gecko; compatible; GPTBot/1.3; +https://openai.com/gptbot)" 748 **0/748022**
74.7.227.150 - - [11/Mar/2026:05:33:09 -0700] "GET /simple.php?fileloc=//lib64/libisccc.so&path=//lib64 HTTP/1.1" 200 2250 "http://rgardensoap.com/simple.php?path=//lib64" "Mozilla/5.0 AppleWebKit/537.36 (KHTML, like Gecko; compatible; GPTBot/1.3; +https://openai.com/gptbot)" 1118 **1/1118387**
74.7.227.35 - - [11/Mar/2026:05:33:09 -0700] "GET /?fileloc=//proc/self/root/proc/thread-self/root/proc/thread-self/root/proc/thread-self/root/var/www/html/.mp&path=//proc/self/root/proc/thread-self/root/proc/thread-self/root/proc/thread-self/root/var/www/html HTTP/1.1" 200 2359 "http://mail.rgardensoap.com/?path=//proc/self/root/proc/thread-self/root/proc/thread-self/root/proc/thread-self/root/var/www/html" "Mozilla/5.0 AppleWebKit/537.36 (KHTML, like Gecko; compatible; GPTBot/1.3; +https://openai.com/gptbot)" 984 **0/984665**
74.7.227.35 - - [11/Mar/2026:05:33:10 -0700] "GET /?fileloc=//proc/self/root/proc/thread-self/root/proc/thread-self/root/proc/thread-self/root/var/www/html/.aaa.log&path=//proc/self/root/proc/thread-self/root/proc/thread-self/root/proc/thread-self/root/var/www/html HTTP/1.1" 200 2340 "http://mail.rgardensoap.com/?path=//proc/self/root/proc/thread-self/root/proc/thread-self/root/proc/thread-self/root/var/www/html" "Mozilla/5.0 AppleWebKit/537.36 (KHTML, like Gecko; compatible; GPTBot/1.3; +https://openai.com/gptbot)" 383 **0/383493**
74.7.241.54 - - [11/Mar/2026:05:33:10 -0700] "GET /fizzy-bath-bombs.html?path=//opt/alt/php71/usr/include/php/ext/gd HTTP/1.1" 200 2752 "http://www.rgardensoap.com/fizzy-bath-bombs.html?path=//opt/alt/php71/usr/include/php/ext" "Mozilla/5.0 AppleWebKit/537.36 (KHTML, like Gecko; compatible; GPTBot/1.3; +https://openai.com/gptbot)" 1023 **1/1023288**
74.7.227.150 - - [11/Mar/2026:05:33:10 -0700] "GET /administrator/templates/bluestork/error.php?path=//opt/cloudlinux/alt-php81/root HTTP/1.1" 200 2657 "http://rgardensoap.com/administrator/templates/bluestork/error.php?path=//opt/cloudlinux/alt-php81" "Mozilla/5.0 AppleWebKit/537.36 (KHTML, like Gecko; compatible; GPTBot/1.3; +https://openai.com/gptbot)" 938 **0/938560**
74.7.241.54 - - [11/Mar/2026:05:33:11 -0700] "GET /fizzy-bath-bombs.html?fileloc=//opt/alt/php72/usr/include/php/ext/swoole/thirdparty/multipart_parser.h&path=//opt/alt/php72/usr/include/php/ext/swoole/thirdparty HTTP/1.1" 200 3304 "http://www.rgardensoap.com/fizzy-bath-bombs.html?path=//opt/alt/php72/usr/include/php/ext/swoole/thirdparty" "Mozilla/5.0 AppleWebKit/537.36 (KHTML, like Gecko; compatible; GPTBot/1.3; +https://openai.com/gptbot)" 628 **0/628122**
74.7.227.150 - - [11/Mar/2026:05:33:11 -0700] "GET /administrator/templates/bluestork/error.php?path=//opt/cloudlinux/alt-php56/root HTTP/1.1" 200 2657 "http://rgardensoap.com/administrator/templates/bluestork/error.php?path=//opt/cloudlinux/alt-php56" "Mozilla/5.0 AppleWebKit/537.36 (KHTML, like Gecko; compatible; GPTBot/1.3; +https://openai.com/gptbot)" 563 **0/563215**
74.7.227.35 - - [11/Mar/2026:05:33:11 -0700] "GET /?fileloc=//proc/self/root/proc/thread-self/root/proc/thread-self/root/proc/thread-self/root/lib/.build-id/c2/dfed917aa9cfcea05942d2b321c19f53e341b8&path=//proc/self/root/proc/thread-self/root/proc/thread-self/root/proc/thread-self/root/lib/.build-id/c2 HTTP/1.1" 200 2361 "http://mail.rgardensoap.com/?path=//proc/self/root/proc/thread-self/root/proc/thread-self/root/proc/thread-self/root/lib/.build-id/c2" "Mozilla/5.0 AppleWebKit/537.36 (KHTML, like Gecko; compatible; GPTBot/1.3; +https://openai.com/gptbot)" 673 **0/673277**
74.7.241.54 - - [11/Mar/2026:05:33:12 -0700] "GET /fizzy-bath-bombs.html?path=//opt/alt/php72/usr/include/php/ext/gd HTTP/1.1" 200 2752 "http://www.rgardensoap.com/fizzy-bath-bombs.html?path=//opt/alt/php72/usr/include/php/ext" "Mozilla/5.0 AppleWebKit/537.36 (KHTML, like Gecko; compatible; GPTBot/1.3; +https://openai.com/gptbot)" 590 **0/590479**
74.7.227.150 - - [11/Mar/2026:05:33:12 -0700] "GET /administrator/templates/bluestork/error.php?path=//opt/cloudlinux/alt-php82/root HTTP/1.1" 200 2657 "http://rgardensoap.com/administrator/templates/bluestork/error.php?path=//opt/cloudlinux/alt-php82" "Mozilla/5.0 AppleWebKit/537.36 (KHTML, like Gecko; compatible; GPTBot/1.3; +https://openai.com/gptbot)" 511 **0/511427**
74.7.227.35 - - [11/Mar/2026:05:33:12 -0700] "GET /?fileloc=//proc/self/root/proc/thread-self/root/proc/thread-self/root/proc/thread-self/root/var/www/html/.aaa.ini&path=//proc/self/root/proc/thread-self/root/proc/thread-self/root/proc/thread-self/root/var/www/html HTTP/1.1" 200 2340 "http://mail.rgardensoap.com/?path=//proc/self/root/proc/thread-self/root/proc/thread-self/root/proc/thread-self/root/var/www/html" "Mozilla/5.0 AppleWebKit/537.36 (KHTML, like Gecko; compatible; GPTBot/1.3; +https://openai.com/gptbot)" 405 **0/405081**
74.7.227.150 - - [11/Mar/2026:05:33:12 -0700] "GET /administrator/templates/bluestork/error.php?path=//usr/lib64/libdnf/plugins HTTP/1.1" 200 2591 "http://rgardensoap.com/administrator/templates/bluestork/error.php?path=//usr/lib64/libdnf" "Mozilla/5.0 AppleWebKit/537.36 (KHTML, like Gecko; compatible; GPTBot/1.3; +https://openai.com/gptbot)" 602 **0/602885**
74.7.227.35 - - [11/Mar/2026:05:33:13 -0700] "GET /?path=//proc/self/root/proc/thread-self/root/proc/thread-self/root/proc/thread-self/root/lib/.build-id/56 HTTP/1.1" 200 3184 "http://mail.rgardensoap.com/?path=//proc/self/root/proc/thread-self/root/proc/thread-self/root/proc/thread-self/root/lib/.build-id" "Mozilla/5.0 AppleWebKit/537.36 (KHTML, like Gecko; compatible; GPTBot/1.3; +https://openai.com/gptbot)" 598 **0/598020**
74.7.241.54 - - [11/Mar/2026:05:33:12 -0700] "GET /fizzy-bath-bombs.html?fileloc=//opt/alt/php72/usr/include/php/ext/mysqlnd/mysqlnd_structs.h&path=//opt/alt/php72/usr/include/php/ext/mysqlnd HTTP/1.1" 200 12688 "http://www.rgardensoap.com/fizzy-bath-bombs.html?path=//opt/alt/php72/usr/include/php/ext/mysqlnd" "Mozilla/5.0 AppleWebKit/537.36 (KHTML, like Gecko; compatible; GPTBot/1.3; +https://openai.com/gptbot)" 951 **0/951622**
74.7.227.150 - - [11/Mar/2026:05:33:13 -0700] "GET /administrator/templates/bluestork/error.php?path=//opt/cloudlinux/alt-php73 HTTP/1.1" 200 2642 "http://rgardensoap.com/administrator/templates/bluestork/error.php?path=//opt/cloudlinux" "Mozilla/5.0 AppleWebKit/537.36 (KHTML, like Gecko; compatible; GPTBot/1.3; +https://openai.com/gptbot)" 687 **0/687766**
74.7.227.35 - - [11/Mar/2026:05:33:13 -0700] "GET /?path=//proc/self/root/proc/thread-self/root/proc/thread-self/root/proc/thread-self/root/lib/.build-id/17 HTTP/1.1" 200 2886 "http://mail.rgardensoap.com/?path=//proc/self/root/proc/thread-self/root/proc/thread-self/root/proc/thread-self/root/lib/.build-id" "Mozilla/5.0 AppleWebKit/537.36 (KHTML, like Gecko; compatible; GPTBot/1.3; +https://openai.com/gptbot)" 699 **0/699883**
74.7.241.54 - - [11/Mar/2026:05:33:13 -0700] "GET /fizzy-bath-bombs.html?fileloc=//opt/alt/php71/usr/include/php/ext/igbinary/php_igbinary.h&path=//opt/alt/php71/usr/include/php/ext/igbinary HTTP/1.1" 200 2690 "http://www.rgardensoap.com/fizzy-bath-bombs.html?path=//opt/alt/php71/usr/include/php/ext/igbinary" "Mozilla/5.0 AppleWebKit/537.36 (KHTML, like Gecko; compatible; GPTBot/1.3; +https://openai.com/gptbot)" 719 **0/719592**
74.7.227.150 - - [11/Mar/2026:05:33:14 -0700] "GET /administrator/templates/bluestork/error.php?path=//opt/cloudlinux/alt-php74 HTTP/1.1" 200 2642 "http://rgardensoap.com/administrator/templates/bluestork/error.php?path=//opt/cloudlinux" "Mozilla/5.0 AppleWebKit/537.36 (KHTML, like Gecko; compatible; GPTBot/1.3; +https://openai.com/gptbot)" 629 **0/629290**
74.7.241.54 - - [11/Mar/2026:05:33:14 -0700] "GET /fizzy-bath-bombs.html?fileloc=//opt/alt/php72/usr/include/php/ext/mysqlnd/mysqlnd_result.h&path=//opt/alt/php72/usr/include/php/ext/mysqlnd HTTP/1.1" 200 2950 "http://www.rgardensoap.com/fizzy-bath-bombs.html?path=//opt/alt/php72/usr/include/php/ext/mysqlnd" "Mozilla/5.0 AppleWebKit/537.36 (KHTML, like Gecko; compatible; GPTBot/1.3; +https://openai.com/gptbot)" 731 **0/731296**
74.7.227.35 - - [11/Mar/2026:05:33:14 -0700] "GET /?path=//proc/self/root/proc/thread-self/root/proc/thread-self/root/proc/thread-self/root/lib/.build-id/35 HTTP/1.1" 200 3236 "http://mail.rgardensoap.com/?path=//proc/self/root/proc/thread-self/root/proc/thread-self/root/proc/thread-self/root/lib/.build-id" "Mozilla/5.0 AppleWebKit/537.36 (KHTML, like Gecko; compatible; GPTBot/1.3; +https://openai.com/gptbot)" 737 **0/737066**
74.7.227.150 - - [11/Mar/2026:05:33:15 -0700] "GET /administrator/templates/bluestork/error.php?path=//opt/cloudlinux/alt-php84 HTTP/1.1" 200 2642 "http://rgardensoap.com/administrator/templates/bluestork/error.php?path=//opt/cloudlinux" "Mozilla/5.0 AppleWebKit/537.36 (KHTML, like Gecko; compatible; GPTBot/1.3; +https://openai.com/gptbot)" 641 **0/641667**
74.7.241.54 - - [11/Mar/2026:05:33:15 -0700] "GET /fizzy-bath-bombs.html?fileloc=//opt/alt/php72/usr/include/php/ext/mysqlnd/mysql_float_to_double.h&path=//opt/alt/php72/usr/include/php/ext/mysqlnd HTTP/1.1" 200 3154 "http://www.rgardensoap.com/fizzy-bath-bombs.html?path=//opt/alt/php72/usr/include/php/ext/mysqlnd" "Mozilla/5.0 AppleWebKit/537.36 (KHTML, like Gecko; compatible; GPTBot/1.3; +https://openai.com/gptbot)" 726 **0/726907**
74.7.227.35 - - [11/Mar/2026:05:33:15 -0700] "GET /?path=//proc/self/root/proc/thread-self/root/proc/thread-self/root/proc/thread-self/root/lib/.build-id/58 HTTP/1.1" 200 3192 "http://mail.rgardensoap.com/?path=//proc/self/root/proc/thread-self/root/proc/thread-self/root/proc/thread-self/root/lib/.build-id" "Mozilla/5.0 AppleWebKit/537.36 (KHTML, like Gecko; compatible; GPTBot/1.3; +https://openai.com/gptbot)" 739 **0/739322**
74.7.227.150 - - [11/Mar/2026:05:33:16 -0700] "GET /administrator/templates/bluestork/error.php?path=//opt/cloudlinux/alt-php70 HTTP/1.1" 200 2642 "http://rgardensoap.com/administrator/templates/bluestork/error.php?path=//opt/cloudlinux" "Mozilla/5.0 AppleWebKit/537.36 (KHTML, like Gecko; compatible; GPTBot/1.3; +https://openai.com/gptbot)" 734 **0/734445**
74.7.241.54 - - [11/Mar/2026:05:33:16 -0700] "GET /fizzy-bath-bombs.html?fileloc=//opt/alt/php72/usr/include/php/ext/mysqlnd/mysqlnd_connection.h&path=//opt/alt/php72/usr/include/php/ext/mysqlnd HTTP/1.1" 200 3372 "http://www.rgardensoap.com/fizzy-bath-bombs.html?path=//opt/alt/php72/usr/include/php/ext/mysqlnd" "Mozilla/5.0 AppleWebKit/537.36 (KHTML, like Gecko; compatible; GPTBot/1.3; +https://openai.com/gptbot)" 546 **0/546612**
74.7.227.35 - - [11/Mar/2026:05:33:16 -0700] "GET /?path=//proc/self/root/proc/thread-self/root/proc/thread-self/root/proc/thread-self/root/lib/.build-id/03 HTTP/1.1" 200 3305 "http://mail.rgardensoap.com/?path=//proc/self/root/proc/thread-self/root/proc/thread-self/root/proc/thread-self/root/lib/.build-id" "Mozilla/5.0 AppleWebKit/537.36 (KHTML, like Gecko; compatible; GPTBot/1.3; +https://openai.com/gptbot)" 720 **0/720175**
74.7.227.150 - - [11/Mar/2026:05:33:16 -0700] "GET /administrator/templates/bluestork/error.php?path=//opt/cloudlinux/alt-php83 HTTP/1.1" 200 2641 "http://rgardensoap.com/administrator/templates/bluestork/error.php?path=//opt/cloudlinux" "Mozilla/5.0 AppleWebKit/537.36 (KHTML, like Gecko; compatible; GPTBot/1.3; +https://openai.com/gptbot)" 801 **0/801250**
74.7.241.54 - - [11/Mar/2026:05:33:17 -0700] "GET /fizzy-bath-bombs.html?fileloc=//opt/alt/php72/usr/include/php/ext/mysqlnd/mysqlnd_block_alloc.h&path=//opt/alt/php72/usr/include/php/ext/mysqlnd HTTP/1.1" 200 2857 "http://www.rgardensoap.com/fizzy-bath-bombs.html?path=//opt/alt/php72/usr/include/php/ext/mysqlnd" "Mozilla/5.0 AppleWebKit/537.36 (KHTML, like Gecko; compatible; GPTBot/1.3; +https://openai.com/gptbot)" 649 **0/649556**
74.7.227.35 - - [11/Mar/2026:05:33:17 -0700] "GET /?path=//proc/self/root/proc/thread-self/root/proc/thread-self/root/proc/thread-self/root/lib/.build-id/00 HTTP/1.1" 200 3141 "http://mail.rgardensoap.com/?path=//proc/self/root/proc/thread-self/root/proc/thread-self/root/proc/thread-self/root/lib/.build-id" "Mozilla/5.0 AppleWebKit/537.36 (KHTML, like Gecko; compatible; GPTBot/1.3; +https://openai.com/gptbot)" 678 **0/678453**
74.7.227.150 - - [11/Mar/2026:05:33:17 -0700] "GET /administrator/templates/bluestork/error.php?path=//opt/cpanel/ea-ruby27/src/passenger-release-6.1.2/build/support/vendor/cxx_hinted_parser HTTP/1.1" 200 3044 "http://rgardensoap.com/administrator/templates/bluestork/error.php?path=//opt/cpanel/ea-ruby27/src/passenger-release-6.1.2/build/support/vendor" "Mozilla/5.0 AppleWebKit/537.36 (KHTML, like Gecko; compatible; GPTBot/1.3; +https://openai.com/gptbot)" 645 **0/645538**
74.7.241.54 - - [11/Mar/2026:05:33:17 -0700] "GET /fizzy-bath-bombs.html?path=//opt/alt/php73/usr/include/php/ext/swoole/thirdparty/hiredis HTTP/1.1" 200 2837 "http://www.rgardensoap.com/fizzy-bath-bombs.html?path=//opt/alt/php73/usr/include/php/ext/swoole/thirdparty" "Mozilla/5.0 AppleWebKit/537.36 (KHTML, like Gecko; compatible; GPTBot/1.3; +https://openai.com/gptbot)" 986 **0/986113**
74.7.227.35 - - [11/Mar/2026:05:33:18 -0700] "GET /?path=//proc/self/root/proc/thread-self/root/proc/thread-self/root/proc/thread-self/root/lib/.build-id/12 HTTP/1.1" 200 3310 "http://mail.rgardensoap.com/?path=//proc/self/root/proc/thread-self/root/proc/thread-self/root/proc/thread-self/root/lib/.build-id" "Mozilla/5.0 AppleWebKit/537.36 (KHTML, like Gecko; compatible; GPTBot/1.3; +https://openai.com/gptbot)" 892 **0/892431**
74.7.241.54 - - [11/Mar/2026:05:33:19 -0700] "GET /fizzy-bath-bombs.html?path=//opt/alt/php71/usr/include/php/ext/swoole/thirdparty/hiredis HTTP/1.1" 200 2816 "http://www.rgardensoap.com/fizzy-bath-bombs.html?path=//opt/alt/php71/usr/include/php/ext/swoole/thirdparty" "Mozilla/5.0 AppleWebKit/537.36 (KHTML, like Gecko; compatible; GPTBot/1.3; +https://openai.com/gptbot)" 587 **0/587039**
74.7.227.150 - - [11/Mar/2026:05:33:18 -0700] "GET /administrator/templates/bluestork/error.php?path=//opt/cpanel/ea-ruby27/src/passenger-release-6.1.2/build/support/vendor/cxxcodebuilder HTTP/1.1" 200 3063 "http://rgardensoap.com/administrator/templates/bluestork/error.php?path=//opt/cpanel/ea-ruby27/src/passenger-release-6.1.2/build/support/vendor" "Mozilla/5.0 AppleWebKit/537.36 (KHTML, like Gecko; compatible; GPTBot/1.3; +https://openai.com/gptbot)" 1140 **1/1140804**
74.7.227.35 - - [11/Mar/2026:05:33:19 -0700] "GET /?path=//proc/self/root/proc/thread-self/root/proc/thread-self/root/proc/thread-self/root/lib/.build-id/76 HTTP/1.1" 200 3239 "http://mail.rgardensoap.com/?path=//proc/self/root/proc/thread-self/root/proc/thread-self/root/proc/thread-self/root/lib/.build-id" "Mozilla/5.0 AppleWebKit/537.36 (KHTML, like Gecko; compatible; GPTBot/1.3; +https://openai.com/gptbot)" 849 **0/849058**
74.7.227.150 - - [11/Mar/2026:05:33:19 -0700] "GET /administrator/templates/bluestork/error.php?path=//opt/cloudlinux/alt-php81/root/etc HTTP/1.1" 200 3203 "http://rgardensoap.com/administrator/templates/bluestork/error.php?path=//opt/cloudlinux/alt-php81/root" "Mozilla/5.0 AppleWebKit/537.36 (KHTML, like Gecko; compatible; GPTBot/1.3; +https://openai.com/gptbot)" 698 **0/698649**
74.7.241.54 - - [11/Mar/2026:05:33:19 -0700] "GET /fizzy-bath-bombs.html?path=//opt/alt/php72/usr/include/php/ext/swoole/thirdparty/hiredis HTTP/1.1" 200 2837 "http://www.rgardensoap.com/fizzy-bath-bombs.html?path=//opt/alt/php72/usr/include/php/ext/swoole/thirdparty" "Mozilla/5.0 AppleWebKit/537.36 (KHTML, like Gecko; compatible; GPTBot/1.3; +https://openai.com/gptbot)" 879 **0/879850**
74.7.227.35 - - [11/Mar/2026:05:33:20 -0700] "GET /?path=//proc/self/root/proc/thread-self/root/proc/thread-self/root/proc/thread-self/root/lib/.build-id/79 HTTP/1.1" 200 3302 "http://mail.rgardensoap.com/?path=//proc/self/root/proc/thread-self/root/proc/thread-self/root/proc/thread-self/root/lib/.build-id" "Mozilla/5.0 AppleWebKit/537.36 (KHTML, like Gecko; compatible; GPTBot/1.3; +https://openai.com/gptbot)" 695 **0/695680**
74.7.227.150 - - [11/Mar/2026:05:33:20 -0700] "GET /administrator/templates/bluestork/error.php?path=//opt/cloudlinux/alt-php56/root/usr HTTP/1.1" 200 2680 "http://rgardensoap.com/administrator/templates/bluestork/error.php?path=//opt/cloudlinux/alt-php56/root" "Mozilla/5.0 AppleWebKit/537.36 (KHTML, like Gecko; compatible; GPTBot/1.3; +https://openai.com/gptbot)" 761 **0/761979**
74.7.241.54 - - [11/Mar/2026:05:33:20 -0700] "GET /fizzy-bath-bombs.html?path=//opt/alt/php74/usr/include/php/ext/swoole/thirdparty/hiredis HTTP/1.1" 200 2837 "http://www.rgardensoap.com/fizzy-bath-bombs.html?path=//opt/alt/php74/usr/include/php/ext/swoole/thirdparty" "Mozilla/5.0 AppleWebKit/537.36 (KHTML, like Gecko; compatible; GPTBot/1.3; +https://openai.com/gptbot)" 677 **0/677293**
74.7.227.35 - - [11/Mar/2026:05:33:21 -0700] "GET /?path=//proc/self/root/proc/thread-self/root/proc/thread-self/root/proc/thread-self/root/lib/.build-id/42 HTTP/1.1" 200 3494 "http://mail.rgardensoap.com/?path=//proc/self/root/proc/thread-self/root/proc/thread-self/root/proc/thread-self/root/lib/.build-id" "Mozilla/5.0 AppleWebKit/537.36 (KHTML, like Gecko; compatible; GPTBot/1.3; +https://openai.com/gptbot)" 650 **0/650791**
74.7.241.54 - - [11/Mar/2026:05:33:21 -0700] "GET /fizzy-bath-bombs.html?path=//opt/alt/php71/usr/include/php/ext/xml HTTP/1.1" 200 2665 "http://www.rgardensoap.com/fizzy-bath-bombs.html?path=//opt/alt/php71/usr/include/php/ext" "Mozilla/5.0 AppleWebKit/537.36 (KHTML, like Gecko; compatible; GPTBot/1.3; +https://openai.com/gptbot)" 760 **0/760661**
74.7.227.150 - - [11/Mar/2026:05:33:21 -0700] "GET /administrator/templates/bluestork/error.php?path=//opt/cloudlinux/alt-php56/root/etc HTTP/1.1" 200 3154 "http://rgardensoap.com/administrator/templates/bluestork/error.php?path=//opt/cloudlinux/alt-php56/root" "Mozilla/5.0 AppleWebKit/537.36 (KHTML, like Gecko; compatible; GPTBot/1.3; +https://openai.com/gptbot)" 776 **0/776009**
74.7.227.35 - - [11/Mar/2026:05:33:22 -0700] "GET /?path=//proc/self/root/proc/thread-self/root/proc/thread-self/root/proc/thread-self/root/lib/.build-id/49 HTTP/1.1" 200 3143 "http://mail.rgardensoap.com/?path=//proc/self/root/proc/thread-self/root/proc/thread-self/root/proc/thread-self/root/lib/.build-id" "Mozilla/5.0 AppleWebKit/537.36 (KHTML, like Gecko; compatible; GPTBot/1.3; +https://openai.com/gptbot)" 704 **0/704466**
74.7.227.150 - - [11/Mar/2026:05:33:22 -0700] "GET /administrator/templates/bluestork/error.php?path=//opt/cloudlinux/alt-php82/root/link HTTP/1.1" 200 2570 "http://rgardensoap.com/administrator/templates/bluestork/error.php?path=//opt/cloudlinux/alt-php82/root" "Mozilla/5.0 AppleWebKit/537.36 (KHTML, like Gecko; compatible; GPTBot/1.3; +https://openai.com/gptbot)" 777 **0/777659**
74.7.241.54 - - [11/Mar/2026:05:33:22 -0700] "GET /fizzy-bath-bombs.html?path=//opt/alt/php74/usr/include/php/ext/xml HTTP/1.1" 200 2665 "http://www.rgardensoap.com/fizzy-bath-bombs.html?path=//opt/alt/php74/usr/include/php/ext" "Mozilla/5.0 AppleWebKit/537.36 (KHTML, like Gecko; compatible; GPTBot/1.3; +https://openai.com/gptbot)" 952 **0/952329**
74.7.227.150 - - [11/Mar/2026:05:33:23 -0700] "GET /administrator/templates/bluestork/error.php?path=//opt/cloudlinux/alt-php56/root/link HTTP/1.1" 200 2570 "http://rgardensoap.com/administrator/templates/bluestork/error.php?path=//opt/cloudlinux/alt-php56/root" "Mozilla/5.0 AppleWebKit/537.36 (KHTML, like Gecko; compatible; GPTBot/1.3; +https://openai.com/gptbot)" 694 **0/694862**
74.7.227.35 - - [11/Mar/2026:05:33:23 -0700] "GET /?path=//proc/self/root/proc/thread-self/root/proc/thread-self/root/proc/thread-self/root/lib/.build-id/81 HTTP/1.1" 200 3424 "http://mail.rgardensoap.com/?path=//proc/self/root/proc/thread-self/root/proc/thread-self/root/proc/thread-self/root/lib/.build-id" "Mozilla/5.0 AppleWebKit/537.36 (KHTML, like Gecko; compatible; GPTBot/1.3; +https://openai.com/gptbot)" 848 **0/848979**
74.7.241.54 - - [11/Mar/2026:05:33:23 -0700] "GET /fizzy-bath-bombs.html?path=//opt/alt/php72/usr/include/php/ext/xml HTTP/1.1" 200 2665 "http://www.rgardensoap.com/fizzy-bath-bombs.html?path=//opt/alt/php72/usr/include/php/ext" "Mozilla/5.0 AppleWebKit/537.36 (KHTML, like Gecko; compatible; GPTBot/1.3; +https://openai.com/gptbot)" 1298 **1/1298094**
74.7.227.150 - - [11/Mar/2026:05:33:24 -0700] "GET /administrator/templates/bluestork/error.php?path=//opt/cloudlinux/alt-php81/root/link HTTP/1.1" 200 2570 "http://rgardensoap.com/administrator/templates/bluestork/error.php?path=//opt/cloudlinux/alt-php81/root" "Mozilla/5.0 AppleWebKit/537.36 (KHTML, like Gecko; compatible; GPTBot/1.3; +https://openai.com/gptbot)" 942 **0/942893**
74.7.227.35 - - [11/Mar/2026:05:33:24 -0700] "GET /?path=//proc/self/root/proc/thread-self/root/proc/thread-self/root/proc/thread-self/root/lib/.build-id/21 HTTP/1.1" 200 3305 "http://mail.rgardensoap.com/?path=//proc/self/root/proc/thread-self/root/proc/thread-self/root/proc/thread-self/root/lib/.build-id" "Mozilla/5.0 AppleWebKit/537.36 (KHTML, like Gecko; compatible; GPTBot/1.3; +https://openai.com/gptbot)" 922 **0/922749**
74.7.241.54 - - [11/Mar/2026:05:33:25 -0700] "GET /fizzy-bath-bombs.html?path=//opt/alt/php54/usr/include/php/ext/xml HTTP/1.1" 200 2665 "http://www.rgardensoap.com/fizzy-bath-bombs.html?path=//opt/alt/php54/usr/include/php/ext" "Mozilla/5.0 AppleWebKit/537.36 (KHTML, like Gecko; compatible; GPTBot/1.3; +https://openai.com/gptbot)" 520 **0/520603**
74.7.227.150 - - [11/Mar/2026:05:33:25 -0700] "GET /administrator/templates/bluestork/error.php?path=//opt/cloudlinux/alt-php82/root/usr HTTP/1.1" 200 2680 "http://rgardensoap.com/administrator/templates/bluestork/error.php?path=//opt/cloudlinux/alt-php82/root" "Mozilla/5.0 AppleWebKit/537.36 (KHTML, like Gecko; compatible; GPTBot/1.3; +https://openai.com/gptbot)" 598 **0/598195**
74.7.241.54 - - [11/Mar/2026:05:33:25 -0700] "GET /fizzy-bath-bombs.html?path=//opt/alt/php72/usr/include/php/ext/propro HTTP/1.1" 200 2659 "http://www.rgardensoap.com/fizzy-bath-bombs.html?path=//opt/alt/php72/usr/include/php/ext" "Mozilla/5.0 AppleWebKit/537.36 (KHTML, like Gecko; compatible; GPTBot/1.3; +https://openai.com/gptbot)" 506 **0/506227**
74.7.227.35 - - [11/Mar/2026:05:33:25 -0700] "GET /?path=//proc/self/root/proc/thread-self/root/proc/thread-self/root/proc/thread-self/root/lib/.build-id/61 HTTP/1.1" 200 3048 "http://mail.rgardensoap.com/?path=//proc/self/root/proc/thread-self/root/proc/thread-self/root/proc/thread-self/root/lib/.build-id" "Mozilla/5.0 AppleWebKit/537.36 (KHTML, like Gecko; compatible; GPTBot/1.3; +https://openai.com/gptbot)" 482 **0/482905**
74.7.227.150 - - [11/Mar/2026:05:33:26 -0700] "GET /administrator/templates/bluestork/error.php?path=//opt/cloudlinux/alt-php56/root/var HTTP/1.1" 200 2634 "http://rgardensoap.com/administrator/templates/bluestork/error.php?path=//opt/cloudlinux/alt-php56/root" "Mozilla/5.0 AppleWebKit/537.36 (KHTML, like Gecko; compatible; GPTBot/1.3; +https://openai.com/gptbot)" 620 **0/620617**
74.7.241.54 - - [11/Mar/2026:05:33:26 -0700] "GET /fizzy-bath-bombs.html?path=//opt/alt/php71/usr/include/php/ext/propro HTTP/1.1" 200 2659 "http://www.rgardensoap.com/fizzy-bath-bombs.html?path=//opt/alt/php71/usr/include/php/ext" "Mozilla/5.0 AppleWebKit/537.36 (KHTML, like Gecko; compatible; GPTBot/1.3; +https://openai.com/gptbot)" 969 **0/969293**
74.7.227.35 - - [11/Mar/2026:05:33:26 -0700] "GET /?path=//proc/self/root/proc/thread-self/root/proc/thread-self/root/proc/thread-self/root/lib/.build-id/28 HTTP/1.1" 200 2993 "http://mail.rgardensoap.com/?path=//proc/self/root/proc/thread-self/root/proc/thread-self/root/proc/thread-self/root/lib/.build-id" "Mozilla/5.0 AppleWebKit/537.36 (KHTML, like Gecko; compatible; GPTBot/1.3; +https://openai.com/gptbot)" 825 **0/825572**
74.7.227.150 - - [11/Mar/2026:05:33:26 -0700] "GET /administrator/templates/bluestork/error.php?path=//opt/cloudlinux/alt-php81/root/usr HTTP/1.1" 200 2680 "http://rgardensoap.com/administrator/templates/bluestork/error.php?path=//opt/cloudlinux/alt-php81/root" "Mozilla/5.0 AppleWebKit/537.36 (KHTML, like Gecko; compatible; GPTBot/1.3; +https://openai.com/gptbot)" 574 **0/574189**
74.7.241.54 - - [11/Mar/2026:05:33:27 -0700] "GET /fizzy-bath-bombs.html?path=//opt/alt/php74/usr/include/php/main/streams HTTP/1.1" 200 2868 "http://www.rgardensoap.com/fizzy-bath-bombs.html?path=//opt/alt/php74/usr/include/php/main" "Mozilla/5.0 AppleWebKit/537.36 (KHTML, like Gecko; compatible; GPTBot/1.3; +https://openai.com/gptbot)" 752 **0/752583**
74.7.227.150 - - [11/Mar/2026:05:33:27 -0700] "GET /administrator/templates/bluestork/error.php?path=//opt/cpanel/ea-ruby27/src/passenger-release-6.1.2/build/support/vendor/cxx_hinted_parser/lib HTTP/1.1" 200 2735 "http://rgardensoap.com/administrator/templates/bluestork/error.php?path=//opt/cpanel/ea-ruby27/src/passenger-release-6.1.2/build/support/vendor/cxx_hinted_parser" "Mozilla/5.0 AppleWebKit/537.36 (KHTML, like Gecko; compatible; GPTBot/1.3; +https://openai.com/gptbot)" 596 **0/596806**
74.7.227.35 - - [11/Mar/2026:05:33:27 -0700] "GET /?path=//proc/self/root/proc/thread-self/root/proc/thread-self/root/proc/thread-self/root/lib/.build-id/09 HTTP/1.1" 200 3314 "http://mail.rgardensoap.com/?path=//proc/self/root/proc/thread-self/root/proc/thread-self/root/proc/thread-self/root/lib/.build-id" "Mozilla/5.0 AppleWebKit/537.36 (KHTML, like Gecko; compatible; GPTBot/1.3; +https://openai.com/gptbot)" 609 **0/609686**
74.7.241.54 - - [11/Mar/2026:05:33:28 -0700] "GET /fizzy-bath-bombs.html?fileloc=//opt/alt/php73/usr/include/php/ext/swoole/thirdparty/hiredis/net.h&path=//opt/alt/php73/usr/include/php/ext/swoole/thirdparty/hiredis HTTP/1.1" 200 3550 "http://www.rgardensoap.com/fizzy-bath-bombs.html?path=//opt/alt/php73/usr/include/php/ext/swoole/thirdparty/hiredis" "Mozilla/5.0 AppleWebKit/537.36 (KHTML, like Gecko; compatible; GPTBot/1.3; +https://openai.com/gptbot)" 566 **0/566922**
74.7.227.150 - - [11/Mar/2026:05:33:28 -0700] "GET /administrator/templates/bluestork/error.php?path=//opt/cpanel/ea-ruby27/src/passenger-release-6.1.2/build/support/vendor/cxx_hinted_parser/spec HTTP/1.1" 200 2791 "http://rgardensoap.com/administrator/templates/bluestork/error.php?path=//opt/cpanel/ea-ruby27/src/passenger-release-6.1.2/build/support/vendor/cxx_hinted_parser" "Mozilla/5.0 AppleWebKit/537.36 (KHTML, like Gecko; compatible; GPTBot/1.3; +https://openai.com/gptbot)" 647 **0/647828**
74.7.227.35 - - [11/Mar/2026:05:33:28 -0700] "GET /?path=//proc/self/root/proc/thread-self/root/proc/thread-self/root/proc/thread-self/root/lib/.build-id/43 HTTP/1.1" 200 3149 "http://mail.rgardensoap.com/?path=//proc/self/root/proc/thread-self/root/proc/thread-self/root/proc/thread-self/root/lib/.build-id" "Mozilla/5.0 AppleWebKit/537.36 (KHTML, like Gecko; compatible; GPTBot/1.3; +https://openai.com/gptbot)" 888 **0/888771**
74.7.227.150 - - [11/Mar/2026:05:33:29 -0700] "GET /administrator/templates/bluestork/error.php?path=//opt/cloudlinux/alt-php81/root/etc/percona5.6 HTTP/1.1" 200 2659 "http://rgardensoap.com/administrator/templates/bluestork/error.php?path=//opt/cloudlinux/alt-php81/root/etc" "Mozilla/5.0 AppleWebKit/537.36 (KHTML, like Gecko; compatible; GPTBot/1.3; +https://openai.com/gptbot)" 504 **0/504272**
74.7.241.54 - - [11/Mar/2026:05:33:29 -0700] "GET /fizzy-bath-bombs.html?fileloc=//opt/alt/php71/usr/include/php/ext/swoole/thirdparty/hiredis/net.h&path=//opt/alt/php71/usr/include/php/ext/swoole/thirdparty/hiredis HTTP/1.1" 200 3490 "http://www.rgardensoap.com/fizzy-bath-bombs.html?path=//opt/alt/php71/usr/include/php/ext/swoole/thirdparty/hiredis" "Mozilla/5.0 AppleWebKit/537.36 (KHTML, like Gecko; compatible; GPTBot/1.3; +https://openai.com/gptbot)" 1045 **1/1045387**
74.7.227.150 - - [11/Mar/2026:05:33:29 -0700] "GET /administrator/templates/bluestork/error.php?path=//opt/cloudlinux/alt-php81/root/etc/mariadb1104 HTTP/1.1" 200 2658 "http://rgardensoap.com/administrator/templates/bluestork/error.php?path=//opt/cloudlinux/alt-php81/root/etc" "Mozilla/5.0 AppleWebKit/537.36 (KHTML, like Gecko; compatible; GPTBot/1.3; +https://openai.com/gptbot)" 774 **0/774398**
74.7.227.35 - - [11/Mar/2026:05:33:29 -0700] "GET /?path=//proc/self/root/proc/thread-self/root/proc/thread-self/root/proc/thread-self/root/lib/.build-id/87 HTTP/1.1" 200 3297 "http://mail.rgardensoap.com/?path=//proc/self/root/proc/thread-self/root/proc/thread-self/root/proc/thread-self/root/lib/.build-id" "Mozilla/5.0 AppleWebKit/537.36 (KHTML, like Gecko; compatible; GPTBot/1.3; +https://openai.com/gptbot)" 772 **0/772865**
74.7.241.54 - - [11/Mar/2026:05:33:30 -0700] "GET /fizzy-bath-bombs.html?fileloc=//opt/alt/php72/usr/include/php/ext/swoole/thirdparty/hiredis/net.h&path=//opt/alt/php72/usr/include/php/ext/swoole/thirdparty/hiredis HTTP/1.1" 200 3550 "http://www.rgardensoap.com/fizzy-bath-bombs.html?path=//opt/alt/php72/usr/include/php/ext/swoole/thirdparty/hiredis" "Mozilla/5.0 AppleWebKit/537.36 (KHTML, like Gecko; compatible; GPTBot/1.3; +https://openai.com/gptbot)" 899 **0/899956**
74.7.227.150 - - [11/Mar/2026:05:33:30 -0700] "GET /administrator/templates/bluestork/error.php?path=//opt/cloudlinux/alt-php56/root/etc/php.d.i360 HTTP/1.1" 200 2617 "http://rgardensoap.com/administrator/templates/bluestork/error.php?path=//opt/cloudlinux/alt-php56/root/etc" "Mozilla/5.0 AppleWebKit/537.36 (KHTML, like Gecko; compatible; GPTBot/1.3; +https://openai.com/gptbot)" 682 **0/682866**
74.7.227.35 - - [11/Mar/2026:05:33:30 -0700] "GET /?path=//proc/self/root/proc/thread-self/root/proc/thread-self/root/proc/thread-self/root/lib/.build-id/65 HTTP/1.1" 200 3043 "http://mail.rgardensoap.com/?path=//proc/self/root/proc/thread-self/root/proc/thread-self/root/proc/thread-self/root/lib/.build-id" "Mozilla/5.0 AppleWebKit/537.36 (KHTML, like Gecko; compatible; GPTBot/1.3; +https://openai.com/gptbot)" 583 **0/583043**
74.7.241.54 - - [11/Mar/2026:05:33:31 -0700] "GET /fizzy-bath-bombs.html?fileloc=//opt/alt/php74/usr/include/php/ext/swoole/thirdparty/hiredis/net.h&path=//opt/alt/php74/usr/include/php/ext/swoole/thirdparty/hiredis HTTP/1.1" 200 3550 "http://www.rgardensoap.com/fizzy-bath-bombs.html?path=//opt/alt/php74/usr/include/php/ext/swoole/thirdparty/hiredis" "Mozilla/5.0 AppleWebKit/537.36 (KHTML, like Gecko; compatible; GPTBot/1.3; +https://openai.com/gptbot)" 628 **0/628800**
74.7.227.150 - - [11/Mar/2026:05:33:31 -0700] "GET /administrator/templates/bluestork/error.php?path=//opt/cloudlinux/alt-php56/root/etc/percona5.6 HTTP/1.1" 200 2680 "http://rgardensoap.com/administrator/templates/bluestork/error.php?path=//opt/cloudlinux/alt-php56/root/etc" "Mozilla/5.0 AppleWebKit/537.36 (KHTML, like Gecko; compatible; GPTBot/1.3; +https://openai.com/gptbot)" 602 **0/602466**
74.7.227.35 - - [11/Mar/2026:05:33:31 -0700] "GET /?path=//proc/self/root/proc/thread-self/root/proc/thread-self/root/proc/thread-self/root/lib/.build-id/60 HTTP/1.1" 200 3251 "http://mail.rgardensoap.com/?path=//proc/self/root/proc/thread-self/root/proc/thread-self/root/proc/thread-self/root/lib/.build-id" "Mozilla/5.0 AppleWebKit/537.36 (KHTML, like Gecko; compatible; GPTBot/1.3; +https://openai.com/gptbot)" 566 **0/566267**
74.7.241.54 - - [11/Mar/2026:05:33:32 -0700] "GET /fizzy-bath-bombs.html?fileloc=//opt/alt/php74/usr/include/php/ext/swoole/thirdparty/hiredis/alloc.h&path=//opt/alt/php74/usr/include/php/ext/swoole/thirdparty/hiredis HTTP/1.1" 200 3556 "http://www.rgardensoap.com/fizzy-bath-bombs.html?path=//opt/alt/php74/usr/include/php/ext/swoole/thirdparty/hiredis" "Mozilla/5.0 AppleWebKit/537.36 (KHTML, like Gecko; compatible; GPTBot/1.3; +https://openai.com/gptbot)" 779 **0/779628**
74.7.227.150 - - [11/Mar/2026:05:33:32 -0700] "GET /administrator/templates/bluestork/error.php?path=//opt/cloudlinux/alt-php56/root/etc/mysql5.5 HTTP/1.1" 200 2675 "http://rgardensoap.com/administrator/templates/bluestork/error.php?path=//opt/cloudlinux/alt-php56/root/etc" "Mozilla/5.0 AppleWebKit/537.36 (KHTML, like Gecko; compatible; GPTBot/1.3; +https://openai.com/gptbot)" 575 **0/575772**
72.167.71.145 - - [11/Mar/2026:05:33:32 -0700] "POST /deleteme.cha097d2aebf6074a518276965ecfb923ef.php?n=1&m=4 HTTP/1.1" 200 3414 "-" "Installatron Plugin/10.0.6/547" 329 **0/329626**
74.7.227.35 - - [11/Mar/2026:05:33:32 -0700] "GET /?path=//proc/self/root/proc/thread-self/root/proc/thread-self/root/proc/thread-self/root/lib/.build-id/38 HTTP/1.1" 200 3300 "http://mail.rgardensoap.com/?path=//proc/self/root/proc/thread-self/root/proc/thread-self/root/proc/thread-self/root/lib/.build-id" "Mozilla/5.0 AppleWebKit/537.36 (KHTML, like Gecko; compatible; GPTBot/1.3; +https://openai.com/gptbot)" 697 **0/697755**
74.7.241.54 - - [11/Mar/2026:05:33:32 -0700] "GET /fizzy-bath-bombs.html?fileloc=//opt/alt/php73/usr/include/php/ext/swoole/thirdparty/hiredis/alloc.h&path=//opt/alt/php73/usr/include/php/ext/swoole/thirdparty/hiredis HTTP/1.1" 200 3556 "http://www.rgardensoap.com/fizzy-bath-bombs.html?path=//opt/alt/php73/usr/include/php/ext/swoole/thirdparty/hiredis" "Mozilla/5.0 AppleWebKit/537.36 (KHTML, like Gecko; compatible; GPTBot/1.3; +https://openai.com/gptbot)" 676 **0/676726**
74.7.227.150 - - [11/Mar/2026:05:33:33 -0700] "GET /administrator/templates/bluestork/error.php?path=//opt/cloudlinux/alt-php81/root/etc/mariadb1011 HTTP/1.1" 200 2658 "http://rgardensoap.com/administrator/templates/bluestork/error.php?path=//opt/cloudlinux/alt-php81/root/etc" "Mozilla/5.0 AppleWebKit/537.36 (KHTML, like Gecko; compatible; GPTBot/1.3; +https://openai.com/gptbot)" 717 **0/717071**
72.167.71.145 - - [11/Mar/2026:05:33:33 -0700] "POST /deleteme.wp9900e01d9e784567924d87a3e4fe13f2.php HTTP/1.1" 200 75235 "-" "Installatron Plugin/10.0.6/547" 120 **0/120042**
74.7.227.35 - - [11/Mar/2026:05:33:33 -0700] "GET /?path=//proc/self/root/proc/thread-self/root/proc/thread-self/root/proc/thread-self/root/lib/.build-id/08 HTTP/1.1" 200 3037 "http://mail.rgardensoap.com/?path=//proc/self/root/proc/thread-self/root/proc/thread-self/root/proc/thread-self/root/lib/.build-id" "Mozilla/5.0 AppleWebKit/537.36 (KHTML, like Gecko; compatible; GPTBot/1.3; +https://openai.com/gptbot)" 653 **0/653324**
74.7.241.54 - - [11/Mar/2026:05:33:33 -0700] "GET /fizzy-bath-bombs.html?fileloc=//opt/alt/php72/usr/include/php/ext/swoole/thirdparty/hiredis/alloc.h&path=//opt/alt/php72/usr/include/php/ext/swoole/thirdparty/hiredis HTTP/1.1" 200 3556 "http://www.rgardensoap.com/fizzy-bath-bombs.html?path=//opt/alt/php72/usr/include/php/ext/swoole/thirdparty/hiredis" "Mozilla/5.0 AppleWebKit/537.36 (KHTML, like Gecko; compatible; GPTBot/1.3; +https://openai.com/gptbot)" 646 **0/646291**
74.7.227.150 - - [11/Mar/2026:05:33:33 -0700] "GET /administrator/templates/bluestork/error.php?path=//opt/cloudlinux/alt-php56/root/etc/mariadb1011 HTTP/1.1" 200 2678 "http://rgardensoap.com/administrator/templates/bluestork/error.php?path=//opt/cloudlinux/alt-php56/root/etc" "Mozilla/5.0 AppleWebKit/537.36 (KHTML, like Gecko; compatible; GPTBot/1.3; +https://openai.com/gptbot)" 715 **0/715018**
72.167.71.145 - - [11/Mar/2026:05:33:34 -0700] "POST /deleteme.wp91364bd4e65f4e1696878f187c542bb9.php HTTP/1.1" 200 75235 "-" "Installatron Plugin/10.0.6/547" 225 **0/225277**
74.7.241.54 - - [11/Mar/2026:05:33:34 -0700] "GET /fizzy-bath-bombs.html?fileloc=//opt/alt/php74/usr/include/php/ext/swoole/thirdparty/hiredis/read.h&path=//opt/alt/php74/usr/include/php/ext/swoole/thirdparty/hiredis HTTP/1.1" 200 4330 "http://www.rgardensoap.com/fizzy-bath-bombs.html?path=//opt/alt/php74/usr/include/php/ext/swoole/thirdparty/hiredis" "Mozilla/5.0 AppleWebKit/537.36 (KHTML, like Gecko; compatible; GPTBot/1.3; +https://openai.com/gptbot)" 548 **0/548078**
72.167.71.145 - - [11/Mar/2026:05:33:34 -0700] "POST /deleteme.wpb154aac5143b48b38e5c5c61c4cf36fe.php HTTP/1.1" 200 75235 "-" "Installatron Plugin/10.0.6/547" 229 **0/229974**
74.7.227.35 - - [11/Mar/2026:05:33:34 -0700] "GET /?fileloc=//proc/self/root/proc/thread-self/root/proc/thread-self/root/proc/thread-self/root/lib/.build-id/81/e288991207e49030477d07cd16c61f18b636d4&path=//proc/self/root/proc/thread-self/root/proc/thread-self/root/proc/thread-self/root/lib/.build-id/81 HTTP/1.1" 200 2361 "http://mail.rgardensoap.com/?path=//proc/self/root/proc/thread-self/root/proc/thread-self/root/proc/thread-self/root/lib/.build-id/81" "Mozilla/5.0 AppleWebKit/537.36 (KHTML, like Gecko; compatible; GPTBot/1.3; +https://openai.com/gptbot)" 783 **0/783313**
74.7.227.150 - - [11/Mar/2026:05:33:34 -0700] "GET /administrator/templates/bluestork/error.php?path=//opt/cloudlinux/alt-php56/root/var/www HTTP/1.1" 200 2622 "http://rgardensoap.com/administrator/templates/bluestork/error.php?path=//opt/cloudlinux/alt-php56/root/var" "Mozilla/5.0 AppleWebKit/537.36 (KHTML, like Gecko; compatible; GPTBot/1.3; +https://openai.com/gptbot)" 736 **0/736306**
74.7.241.54 - - [11/Mar/2026:05:33:35 -0700] "GET /fizzy-bath-bombs.html?fileloc=//opt/alt/php73/usr/include/php/ext/swoole/thirdparty/hiredis/read.h&path=//opt/alt/php73/usr/include/php/ext/swoole/thirdparty/hiredis HTTP/1.1" 200 4330 "http://www.rgardensoap.com/fizzy-bath-bombs.html?path=//opt/alt/php73/usr/include/php/ext/swoole/thirdparty/hiredis" "Mozilla/5.0 AppleWebKit/537.36 (KHTML, like Gecko; compatible; GPTBot/1.3; +https://openai.com/gptbot)" 806 **0/806320**
74.7.227.150 - - [11/Mar/2026:05:33:35 -0700] "GET /administrator/templates/bluestork/error.php?path=//opt/cloudlinux/alt-php81/root/usr/lib64 HTTP/1.1" 200 2644 "http://rgardensoap.com/administrator/templates/bluestork/error.php?path=//opt/cloudlinux/alt-php81/root/usr" "Mozilla/5.0 AppleWebKit/537.36 (KHTML, like Gecko; compatible; GPTBot/1.3; +https://openai.com/gptbot)" 634 **0/634133**
74.7.227.35 - - [11/Mar/2026:05:33:35 -0700] "GET /?path=//proc/self/root/proc/thread-self/root/proc/thread-self/root/proc/thread-self/root/lib/.build-id/30 HTTP/1.1" 200 3216 "http://mail.rgardensoap.com/?path=//proc/self/root/proc/thread-self/root/proc/thread-self/root/proc/thread-self/root/lib/.build-id" "Mozilla/5.0 AppleWebKit/537.36 (KHTML, like Gecko; compatible; GPTBot/1.3; +https://openai.com/gptbot)" 600 **0/600265**
