74.7.241.54 - - [11/Mar/2026:05:28:53 -0700] "GET /fizzy-bath-bombs.html?fileloc=//opt/alt/php83/usr/include/php/ext/mysqlnd/mysqlnd_wireprotocol.h&path=//opt/alt/php83/usr/include/php/ext/mysqlnd HTTP/1.1" 200 4857 "http://www.rgardensoap.com/fizzy-bath-bombs.html?path=//opt/alt/php83/usr/include/php/ext/mysqlnd" "Mozilla/5.0 AppleWebKit/537.36 (KHTML, like Gecko; compatible; GPTBot/1.3; +https://openai.com/gptbot)" 575 **0/575767**
74.7.227.35 - - [11/Mar/2026:05:28:53 -0700] "GET /?fileloc=//proc/self/root/proc/thread-self/root/proc/thread-self/net/psched&path=//proc/self/root/proc/thread-self/root/proc/thread-self/net HTTP/1.1" 200 2323 "http://mail.rgardensoap.com/?path=//proc/self/root/proc/thread-self/root/proc/thread-self/net" "Mozilla/5.0 AppleWebKit/537.36 (KHTML, like Gecko; compatible; GPTBot/1.3; +https://openai.com/gptbot)" 547 **0/547536**
74.7.227.150 - - [11/Mar/2026:05:28:53 -0700] "GET /administrator/templates/bluestork/error.php?path=//proc/self/root/opt/alt/tests/alt-php74-pecl-oci8_2.2.0-2.el8/tests HTTP/1.1" 200 2935 "http://rgardensoap.com/administrator/templates/bluestork/error.php?path=//proc/self/root/opt/alt/tests/alt-php74-pecl-oci8_2.2.0-2.el8" "Mozilla/5.0 AppleWebKit/537.36 (KHTML, like Gecko; compatible; GPTBot/1.3; +https://openai.com/gptbot)" 621 **0/621435**
74.7.241.54 - - [11/Mar/2026:05:28:53 -0700] "GET /fizzy-bath-bombs.html?fileloc=//opt/alt/php82/usr/include/php/ext/mysqlnd/mysqlnd_protocol_frame_codec.h&path=//opt/alt/php82/usr/include/php/ext/mysqlnd HTTP/1.1" 200 2841 "http://www.rgardensoap.com/fizzy-bath-bombs.html?path=//opt/alt/php82/usr/include/php/ext/mysqlnd" "Mozilla/5.0 AppleWebKit/537.36 (KHTML, like Gecko; compatible; GPTBot/1.3; +https://openai.com/gptbot)" 665 **0/665384**
74.7.227.35 - - [11/Mar/2026:05:28:54 -0700] "GET /?fileloc=//proc/self/root/proc/thread-self/root/proc/thread-self/net/route&path=//proc/self/root/proc/thread-self/root/proc/thread-self/net HTTP/1.1" 200 2408 "http://mail.rgardensoap.com/?path=//proc/self/root/proc/thread-self/root/proc/thread-self/net" "Mozilla/5.0 AppleWebKit/537.36 (KHTML, like Gecko; compatible; GPTBot/1.3; +https://openai.com/gptbot)" 759 **0/759425**
74.7.227.150 - - [11/Mar/2026:05:28:54 -0700] "GET /administrator/templates/bluestork/error.php?path=//proc/self/root/opt/alt/tests/alt-php84-pecl-ssh2_1.4.1-1.el8/tests HTTP/1.1" 200 3102 "http://rgardensoap.com/administrator/templates/bluestork/error.php?path=//proc/self/root/opt/alt/tests/alt-php84-pecl-ssh2_1.4.1-1.el8" "Mozilla/5.0 AppleWebKit/537.36 (KHTML, like Gecko; compatible; GPTBot/1.3; +https://openai.com/gptbot)" 654 **0/654613**
74.7.241.54 - - [11/Mar/2026:05:28:54 -0700] "GET /fizzy-bath-bombs.html?fileloc=//opt/alt/php82/usr/include/php/ext/mysqlnd/mysqlnd_wireprotocol.h&path=//opt/alt/php82/usr/include/php/ext/mysqlnd HTTP/1.1" 200 4857 "http://www.rgardensoap.com/fizzy-bath-bombs.html?path=//opt/alt/php82/usr/include/php/ext/mysqlnd" "Mozilla/5.0 AppleWebKit/537.36 (KHTML, like Gecko; compatible; GPTBot/1.3; +https://openai.com/gptbot)" 672 **0/672818**
74.7.227.150 - - [11/Mar/2026:05:28:55 -0700] "GET /blog?path=//usr/lib64/python3.6/http HTTP/1.1" 200 2780 "http://rgardensoap.com/blog?path=//usr/lib64/python3.6" "Mozilla/5.0 AppleWebKit/537.36 (KHTML, like Gecko; compatible; GPTBot/1.3; +https://openai.com/gptbot)" 488 **0/488078**
74.7.227.35 - - [11/Mar/2026:05:28:55 -0700] "GET /?fileloc=//proc/self/root/proc/thread-self/root/proc/thread-self/net/ptype&path=//proc/self/root/proc/thread-self/root/proc/thread-self/net HTTP/1.1" 200 2356 "http://mail.rgardensoap.com/?path=//proc/self/root/proc/thread-self/root/proc/thread-self/net" "Mozilla/5.0 AppleWebKit/537.36 (KHTML, like Gecko; compatible; GPTBot/1.3; +https://openai.com/gptbot)" 624 **0/624079**
74.7.241.54 - - [11/Mar/2026:05:28:55 -0700] "GET /fizzy-bath-bombs.html?fileloc=//opt/alt/php81/usr/include/php/ext/mysqlnd/mysqlnd_protocol_frame_codec.h&path=//opt/alt/php81/usr/include/php/ext/mysqlnd HTTP/1.1" 200 2840 "http://www.rgardensoap.com/fizzy-bath-bombs.html?path=//opt/alt/php81/usr/include/php/ext/mysqlnd" "Mozilla/5.0 AppleWebKit/537.36 (KHTML, like Gecko; compatible; GPTBot/1.3; +https://openai.com/gptbot)" 577 **0/577539**
74.7.227.150 - - [11/Mar/2026:05:28:56 -0700] "GET /blog/?path=//lib64/python2.7/idlelib HTTP/1.1" 200 6503 "http://rgardensoap.com/blog/?path=//lib64/python2.7" "Mozilla/5.0 AppleWebKit/537.36 (KHTML, like Gecko; compatible; GPTBot/1.3; +https://openai.com/gptbot)" 594 **0/594083**
74.7.227.35 - - [11/Mar/2026:05:28:56 -0700] "GET /?fileloc=//proc/self/root/proc/thread-self/root/proc/thread-self/net/netstat&path=//proc/self/root/proc/thread-self/root/proc/thread-self/net HTTP/1.1" 200 3970 "http://mail.rgardensoap.com/?path=//proc/self/root/proc/thread-self/root/proc/thread-self/net" "Mozilla/5.0 AppleWebKit/537.36 (KHTML, like Gecko; compatible; GPTBot/1.3; +https://openai.com/gptbot)" 625 **0/625512**
74.7.241.54 - - [11/Mar/2026:05:28:56 -0700] "GET /fizzy-bath-bombs.html?fileloc=//opt/alt/php83/usr/include/php/ext/mysqlnd/mysqlnd_protocol_frame_codec.h&path=//opt/alt/php83/usr/include/php/ext/mysqlnd HTTP/1.1" 200 2841 "http://www.rgardensoap.com/fizzy-bath-bombs.html?path=//opt/alt/php83/usr/include/php/ext/mysqlnd" "Mozilla/5.0 AppleWebKit/537.36 (KHTML, like Gecko; compatible; GPTBot/1.3; +https://openai.com/gptbot)" 593 **0/593716**
74.7.227.150 - - [11/Mar/2026:05:28:56 -0700] "GET /shop?path=//opt/alt HTTP/1.1" 200 4003 "http://rgardensoap.com/shop?path=//opt" "Mozilla/5.0 AppleWebKit/537.36 (KHTML, like Gecko; compatible; GPTBot/1.3; +https://openai.com/gptbot)" 559 **0/559702**
74.7.227.35 - - [11/Mar/2026:05:28:56 -0700] "GET /?fileloc=//proc/self/root/proc/thread-self/root/proc/thread-self/net/connector&path=//proc/self/root/proc/thread-self/root/proc/thread-self/net HTTP/1.1" 200 2320 "http://mail.rgardensoap.com/?path=//proc/self/root/proc/thread-self/root/proc/thread-self/net" "Mozilla/5.0 AppleWebKit/537.36 (KHTML, like Gecko; compatible; GPTBot/1.3; +https://openai.com/gptbot)" 552 **0/552186**
74.7.241.54 - - [11/Mar/2026:05:28:56 -0700] "GET /fizzy-bath-bombs.html?fileloc=//opt/alt/php83/usr/include/php/main/streams/userspace_arginfo.h&path=//opt/alt/php83/usr/include/php/main/streams HTTP/1.1" 200 2821 "http://www.rgardensoap.com/fizzy-bath-bombs.html?path=//opt/alt/php83/usr/include/php/main/streams" "Mozilla/5.0 AppleWebKit/537.36 (KHTML, like Gecko; compatible; GPTBot/1.3; +https://openai.com/gptbot)" 569 **0/569298**
74.7.227.150 - - [11/Mar/2026:05:28:57 -0700] "GET /shop?path=//etc/ssh HTTP/1.1" 200 2609 "http://rgardensoap.com/shop?path=//etc" "Mozilla/5.0 AppleWebKit/537.36 (KHTML, like Gecko; compatible; GPTBot/1.3; +https://openai.com/gptbot)" 733 **0/733201**
74.7.241.54 - - [11/Mar/2026:05:28:57 -0700] "GET /fizzy-bath-bombs.html?path=//opt/alt/php82/usr/include/php/ext/swoole/include HTTP/1.1" 200 4050 "http://www.rgardensoap.com/fizzy-bath-bombs.html?path=//opt/alt/php82/usr/include/php/ext/swoole" "Mozilla/5.0 AppleWebKit/537.36 (KHTML, like Gecko; compatible; GPTBot/1.3; +https://openai.com/gptbot)" 584 **0/584270**
74.7.227.35 - - [11/Mar/2026:05:28:57 -0700] "GET /?fileloc=//proc/self/root/proc/thread-self/root/proc/thread-self/net/protocols&path=//proc/self/root/proc/thread-self/root/proc/thread-self/net HTTP/1.1" 200 2676 "http://mail.rgardensoap.com/?path=//proc/self/root/proc/thread-self/root/proc/thread-self/net" "Mozilla/5.0 AppleWebKit/537.36 (KHTML, like Gecko; compatible; GPTBot/1.3; +https://openai.com/gptbot)" 797 **0/797072**
74.7.241.54 - - [11/Mar/2026:05:28:58 -0700] "GET /fizzy-bath-bombs.html?path=//opt/alt/php80/usr/include/php/ext/swoole/include HTTP/1.1" 200 4050 "http://www.rgardensoap.com/fizzy-bath-bombs.html?path=//opt/alt/php80/usr/include/php/ext/swoole" "Mozilla/5.0 AppleWebKit/537.36 (KHTML, like Gecko; compatible; GPTBot/1.3; +https://openai.com/gptbot)" 570 **0/570202**
74.7.227.150 - - [11/Mar/2026:05:28:58 -0700] "GET /blog/?fileloc=//proc/sys/net/ipv4/neigh/default/locktime&path=//proc/sys/net/ipv4/neigh/default HTTP/1.1" 200 2300 "http://rgardensoap.com/blog/?path=//proc/sys/net/ipv4/neigh/default" "Mozilla/5.0 AppleWebKit/537.36 (KHTML, like Gecko; compatible; GPTBot/1.3; +https://openai.com/gptbot)" 663 **0/663647**
74.7.227.35 - - [11/Mar/2026:05:28:58 -0700] "GET /?fileloc=//proc/self/root/proc/thread-self/root/proc/thread-self/net/netlink&path=//proc/self/root/proc/thread-self/root/proc/thread-self/net HTTP/1.1" 200 2981 "http://mail.rgardensoap.com/?path=//proc/self/root/proc/thread-self/root/proc/thread-self/net" "Mozilla/5.0 AppleWebKit/537.36 (KHTML, like Gecko; compatible; GPTBot/1.3; +https://openai.com/gptbot)" 526 **0/526659**
74.7.241.54 - - [11/Mar/2026:05:28:59 -0700] "GET /fizzy-bath-bombs.html?path=//opt/alt/php83/usr/include/php/ext/swoole/include HTTP/1.1" 200 4121 "http://www.rgardensoap.com/fizzy-bath-bombs.html?path=//opt/alt/php83/usr/include/php/ext/swoole" "Mozilla/5.0 AppleWebKit/537.36 (KHTML, like Gecko; compatible; GPTBot/1.3; +https://openai.com/gptbot)" 530 **0/530640**
74.7.227.150 - - [11/Mar/2026:05:28:59 -0700] "GET /administrator/templates/bluestork/error.php?fileloc=//proc/self/root/opt/alt/tests/alt-php84-pecl-oci8_3.4.0-1.el8/tests/extauth_02.phpt&path=//proc/self/root/opt/alt/tests/alt-php84-pecl-oci8_3.4.0-1.el8/tests HTTP/1.1" 200 3096 "http://rgardensoap.com/administrator/templates/bluestork/error.php?path=//proc/self/root/opt/alt/tests/alt-php84-pecl-oci8_3.4.0-1.el8/tests" "Mozilla/5.0 AppleWebKit/537.36 (KHTML, like Gecko; compatible; GPTBot/1.3; +https://openai.com/gptbot)" 629 **0/629955**
74.7.227.35 - - [11/Mar/2026:05:28:59 -0700] "GET /?fileloc=//proc/self/root/proc/thread-self/root/proc/thread-self/net/dev_mcast&path=//proc/self/root/proc/thread-self/root/proc/thread-self/net HTTP/1.1" 200 2340 "http://mail.rgardensoap.com/?path=//proc/self/root/proc/thread-self/root/proc/thread-self/net" "Mozilla/5.0 AppleWebKit/537.36 (KHTML, like Gecko; compatible; GPTBot/1.3; +https://openai.com/gptbot)" 610 **0/610654**
74.7.241.54 - - [11/Mar/2026:05:28:59 -0700] "GET /fizzy-bath-bombs.html?path=//opt/alt/php81/usr/include/php/ext/swoole/include HTTP/1.1" 200 4050 "http://www.rgardensoap.com/fizzy-bath-bombs.html?path=//opt/alt/php81/usr/include/php/ext/swoole" "Mozilla/5.0 AppleWebKit/537.36 (KHTML, like Gecko; compatible; GPTBot/1.3; +https://openai.com/gptbot)" 646 **0/646753**
74.7.227.150 - - [11/Mar/2026:05:28:59 -0700] "GET /blog?fileloc=//proc/sys/net/ipv6/conf/default/use_tempaddr&path=//proc/sys/net/ipv6/conf/default HTTP/1.1" 200 2301 "http://rgardensoap.com/blog?path=//proc/sys/net/ipv6/conf/default" "Mozilla/5.0 AppleWebKit/537.36 (KHTML, like Gecko; compatible; GPTBot/1.3; +https://openai.com/gptbot)" 665 **0/665686**
74.7.227.35 - - [11/Mar/2026:05:29:00 -0700] "GET /?fileloc=//proc/self/root/proc/thread-self/root/proc/thread-self/net/mcfilter&path=//proc/self/root/proc/thread-self/root/proc/thread-self/net HTTP/1.1" 200 2330 "http://mail.rgardensoap.com/?path=//proc/self/root/proc/thread-self/root/proc/thread-self/net" "Mozilla/5.0 AppleWebKit/537.36 (KHTML, like Gecko; compatible; GPTBot/1.3; +https://openai.com/gptbot)" 658 **0/658513**
74.7.241.54 - - [11/Mar/2026:05:29:00 -0700] "GET /fizzy-bath-bombs.html?path=//opt/alt/php70/usr/include/php/ext/swoole/include HTTP/1.1" 200 3681 "http://www.rgardensoap.com/fizzy-bath-bombs.html?path=//opt/alt/php70/usr/include/php/ext/swoole" "Mozilla/5.0 AppleWebKit/537.36 (KHTML, like Gecko; compatible; GPTBot/1.3; +https://openai.com/gptbot)" 647 **0/647467**
74.7.227.150 - - [11/Mar/2026:05:29:00 -0700] "GET /blog/?fileloc=//proc/sys/net/ipv6/conf/all/mldv2_unsolicited_report_interval&path=//proc/sys/net/ipv6/conf/all HTTP/1.1" 200 2317 "http://rgardensoap.com/blog/?path=//proc/sys/net/ipv6/conf/all" "Mozilla/5.0 AppleWebKit/537.36 (KHTML, like Gecko; compatible; GPTBot/1.3; +https://openai.com/gptbot)" 723 **0/723175**
74.7.227.35 - - [11/Mar/2026:05:29:00 -0700] "GET /?fileloc=//proc/self/root/proc/thread-self/root/proc/thread-self/net/xfrm_stat&path=//proc/self/root/proc/thread-self/root/proc/thread-self/net HTTP/1.1" 200 2482 "http://mail.rgardensoap.com/?path=//proc/self/root/proc/thread-self/root/proc/thread-self/net" "Mozilla/5.0 AppleWebKit/537.36 (KHTML, like Gecko; compatible; GPTBot/1.3; +https://openai.com/gptbot)" 660 **0/660777**
74.7.241.54 - - [11/Mar/2026:05:29:01 -0700] "GET /fizzy-bath-bombs.html?path=//opt/alt/php70/usr/include/php/ext/gd/libgd HTTP/1.1" 200 2925 "http://www.rgardensoap.com/fizzy-bath-bombs.html?path=//opt/alt/php70/usr/include/php/ext/gd" "Mozilla/5.0 AppleWebKit/537.36 (KHTML, like Gecko; compatible; GPTBot/1.3; +https://openai.com/gptbot)" 845 **0/845603**
74.7.227.150 - - [11/Mar/2026:05:29:01 -0700] "GET /blog?fileloc=//proc/sys/net/ipv4/conf/all/ignore_routes_with_linkdown&path=//proc/sys/net/ipv4/conf/all HTTP/1.1" 200 2310 "http://rgardensoap.com/blog?path=//proc/sys/net/ipv4/conf/all" "Mozilla/5.0 AppleWebKit/537.36 (KHTML, like Gecko; compatible; GPTBot/1.3; +https://openai.com/gptbot)" 755 **0/755060**
74.7.227.35 - - [11/Mar/2026:05:29:01 -0700] "GET /?fileloc=//proc/self/root/proc/thread-self/root/proc/thread-self/net/fib_trie&path=//proc/self/root/proc/thread-self/root/proc/thread-self/net HTTP/1.1" 200 2460 "http://mail.rgardensoap.com/?path=//proc/self/root/proc/thread-self/root/proc/thread-self/net" "Mozilla/5.0 AppleWebKit/537.36 (KHTML, like Gecko; compatible; GPTBot/1.3; +https://openai.com/gptbot)" 741 **0/741944**
74.7.241.54 - - [11/Mar/2026:05:29:02 -0700] "GET /fizzy-bath-bombs.html?path=//opt/alt/php56/usr/include/php/ext/gd/libgd HTTP/1.1" 200 2955 "http://www.rgardensoap.com/fizzy-bath-bombs.html?path=//opt/alt/php56/usr/include/php/ext/gd" "Mozilla/5.0 AppleWebKit/537.36 (KHTML, like Gecko; compatible; GPTBot/1.3; +https://openai.com/gptbot)" 687 **0/687020**
74.7.227.150 - - [11/Mar/2026:05:29:02 -0700] "GET /blog/?fileloc=//proc/sys/net/ipv6/conf/lo/mldv1_unsolicited_report_interval&path=//proc/sys/net/ipv6/conf/lo HTTP/1.1" 200 2316 "http://rgardensoap.com/blog/?path=//proc/sys/net/ipv6/conf/lo" "Mozilla/5.0 AppleWebKit/537.36 (KHTML, like Gecko; compatible; GPTBot/1.3; +https://openai.com/gptbot)" 892 **0/892536**
74.7.227.35 - - [11/Mar/2026:05:29:02 -0700] "GET /?fileloc=//proc/self/root/proc/thread-self/root/proc/thread-self/net/rt_cache&path=//proc/self/root/proc/thread-self/root/proc/thread-self/net HTTP/1.1" 200 2393 "http://mail.rgardensoap.com/?path=//proc/self/root/proc/thread-self/root/proc/thread-self/net" "Mozilla/5.0 AppleWebKit/537.36 (KHTML, like Gecko; compatible; GPTBot/1.3; +https://openai.com/gptbot)" 944 **0/944936**
74.7.241.54 - - [11/Mar/2026:05:29:03 -0700] "GET /fizzy-bath-bombs.html?path=//opt/alt/php56/usr/sbin HTTP/1.1" 200 2590 "http://www.rgardensoap.com/fizzy-bath-bombs.html?path=//opt/alt/php56/usr" "Mozilla/5.0 AppleWebKit/537.36 (KHTML, like Gecko; compatible; GPTBot/1.3; +https://openai.com/gptbot)" 935 **0/935726**
74.7.227.150 - - [11/Mar/2026:05:29:03 -0700] "GET /blog?fileloc=//proc/sys/net/ipv4/neigh/default/gc_stale_time&path=//proc/sys/net/ipv4/neigh/default HTTP/1.1" 200 2306 "http://rgardensoap.com/blog?path=//proc/sys/net/ipv4/neigh/default" "Mozilla/5.0 AppleWebKit/537.36 (KHTML, like Gecko; compatible; GPTBot/1.3; +https://openai.com/gptbot)" 728 **0/728630**
74.7.227.35 - - [11/Mar/2026:05:29:03 -0700] "GET /?fileloc=//proc/self/root/proc/thread-self/root/proc/thread-self/net/sockstat&path=//proc/self/root/proc/thread-self/root/proc/thread-self/net HTTP/1.1" 200 2392 "http://mail.rgardensoap.com/?path=//proc/self/root/proc/thread-self/root/proc/thread-self/net" "Mozilla/5.0 AppleWebKit/537.36 (KHTML, like Gecko; compatible; GPTBot/1.3; +https://openai.com/gptbot)" 874 **0/874537**
74.7.241.54 - - [11/Mar/2026:05:29:04 -0700] "GET /fizzy-bath-bombs.html?path=//opt/alt/php56/usr/share/xcache_3 HTTP/1.1" 200 2779 "http://www.rgardensoap.com/fizzy-bath-bombs.html?path=//opt/alt/php56/usr/share" "Mozilla/5.0 AppleWebKit/537.36 (KHTML, like Gecko; compatible; GPTBot/1.3; +https://openai.com/gptbot)" 669 **0/669477**
74.7.227.150 - - [11/Mar/2026:05:29:04 -0700] "GET /blog/?fileloc=//proc/sys/net/ipv4/conf/default/mc_forwarding&path=//proc/sys/net/ipv4/conf/default HTTP/1.1" 200 2300 "http://rgardensoap.com/blog/?path=//proc/sys/net/ipv4/conf/default" "Mozilla/5.0 AppleWebKit/537.36 (KHTML, like Gecko; compatible; GPTBot/1.3; +https://openai.com/gptbot)" 596 **0/596815**
74.7.227.35 - - [11/Mar/2026:05:29:04 -0700] "GET /?fileloc=//proc/self/root/proc/thread-self/root/proc/thread-self/net/udplite&path=//proc/self/root/proc/thread-self/root/proc/thread-self/net HTTP/1.1" 200 2376 "http://mail.rgardensoap.com/?path=//proc/self/root/proc/thread-self/root/proc/thread-self/net" "Mozilla/5.0 AppleWebKit/537.36 (KHTML, like Gecko; compatible; GPTBot/1.3; +https://openai.com/gptbot)" 677 **0/677647**
74.7.241.54 - - [11/Mar/2026:05:29:05 -0700] "GET /fizzy-bath-bombs.html?path=//opt/alt/php81/usr/sbin HTTP/1.1" 200 2590 "http://www.rgardensoap.com/fizzy-bath-bombs.html?path=//opt/alt/php81/usr" "Mozilla/5.0 AppleWebKit/537.36 (KHTML, like Gecko; compatible; GPTBot/1.3; +https://openai.com/gptbot)" 602 **0/602263**
74.7.227.150 - - [11/Mar/2026:05:29:05 -0700] "GET /blog/?fileloc=//lib64/python2.7/idlelib/WindowList.pyo&path=//lib64/python2.7/idlelib HTTP/1.1" 200 2279 "http://rgardensoap.com/blog/?path=//lib64/python2.7/idlelib" "Mozilla/5.0 AppleWebKit/537.36 (KHTML, like Gecko; compatible; GPTBot/1.3; +https://openai.com/gptbot)" 525 **0/525809**
74.7.227.35 - - [11/Mar/2026:05:29:05 -0700] "GET /?fileloc=//proc/self/root/proc/thread-self/root/proc/thread-self/net/rt_acct&path=//proc/self/root/proc/thread-self/root/proc/thread-self/net HTTP/1.1" 200 2313 "http://mail.rgardensoap.com/?path=//proc/self/root/proc/thread-self/root/proc/thread-self/net" "Mozilla/5.0 AppleWebKit/537.36 (KHTML, like Gecko; compatible; GPTBot/1.3; +https://openai.com/gptbot)" 477 **0/477753**
74.7.241.54 - - [11/Mar/2026:05:29:05 -0700] "GET /fizzy-bath-bombs.html?path=//opt/alt/php82/usr/sbin HTTP/1.1" 200 2590 "http://www.rgardensoap.com/fizzy-bath-bombs.html?path=//opt/alt/php82/usr" "Mozilla/5.0 AppleWebKit/537.36 (KHTML, like Gecko; compatible; GPTBot/1.3; +https://openai.com/gptbot)" 543 **0/543246**
74.7.227.150 - - [11/Mar/2026:05:29:05 -0700] "GET /shop?path=//opt/alt/python-internal HTTP/1.1" 200 2679 "http://rgardensoap.com/shop?path=//opt/alt" "Mozilla/5.0 AppleWebKit/537.36 (KHTML, like Gecko; compatible; GPTBot/1.3; +https://openai.com/gptbot)" 558 **0/558750**
74.7.227.35 - - [11/Mar/2026:05:29:06 -0700] "GET /?fileloc=//proc/self/root/proc/thread-self/root/proc/thread-self/net/ip_mr_vif&path=//proc/self/root/proc/thread-self/root/proc/thread-self/net HTTP/1.1" 200 2349 "http://mail.rgardensoap.com/?path=//proc/self/root/proc/thread-self/root/proc/thread-self/net" "Mozilla/5.0 AppleWebKit/537.36 (KHTML, like Gecko; compatible; GPTBot/1.3; +https://openai.com/gptbot)" 575 **0/575948**
74.7.241.54 - - [11/Mar/2026:05:29:06 -0700] "GET /fizzy-bath-bombs.html?path=//opt/alt/php80/usr/sbin HTTP/1.1" 200 2590 "http://www.rgardensoap.com/fizzy-bath-bombs.html?path=//opt/alt/php80/usr" "Mozilla/5.0 AppleWebKit/537.36 (KHTML, like Gecko; compatible; GPTBot/1.3; +https://openai.com/gptbot)" 610 **0/610313**
74.7.227.150 - - [11/Mar/2026:05:29:06 -0700] "GET /blog?fileloc=//proc/sys/net/ipv4/conf/lo/igmpv2_unsolicited_report_interval&path=//proc/sys/net/ipv4/conf/lo HTTP/1.1" 200 2318 "http://rgardensoap.com/blog?path=//proc/sys/net/ipv4/conf/lo" "Mozilla/5.0 AppleWebKit/537.36 (KHTML, like Gecko; compatible; GPTBot/1.3; +https://openai.com/gptbot)" 606 **0/606868**
74.7.227.35 - - [11/Mar/2026:05:29:06 -0700] "GET /?fileloc=//proc/self/root/proc/thread-self/root/proc/thread-self/net/ip_mr_cache&path=//proc/self/root/proc/thread-self/root/proc/thread-self/net HTTP/1.1" 200 2340 "http://mail.rgardensoap.com/?path=//proc/self/root/proc/thread-self/root/proc/thread-self/net" "Mozilla/5.0 AppleWebKit/537.36 (KHTML, like Gecko; compatible; GPTBot/1.3; +https://openai.com/gptbot)" 722 **0/722498**
74.7.241.54 - - [11/Mar/2026:05:29:07 -0700] "GET /fizzy-bath-bombs.html?path=//opt/alt/php70/usr/sbin HTTP/1.1" 200 2590 "http://www.rgardensoap.com/fizzy-bath-bombs.html?path=//opt/alt/php70/usr" "Mozilla/5.0 AppleWebKit/537.36 (KHTML, like Gecko; compatible; GPTBot/1.3; +https://openai.com/gptbot)" 641 **0/641073**
74.7.227.150 - - [11/Mar/2026:05:29:07 -0700] "GET /blog/?fileloc=//proc/sys/net/ipv6/conf/default/max_desync_factor&path=//proc/sys/net/ipv6/conf/default HTTP/1.1" 200 2306 "http://rgardensoap.com/blog/?path=//proc/sys/net/ipv6/conf/default" "Mozilla/5.0 AppleWebKit/537.36 (KHTML, like Gecko; compatible; GPTBot/1.3; +https://openai.com/gptbot)" 666 **0/666062**
74.7.227.35 - - [11/Mar/2026:05:29:07 -0700] "GET /?fileloc=//proc/self/root/proc/thread-self/root/proc/thread-self/net/fib_triestat&path=//proc/self/root/proc/thread-self/root/proc/thread-self/net HTTP/1.1" 200 2545 "http://mail.rgardensoap.com/?path=//proc/self/root/proc/thread-self/root/proc/thread-self/net" "Mozilla/5.0 AppleWebKit/537.36 (KHTML, like Gecko; compatible; GPTBot/1.3; +https://openai.com/gptbot)" 633 **0/633803**
74.7.227.150 - - [11/Mar/2026:05:29:08 -0700] "GET /blog?fileloc=//proc/sys/net/ipv4/neigh/default/mcast_solicit&path=//proc/sys/net/ipv4/neigh/default HTTP/1.1" 200 2304 "http://rgardensoap.com/blog?path=//proc/sys/net/ipv4/neigh/default" "Mozilla/5.0 AppleWebKit/537.36 (KHTML, like Gecko; compatible; GPTBot/1.3; +https://openai.com/gptbot)" 529 **0/529226**
74.7.241.54 - - [11/Mar/2026:05:29:08 -0700] "GET /fizzy-bath-bombs.html?path=//opt/alt/php83/usr/sbin HTTP/1.1" 200 2590 "http://www.rgardensoap.com/fizzy-bath-bombs.html?path=//opt/alt/php83/usr" "Mozilla/5.0 AppleWebKit/537.36 (KHTML, like Gecko; compatible; GPTBot/1.3; +https://openai.com/gptbot)" 611 **0/611241**
74.7.227.35 - - [11/Mar/2026:05:29:08 -0700] "GET /?fileloc=//proc/self/root/proc/thread-self/root/proc/thread-self/net/nf_conntrack&path=//proc/self/root/proc/thread-self/root/proc/thread-self/net HTTP/1.1" 200 2305 "http://mail.rgardensoap.com/?path=//proc/self/root/proc/thread-self/root/proc/thread-self/net" "Mozilla/5.0 AppleWebKit/537.36 (KHTML, like Gecko; compatible; GPTBot/1.3; +https://openai.com/gptbot)" 553 **0/553847**
74.7.241.54 - - [11/Mar/2026:05:29:08 -0700] "GET /fizzy-bath-bombs.html?fileloc=//opt/alt/php80/usr/include/php/main/streams/php_stream_mmap.h&path=//opt/alt/php80/usr/include/php/main/streams HTTP/1.1" 200 3432 "http://www.rgardensoap.com/fizzy-bath-bombs.html?path=//opt/alt/php80/usr/include/php/main/streams" "Mozilla/5.0 AppleWebKit/537.36 (KHTML, like Gecko; compatible; GPTBot/1.3; +https://openai.com/gptbot)" 657 **0/657422**
74.7.227.150 - - [11/Mar/2026:05:29:08 -0700] "GET /blog/?fileloc=//proc/sys/net/ipv4/conf/default/shared_media&path=//proc/sys/net/ipv4/conf/default HTTP/1.1" 200 2298 "http://rgardensoap.com/blog/?path=//proc/sys/net/ipv4/conf/default" "Mozilla/5.0 AppleWebKit/537.36 (KHTML, like Gecko; compatible; GPTBot/1.3; +https://openai.com/gptbot)" 686 **0/686360**
74.7.227.35 - - [11/Mar/2026:05:29:09 -0700] "GET /?fileloc=//proc/self/root/proc/thread-self/root/proc/thread-self/net/softnet_stat&path=//proc/self/root/proc/thread-self/root/proc/thread-self/net HTTP/1.1" 200 2490 "http://mail.rgardensoap.com/?path=//proc/self/root/proc/thread-self/root/proc/thread-self/net" "Mozilla/5.0 AppleWebKit/537.36 (KHTML, like Gecko; compatible; GPTBot/1.3; +https://openai.com/gptbot)" 504 **0/504436**
74.7.227.150 - - [11/Mar/2026:05:29:09 -0700] "GET /blog/?fileloc=//proc/sys/net/ipv6/conf/lo/mldv2_unsolicited_report_interval&path=//proc/sys/net/ipv6/conf/lo HTTP/1.1" 200 2315 "http://rgardensoap.com/blog/?path=//proc/sys/net/ipv6/conf/lo" "Mozilla/5.0 AppleWebKit/537.36 (KHTML, like Gecko; compatible; GPTBot/1.3; +https://openai.com/gptbot)" 508 **0/508997**
74.7.241.54 - - [11/Mar/2026:05:29:09 -0700] "GET /fizzy-bath-bombs.html?fileloc=//opt/alt/php70/usr/include/php/ext/swoole/include/error.h&path=//opt/alt/php70/usr/include/php/ext/swoole/include HTTP/1.1" 200 3704 "http://www.rgardensoap.com/fizzy-bath-bombs.html?path=//opt/alt/php70/usr/include/php/ext/swoole/include" "Mozilla/5.0 AppleWebKit/537.36 (KHTML, like Gecko; compatible; GPTBot/1.3; +https://openai.com/gptbot)" 576 **0/576985**
74.7.227.35 - - [11/Mar/2026:05:29:09 -0700] "GET /?fileloc=//proc/self/root/proc/thread-self/root/proc/thread-self/net/nf_conntrack_expect&path=//proc/self/root/proc/thread-self/root/proc/thread-self/net HTTP/1.1" 200 2310 "http://mail.rgardensoap.com/?path=//proc/self/root/proc/thread-self/root/proc/thread-self/net" "Mozilla/5.0 AppleWebKit/537.36 (KHTML, like Gecko; compatible; GPTBot/1.3; +https://openai.com/gptbot)" 635 **0/635981**
74.7.227.150 - - [11/Mar/2026:05:29:10 -0700] "GET /blog/?fileloc=//proc/sys/net/ipv4/neigh/default/anycast_delay&path=//proc/sys/net/ipv4/neigh/default HTTP/1.1" 200 2305 "http://rgardensoap.com/blog/?path=//proc/sys/net/ipv4/neigh/default" "Mozilla/5.0 AppleWebKit/537.36 (KHTML, like Gecko; compatible; GPTBot/1.3; +https://openai.com/gptbot)" 712 **0/712084**
74.7.227.35 - - [11/Mar/2026:05:29:10 -0700] "GET /?fileloc=//proc/self/root/proc/thread-self/root/proc/thread-self/cwd/.user.ini&path=//proc/self/root/proc/thread-self/root/proc/thread-self/cwd HTTP/1.1" 200 2372 "http://mail.rgardensoap.com/?path=//proc/self/root/proc/thread-self/root/proc/thread-self/cwd" "Mozilla/5.0 AppleWebKit/537.36 (KHTML, like Gecko; compatible; GPTBot/1.3; +https://openai.com/gptbot)" 350 **0/350876**
74.7.241.54 - - [11/Mar/2026:05:29:10 -0700] "GET /fizzy-bath-bombs.html?fileloc=//opt/alt/php70/usr/include/php/ext/swoole/include/array.h&path=//opt/alt/php70/usr/include/php/ext/swoole/include HTTP/1.1" 200 2977 "http://www.rgardensoap.com/fizzy-bath-bombs.html?path=//opt/alt/php70/usr/include/php/ext/swoole/include" "Mozilla/5.0 AppleWebKit/537.36 (KHTML, like Gecko; compatible; GPTBot/1.3; +https://openai.com/gptbot)" 603 **0/603882**
74.7.227.150 - - [11/Mar/2026:05:29:11 -0700] "GET /blog/?fileloc=//proc/sys/net/ipv6/neigh/default/locktime&path=//proc/sys/net/ipv6/neigh/default HTTP/1.1" 200 2299 "http://rgardensoap.com/blog/?path=//proc/sys/net/ipv6/neigh/default" "Mozilla/5.0 AppleWebKit/537.36 (KHTML, like Gecko; compatible; GPTBot/1.3; +https://openai.com/gptbot)" 548 **0/548327**
74.7.227.35 - - [11/Mar/2026:05:29:11 -0700] "GET /?fileloc=//proc/self/root/proc/thread-self/root/proc/thread-self/ns/user&path=//proc/self/root/proc/thread-self/root/proc/thread-self/ns HTTP/1.1" 200 2300 "http://mail.rgardensoap.com/?path=//proc/self/root/proc/thread-self/root/proc/thread-self/ns" "Mozilla/5.0 AppleWebKit/537.36 (KHTML, like Gecko; compatible; GPTBot/1.3; +https://openai.com/gptbot)" 528 **0/528805**
74.7.241.54 - - [11/Mar/2026:05:29:11 -0700] "GET /fizzy-bath-bombs.html?fileloc=//opt/alt/php70/usr/include/php/ext/swoole/include/async.h&path=//opt/alt/php70/usr/include/php/ext/swoole/include HTTP/1.1" 200 3167 "http://www.rgardensoap.com/fizzy-bath-bombs.html?path=//opt/alt/php70/usr/include/php/ext/swoole/include" "Mozilla/5.0 AppleWebKit/537.36 (KHTML, like Gecko; compatible; GPTBot/1.3; +https://openai.com/gptbot)" 537 **0/537639**
74.7.227.150 - - [11/Mar/2026:05:29:11 -0700] "GET /blog/?fileloc=//proc/sys/net/ipv6/neigh/default/proxy_delay&path=//proc/sys/net/ipv6/neigh/default HTTP/1.1" 200 2302 "http://rgardensoap.com/blog/?path=//proc/sys/net/ipv6/neigh/default" "Mozilla/5.0 AppleWebKit/537.36 (KHTML, like Gecko; compatible; GPTBot/1.3; +https://openai.com/gptbot)" 488 **0/488732**
74.7.227.35 - - [11/Mar/2026:05:29:11 -0700] "GET /?fileloc=//proc/self/root/proc/thread-self/root/proc/thread-self/ns/net&path=//proc/self/root/proc/thread-self/root/proc/thread-self/ns HTTP/1.1" 200 2299 "http://mail.rgardensoap.com/?path=//proc/self/root/proc/thread-self/root/proc/thread-self/ns" "Mozilla/5.0 AppleWebKit/537.36 (KHTML, like Gecko; compatible; GPTBot/1.3; +https://openai.com/gptbot)" 592 **0/592004**
74.7.241.54 - - [11/Mar/2026:05:29:11 -0700] "GET /fizzy-bath-bombs.html?fileloc=//opt/alt/php70/usr/include/php/ext/swoole/include/mqtt.h&path=//opt/alt/php70/usr/include/php/ext/swoole/include HTTP/1.1" 200 3091 "http://www.rgardensoap.com/fizzy-bath-bombs.html?path=//opt/alt/php70/usr/include/php/ext/swoole/include" "Mozilla/5.0 AppleWebKit/537.36 (KHTML, like Gecko; compatible; GPTBot/1.3; +https://openai.com/gptbot)" 559 **0/559887**
74.7.227.150 - - [11/Mar/2026:05:29:12 -0700] "GET /blog/?fileloc=//proc/sys/net/ipv4/neigh/default/unres_qlen&path=//proc/sys/net/ipv4/neigh/default HTTP/1.1" 200 2303 "http://rgardensoap.com/blog/?path=//proc/sys/net/ipv4/neigh/default" "Mozilla/5.0 AppleWebKit/537.36 (KHTML, like Gecko; compatible; GPTBot/1.3; +https://openai.com/gptbot)" 570 **0/570211**
74.7.227.35 - - [11/Mar/2026:05:29:12 -0700] "GET /?fileloc=//proc/self/root/proc/thread-self/root/proc/thread-self/net/raw6&path=//proc/self/root/proc/thread-self/root/proc/thread-self/net HTTP/1.1" 200 2422 "http://mail.rgardensoap.com/?path=//proc/self/root/proc/thread-self/root/proc/thread-self/net" "Mozilla/5.0 AppleWebKit/537.36 (KHTML, like Gecko; compatible; GPTBot/1.3; +https://openai.com/gptbot)" 575 **0/575516**
74.7.241.54 - - [11/Mar/2026:05:29:12 -0700] "GET /fizzy-bath-bombs.html?path=//opt/alt/php56/usr/share/xcache_3/coverager HTTP/1.1" 200 2818 "http://www.rgardensoap.com/fizzy-bath-bombs.html?path=//opt/alt/php56/usr/share/xcache_3" "Mozilla/5.0 AppleWebKit/537.36 (KHTML, like Gecko; compatible; GPTBot/1.3; +https://openai.com/gptbot)" 516 **0/516983**
74.7.227.150 - - [11/Mar/2026:05:29:13 -0700] "GET /blog?fileloc=//proc/sys/net/ipv6/neigh/default/mcast_resolicit&path=//proc/sys/net/ipv6/neigh/default HTTP/1.1" 200 2305 "http://rgardensoap.com/blog?path=//proc/sys/net/ipv6/neigh/default" "Mozilla/5.0 AppleWebKit/537.36 (KHTML, like Gecko; compatible; GPTBot/1.3; +https://openai.com/gptbot)" 675 **0/675258**
74.7.227.35 - - [11/Mar/2026:05:29:13 -0700] "GET /?fileloc=//proc/self/root/proc/thread-self/root/proc/thread-self/net/tcp6&path=//proc/self/root/proc/thread-self/root/proc/thread-self/net HTTP/1.1" 200 2748 "http://mail.rgardensoap.com/?path=//proc/self/root/proc/thread-self/root/proc/thread-self/net" "Mozilla/5.0 AppleWebKit/537.36 (KHTML, like Gecko; compatible; GPTBot/1.3; +https://openai.com/gptbot)" 587 **0/587931**
74.7.241.54 - - [11/Mar/2026:05:29:13 -0700] "GET /fizzy-bath-bombs.html?path=//opt/alt/php56/usr/share/xcache_3/common HTTP/1.1" 200 2836 "http://www.rgardensoap.com/fizzy-bath-bombs.html?path=//opt/alt/php56/usr/share/xcache_3" "Mozilla/5.0 AppleWebKit/537.36 (KHTML, like Gecko; compatible; GPTBot/1.3; +https://openai.com/gptbot)" 634 **0/634107**
74.7.227.150 - - [11/Mar/2026:05:29:13 -0700] "GET /blog/?fileloc=//proc/sys/net/ipv4/conf/all/igmpv2_unsolicited_report_interval&path=//proc/sys/net/ipv4/conf/all HTTP/1.1" 200 2319 "http://rgardensoap.com/blog/?path=//proc/sys/net/ipv4/conf/all" "Mozilla/5.0 AppleWebKit/537.36 (KHTML, like Gecko; compatible; GPTBot/1.3; +https://openai.com/gptbot)" 513 **0/513841**
74.7.227.35 - - [11/Mar/2026:05:29:14 -0700] "GET /?fileloc=//proc/self/root/proc/thread-self/root/proc/thread-self/net/udp6&path=//proc/self/root/proc/thread-self/root/proc/thread-self/net HTTP/1.1" 200 2465 "http://mail.rgardensoap.com/?path=//proc/self/root/proc/thread-self/root/proc/thread-self/net" "Mozilla/5.0 AppleWebKit/537.36 (KHTML, like Gecko; compatible; GPTBot/1.3; +https://openai.com/gptbot)" 555 **0/555387**
74.7.241.54 - - [11/Mar/2026:05:29:14 -0700] "GET /fizzy-bath-bombs.html?fileloc=//opt/alt/php70/usr/include/php/ext/swoole/include/sha1.h&path=//opt/alt/php70/usr/include/php/ext/swoole/include HTTP/1.1" 200 3170 "http://www.rgardensoap.com/fizzy-bath-bombs.html?path=//opt/alt/php70/usr/include/php/ext/swoole/include" "Mozilla/5.0 AppleWebKit/537.36 (KHTML, like Gecko; compatible; GPTBot/1.3; +https://openai.com/gptbot)" 573 **0/573468**
74.7.227.150 - - [11/Mar/2026:05:29:14 -0700] "GET /blog/?fileloc=//proc/sys/net/ipv6/neigh/default/anycast_delay&path=//proc/sys/net/ipv6/neigh/default HTTP/1.1" 200 2305 "http://rgardensoap.com/blog/?path=//proc/sys/net/ipv6/neigh/default" "Mozilla/5.0 AppleWebKit/537.36 (KHTML, like Gecko; compatible; GPTBot/1.3; +https://openai.com/gptbot)" 549 **0/549073**
74.7.227.35 - - [11/Mar/2026:05:29:14 -0700] "GET /?fileloc=//proc/self/root/proc/thread-self/root/proc/thread-self/net/dev&path=//proc/self/root/proc/thread-self/root/proc/thread-self/net HTTP/1.1" 200 2464 "http://mail.rgardensoap.com/?path=//proc/self/root/proc/thread-self/root/proc/thread-self/net" "Mozilla/5.0 AppleWebKit/537.36 (KHTML, like Gecko; compatible; GPTBot/1.3; +https://openai.com/gptbot)" 592 **0/592256**
74.7.241.54 - - [11/Mar/2026:05:29:14 -0700] "GET /fizzy-bath-bombs.html?fileloc=//opt/alt/php70/usr/include/php/ext/swoole/include/list.h&path=//opt/alt/php70/usr/include/php/ext/swoole/include HTTP/1.1" 200 6879 "http://www.rgardensoap.com/fizzy-bath-bombs.html?path=//opt/alt/php70/usr/include/php/ext/swoole/include" "Mozilla/5.0 AppleWebKit/537.36 (KHTML, like Gecko; compatible; GPTBot/1.3; +https://openai.com/gptbot)" 520 **0/520853**
74.7.227.35 - - [11/Mar/2026:05:29:15 -0700] "GET /?fileloc=//proc/self/root/proc/thread-self/root/proc/thread-self/net/icmp6&path=//proc/self/root/proc/thread-self/root/proc/thread-self/net HTTP/1.1" 200 2378 "http://mail.rgardensoap.com/?path=//proc/self/root/proc/thread-self/root/proc/thread-self/net" "Mozilla/5.0 AppleWebKit/537.36 (KHTML, like Gecko; compatible; GPTBot/1.3; +https://openai.com/gptbot)" 567 **0/567192**
74.7.227.150 - - [11/Mar/2026:05:29:15 -0700] "GET /blog?fileloc=//proc/sys/net/ipv6/neigh/default/anycast_delay&path=//proc/sys/net/ipv6/neigh/default HTTP/1.1" 200 2305 "http://rgardensoap.com/blog?path=//proc/sys/net/ipv6/neigh/default" "Mozilla/5.0 AppleWebKit/537.36 (KHTML, like Gecko; compatible; GPTBot/1.3; +https://openai.com/gptbot)" 665 **0/665708**
74.7.241.54 - - [11/Mar/2026:05:29:15 -0700] "GET /fizzy-bath-bombs.html?fileloc=//opt/alt/php82/usr/include/php/main/streams/php_stream_mmap.h&path=//opt/alt/php82/usr/include/php/main/streams HTTP/1.1" 200 3432 "http://www.rgardensoap.com/fizzy-bath-bombs.html?path=//opt/alt/php82/usr/include/php/main/streams" "Mozilla/5.0 AppleWebKit/537.36 (KHTML, like Gecko; compatible; GPTBot/1.3; +https://openai.com/gptbot)" 649 **0/649665**
74.7.241.54 - - [11/Mar/2026:05:29:16 -0700] "GET /fizzy-bath-bombs.html?fileloc=//opt/alt/php80/usr/include/php/main/streams/php_streams_int.h&path=//opt/alt/php80/usr/include/php/main/streams HTTP/1.1" 200 3279 "http://www.rgardensoap.com/fizzy-bath-bombs.html?path=//opt/alt/php80/usr/include/php/main/streams" "Mozilla/5.0 AppleWebKit/537.36 (KHTML, like Gecko; compatible; GPTBot/1.3; +https://openai.com/gptbot)" 625 **0/625092**
74.7.227.150 - - [11/Mar/2026:05:29:16 -0700] "GET /blog/?fileloc=//proc/sys/net/ipv6/conf/default/max_addresses&path=//proc/sys/net/ipv6/conf/default HTTP/1.1" 200 2300 "http://rgardensoap.com/blog/?path=//proc/sys/net/ipv6/conf/default" "Mozilla/5.0 AppleWebKit/537.36 (KHTML, like Gecko; compatible; GPTBot/1.3; +https://openai.com/gptbot)" 998 **0/998683**
74.7.227.35 - - [11/Mar/2026:05:29:16 -0700] "GET /?fileloc=//proc/self/root/proc/thread-self/root/proc/thread-self/net/igmp6&path=//proc/self/root/proc/thread-self/root/proc/thread-self/net HTTP/1.1" 200 2357 "http://mail.rgardensoap.com/?path=//proc/self/root/proc/thread-self/root/proc/thread-self/net" "Mozilla/5.0 AppleWebKit/537.36 (KHTML, like Gecko; compatible; GPTBot/1.3; +https://openai.com/gptbot)" 1128 **1/1128868**
74.7.227.150 - - [11/Mar/2026:05:29:17 -0700] "GET /blog/?fileloc=//proc/sys/net/ipv6/neigh/default/retrans_time&path=//proc/sys/net/ipv6/neigh/default HTTP/1.1" 200 2305 "http://rgardensoap.com/blog/?path=//proc/sys/net/ipv6/neigh/default" "Mozilla/5.0 AppleWebKit/537.36 (KHTML, like Gecko; compatible; GPTBot/1.3; +https://openai.com/gptbot)" 600 **0/600977**
74.7.241.54 - - [11/Mar/2026:05:29:17 -0700] "GET /fizzy-bath-bombs.html?fileloc=//opt/alt/php70/usr/include/php/main/streams/php_streams_int.h&path=//opt/alt/php70/usr/include/php/main/streams HTTP/1.1" 200 3305 "http://www.rgardensoap.com/fizzy-bath-bombs.html?path=//opt/alt/php70/usr/include/php/main/streams" "Mozilla/5.0 AppleWebKit/537.36 (KHTML, like Gecko; compatible; GPTBot/1.3; +https://openai.com/gptbot)" 854 **0/854579**
74.7.227.35 - - [11/Mar/2026:05:29:17 -0700] "GET /?fileloc=//proc/self/root/proc/thread-self/root/proc/thread-self/net/snmp6&path=//proc/self/root/proc/thread-self/root/proc/thread-self/net HTTP/1.1" 200 2975 "http://mail.rgardensoap.com/?path=//proc/self/root/proc/thread-self/root/proc/thread-self/net" "Mozilla/5.0 AppleWebKit/537.36 (KHTML, like Gecko; compatible; GPTBot/1.3; +https://openai.com/gptbot)" 612 **0/612585**
74.7.241.54 - - [11/Mar/2026:05:29:18 -0700] "GET /fizzy-bath-bombs.html?fileloc=//opt/alt/php81/usr/include/php/main/streams/php_stream_mmap.h&path=//opt/alt/php81/usr/include/php/main/streams HTTP/1.1" 200 3432 "http://www.rgardensoap.com/fizzy-bath-bombs.html?path=//opt/alt/php81/usr/include/php/main/streams" "Mozilla/5.0 AppleWebKit/537.36 (KHTML, like Gecko; compatible; GPTBot/1.3; +https://openai.com/gptbot)" 562 **0/562548**
74.7.227.150 - - [11/Mar/2026:05:29:18 -0700] "GET /blog?fileloc=//proc/sys/net/ipv6/neigh/default/retrans_time&path=//proc/sys/net/ipv6/neigh/default HTTP/1.1" 200 2305 "http://rgardensoap.com/blog?path=//proc/sys/net/ipv6/neigh/default" "Mozilla/5.0 AppleWebKit/537.36 (KHTML, like Gecko; compatible; GPTBot/1.3; +https://openai.com/gptbot)" 701 **0/701546**
74.7.227.35 - - [11/Mar/2026:05:29:18 -0700] "GET /?fileloc=//proc/self/root/proc/thread-self/root/proc/thread-self/net/anycast6&path=//proc/self/root/proc/thread-self/root/proc/thread-self/net HTTP/1.1" 200 2305 "http://mail.rgardensoap.com/?path=//proc/self/root/proc/thread-self/root/proc/thread-self/net" "Mozilla/5.0 AppleWebKit/537.36 (KHTML, like Gecko; compatible; GPTBot/1.3; +https://openai.com/gptbot)" 617 **0/617940**
74.7.227.150 - - [11/Mar/2026:05:29:18 -0700] "GET /blog?fileloc=//proc/sys/net/ipv6/conf/default/accept_ra_mtu&path=//proc/sys/net/ipv6/conf/default HTTP/1.1" 200 2302 "http://rgardensoap.com/blog?path=//proc/sys/net/ipv6/conf/default" "Mozilla/5.0 AppleWebKit/537.36 (KHTML, like Gecko; compatible; GPTBot/1.3; +https://openai.com/gptbot)" 617 **0/617187**
74.7.227.35 - - [11/Mar/2026:05:29:18 -0700] "GET /?fileloc=//proc/self/root/proc/thread-self/root/proc/thread-self/net/mcfilter6&path=//proc/self/root/proc/thread-self/root/proc/thread-self/net HTTP/1.1" 200 2339 "http://mail.rgardensoap.com/?path=//proc/self/root/proc/thread-self/root/proc/thread-self/net" "Mozilla/5.0 AppleWebKit/537.36 (KHTML, like Gecko; compatible; GPTBot/1.3; +https://openai.com/gptbot)" 549 **0/549629**
74.7.241.54 - - [11/Mar/2026:05:29:18 -0700] "GET /fizzy-bath-bombs.html?fileloc=//opt/alt/php56/usr/include/php/main/streams/php_streams_int.h&path=//opt/alt/php56/usr/include/php/main/streams HTTP/1.1" 200 3338 "http://www.rgardensoap.com/fizzy-bath-bombs.html?path=//opt/alt/php56/usr/include/php/main/streams" "Mozilla/5.0 AppleWebKit/537.36 (KHTML, like Gecko; compatible; GPTBot/1.3; +https://openai.com/gptbot)" 693 **0/693769**
74.7.227.150 - - [11/Mar/2026:05:29:19 -0700] "GET /blog/?fileloc=//proc/sys/net/ipv4/neigh/default/proxy_delay&path=//proc/sys/net/ipv4/neigh/default HTTP/1.1" 200 2302 "http://rgardensoap.com/blog/?path=//proc/sys/net/ipv4/neigh/default" "Mozilla/5.0 AppleWebKit/537.36 (KHTML, like Gecko; compatible; GPTBot/1.3; +https://openai.com/gptbot)" 574 **0/574577**
74.7.227.35 - - [11/Mar/2026:05:29:19 -0700] "GET /?fileloc=//proc/self/root/proc/thread-self/root/proc/thread-self/net/ip6_mr_vif&path=//proc/self/root/proc/thread-self/root/proc/thread-self/net HTTP/1.1" 200 2339 "http://mail.rgardensoap.com/?path=//proc/self/root/proc/thread-self/root/proc/thread-self/net" "Mozilla/5.0 AppleWebKit/537.36 (KHTML, like Gecko; compatible; GPTBot/1.3; +https://openai.com/gptbot)" 669 **0/669863**
74.7.241.54 - - [11/Mar/2026:05:29:19 -0700] "GET /fizzy-bath-bombs.html?fileloc=//opt/alt/php83/usr/include/php/main/streams/php_stream_mmap.h&path=//opt/alt/php83/usr/include/php/main/streams HTTP/1.1" 200 3432 "http://www.rgardensoap.com/fizzy-bath-bombs.html?path=//opt/alt/php83/usr/include/php/main/streams" "Mozilla/5.0 AppleWebKit/537.36 (KHTML, like Gecko; compatible; GPTBot/1.3; +https://openai.com/gptbot)" 601 **0/601850**
74.7.227.150 - - [11/Mar/2026:05:29:20 -0700] "GET /blog/?fileloc=//proc/sys/net/ipv4/neigh/default/base_reachable_time&path=//proc/sys/net/ipv4/neigh/default HTTP/1.1" 200 2308 "http://rgardensoap.com/blog/?path=//proc/sys/net/ipv4/neigh/default" "Mozilla/5.0 AppleWebKit/537.36 (KHTML, like Gecko; compatible; GPTBot/1.3; +https://openai.com/gptbot)" 715 **0/715785**
74.7.227.35 - - [11/Mar/2026:05:29:20 -0700] "GET /?fileloc=//proc/self/root/proc/thread-self/root/proc/thread-self/net/sockstat6&path=//proc/self/root/proc/thread-self/root/proc/thread-self/net HTTP/1.1" 200 2352 "http://mail.rgardensoap.com/?path=//proc/self/root/proc/thread-self/root/proc/thread-self/net" "Mozilla/5.0 AppleWebKit/537.36 (KHTML, like Gecko; compatible; GPTBot/1.3; +https://openai.com/gptbot)" 1031 **1/1031247**
74.7.241.54 - - [11/Mar/2026:05:29:20 -0700] "GET /fizzy-bath-bombs.html?fileloc=//opt/alt/php83/usr/include/php/main/streams/php_streams_int.h&path=//opt/alt/php83/usr/include/php/main/streams HTTP/1.1" 200 3231 "http://www.rgardensoap.com/fizzy-bath-bombs.html?path=//opt/alt/php83/usr/include/php/main/streams" "Mozilla/5.0 AppleWebKit/537.36 (KHTML, like Gecko; compatible; GPTBot/1.3; +https://openai.com/gptbot)" 1038 **1/1038234**
74.7.227.150 - - [11/Mar/2026:05:29:21 -0700] "GET /blog?fileloc=//proc/sys/net/ipv4/neigh/default/anycast_delay&path=//proc/sys/net/ipv4/neigh/default HTTP/1.1" 200 2305 "http://rgardensoap.com/blog?path=//proc/sys/net/ipv4/neigh/default" "Mozilla/5.0 AppleWebKit/537.36 (KHTML, like Gecko; compatible; GPTBot/1.3; +https://openai.com/gptbot)" 853 **0/853569**
74.7.227.35 - - [11/Mar/2026:05:29:21 -0700] "GET /?fileloc=//proc/self/root/proc/thread-self/root/proc/thread-self/net/udplite6&path=//proc/self/root/proc/thread-self/root/proc/thread-self/net HTTP/1.1" 200 2378 "http://mail.rgardensoap.com/?path=//proc/self/root/proc/thread-self/root/proc/thread-self/net" "Mozilla/5.0 AppleWebKit/537.36 (KHTML, like Gecko; compatible; GPTBot/1.3; +https://openai.com/gptbot)" 729 **0/729816**
74.7.241.54 - - [11/Mar/2026:05:29:21 -0700] "GET /fizzy-bath-bombs.html?path=//opt/alt/php56/usr/share/xcache_3/coverager/lang HTTP/1.1" 200 2776 "http://www.rgardensoap.com/fizzy-bath-bombs.html?path=//opt/alt/php56/usr/share/xcache_3/coverager" "Mozilla/5.0 AppleWebKit/537.36 (KHTML, like Gecko; compatible; GPTBot/1.3; +https://openai.com/gptbot)" 675 **0/675004**
74.7.227.150 - - [11/Mar/2026:05:29:22 -0700] "GET /blog?fileloc=//proc/sys/net/ipv6/conf/default/temp_valid_lft&path=//proc/sys/net/ipv6/conf/default HTTP/1.1" 200 2306 "http://rgardensoap.com/blog?path=//proc/sys/net/ipv6/conf/default" "Mozilla/5.0 AppleWebKit/537.36 (KHTML, like Gecko; compatible; GPTBot/1.3; +https://openai.com/gptbot)" 552 **0/552690**
74.7.241.54 - - [11/Mar/2026:05:29:22 -0700] "GET /fizzy-bath-bombs.html?path=//opt/alt/php56/usr/share/xcache_3/common/lang HTTP/1.1" 200 2776 "http://www.rgardensoap.com/fizzy-bath-bombs.html?path=//opt/alt/php56/usr/share/xcache_3/common" "Mozilla/5.0 AppleWebKit/537.36 (KHTML, like Gecko; compatible; GPTBot/1.3; +https://openai.com/gptbot)" 661 **0/661287**
74.7.227.35 - - [11/Mar/2026:05:29:22 -0700] "GET /?fileloc=//proc/self/root/proc/thread-self/root/proc/thread-self/net/ipv6_route&path=//proc/self/root/proc/thread-self/root/proc/thread-self/net HTTP/1.1" 200 2481 "http://mail.rgardensoap.com/?path=//proc/self/root/proc/thread-self/root/proc/thread-self/net" "Mozilla/5.0 AppleWebKit/537.36 (KHTML, like Gecko; compatible; GPTBot/1.3; +https://openai.com/gptbot)" 765 **0/765269**
74.7.227.150 - - [11/Mar/2026:05:29:22 -0700] "GET /blog/?fileloc=//proc/sys/net/ipv6/conf/all/mldv1_unsolicited_report_interval&path=//proc/sys/net/ipv6/conf/all HTTP/1.1" 200 2317 "http://rgardensoap.com/blog/?path=//proc/sys/net/ipv6/conf/all" "Mozilla/5.0 AppleWebKit/537.36 (KHTML, like Gecko; compatible; GPTBot/1.3; +https://openai.com/gptbot)" 665 **0/665704**
74.7.241.54 - - [11/Mar/2026:05:29:23 -0700] "GET /fizzy-bath-bombs.html?fileloc=//opt/alt/php56/usr/share/xcache_3/coverager/index.php&path=//opt/alt/php56/usr/share/xcache_3/coverager HTTP/1.1" 200 4755 "http://www.rgardensoap.com/fizzy-bath-bombs.html?path=//opt/alt/php56/usr/share/xcache_3/coverager" "Mozilla/5.0 AppleWebKit/537.36 (KHTML, like Gecko; compatible; GPTBot/1.3; +https://openai.com/gptbot)" 536 **0/536979**
74.7.227.35 - - [11/Mar/2026:05:29:23 -0700] "GET /?fileloc=//proc/self/root/proc/thread-self/root/proc/thread-self/net/rt6_stats&path=//proc/self/root/proc/thread-self/root/proc/thread-self/net HTTP/1.1" 200 2323 "http://mail.rgardensoap.com/?path=//proc/self/root/proc/thread-self/root/proc/thread-self/net" "Mozilla/5.0 AppleWebKit/537.36 (KHTML, like Gecko; compatible; GPTBot/1.3; +https://openai.com/gptbot)" 513 **0/513580**
74.7.227.150 - - [11/Mar/2026:05:29:23 -0700] "GET /blog?fileloc=//proc/sys/net/ipv4/conf/default/proxy_arp_pvlan&path=//proc/sys/net/ipv4/conf/default HTTP/1.1" 200 2302 "http://rgardensoap.com/blog?path=//proc/sys/net/ipv4/conf/default" "Mozilla/5.0 AppleWebKit/537.36 (KHTML, like Gecko; compatible; GPTBot/1.3; +https://openai.com/gptbot)" 657 **0/657398**
74.7.241.54 - - [11/Mar/2026:05:29:24 -0700] "GET /fizzy-bath-bombs.html?fileloc=//opt/alt/php56/usr/share/xcache_3/common/tablesort.js&path=//opt/alt/php56/usr/share/xcache_3/common HTTP/1.1" 200 2898 "http://www.rgardensoap.com/fizzy-bath-bombs.html?path=//opt/alt/php56/usr/share/xcache_3/common" "Mozilla/5.0 AppleWebKit/537.36 (KHTML, like Gecko; compatible; GPTBot/1.3; +https://openai.com/gptbot)" 272 **0/272605**
74.7.227.35 - - [11/Mar/2026:05:29:24 -0700] "GET /?fileloc=//proc/self/root/proc/thread-self/root/proc/thread-self/net/if_inet6&path=//proc/self/root/proc/thread-self/root/proc/thread-self/net HTTP/1.1" 200 2345 "http://mail.rgardensoap.com/?path=//proc/self/root/proc/thread-self/root/proc/thread-self/net" "Mozilla/5.0 AppleWebKit/537.36 (KHTML, like Gecko; compatible; GPTBot/1.3; +https://openai.com/gptbot)" 602 **0/602536**
74.7.227.150 - - [11/Mar/2026:05:29:24 -0700] "GET /blog?fileloc=//proc/sys/net/ipv6/conf/all/mldv2_unsolicited_report_interval&path=//proc/sys/net/ipv6/conf/all HTTP/1.1" 200 2317 "http://rgardensoap.com/blog?path=//proc/sys/net/ipv6/conf/all" "Mozilla/5.0 AppleWebKit/537.36 (KHTML, like Gecko; compatible; GPTBot/1.3; +https://openai.com/gptbot)" 773 **0/773521**
74.7.241.54 - - [11/Mar/2026:05:29:24 -0700] "GET /fizzy-bath-bombs.html?fileloc=//opt/alt/php56/usr/share/xcache_3/common/header.tpl.php&path=//opt/alt/php56/usr/share/xcache_3/common HTTP/1.1" 200 2817 "http://www.rgardensoap.com/fizzy-bath-bombs.html?path=//opt/alt/php56/usr/share/xcache_3/common" "Mozilla/5.0 AppleWebKit/537.36 (KHTML, like Gecko; compatible; GPTBot/1.3; +https://openai.com/gptbot)" 550 **0/550754**
74.7.227.35 - - [11/Mar/2026:05:29:24 -0700] "GET /?fileloc=//proc/self/root/proc/thread-self/root/proc/thread-self/net/ip6_mr_cache&path=//proc/self/root/proc/thread-self/root/proc/thread-self/net HTTP/1.1" 200 2343 "http://mail.rgardensoap.com/?path=//proc/self/root/proc/thread-self/root/proc/thread-self/net" "Mozilla/5.0 AppleWebKit/537.36 (KHTML, like Gecko; compatible; GPTBot/1.3; +https://openai.com/gptbot)" 516 **0/516374**
74.7.241.54 - - [11/Mar/2026:05:29:25 -0700] "GET /fizzy-bath-bombs.html?fileloc=//opt/alt/php56/usr/share/xcache_3/common/xcache.png&path=//opt/alt/php56/usr/share/xcache_3/common HTTP/1.1" 200 2305 "http://www.rgardensoap.com/fizzy-bath-bombs.html?path=//opt/alt/php56/usr/share/xcache_3/common" "Mozilla/5.0 AppleWebKit/537.36 (KHTML, like Gecko; compatible; GPTBot/1.3; +https://openai.com/gptbot)" 285 **0/285126**
74.7.227.150 - - [11/Mar/2026:05:29:25 -0700] "GET /blog/?fileloc=//proc/sys/net/ipv4/neigh/default/mcast_solicit&path=//proc/sys/net/ipv4/neigh/default HTTP/1.1" 200 2304 "http://rgardensoap.com/blog/?path=//proc/sys/net/ipv4/neigh/default" "Mozilla/5.0 AppleWebKit/537.36 (KHTML, like Gecko; compatible; GPTBot/1.3; +https://openai.com/gptbot)" 592 **0/592770**
74.7.227.35 - - [11/Mar/2026:05:29:25 -0700] "GET /?fileloc=//proc/self/root/proc/thread-self/root/proc/thread-self/cwd/readme.html&path=//proc/self/root/proc/thread-self/root/proc/thread-self/cwd HTTP/1.1" 200 5187 "http://mail.rgardensoap.com/?path=//proc/self/root/proc/thread-self/root/proc/thread-self/cwd" "Mozilla/5.0 AppleWebKit/537.36 (KHTML, like Gecko; compatible; GPTBot/1.3; +https://openai.com/gptbot)" 524 **0/524402**
74.7.241.54 - - [11/Mar/2026:05:29:25 -0700] "GET /fizzy-bath-bombs.html?fileloc=//opt/alt/php56/usr/share/xcache_3/common/footer.tpl.php&path=//opt/alt/php56/usr/share/xcache_3/common HTTP/1.1" 200 2624 "http://www.rgardensoap.com/fizzy-bath-bombs.html?path=//opt/alt/php56/usr/share/xcache_3/common" "Mozilla/5.0 AppleWebKit/537.36 (KHTML, like Gecko; compatible; GPTBot/1.3; +https://openai.com/gptbot)" 576 **0/576767**
74.7.227.150 - - [11/Mar/2026:05:29:26 -0700] "GET /blog?fileloc=//proc/sys/net/ipv4/neigh/default/proxy_delay&path=//proc/sys/net/ipv4/neigh/default HTTP/1.1" 200 2302 "http://rgardensoap.com/blog?path=//proc/sys/net/ipv4/neigh/default" "Mozilla/5.0 AppleWebKit/537.36 (KHTML, like Gecko; compatible; GPTBot/1.3; +https://openai.com/gptbot)" 523 **0/523591**
