74.7.227.35 - - [11/Mar/2026:05:16:39 -0700] "GET /?fileloc=//proc/self/root/proc/thread-self/root/usr/lib/firmware/amdgpu/beige_goby_pfp.bin&path=//proc/self/root/proc/thread-self/root/usr/lib/firmware/amdgpu HTTP/1.1" 200 2339 "http://mail.rgardensoap.com/?path=//proc/self/root/proc/thread-self/root/usr/lib/firmware/amdgpu" "Mozilla/5.0 AppleWebKit/537.36 (KHTML, like Gecko; compatible; GPTBot/1.3; +https://openai.com/gptbot)" 539 **0/539769**
74.7.227.150 - - [11/Mar/2026:05:16:40 -0700] "GET /blog/?fileloc=//lib/firmware/i915/rkl_dmc_ver2_03.bin&path=//lib/firmware/i915 HTTP/1.1" 200 2281 "http://rgardensoap.com/blog/?path=//lib/firmware/i915" "Mozilla/5.0 AppleWebKit/537.36 (KHTML, like Gecko; compatible; GPTBot/1.3; +https://openai.com/gptbot)" 536 **0/536693**
74.7.227.35 - - [11/Mar/2026:05:16:40 -0700] "GET /?fileloc=//proc/self/root/proc/thread-self/root/usr/lib/firmware/amdgpu/yellow_carp_dmcub.bin&path=//proc/self/root/proc/thread-self/root/usr/lib/firmware/amdgpu HTTP/1.1" 200 2338 "http://mail.rgardensoap.com/?path=//proc/self/root/proc/thread-self/root/usr/lib/firmware/amdgpu" "Mozilla/5.0 AppleWebKit/537.36 (KHTML, like Gecko; compatible; GPTBot/1.3; +https://openai.com/gptbot)" 578 **0/578674**
74.7.227.150 - - [11/Mar/2026:05:16:40 -0700] "GET /old?path=//proc/irq/44 HTTP/1.1" 200 2809 "http://rgardensoap.com/old?path=//proc/irq" "Mozilla/5.0 AppleWebKit/537.36 (KHTML, like Gecko; compatible; GPTBot/1.3; +https://openai.com/gptbot)" 655 **0/655950**
74.7.227.35 - - [11/Mar/2026:05:16:41 -0700] "GET /?fileloc=//proc/self/root/proc/thread-self/root/usr/lib/firmware/amdgpu/vegam_uvd.bin&path=//proc/self/root/proc/thread-self/root/usr/lib/firmware/amdgpu HTTP/1.1" 200 2335 "http://mail.rgardensoap.com/?path=//proc/self/root/proc/thread-self/root/usr/lib/firmware/amdgpu" "Mozilla/5.0 AppleWebKit/537.36 (KHTML, like Gecko; compatible; GPTBot/1.3; +https://openai.com/gptbot)" 606 **0/606804**
74.7.227.150 - - [11/Mar/2026:05:16:41 -0700] "GET /new.php?fileloc=//bin/vimtutor&path=//bin HTTP/1.1" 200 3346 "http://rgardensoap.com/new.php?path=//bin" "Mozilla/5.0 AppleWebKit/537.36 (KHTML, like Gecko; compatible; GPTBot/1.3; +https://openai.com/gptbot)" 771 **0/771113**
74.7.227.35 - - [11/Mar/2026:05:16:41 -0700] "GET /?fileloc=//proc/self/root/proc/thread-self/root/usr/lib/firmware/amdgpu/sienna_cichlid_smc.bin&path=//proc/self/root/proc/thread-self/root/usr/lib/firmware/amdgpu HTTP/1.1" 200 2341 "http://mail.rgardensoap.com/?path=//proc/self/root/proc/thread-self/root/usr/lib/firmware/amdgpu" "Mozilla/5.0 AppleWebKit/537.36 (KHTML, like Gecko; compatible; GPTBot/1.3; +https://openai.com/gptbot)" 847 **0/847072**
74.7.227.150 - - [11/Mar/2026:05:16:42 -0700] "GET /blog/?fileloc=//lib/firmware/cxgb4/t4fw.bin&path=//lib/firmware/cxgb4 HTTP/1.1" 200 2274 "http://rgardensoap.com/blog/?path=//lib/firmware/cxgb4" "Mozilla/5.0 AppleWebKit/537.36 (KHTML, like Gecko; compatible; GPTBot/1.3; +https://openai.com/gptbot)" 867 **0/867018**
74.7.227.35 - - [11/Mar/2026:05:16:42 -0700] "GET /?fileloc=//proc/self/root/proc/thread-self/root/usr/lib/firmware/amdgpu/vegam_vce.bin&path=//proc/self/root/proc/thread-self/root/usr/lib/firmware/amdgpu HTTP/1.1" 200 2335 "http://mail.rgardensoap.com/?path=//proc/self/root/proc/thread-self/root/usr/lib/firmware/amdgpu" "Mozilla/5.0 AppleWebKit/537.36 (KHTML, like Gecko; compatible; GPTBot/1.3; +https://openai.com/gptbot)" 885 **0/885371**
74.7.227.150 - - [11/Mar/2026:05:16:43 -0700] "GET /blog/?path=//proc/self/root/opt/alt/aom/lib64 HTTP/1.1" 200 2646 "http://rgardensoap.com/blog/?path=//proc/self/root/opt/alt/aom" "Mozilla/5.0 AppleWebKit/537.36 (KHTML, like Gecko; compatible; GPTBot/1.3; +https://openai.com/gptbot)" 613 **0/613870**
74.7.227.35 - - [11/Mar/2026:05:16:43 -0700] "GET /?fileloc=//proc/self/root/proc/thread-self/root/usr/lib/firmware/amdgpu/beige_goby_me.bin&path=//proc/self/root/proc/thread-self/root/usr/lib/firmware/amdgpu HTTP/1.1" 200 2339 "http://mail.rgardensoap.com/?path=//proc/self/root/proc/thread-self/root/usr/lib/firmware/amdgpu" "Mozilla/5.0 AppleWebKit/537.36 (KHTML, like Gecko; compatible; GPTBot/1.3; +https://openai.com/gptbot)" 619 **0/619383**
74.7.227.150 - - [11/Mar/2026:05:16:44 -0700] "GET /blog/?path=//proc/self/root/opt/alt/php81/etc HTTP/1.1" 200 3213 "http://rgardensoap.com/blog/?path=//proc/self/root/opt/alt/php81" "Mozilla/5.0 AppleWebKit/537.36 (KHTML, like Gecko; compatible; GPTBot/1.3; +https://openai.com/gptbot)" 628 **0/628305**
74.7.227.35 - - [11/Mar/2026:05:16:44 -0700] "GET /?fileloc=//proc/self/root/proc/thread-self/root/usr/lib/firmware/amdgpu/vangogh_pfp.bin&path=//proc/self/root/proc/thread-self/root/usr/lib/firmware/amdgpu HTTP/1.1" 200 2336 "http://mail.rgardensoap.com/?path=//proc/self/root/proc/thread-self/root/usr/lib/firmware/amdgpu" "Mozilla/5.0 AppleWebKit/537.36 (KHTML, like Gecko; compatible; GPTBot/1.3; +https://openai.com/gptbot)" 678 **0/678207**
74.7.227.150 - - [11/Mar/2026:05:16:45 -0700] "GET /blog/?fileloc=//lib/firmware/emi62/bitstream.fw&path=//lib/firmware/emi62 HTTP/1.1" 200 2276 "http://rgardensoap.com/blog/?path=//lib/firmware/emi62" "Mozilla/5.0 AppleWebKit/537.36 (KHTML, like Gecko; compatible; GPTBot/1.3; +https://openai.com/gptbot)" 493 **0/493261**
74.7.227.35 - - [11/Mar/2026:05:16:45 -0700] "GET /?fileloc=//proc/self/root/proc/thread-self/root/usr/lib/firmware/amdgpu/beige_goby_ta.bin&path=//proc/self/root/proc/thread-self/root/usr/lib/firmware/amdgpu HTTP/1.1" 200 2339 "http://mail.rgardensoap.com/?path=//proc/self/root/proc/thread-self/root/usr/lib/firmware/amdgpu" "Mozilla/5.0 AppleWebKit/537.36 (KHTML, like Gecko; compatible; GPTBot/1.3; +https://openai.com/gptbot)" 804 **0/804561**
74.7.227.150 - - [11/Mar/2026:05:16:45 -0700] "GET /blog/?path=//proc/self/root/opt/alt/php85/etc HTTP/1.1" 200 2592 "http://rgardensoap.com/blog/?path=//proc/self/root/opt/alt/php85" "Mozilla/5.0 AppleWebKit/537.36 (KHTML, like Gecko; compatible; GPTBot/1.3; +https://openai.com/gptbot)" 711 **0/711785**
74.7.227.35 - - [11/Mar/2026:05:16:46 -0700] "GET /?fileloc=//proc/self/root/proc/thread-self/root/usr/lib/firmware/amdgpu/kabini_vce.bin&path=//proc/self/root/proc/thread-self/root/usr/lib/firmware/amdgpu HTTP/1.1" 200 2335 "http://mail.rgardensoap.com/?path=//proc/self/root/proc/thread-self/root/usr/lib/firmware/amdgpu" "Mozilla/5.0 AppleWebKit/537.36 (KHTML, like Gecko; compatible; GPTBot/1.3; +https://openai.com/gptbot)" 699 **0/699113**
74.7.227.150 - - [11/Mar/2026:05:16:46 -0700] "GET /blog/?path=//proc/self/root/opt/alt/ruby25 HTTP/1.1" 200 2678 "http://rgardensoap.com/blog/?path=//proc/self/root/opt/alt" "Mozilla/5.0 AppleWebKit/537.36 (KHTML, like Gecko; compatible; GPTBot/1.3; +https://openai.com/gptbot)" 648 **0/648725**
74.7.227.35 - - [11/Mar/2026:05:16:47 -0700] "GET /?fileloc=//proc/self/root/proc/thread-self/root/usr/lib/firmware/amdgpu/green_sardine_dmcub.bin&path=//proc/self/root/proc/thread-self/root/usr/lib/firmware/amdgpu HTTP/1.1" 200 2341 "http://mail.rgardensoap.com/?path=//proc/self/root/proc/thread-self/root/usr/lib/firmware/amdgpu" "Mozilla/5.0 AppleWebKit/537.36 (KHTML, like Gecko; compatible; GPTBot/1.3; +https://openai.com/gptbot)" 661 **0/661311**
74.7.227.150 - - [11/Mar/2026:05:16:47 -0700] "GET /blog/?path=//proc/self/root/opt/cpanel/ea-php82 HTTP/1.1" 200 2580 "http://rgardensoap.com/blog/?path=//proc/self/root/opt/cpanel" "Mozilla/5.0 AppleWebKit/537.36 (KHTML, like Gecko; compatible; GPTBot/1.3; +https://openai.com/gptbot)" 907 **0/907870**
74.7.227.35 - - [11/Mar/2026:05:16:47 -0700] "GET /?path=//proc/self/root/proc/thread-self/root/usr/lib/systemd/portable/profile/nonetwork HTTP/1.1" 200 2665 "http://mail.rgardensoap.com/?path=//proc/self/root/proc/thread-self/root/usr/lib/systemd/portable/profile" "Mozilla/5.0 AppleWebKit/537.36 (KHTML, like Gecko; compatible; GPTBot/1.3; +https://openai.com/gptbot)" 971 **0/971141**
74.7.227.150 - - [11/Mar/2026:05:16:48 -0700] "GET /blog/?path=//proc/self/root/opt/cpanel/ea-php70 HTTP/1.1" 200 2580 "http://rgardensoap.com/blog/?path=//proc/self/root/opt/cpanel" "Mozilla/5.0 AppleWebKit/537.36 (KHTML, like Gecko; compatible; GPTBot/1.3; +https://openai.com/gptbot)" 527 **0/527222**
74.7.227.35 - - [11/Mar/2026:05:16:48 -0700] "GET /?fileloc=//proc/self/root/proc/thread-self/root/usr/lib/firmware/amdgpu/navy_flounder_mec2.bin&path=//proc/self/root/proc/thread-self/root/usr/lib/firmware/amdgpu HTTP/1.1" 200 2341 "http://mail.rgardensoap.com/?path=//proc/self/root/proc/thread-self/root/usr/lib/firmware/amdgpu" "Mozilla/5.0 AppleWebKit/537.36 (KHTML, like Gecko; compatible; GPTBot/1.3; +https://openai.com/gptbot)" 711 **0/711675**
74.7.227.150 - - [11/Mar/2026:05:16:49 -0700] "GET /blog/?path=//opt/alt/php73/var/lib/pear/pkgxml HTTP/1.1" 200 2614 "http://rgardensoap.com/blog/?path=//opt/alt/php73/var/lib/pear" "Mozilla/5.0 AppleWebKit/537.36 (KHTML, like Gecko; compatible; GPTBot/1.3; +https://openai.com/gptbot)" 607 **0/607742**
74.7.227.35 - - [11/Mar/2026:05:16:49 -0700] "GET /?fileloc=//proc/self/root/proc/thread-self/root/usr/lib/firmware/amdgpu/navy_flounder_dmcub.bin&path=//proc/self/root/proc/thread-self/root/usr/lib/firmware/amdgpu HTTP/1.1" 200 2342 "http://mail.rgardensoap.com/?path=//proc/self/root/proc/thread-self/root/usr/lib/firmware/amdgpu" "Mozilla/5.0 AppleWebKit/537.36 (KHTML, like Gecko; compatible; GPTBot/1.3; +https://openai.com/gptbot)" 559 **0/559754**
74.7.227.150 - - [11/Mar/2026:05:16:49 -0700] "GET /blog/?path=//proc/self/root/opt/alt/php80/etc HTTP/1.1" 200 3213 "http://rgardensoap.com/blog/?path=//proc/self/root/opt/alt/php80" "Mozilla/5.0 AppleWebKit/537.36 (KHTML, like Gecko; compatible; GPTBot/1.3; +https://openai.com/gptbot)" 843 **0/843963**
74.7.227.35 - - [11/Mar/2026:05:16:50 -0700] "GET /?fileloc=//proc/self/root/proc/thread-self/root/usr/lib/firmware/amdgpu/beige_goby_dmcub.bin&path=//proc/self/root/proc/thread-self/root/usr/lib/firmware/amdgpu HTTP/1.1" 200 2341 "http://mail.rgardensoap.com/?path=//proc/self/root/proc/thread-self/root/usr/lib/firmware/amdgpu" "Mozilla/5.0 AppleWebKit/537.36 (KHTML, like Gecko; compatible; GPTBot/1.3; +https://openai.com/gptbot)" 999 **0/999390**
74.7.227.150 - - [11/Mar/2026:05:16:50 -0700] "GET /blog/?path=//proc/self/root/opt/alt/php56/usr HTTP/1.1" 200 2690 "http://rgardensoap.com/blog/?path=//proc/self/root/opt/alt/php56" "Mozilla/5.0 AppleWebKit/537.36 (KHTML, like Gecko; compatible; GPTBot/1.3; +https://openai.com/gptbot)" 704 **0/704429**
74.7.227.35 - - [11/Mar/2026:05:16:51 -0700] "GET /?fileloc=//proc/self/root/proc/thread-self/root/usr/lib/firmware/amdgpu/navy_flounder_pfp.bin&path=//proc/self/root/proc/thread-self/root/usr/lib/firmware/amdgpu HTTP/1.1" 200 2339 "http://mail.rgardensoap.com/?path=//proc/self/root/proc/thread-self/root/usr/lib/firmware/amdgpu" "Mozilla/5.0 AppleWebKit/537.36 (KHTML, like Gecko; compatible; GPTBot/1.3; +https://openai.com/gptbot)" 638 **0/638853**
74.7.227.150 - - [11/Mar/2026:05:16:51 -0700] "GET /blog/?path=//proc/self/root/opt/cpanel/ea-php84 HTTP/1.1" 200 2662 "http://rgardensoap.com/blog/?path=//proc/self/root/opt/cpanel" "Mozilla/5.0 AppleWebKit/537.36 (KHTML, like Gecko; compatible; GPTBot/1.3; +https://openai.com/gptbot)" 599 **0/599498**
74.7.227.150 - - [11/Mar/2026:05:16:52 -0700] "GET /blog/?path=//proc/self/root/opt/cpanel/ea-apr16 HTTP/1.1" 200 2584 "http://rgardensoap.com/blog/?path=//proc/self/root/opt/cpanel" "Mozilla/5.0 AppleWebKit/537.36 (KHTML, like Gecko; compatible; GPTBot/1.3; +https://openai.com/gptbot)" 559 **0/559964**
74.7.227.35 - - [11/Mar/2026:05:16:52 -0700] "GET /?fileloc=//proc/self/root/proc/thread-self/root/usr/lib/firmware/amdgpu/vangogh_dmcub.bin&path=//proc/self/root/proc/thread-self/root/usr/lib/firmware/amdgpu HTTP/1.1" 200 2338 "http://mail.rgardensoap.com/?path=//proc/self/root/proc/thread-self/root/usr/lib/firmware/amdgpu" "Mozilla/5.0 AppleWebKit/537.36 (KHTML, like Gecko; compatible; GPTBot/1.3; +https://openai.com/gptbot)" 631 **0/631218**
74.7.227.150 - - [11/Mar/2026:05:16:53 -0700] "GET /blog/?path=//proc/self/root/opt/alt/php81/etc/php.d.all HTTP/1.1" 200 5194 "http://rgardensoap.com/blog/?path=//proc/self/root/opt/alt/php81/etc" "Mozilla/5.0 AppleWebKit/537.36 (KHTML, like Gecko; compatible; GPTBot/1.3; +https://openai.com/gptbot)" 502 **0/502514**
74.7.227.35 - - [11/Mar/2026:05:16:53 -0700] "GET /?fileloc=//proc/self/root/proc/thread-self/root/usr/lib/firmware/amdgpu/dimgrey_cavefish_ce.bin&path=//proc/self/root/proc/thread-self/root/usr/lib/firmware/amdgpu HTTP/1.1" 200 2343 "http://mail.rgardensoap.com/?path=//proc/self/root/proc/thread-self/root/usr/lib/firmware/amdgpu" "Mozilla/5.0 AppleWebKit/537.36 (KHTML, like Gecko; compatible; GPTBot/1.3; +https://openai.com/gptbot)" 528 **0/528344**
74.7.227.150 - - [11/Mar/2026:05:16:53 -0700] "GET /blog/?path=//proc/self/root/opt/alt/php81/etc/php.d HTTP/1.1" 200 2657 "http://rgardensoap.com/blog/?path=//proc/self/root/opt/alt/php81/etc" "Mozilla/5.0 AppleWebKit/537.36 (KHTML, like Gecko; compatible; GPTBot/1.3; +https://openai.com/gptbot)" 824 **0/824135**
74.7.227.35 - - [11/Mar/2026:05:16:53 -0700] "GET /?fileloc=//proc/self/root/proc/thread-self/root/usr/lib/firmware/amdgpu/vangogh_vcn.bin&path=//proc/self/root/proc/thread-self/root/usr/lib/firmware/amdgpu HTTP/1.1" 200 2336 "http://mail.rgardensoap.com/?path=//proc/self/root/proc/thread-self/root/usr/lib/firmware/amdgpu" "Mozilla/5.0 AppleWebKit/537.36 (KHTML, like Gecko; compatible; GPTBot/1.3; +https://openai.com/gptbot)" 956 **0/956805**
216.244.66.230 - - [11/Mar/2026:05:16:54 -0700] "GET /?p=10260 HTTP/1.1" 200 75247 "-" "Mozilla/5.0 (compatible; DotBot/1.2; +https://opensiteexplorer.org/dotbot; help@moz.com)" 717 **0/717989**
74.7.227.150 - - [11/Mar/2026:05:16:54 -0700] "GET /blog/?path=//proc/self/root/opt/alt/php81/etc/php-fpm.d HTTP/1.1" 200 2629 "http://rgardensoap.com/blog/?path=//proc/self/root/opt/alt/php81/etc" "Mozilla/5.0 AppleWebKit/537.36 (KHTML, like Gecko; compatible; GPTBot/1.3; +https://openai.com/gptbot)" 648 **0/648134**
74.7.227.35 - - [11/Mar/2026:05:16:55 -0700] "GET /?fileloc=//proc/self/root/proc/thread-self/root/usr/lib/firmware/amdgpu/sienna_cichlid_vcn.bin&path=//proc/self/root/proc/thread-self/root/usr/lib/firmware/amdgpu HTTP/1.1" 200 2341 "http://mail.rgardensoap.com/?path=//proc/self/root/proc/thread-self/root/usr/lib/firmware/amdgpu" "Mozilla/5.0 AppleWebKit/537.36 (KHTML, like Gecko; compatible; GPTBot/1.3; +https://openai.com/gptbot)" 611 **0/611997**
74.7.227.150 - - [11/Mar/2026:05:16:55 -0700] "GET /blog/?path=//proc/self/root/opt/alt/php81/etc/pear HTTP/1.1" 200 2363 "http://rgardensoap.com/blog/?path=//proc/self/root/opt/alt/php81/etc" "Mozilla/5.0 AppleWebKit/537.36 (KHTML, like Gecko; compatible; GPTBot/1.3; +https://openai.com/gptbot)" 544 **0/544292**
74.7.227.35 - - [11/Mar/2026:05:16:55 -0700] "GET /?fileloc=//proc/self/root/proc/thread-self/root/usr/lib/firmware/amdgpu/yellow_carp_vcn.bin&path=//proc/self/root/proc/thread-self/root/usr/lib/firmware/amdgpu HTTP/1.1" 200 2337 "http://mail.rgardensoap.com/?path=//proc/self/root/proc/thread-self/root/usr/lib/firmware/amdgpu" "Mozilla/5.0 AppleWebKit/537.36 (KHTML, like Gecko; compatible; GPTBot/1.3; +https://openai.com/gptbot)" 503 **0/503862**
74.7.227.150 - - [11/Mar/2026:05:16:56 -0700] "GET /blog/?path=//proc/self/root/opt/alt/php85/etc/php.d.i360 HTTP/1.1" 200 2625 "http://rgardensoap.com/blog/?path=//proc/self/root/opt/alt/php85/etc" "Mozilla/5.0 AppleWebKit/537.36 (KHTML, like Gecko; compatible; GPTBot/1.3; +https://openai.com/gptbot)" 593 **0/593498**
74.7.227.35 - - [11/Mar/2026:05:16:56 -0700] "GET /?fileloc=//proc/self/root/proc/thread-self/root/usr/lib/firmware/amdgpu/navy_flounder_ce.bin&path=//proc/self/root/proc/thread-self/root/usr/lib/firmware/amdgpu HTTP/1.1" 200 2340 "http://mail.rgardensoap.com/?path=//proc/self/root/proc/thread-self/root/usr/lib/firmware/amdgpu" "Mozilla/5.0 AppleWebKit/537.36 (KHTML, like Gecko; compatible; GPTBot/1.3; +https://openai.com/gptbot)" 549 **0/549127**
216.244.66.230 - - [11/Mar/2026:05:16:56 -0700] "GET /?p=10390 HTTP/1.1" 200 75247 "-" "Mozilla/5.0 (compatible; DotBot/1.2; +https://opensiteexplorer.org/dotbot; help@moz.com)" 636 **0/636177**
74.7.227.35 - - [11/Mar/2026:05:16:57 -0700] "GET /?fileloc=//proc/self/root/proc/thread-self/root/usr/lib/firmware/amdgpu/navy_flounder_mec.bin&path=//proc/self/root/proc/thread-self/root/usr/lib/firmware/amdgpu HTTP/1.1" 200 2339 "http://mail.rgardensoap.com/?path=//proc/self/root/proc/thread-self/root/usr/lib/firmware/amdgpu" "Mozilla/5.0 AppleWebKit/537.36 (KHTML, like Gecko; compatible; GPTBot/1.3; +https://openai.com/gptbot)" 640 **0/640812**
74.7.227.150 - - [11/Mar/2026:05:16:57 -0700] "GET /blog/?path=//proc/self/root/opt/alt/php81/etc/php.d.i360 HTTP/1.1" 200 2625 "http://rgardensoap.com/blog/?path=//proc/self/root/opt/alt/php81/etc" "Mozilla/5.0 AppleWebKit/537.36 (KHTML, like Gecko; compatible; GPTBot/1.3; +https://openai.com/gptbot)" 686 **0/686260**
74.7.227.35 - - [11/Mar/2026:05:16:57 -0700] "GET /?fileloc=//proc/self/root/proc/thread-self/root/usr/lib/firmware/amdgpu/navy_flounder_vcn.bin&path=//proc/self/root/proc/thread-self/root/usr/lib/firmware/amdgpu HTTP/1.1" 200 2340 "http://mail.rgardensoap.com/?path=//proc/self/root/proc/thread-self/root/usr/lib/firmware/amdgpu" "Mozilla/5.0 AppleWebKit/537.36 (KHTML, like Gecko; compatible; GPTBot/1.3; +https://openai.com/gptbot)" 776 **0/776296**
74.7.227.150 - - [11/Mar/2026:05:16:57 -0700] "GET /blog/?path=//proc/self/root/opt/alt/php56/var HTTP/1.1" 200 2643 "http://rgardensoap.com/blog/?path=//proc/self/root/opt/alt/php56" "Mozilla/5.0 AppleWebKit/537.36 (KHTML, like Gecko; compatible; GPTBot/1.3; +https://openai.com/gptbot)" 690 **0/690122**
216.244.66.230 - - [11/Mar/2026:05:16:58 -0700] "GET /?p=10849 HTTP/1.1" 200 75247 "-" "Mozilla/5.0 (compatible; DotBot/1.2; +https://opensiteexplorer.org/dotbot; help@moz.com)" 479 **0/479249**
74.7.227.35 - - [11/Mar/2026:05:16:58 -0700] "GET /?fileloc=//proc/self/root/proc/thread-self/root/usr/lib/firmware/amdgpu/dimgrey_cavefish_vcn.bin&path=//proc/self/root/proc/thread-self/root/usr/lib/firmware/amdgpu HTTP/1.1" 200 2344 "http://mail.rgardensoap.com/?path=//proc/self/root/proc/thread-self/root/usr/lib/firmware/amdgpu" "Mozilla/5.0 AppleWebKit/537.36 (KHTML, like Gecko; compatible; GPTBot/1.3; +https://openai.com/gptbot)" 486 **0/486038**
74.7.227.150 - - [11/Mar/2026:05:16:58 -0700] "GET /blog/?path=//proc/self/root/opt/alt/php80/etc/php.d.all HTTP/1.1" 200 5143 "http://rgardensoap.com/blog/?path=//proc/self/root/opt/alt/php80/etc" "Mozilla/5.0 AppleWebKit/537.36 (KHTML, like Gecko; compatible; GPTBot/1.3; +https://openai.com/gptbot)" 609 **0/609394**
74.7.227.35 - - [11/Mar/2026:05:16:59 -0700] "GET /?fileloc=//proc/self/root/proc/thread-self/root/usr/lib/firmware/amdgpu/navy_flounder_sos.bin&path=//proc/self/root/proc/thread-self/root/usr/lib/firmware/amdgpu HTTP/1.1" 200 2339 "http://mail.rgardensoap.com/?path=//proc/self/root/proc/thread-self/root/usr/lib/firmware/amdgpu" "Mozilla/5.0 AppleWebKit/537.36 (KHTML, like Gecko; compatible; GPTBot/1.3; +https://openai.com/gptbot)" 669 **0/669930**
74.7.227.150 - - [11/Mar/2026:05:16:59 -0700] "GET /blog/?path=//proc/self/root/opt/alt/php80/etc/php.d HTTP/1.1" 200 2656 "http://rgardensoap.com/blog/?path=//proc/self/root/opt/alt/php80/etc" "Mozilla/5.0 AppleWebKit/537.36 (KHTML, like Gecko; compatible; GPTBot/1.3; +https://openai.com/gptbot)" 535 **0/535300**
216.244.66.230 - - [11/Mar/2026:05:16:59 -0700] "GET /?p=11330 HTTP/1.1" 200 75247 "-" "Mozilla/5.0 (compatible; DotBot/1.2; +https://opensiteexplorer.org/dotbot; help@moz.com)" 529 **0/529008**
74.7.227.35 - - [11/Mar/2026:05:17:00 -0700] "GET /?fileloc=//proc/self/root/proc/thread-self/root/usr/lib/firmware/amdgpu/hainan_k_smc.bin&path=//proc/self/root/proc/thread-self/root/usr/lib/firmware/amdgpu HTTP/1.1" 200 2337 "http://mail.rgardensoap.com/?path=//proc/self/root/proc/thread-self/root/usr/lib/firmware/amdgpu" "Mozilla/5.0 AppleWebKit/537.36 (KHTML, like Gecko; compatible; GPTBot/1.3; +https://openai.com/gptbot)" 709 **0/709408**
74.7.227.150 - - [11/Mar/2026:05:17:00 -0700] "GET /blog/?path=//proc/self/root/opt/alt/php80/etc/php-fpm.d HTTP/1.1" 200 2630 "http://rgardensoap.com/blog/?path=//proc/self/root/opt/alt/php80/etc" "Mozilla/5.0 AppleWebKit/537.36 (KHTML, like Gecko; compatible; GPTBot/1.3; +https://openai.com/gptbot)" 691 **0/691042**
216.244.66.230 - - [11/Mar/2026:05:17:01 -0700] "GET /?p=11606 HTTP/1.1" 200 75247 "-" "Mozilla/5.0 (compatible; DotBot/1.2; +https://opensiteexplorer.org/dotbot; help@moz.com)" 577 **0/577629**
74.7.227.35 - - [11/Mar/2026:05:17:01 -0700] "GET /?fileloc=//proc/self/root/proc/thread-self/root/usr/lib/firmware/amdgpu/dimgrey_cavefish_rlc.bin&path=//proc/self/root/proc/thread-self/root/usr/lib/firmware/amdgpu HTTP/1.1" 200 2344 "http://mail.rgardensoap.com/?path=//proc/self/root/proc/thread-self/root/usr/lib/firmware/amdgpu" "Mozilla/5.0 AppleWebKit/537.36 (KHTML, like Gecko; compatible; GPTBot/1.3; +https://openai.com/gptbot)" 565 **0/565720**
74.7.227.150 - - [11/Mar/2026:05:17:01 -0700] "GET /blog/?path=//proc/self/root/opt/alt/php80/etc/php.d.i360 HTTP/1.1" 200 2624 "http://rgardensoap.com/blog/?path=//proc/self/root/opt/alt/php80/etc" "Mozilla/5.0 AppleWebKit/537.36 (KHTML, like Gecko; compatible; GPTBot/1.3; +https://openai.com/gptbot)" 659 **0/659260**
74.7.227.150 - - [11/Mar/2026:05:17:01 -0700] "GET /blog/?fileloc=//proc/self/root/opt/alt/php81/etc/php.d.all/pgsql.ini&path=//proc/self/root/opt/alt/php81/etc/php.d.all HTTP/1.1" 200 2341 "http://rgardensoap.com/blog/?path=//proc/self/root/opt/alt/php81/etc/php.d.all" "Mozilla/5.0 AppleWebKit/537.36 (KHTML, like Gecko; compatible; GPTBot/1.3; +https://openai.com/gptbot)" 621 **0/621669**
74.7.227.35 - - [11/Mar/2026:05:17:01 -0700] "GET /?fileloc=//proc/self/root/proc/thread-self/root/usr/lib/firmware/amdgpu/navy_flounder_me.bin&path=//proc/self/root/proc/thread-self/root/usr/lib/firmware/amdgpu HTTP/1.1" 200 2340 "http://mail.rgardensoap.com/?path=//proc/self/root/proc/thread-self/root/usr/lib/firmware/amdgpu" "Mozilla/5.0 AppleWebKit/537.36 (KHTML, like Gecko; compatible; GPTBot/1.3; +https://openai.com/gptbot)" 1058 **1/1058844**
74.7.227.150 - - [11/Mar/2026:05:17:02 -0700] "GET /blog/?path=//proc/self/root/opt/alt/php80/etc/pear HTTP/1.1" 200 2363 "http://rgardensoap.com/blog/?path=//proc/self/root/opt/alt/php80/etc" "Mozilla/5.0 AppleWebKit/537.36 (KHTML, like Gecko; compatible; GPTBot/1.3; +https://openai.com/gptbot)" 692 **0/692562**
216.244.66.230 - - [11/Mar/2026:05:17:02 -0700] "GET /?p=12251 HTTP/1.1" 200 75247 "-" "Mozilla/5.0 (compatible; DotBot/1.2; +https://opensiteexplorer.org/dotbot; help@moz.com)" 519 **0/519348**
74.7.227.35 - - [11/Mar/2026:05:17:02 -0700] "GET /?fileloc=//proc/self/root/proc/thread-self/root/usr/lib/firmware/amdgpu/beige_goby_vcn.bin&path=//proc/self/root/proc/thread-self/root/usr/lib/firmware/amdgpu HTTP/1.1" 200 2340 "http://mail.rgardensoap.com/?path=//proc/self/root/proc/thread-self/root/usr/lib/firmware/amdgpu" "Mozilla/5.0 AppleWebKit/537.36 (KHTML, like Gecko; compatible; GPTBot/1.3; +https://openai.com/gptbot)" 832 **0/832327**
74.7.227.150 - - [11/Mar/2026:05:17:03 -0700] "GET /blog/?path=//proc/self/root/opt/alt/php83/var HTTP/1.1" 200 2643 "http://rgardensoap.com/blog/?path=//proc/self/root/opt/alt/php83" "Mozilla/5.0 AppleWebKit/537.36 (KHTML, like Gecko; compatible; GPTBot/1.3; +https://openai.com/gptbot)" 1714 **1/1714784**
74.7.227.35 - - [11/Mar/2026:05:17:03 -0700] "GET /?fileloc=//proc/self/root/proc/thread-self/root/usr/lib/firmware/amdgpu/navy_flounder_rlc.bin&path=//proc/self/root/proc/thread-self/root/usr/lib/firmware/amdgpu HTTP/1.1" 200 2339 "http://mail.rgardensoap.com/?path=//proc/self/root/proc/thread-self/root/usr/lib/firmware/amdgpu" "Mozilla/5.0 AppleWebKit/537.36 (KHTML, like Gecko; compatible; GPTBot/1.3; +https://openai.com/gptbot)" 1427 **1/1427772**
216.244.66.230 - - [11/Mar/2026:05:17:04 -0700] "GET /?p=12542 HTTP/1.1" 503 75247 "-" "Mozilla/5.0 (compatible; DotBot/1.2; +https://opensiteexplorer.org/dotbot; help@moz.com)" 2397 **2/2397177**
74.7.227.150 - - [11/Mar/2026:05:17:05 -0700] "GET /blog/?path=//proc/self/root/opt/alt/php81/var HTTP/1.1" 200 2642 "http://rgardensoap.com/blog/?path=//proc/self/root/opt/alt/php81" "Mozilla/5.0 AppleWebKit/537.36 (KHTML, like Gecko; compatible; GPTBot/1.3; +https://openai.com/gptbot)" 1933 **1/1933344**
74.7.227.35 - - [11/Mar/2026:05:17:05 -0700] "GET /?fileloc=//proc/self/root/proc/thread-self/root/usr/lib/firmware/amdgpu/dimgrey_cavefish_sdma.bin&path=//proc/self/root/proc/thread-self/root/usr/lib/firmware/amdgpu HTTP/1.1" 503 3837 "http://mail.rgardensoap.com/?path=//proc/self/root/proc/thread-self/root/usr/lib/firmware/amdgpu" "Mozilla/5.0 AppleWebKit/537.36 (KHTML, like Gecko; compatible; GPTBot/1.3; +https://openai.com/gptbot)" 2053 **2/2053555**
74.7.227.150 - - [11/Mar/2026:05:17:07 -0700] "GET /blog?path=//proc/self/root/opt/alt/aom/lib64 HTTP/1.1" 503 468 "http://rgardensoap.com/blog?path=//proc/self/root/opt/alt/aom" "Mozilla/5.0 AppleWebKit/537.36 (KHTML, like Gecko; compatible; GPTBot/1.3; +https://openai.com/gptbot)" 356 **0/356915**
74.7.227.150 - - [11/Mar/2026:05:17:07 -0700] "GET /blog/?path=//opt/alt/krb5/usr/var/kerberos/krb5 HTTP/1.1" 200 2589 "http://rgardensoap.com/blog/?path=//opt/alt/krb5/usr/var/kerberos" "Mozilla/5.0 AppleWebKit/537.36 (KHTML, like Gecko; compatible; GPTBot/1.3; +https://openai.com/gptbot)" 1329 **1/1329384**
74.7.227.35 - - [11/Mar/2026:05:17:09 -0700] "GET /?fileloc=//proc/self/root/proc/thread-self/root/usr/lib/firmware/amdgpu/dimgrey_cavefish_smc.bin&path=//proc/self/root/proc/thread-self/root/usr/lib/firmware/amdgpu HTTP/1.1" 200 2343 "http://mail.rgardensoap.com/?path=//proc/self/root/proc/thread-self/root/usr/lib/firmware/amdgpu" "Mozilla/5.0 AppleWebKit/537.36 (KHTML, like Gecko; compatible; GPTBot/1.3; +https://openai.com/gptbot)" 1440 **1/1440228**
74.7.227.150 - - [11/Mar/2026:05:17:09 -0700] "GET /blog/?path=//proc/self/root/opt/alt/php71/var HTTP/1.1" 200 2642 "http://rgardensoap.com/blog/?path=//proc/self/root/opt/alt/php71" "Mozilla/5.0 AppleWebKit/537.36 (KHTML, like Gecko; compatible; GPTBot/1.3; +https://openai.com/gptbot)" 1439 **1/1439006**
74.7.227.150 - - [11/Mar/2026:05:17:10 -0700] "GET /blog/?fileloc=//proc/self/root/opt/alt/php80/etc/php.d.all/bitset.ini&path=//proc/self/root/opt/alt/php80/etc/php.d.all HTTP/1.1" 200 2340 "http://rgardensoap.com/blog/?path=//proc/self/root/opt/alt/php80/etc/php.d.all" "Mozilla/5.0 AppleWebKit/537.36 (KHTML, like Gecko; compatible; GPTBot/1.3; +https://openai.com/gptbot)" 1403 **1/1403530**
74.7.227.35 - - [11/Mar/2026:05:17:10 -0700] "GET /?fileloc=//proc/self/root/proc/thread-self/root/usr/lib/firmware/amdgpu/dimgrey_cavefish_pfp.bin&path=//proc/self/root/proc/thread-self/root/usr/lib/firmware/amdgpu HTTP/1.1" 200 2343 "http://mail.rgardensoap.com/?path=//proc/self/root/proc/thread-self/root/usr/lib/firmware/amdgpu" "Mozilla/5.0 AppleWebKit/537.36 (KHTML, like Gecko; compatible; GPTBot/1.3; +https://openai.com/gptbot)" 1598 **1/1598241**
74.7.227.150 - - [11/Mar/2026:05:17:12 -0700] "GET /blog/?fileloc=//proc/self/root/opt/alt/php80/etc/php.d.all/redis.ini&path=//proc/self/root/opt/alt/php80/etc/php.d.all HTTP/1.1" 200 2357 "http://rgardensoap.com/blog/?path=//proc/self/root/opt/alt/php80/etc/php.d.all" "Mozilla/5.0 AppleWebKit/537.36 (KHTML, like Gecko; compatible; GPTBot/1.3; +https://openai.com/gptbot)" 488 **0/488500**
216.244.66.230 - - [11/Mar/2026:05:17:11 -0700] "GET /?p=13833 HTTP/1.1" 503 75247 "-" "Mozilla/5.0 (compatible; DotBot/1.2; +https://opensiteexplorer.org/dotbot; help@moz.com)" 1342 **1/1342592**
74.7.227.35 - - [11/Mar/2026:05:17:12 -0700] "GET /?fileloc=//proc/self/root/proc/thread-self/root/usr/lib/firmware/amdgpu/kabini_uvd.bin&path=//proc/self/root/proc/thread-self/root/usr/lib/firmware/amdgpu HTTP/1.1" 200 2335 "http://mail.rgardensoap.com/?path=//proc/self/root/proc/thread-self/root/usr/lib/firmware/amdgpu" "Mozilla/5.0 AppleWebKit/537.36 (KHTML, like Gecko; compatible; GPTBot/1.3; +https://openai.com/gptbot)" 651 **0/651111**
74.7.227.150 - - [11/Mar/2026:05:17:13 -0700] "GET /blog/?fileloc=//proc/self/root/opt/alt/php80/etc/php.d.all/newrelic.ini&path=//proc/self/root/opt/alt/php80/etc/php.d.all HTTP/1.1" 200 2343 "http://rgardensoap.com/blog/?path=//proc/self/root/opt/alt/php80/etc/php.d.all" "Mozilla/5.0 AppleWebKit/537.36 (KHTML, like Gecko; compatible; GPTBot/1.3; +https://openai.com/gptbot)" 587 **0/587308**
74.7.227.35 - - [11/Mar/2026:05:17:13 -0700] "GET /?fileloc=//proc/self/root/proc/thread-self/root/usr/lib/firmware/amdgpu/aldebaran_ip_discovery.bin&path=//proc/self/root/proc/thread-self/root/usr/lib/firmware/amdgpu HTTP/1.1" 200 2344 "http://mail.rgardensoap.com/?path=//proc/self/root/proc/thread-self/root/usr/lib/firmware/amdgpu" "Mozilla/5.0 AppleWebKit/537.36 (KHTML, like Gecko; compatible; GPTBot/1.3; +https://openai.com/gptbot)" 732 **0/732057**
74.7.227.150 - - [11/Mar/2026:05:17:14 -0700] "GET /blog/?path=//proc/self/root/opt/alt/php71/usr HTTP/1.1" 200 2690 "http://rgardensoap.com/blog/?path=//proc/self/root/opt/alt/php71" "Mozilla/5.0 AppleWebKit/537.36 (KHTML, like Gecko; compatible; GPTBot/1.3; +https://openai.com/gptbot)" 774 **0/774334**
74.7.227.35 - - [11/Mar/2026:05:17:15 -0700] "GET /?fileloc=//proc/self/root/proc/thread-self/root/usr/lib/firmware/amdgpu/navy_flounder_sdma.bin&path=//proc/self/root/proc/thread-self/root/usr/lib/firmware/amdgpu HTTP/1.1" 200 2341 "http://mail.rgardensoap.com/?path=//proc/self/root/proc/thread-self/root/usr/lib/firmware/amdgpu" "Mozilla/5.0 AppleWebKit/537.36 (KHTML, like Gecko; compatible; GPTBot/1.3; +https://openai.com/gptbot)" 1094 **1/1094535**
74.7.227.150 - - [11/Mar/2026:05:17:15 -0700] "GET /blog/?path=//proc/self/root/opt/alt/python37 HTTP/1.1" 200 2725 "http://rgardensoap.com/blog/?path=//proc/self/root/opt/alt" "Mozilla/5.0 AppleWebKit/537.36 (KHTML, like Gecko; compatible; GPTBot/1.3; +https://openai.com/gptbot)" 801 **0/801604**
74.7.227.35 - - [11/Mar/2026:05:17:16 -0700] "GET /?fileloc=//proc/self/root/proc/thread-self/root/usr/lib/firmware/amdgpu/dimgrey_cavefish_me.bin&path=//proc/self/root/proc/thread-self/root/usr/lib/firmware/amdgpu HTTP/1.1" 200 2342 "http://mail.rgardensoap.com/?path=//proc/self/root/proc/thread-self/root/usr/lib/firmware/amdgpu" "Mozilla/5.0 AppleWebKit/537.36 (KHTML, like Gecko; compatible; GPTBot/1.3; +https://openai.com/gptbot)" 867 **0/867612**
74.7.227.150 - - [11/Mar/2026:05:17:16 -0700] "GET /blog/?path=//proc/self/root/opt/alt/php81/link HTTP/1.1" 200 2580 "http://rgardensoap.com/blog/?path=//proc/self/root/opt/alt/php81" "Mozilla/5.0 AppleWebKit/537.36 (KHTML, like Gecko; compatible; GPTBot/1.3; +https://openai.com/gptbot)" 1491 **1/1491260**
74.7.227.35 - - [11/Mar/2026:05:17:17 -0700] "GET /?fileloc=//proc/self/root/proc/thread-self/root/usr/lib/firmware/amdgpu/raven_ip_discovery.bin&path=//proc/self/root/proc/thread-self/root/usr/lib/firmware/amdgpu HTTP/1.1" 200 2341 "http://mail.rgardensoap.com/?path=//proc/self/root/proc/thread-self/root/usr/lib/firmware/amdgpu" "Mozilla/5.0 AppleWebKit/537.36 (KHTML, like Gecko; compatible; GPTBot/1.3; +https://openai.com/gptbot)" 1092 **1/1092716**
74.7.227.150 - - [11/Mar/2026:05:17:18 -0700] "GET /blog?path=//proc/self/root/opt/alt/php55/usr HTTP/1.1" 200 2590 "http://rgardensoap.com/blog?path=//proc/self/root/opt/alt/php55" "Mozilla/5.0 AppleWebKit/537.36 (KHTML, like Gecko; compatible; GPTBot/1.3; +https://openai.com/gptbot)" 873 **0/873814**
74.7.227.35 - - [11/Mar/2026:05:17:18 -0700] "GET /?fileloc=//proc/self/root/proc/thread-self/root/usr/lib/firmware/amdgpu/dimgrey_cavefish_dmcub.bin&path=//proc/self/root/proc/thread-self/root/usr/lib/firmware/amdgpu HTTP/1.1" 200 2345 "http://mail.rgardensoap.com/?path=//proc/self/root/proc/thread-self/root/usr/lib/firmware/amdgpu" "Mozilla/5.0 AppleWebKit/537.36 (KHTML, like Gecko; compatible; GPTBot/1.3; +https://openai.com/gptbot)" 784 **0/784577**
216.244.66.230 - - [11/Mar/2026:05:17:18 -0700] "GET /?p=14162 HTTP/1.1" 200 75247 "-" "Mozilla/5.0 (compatible; DotBot/1.2; +https://opensiteexplorer.org/dotbot; help@moz.com)" 809 **0/809456**
74.7.227.150 - - [11/Mar/2026:05:17:19 -0700] "GET /blog/?path=//proc/self/root/opt/alt/php74/link HTTP/1.1" 200 2580 "http://rgardensoap.com/blog/?path=//proc/self/root/opt/alt/php74" "Mozilla/5.0 AppleWebKit/537.36 (KHTML, like Gecko; compatible; GPTBot/1.3; +https://openai.com/gptbot)" 792 **0/792519**
74.7.227.35 - - [11/Mar/2026:05:17:19 -0700] "GET /?fileloc=//proc/self/root/proc/thread-self/root/usr/lib/firmware/amdgpu/dimgrey_cavefish_mec.bin&path=//proc/self/root/proc/thread-self/root/usr/lib/firmware/amdgpu HTTP/1.1" 200 2343 "http://mail.rgardensoap.com/?path=//proc/self/root/proc/thread-self/root/usr/lib/firmware/amdgpu" "Mozilla/5.0 AppleWebKit/537.36 (KHTML, like Gecko; compatible; GPTBot/1.3; +https://openai.com/gptbot)" 738 **0/738667**
74.7.227.150 - - [11/Mar/2026:05:17:20 -0700] "GET /blog/?path=//proc/self/root/opt/cpanel/ea-php74 HTTP/1.1" 200 2579 "http://rgardensoap.com/blog/?path=//proc/self/root/opt/cpanel" "Mozilla/5.0 AppleWebKit/537.36 (KHTML, like Gecko; compatible; GPTBot/1.3; +https://openai.com/gptbot)" 690 **0/690971**
74.7.227.35 - - [11/Mar/2026:05:17:20 -0700] "GET /?fileloc=//proc/self/root/proc/thread-self/root/usr/lib/firmware/amdgpu/navy_flounder_smc.bin&path=//proc/self/root/proc/thread-self/root/usr/lib/firmware/amdgpu HTTP/1.1" 200 2340 "http://mail.rgardensoap.com/?path=//proc/self/root/proc/thread-self/root/usr/lib/firmware/amdgpu" "Mozilla/5.0 AppleWebKit/537.36 (KHTML, like Gecko; compatible; GPTBot/1.3; +https://openai.com/gptbot)" 801 **0/801390**
74.7.227.150 - - [11/Mar/2026:05:17:20 -0700] "GET /blog/?path=//proc/self/root/opt/cpanel/ea-php56 HTTP/1.1" 200 2580 "http://rgardensoap.com/blog/?path=//proc/self/root/opt/cpanel" "Mozilla/5.0 AppleWebKit/537.36 (KHTML, like Gecko; compatible; GPTBot/1.3; +https://openai.com/gptbot)" 1002 **1/1002109**
74.7.227.35 - - [11/Mar/2026:05:17:21 -0700] "GET /?fileloc=//proc/self/root/proc/thread-self/root/usr/lib/firmware/amdgpu/dimgrey_cavefish_ta.bin&path=//proc/self/root/proc/thread-self/root/usr/lib/firmware/amdgpu HTTP/1.1" 200 2343 "http://mail.rgardensoap.com/?path=//proc/self/root/proc/thread-self/root/usr/lib/firmware/amdgpu" "Mozilla/5.0 AppleWebKit/537.36 (KHTML, like Gecko; compatible; GPTBot/1.3; +https://openai.com/gptbot)" 786 **0/786270**
74.7.227.150 - - [11/Mar/2026:05:17:22 -0700] "GET /blog/?path=//proc/self/root/opt/alt/php56/link HTTP/1.1" 200 2580 "http://rgardensoap.com/blog/?path=//proc/self/root/opt/alt/php56" "Mozilla/5.0 AppleWebKit/537.36 (KHTML, like Gecko; compatible; GPTBot/1.3; +https://openai.com/gptbot)" 562 **0/562031**
74.7.227.35 - - [11/Mar/2026:05:17:22 -0700] "GET /?fileloc=//proc/self/root/proc/thread-self/root/usr/lib/firmware/amdgpu/dimgrey_cavefish_sos.bin&path=//proc/self/root/proc/thread-self/root/usr/lib/firmware/amdgpu HTTP/1.1" 200 2344 "http://mail.rgardensoap.com/?path=//proc/self/root/proc/thread-self/root/usr/lib/firmware/amdgpu" "Mozilla/5.0 AppleWebKit/537.36 (KHTML, like Gecko; compatible; GPTBot/1.3; +https://openai.com/gptbot)" 653 **0/653600**
74.7.227.150 - - [11/Mar/2026:05:17:22 -0700] "GET /blog/?path=//proc/self/root/opt/alt/php70/link HTTP/1.1" 200 2580 "http://rgardensoap.com/blog/?path=//proc/self/root/opt/alt/php70" "Mozilla/5.0 AppleWebKit/537.36 (KHTML, like Gecko; compatible; GPTBot/1.3; +https://openai.com/gptbot)" 686 **0/686593**
74.7.227.35 - - [11/Mar/2026:05:17:22 -0700] "GET /?path=//proc/self/root/proc/thread-self/root/usr/lib/systemd/portable/profile/trusted HTTP/1.1" 200 2664 "http://mail.rgardensoap.com/?path=//proc/self/root/proc/thread-self/root/usr/lib/systemd/portable/profile" "Mozilla/5.0 AppleWebKit/537.36 (KHTML, like Gecko; compatible; GPTBot/1.3; +https://openai.com/gptbot)" 668 **0/668664**
74.7.227.150 - - [11/Mar/2026:05:17:23 -0700] "GET /blog/?path=//proc/self/root/opt/alt/ruby27 HTTP/1.1" 200 2702 "http://rgardensoap.com/blog/?path=//proc/self/root/opt/alt" "Mozilla/5.0 AppleWebKit/537.36 (KHTML, like Gecko; compatible; GPTBot/1.3; +https://openai.com/gptbot)" 547 **0/547336**
74.7.227.35 - - [11/Mar/2026:05:17:23 -0700] "GET /?path=//proc/self/root/proc/thread-self/root/usr/lib/systemd/portable/profile/strict HTTP/1.1" 200 2663 "http://mail.rgardensoap.com/?path=//proc/self/root/proc/thread-self/root/usr/lib/systemd/portable/profile" "Mozilla/5.0 AppleWebKit/537.36 (KHTML, like Gecko; compatible; GPTBot/1.3; +https://openai.com/gptbot)" 778 **0/778757**
216.244.66.230 - - [11/Mar/2026:05:17:24 -0700] "GET /?p=14298 HTTP/1.1" 200 75247 "-" "Mozilla/5.0 (compatible; DotBot/1.2; +https://opensiteexplorer.org/dotbot; help@moz.com)" 599 **0/599866**
74.7.227.150 - - [11/Mar/2026:05:17:24 -0700] "GET /blog/?path=//opt/alt/php81/var/lib/pear/pkgxml HTTP/1.1" 200 2615 "http://rgardensoap.com/blog/?path=//opt/alt/php81/var/lib/pear" "Mozilla/5.0 AppleWebKit/537.36 (KHTML, like Gecko; compatible; GPTBot/1.3; +https://openai.com/gptbot)" 659 **0/659024**
74.7.227.35 - - [11/Mar/2026:05:17:24 -0700] "GET /?path=//proc/self/root/proc/thread-self/root/usr/lib/firmware/qcom/sm8550 HTTP/1.1" 200 2726 "http://mail.rgardensoap.com/?path=//proc/self/root/proc/thread-self/root/usr/lib/firmware/qcom" "Mozilla/5.0 AppleWebKit/537.36 (KHTML, like Gecko; compatible; GPTBot/1.3; +https://openai.com/gptbot)" 584 **0/584189**
74.7.227.150 - - [11/Mar/2026:05:17:25 -0700] "GET /blog/?path=//opt/alt/php82/var/lib/pear/pkgxml HTTP/1.1" 200 2615 "http://rgardensoap.com/blog/?path=//opt/alt/php82/var/lib/pear" "Mozilla/5.0 AppleWebKit/537.36 (KHTML, like Gecko; compatible; GPTBot/1.3; +https://openai.com/gptbot)" 556 **0/556741**
74.7.227.35 - - [11/Mar/2026:05:17:25 -0700] "GET /?path=//proc/self/root/proc/thread-self/root/usr/lib/firmware/qcom/sa8775p HTTP/1.1" 200 2997 "http://mail.rgardensoap.com/?path=//proc/self/root/proc/thread-self/root/usr/lib/firmware/qcom" "Mozilla/5.0 AppleWebKit/537.36 (KHTML, like Gecko; compatible; GPTBot/1.3; +https://openai.com/gptbot)" 485 **0/485051**
74.7.227.150 - - [11/Mar/2026:05:17:25 -0700] "GET /blog/?path=//proc/self/root/opt/alt/php84/var HTTP/1.1" 200 2643 "http://rgardensoap.com/blog/?path=//proc/self/root/opt/alt/php84" "Mozilla/5.0 AppleWebKit/537.36 (KHTML, like Gecko; compatible; GPTBot/1.3; +https://openai.com/gptbot)" 551 **0/551609**
74.7.227.35 - - [11/Mar/2026:05:17:25 -0700] "GET /?path=//proc/self/root/proc/thread-self/root/usr/lib/firmware/qcom/sdm845 HTTP/1.1" 200 3016 "http://mail.rgardensoap.com/?path=//proc/self/root/proc/thread-self/root/usr/lib/firmware/qcom" "Mozilla/5.0 AppleWebKit/537.36 (KHTML, like Gecko; compatible; GPTBot/1.3; +https://openai.com/gptbot)" 510 **0/510669**
74.7.227.150 - - [11/Mar/2026:05:17:26 -0700] "GET /blog/?path=//proc/self/root/opt/alt/php72/var HTTP/1.1" 200 2643 "http://rgardensoap.com/blog/?path=//proc/self/root/opt/alt/php72" "Mozilla/5.0 AppleWebKit/537.36 (KHTML, like Gecko; compatible; GPTBot/1.3; +https://openai.com/gptbot)" 578 **0/578921**
74.7.227.35 - - [11/Mar/2026:05:17:26 -0700] "GET /?path=//proc/self/root/proc/thread-self/root/usr/lib/firmware/qcom/qdu100 HTTP/1.1" 200 3331 "http://mail.rgardensoap.com/?path=//proc/self/root/proc/thread-self/root/usr/lib/firmware/qcom" "Mozilla/5.0 AppleWebKit/537.36 (KHTML, like Gecko; compatible; GPTBot/1.3; +https://openai.com/gptbot)" 531 **0/531146**
74.7.227.150 - - [11/Mar/2026:05:17:27 -0700] "GET /blog/?path=//proc/self/root/opt/alt/python34 HTTP/1.1" 200 2701 "http://rgardensoap.com/blog/?path=//proc/self/root/opt/alt" "Mozilla/5.0 AppleWebKit/537.36 (KHTML, like Gecko; compatible; GPTBot/1.3; +https://openai.com/gptbot)" 558 **0/558336**
74.7.227.35 - - [11/Mar/2026:05:17:27 -0700] "GET /?path=//proc/self/root/proc/thread-self/root/usr/lib/firmware/qcom/qcs615 HTTP/1.1" 200 2867 "http://mail.rgardensoap.com/?path=//proc/self/root/proc/thread-self/root/usr/lib/firmware/qcom" "Mozilla/5.0 AppleWebKit/537.36 (KHTML, like Gecko; compatible; GPTBot/1.3; +https://openai.com/gptbot)" 1051 **1/1051720**
74.7.227.150 - - [11/Mar/2026:05:17:27 -0700] "GET /blog/?path=//proc/self/root/opt/cpanel/ea-php81 HTTP/1.1" 200 2580 "http://rgardensoap.com/blog/?path=//proc/self/root/opt/cpanel" "Mozilla/5.0 AppleWebKit/537.36 (KHTML, like Gecko; compatible; GPTBot/1.3; +https://openai.com/gptbot)" 735 **0/735531**
74.7.227.35 - - [11/Mar/2026:05:17:28 -0700] "GET /?path=//proc/self/root/proc/thread-self/root/usr/lib/firmware/qcom/aic100 HTTP/1.1" 200 2778 "http://mail.rgardensoap.com/?path=//proc/self/root/proc/thread-self/root/usr/lib/firmware/qcom" "Mozilla/5.0 AppleWebKit/537.36 (KHTML, like Gecko; compatible; GPTBot/1.3; +https://openai.com/gptbot)" 504 **0/504148**
74.7.227.150 - - [11/Mar/2026:05:17:28 -0700] "GET /blog/?path=//proc/self/root/opt/cpanel/ea-php85 HTTP/1.1" 200 2580 "http://rgardensoap.com/blog/?path=//proc/self/root/opt/cpanel" "Mozilla/5.0 AppleWebKit/537.36 (KHTML, like Gecko; compatible; GPTBot/1.3; +https://openai.com/gptbot)" 624 **0/624048**
216.244.66.230 - - [11/Mar/2026:05:17:28 -0700] "GET /?p=14676 HTTP/1.1" 200 75247 "-" "Mozilla/5.0 (compatible; DotBot/1.2; +https://opensiteexplorer.org/dotbot; help@moz.com)" 610 **0/610575**
74.7.227.35 - - [11/Mar/2026:05:17:29 -0700] "GET /?path=//proc/self/root/proc/thread-self/root/usr/lib/firmware/sun HTTP/1.1" 200 2638 "http://mail.rgardensoap.com/?path=//proc/self/root/proc/thread-self/root/usr/lib/firmware" "Mozilla/5.0 AppleWebKit/537.36 (KHTML, like Gecko; compatible; GPTBot/1.3; +https://openai.com/gptbot)" 744 **0/744725**
74.7.227.150 - - [11/Mar/2026:05:17:29 -0700] "GET /blog/?path=//proc/self/root/opt/alt/php82/etc HTTP/1.1" 200 3213 "http://rgardensoap.com/blog/?path=//proc/self/root/opt/alt/php82" "Mozilla/5.0 AppleWebKit/537.36 (KHTML, like Gecko; compatible; GPTBot/1.3; +https://openai.com/gptbot)" 742 **0/742653**
74.7.227.35 - - [11/Mar/2026:05:17:29 -0700] "GET /?path=//proc/self/root/proc/thread-self/root/usr/lib/firmware/rsi HTTP/1.1" 200 2797 "http://mail.rgardensoap.com/?path=//proc/self/root/proc/thread-self/root/usr/lib/firmware" "Mozilla/5.0 AppleWebKit/537.36 (KHTML, like Gecko; compatible; GPTBot/1.3; +https://openai.com/gptbot)" 673 **0/673554**
74.7.227.150 - - [11/Mar/2026:05:17:30 -0700] "GET /blog/?path=//proc/self/root/opt/alt/php54/etc HTTP/1.1" 200 3176 "http://rgardensoap.com/blog/?path=//proc/self/root/opt/alt/php54" "Mozilla/5.0 AppleWebKit/537.36 (KHTML, like Gecko; compatible; GPTBot/1.3; +https://openai.com/gptbot)" 1174 **1/1174477**
74.7.227.35 - - [11/Mar/2026:05:17:30 -0700] "GET /?path=//proc/self/root/proc/thread-self/root/usr/lib/firmware/ti HTTP/1.1" 200 2707 "http://mail.rgardensoap.com/?path=//proc/self/root/proc/thread-self/root/usr/lib/firmware" "Mozilla/5.0 AppleWebKit/537.36 (KHTML, like Gecko; compatible; GPTBot/1.3; +https://openai.com/gptbot)" 893 **0/893398**
74.7.227.150 - - [11/Mar/2026:05:17:31 -0700] "GET /blog/?path=//proc/self/root/opt/alt/php55/usr HTTP/1.1" 200 2590 "http://rgardensoap.com/blog/?path=//proc/self/root/opt/alt/php55" "Mozilla/5.0 AppleWebKit/537.36 (KHTML, like Gecko; compatible; GPTBot/1.3; +https://openai.com/gptbot)" 547 **0/547098**
74.7.227.35 - - [11/Mar/2026:05:17:31 -0700] "GET /?path=//proc/self/root/proc/thread-self/root/usr/lib/firmware/cis HTTP/1.1" 200 3091 "http://mail.rgardensoap.com/?path=//proc/self/root/proc/thread-self/root/usr/lib/firmware" "Mozilla/5.0 AppleWebKit/537.36 (KHTML, like Gecko; compatible; GPTBot/1.3; +https://openai.com/gptbot)" 644 **0/644288**
74.7.227.150 - - [11/Mar/2026:05:17:32 -0700] "GET /blog/?path=//proc/self/root/opt/alt/php54/usr HTTP/1.1" 200 2690 "http://rgardensoap.com/blog/?path=//proc/self/root/opt/alt/php54" "Mozilla/5.0 AppleWebKit/537.36 (KHTML, like Gecko; compatible; GPTBot/1.3; +https://openai.com/gptbot)" 673 **0/673990**
74.7.227.35 - - [11/Mar/2026:05:17:32 -0700] "GET /?path=//proc/self/root/proc/thread-self/root/usr/lib/firmware/xe HTTP/1.1" 200 2871 "http://mail.rgardensoap.com/?path=//proc/self/root/proc/thread-self/root/usr/lib/firmware" "Mozilla/5.0 AppleWebKit/537.36 (KHTML, like Gecko; compatible; GPTBot/1.3; +https://openai.com/gptbot)" 639 **0/639543**
216.244.66.230 - - [11/Mar/2026:05:17:32 -0700] "GET /?p=14786 HTTP/1.1" 200 75247 "-" "Mozilla/5.0 (compatible; DotBot/1.2; +https://opensiteexplorer.org/dotbot; help@moz.com)" 563 **0/563713**
74.7.227.150 - - [11/Mar/2026:05:17:33 -0700] "GET /blog/?path=//proc/self/root/opt/alt/php84/usr HTTP/1.1" 200 2690 "http://rgardensoap.com/blog/?path=//proc/self/root/opt/alt/php84" "Mozilla/5.0 AppleWebKit/537.36 (KHTML, like Gecko; compatible; GPTBot/1.3; +https://openai.com/gptbot)" 573 **0/573450**
74.7.227.35 - - [11/Mar/2026:05:17:33 -0700] "GET /?path=//proc/self/root/proc/thread-self/root/usr/lib/firmware/arm HTTP/1.1" 200 2614 "http://mail.rgardensoap.com/?path=//proc/self/root/proc/thread-self/root/usr/lib/firmware" "Mozilla/5.0 AppleWebKit/537.36 (KHTML, like Gecko; compatible; GPTBot/1.3; +https://openai.com/gptbot)" 691 **0/691409**
74.7.227.150 - - [11/Mar/2026:05:17:33 -0700] "GET /blog/?path=//proc/self/root/opt/cpanel/ea-php83 HTTP/1.1" 200 2580 "http://rgardensoap.com/blog/?path=//proc/self/root/opt/cpanel" "Mozilla/5.0 AppleWebKit/537.36 (KHTML, like Gecko; compatible; GPTBot/1.3; +https://openai.com/gptbot)" 475 **0/475777**
74.7.227.35 - - [11/Mar/2026:05:17:34 -0700] "GET /?path=//proc/self/root/proc/thread-self/root/usr/lib/firmware/imx HTTP/1.1" 200 2616 "http://mail.rgardensoap.com/?path=//proc/self/root/proc/thread-self/root/usr/lib/firmware" "Mozilla/5.0 AppleWebKit/537.36 (KHTML, like Gecko; compatible; GPTBot/1.3; +https://openai.com/gptbot)" 573 **0/573774**
74.7.227.150 - - [11/Mar/2026:05:17:34 -0700] "GET /blog/?path=//proc/self/root/opt/cpanel/ea-php80 HTTP/1.1" 200 2580 "http://rgardensoap.com/blog/?path=//proc/self/root/opt/cpanel" "Mozilla/5.0 AppleWebKit/537.36 (KHTML, like Gecko; compatible; GPTBot/1.3; +https://openai.com/gptbot)" 828 **0/828026**
74.7.227.35 - - [11/Mar/2026:05:17:34 -0700] "GET /?path=//proc/self/root/proc/thread-self/root/usr/lib/firmware/qed HTTP/1.1" 200 3127 "http://mail.rgardensoap.com/?path=//proc/self/root/proc/thread-self/root/usr/lib/firmware" "Mozilla/5.0 AppleWebKit/537.36 (KHTML, like Gecko; compatible; GPTBot/1.3; +https://openai.com/gptbot)" 591 **0/591879**
74.7.227.150 - - [11/Mar/2026:05:17:35 -0700] "GET /blog/?path=//proc/self/root/opt/alt/ruby30 HTTP/1.1" 200 2702 "http://rgardensoap.com/blog/?path=//proc/self/root/opt/alt" "Mozilla/5.0 AppleWebKit/537.36 (KHTML, like Gecko; compatible; GPTBot/1.3; +https://openai.com/gptbot)" 738 **0/738515**
74.7.227.35 - - [11/Mar/2026:05:17:35 -0700] "GET /?path=//proc/self/root/proc/thread-self/root/usr/lib/systemd/boot HTTP/1.1" 200 2611 "http://mail.rgardensoap.com/?path=//proc/self/root/proc/thread-self/root/usr/lib/systemd" "Mozilla/5.0 AppleWebKit/537.36 (KHTML, like Gecko; compatible; GPTBot/1.3; +https://openai.com/gptbot)" 669 **0/669568**
74.7.227.150 - - [11/Mar/2026:05:17:36 -0700] "GET /blog/?path=//proc/self/root/opt/alt/php73/link HTTP/1.1" 200 2580 "http://rgardensoap.com/blog/?path=//proc/self/root/opt/alt/php73" "Mozilla/5.0 AppleWebKit/537.36 (KHTML, like Gecko; compatible; GPTBot/1.3; +https://openai.com/gptbot)" 491 **0/491833**
74.7.227.35 - - [11/Mar/2026:05:17:36 -0700] "GET /?path=//proc/self/root/proc/thread-self/root/usr/lib/firmware/cnm HTTP/1.1" 200 2695 "http://mail.rgardensoap.com/?path=//proc/self/root/proc/thread-self/root/usr/lib/firmware" "Mozilla/5.0 AppleWebKit/537.36 (KHTML, like Gecko; compatible; GPTBot/1.3; +https://openai.com/gptbot)" 494 **0/494275**
216.244.66.230 - - [11/Mar/2026:05:17:36 -0700] "GET /?p=15030 HTTP/1.1" 200 75247 "-" "Mozilla/5.0 (compatible; DotBot/1.2; +https://opensiteexplorer.org/dotbot; help@moz.com)" 593 **0/593086**
74.7.227.35 - - [11/Mar/2026:05:17:36 -0700] "GET /?path=//proc/self/root/proc/thread-self/root/usr/lib/firmware/amd HTTP/1.1" 200 2776 "http://mail.rgardensoap.com/?path=//proc/self/root/proc/thread-self/root/usr/lib/firmware" "Mozilla/5.0 AppleWebKit/537.36 (KHTML, like Gecko; compatible; GPTBot/1.3; +https://openai.com/gptbot)" 521 **0/521739**
74.7.227.150 - - [11/Mar/2026:05:17:36 -0700] "GET /blog/?path=//proc/self/root/opt/alt/php80/var HTTP/1.1" 200 2643 "http://rgardensoap.com/blog/?path=//proc/self/root/opt/alt/php80" "Mozilla/5.0 AppleWebKit/537.36 (KHTML, like Gecko; compatible; GPTBot/1.3; +https://openai.com/gptbot)" 585 **0/585667**
74.7.227.35 - - [11/Mar/2026:05:17:37 -0700] "GET /?fileloc=//proc/self/root/proc/thread-self/root/usr/lib/firmware/sun/cassini.bin&path=//proc/self/root/proc/thread-self/root/usr/lib/firmware/sun HTTP/1.1" 200 2331 "http://mail.rgardensoap.com/?path=//proc/self/root/proc/thread-self/root/usr/lib/firmware/sun" "Mozilla/5.0 AppleWebKit/537.36 (KHTML, like Gecko; compatible; GPTBot/1.3; +https://openai.com/gptbot)" 476 **0/476768**
74.7.227.150 - - [11/Mar/2026:05:17:37 -0700] "GET /blog/?path=//proc/self/root/opt/alt/php54/var HTTP/1.1" 200 2643 "http://rgardensoap.com/blog/?path=//proc/self/root/opt/alt/php54" "Mozilla/5.0 AppleWebKit/537.36 (KHTML, like Gecko; compatible; GPTBot/1.3; +https://openai.com/gptbot)" 492 **0/492381**
74.7.227.35 - - [11/Mar/2026:05:17:38 -0700] "GET /?path=//proc/self/root/proc/thread-self/root/usr/lib/firmware/wfx HTTP/1.1" 200 2735 "http://mail.rgardensoap.com/?path=//proc/self/root/proc/thread-self/root/usr/lib/firmware" "Mozilla/5.0 AppleWebKit/537.36 (KHTML, like Gecko; compatible; GPTBot/1.3; +https://openai.com/gptbot)" 543 **0/543179**
