74.7.227.150 - - [11/Mar/2026:05:31:48 -0700] "GET /blog/?path=//proc/sys/kernel HTTP/1.1" 200 5685 "http://rgardensoap.com/blog/?path=//proc/sys" "Mozilla/5.0 AppleWebKit/537.36 (KHTML, like Gecko; compatible; GPTBot/1.3; +https://openai.com/gptbot)" 575 **0/575919**
74.7.241.54 - - [11/Mar/2026:05:31:49 -0700] "GET /fizzy-bath-bombs.html?fileloc=//opt/alt/php72/usr/include/php/Zend/zend_vm_def.h&path=//opt/alt/php72/usr/include/php/Zend HTTP/1.1" 200 38385 "http://www.rgardensoap.com/fizzy-bath-bombs.html?path=//opt/alt/php72/usr/include/php/Zend" "Mozilla/5.0 AppleWebKit/537.36 (KHTML, like Gecko; compatible; GPTBot/1.3; +https://openai.com/gptbot)" 664 **0/664113**
74.7.227.35 - - [11/Mar/2026:05:31:49 -0700] "GET /?path=//proc/self/root/proc/thread-self/root/proc/thread-self/root/proc/thread-self/root/lib/.build-id/4f HTTP/1.1" 200 3115 "http://mail.rgardensoap.com/?path=//proc/self/root/proc/thread-self/root/proc/thread-self/root/proc/thread-self/root/lib/.build-id" "Mozilla/5.0 AppleWebKit/537.36 (KHTML, like Gecko; compatible; GPTBot/1.3; +https://openai.com/gptbot)" 564 **0/564669**
74.7.227.150 - - [11/Mar/2026:05:31:49 -0700] "GET /blog/?path=//var/run/console HTTP/1.1" 200 2314 "http://rgardensoap.com/blog/?path=//var/run" "Mozilla/5.0 AppleWebKit/537.36 (KHTML, like Gecko; compatible; GPTBot/1.3; +https://openai.com/gptbot)" 567 **0/567413**
74.7.241.54 - - [11/Mar/2026:05:31:49 -0700] "GET /fizzy-bath-bombs.html?fileloc=//opt/alt/php73/usr/include/php/Zend/zend_vm_trace_handlers.h&path=//opt/alt/php73/usr/include/php/Zend HTTP/1.1" 200 3460 "http://www.rgardensoap.com/fizzy-bath-bombs.html?path=//opt/alt/php73/usr/include/php/Zend" "Mozilla/5.0 AppleWebKit/537.36 (KHTML, like Gecko; compatible; GPTBot/1.3; +https://openai.com/gptbot)" 583 **0/583903**
74.7.227.150 - - [11/Mar/2026:05:31:50 -0700] "GET /blog/?path=//lib/kbd/unimaps HTTP/1.1" 200 3844 "http://rgardensoap.com/blog/?path=//lib/kbd" "Mozilla/5.0 AppleWebKit/537.36 (KHTML, like Gecko; compatible; GPTBot/1.3; +https://openai.com/gptbot)" 634 **0/634775**
74.7.227.35 - - [11/Mar/2026:05:31:49 -0700] "GET /?path=//proc/self/root/proc/thread-self/root/proc/thread-self/root/proc/thread-self/root/lib/.build-id/5d HTTP/1.1" 200 3133 "http://mail.rgardensoap.com/?path=//proc/self/root/proc/thread-self/root/proc/thread-self/root/proc/thread-self/root/lib/.build-id" "Mozilla/5.0 AppleWebKit/537.36 (KHTML, like Gecko; compatible; GPTBot/1.3; +https://openai.com/gptbot)" 766 **0/766243**
74.7.241.54 - - [11/Mar/2026:05:31:50 -0700] "GET /fizzy-bath-bombs.html?fileloc=//opt/alt/php73/usr/include/php/Zend/zend_vm_def.h&path=//opt/alt/php73/usr/include/php/Zend HTTP/1.1" 200 38697 "http://www.rgardensoap.com/fizzy-bath-bombs.html?path=//opt/alt/php73/usr/include/php/Zend" "Mozilla/5.0 AppleWebKit/537.36 (KHTML, like Gecko; compatible; GPTBot/1.3; +https://openai.com/gptbot)" 659 **0/659324**
74.7.227.150 - - [11/Mar/2026:05:31:50 -0700] "GET /administrator/templates/bluestork/error.php?fileloc=//proc/self/root/lib/python3.6/site-packages/pip/_vendor/html5lib/__pycache__/_ihatexml.cpython-36.opt-1.pyc&path=//proc/self/root/lib/python3.6/site-packages/pip/_vendor/html5lib/__pycache__ HTTP/1.1" 200 2368 "http://rgardensoap.com/administrator/templates/bluestork/error.php?path=//proc/self/root/lib/python3.6/site-packages/pip/_vendor/html5lib/__pycache__" "Mozilla/5.0 AppleWebKit/537.36 (KHTML, like Gecko; compatible; GPTBot/1.3; +https://openai.com/gptbot)" 611 **0/611584**
74.7.227.35 - - [11/Mar/2026:05:31:50 -0700] "GET /?path=//proc/self/root/proc/thread-self/root/proc/thread-self/root/proc/thread-self/root/lib/.build-id/c5 HTTP/1.1" 200 3299 "http://mail.rgardensoap.com/?path=//proc/self/root/proc/thread-self/root/proc/thread-self/root/proc/thread-self/root/lib/.build-id" "Mozilla/5.0 AppleWebKit/537.36 (KHTML, like Gecko; compatible; GPTBot/1.3; +https://openai.com/gptbot)" 677 **0/677800**
74.7.241.54 - - [11/Mar/2026:05:31:51 -0700] "GET /fizzy-bath-bombs.html?fileloc=//opt/alt/php74/usr/include/php/Zend/zend_weakrefs.h&path=//opt/alt/php74/usr/include/php/Zend HTTP/1.1" 200 2748 "http://www.rgardensoap.com/fizzy-bath-bombs.html?path=//opt/alt/php74/usr/include/php/Zend" "Mozilla/5.0 AppleWebKit/537.36 (KHTML, like Gecko; compatible; GPTBot/1.3; +https://openai.com/gptbot)" 660 **0/660963**
74.7.227.150 - - [11/Mar/2026:05:31:51 -0700] "GET /blog/?path=//usr/libexec/gcc HTTP/1.1" 200 2566 "http://rgardensoap.com/blog/?path=//usr/libexec" "Mozilla/5.0 AppleWebKit/537.36 (KHTML, like Gecko; compatible; GPTBot/1.3; +https://openai.com/gptbot)" 529 **0/529862**
74.7.227.35 - - [11/Mar/2026:05:31:51 -0700] "GET /?path=//proc/self/root/proc/thread-self/root/proc/thread-self/root/proc/thread-self/root/lib/.build-id/4b HTTP/1.1" 200 3465 "http://mail.rgardensoap.com/?path=//proc/self/root/proc/thread-self/root/proc/thread-self/root/proc/thread-self/root/lib/.build-id" "Mozilla/5.0 AppleWebKit/537.36 (KHTML, like Gecko; compatible; GPTBot/1.3; +https://openai.com/gptbot)" 569 **0/569184**
74.7.241.54 - - [11/Mar/2026:05:31:52 -0700] "GET /fizzy-bath-bombs.html?fileloc=//opt/alt/php54/usr/include/php/Zend/zend_language_scanner.h&path=//opt/alt/php54/usr/include/php/Zend HTTP/1.1" 200 3147 "http://www.rgardensoap.com/fizzy-bath-bombs.html?path=//opt/alt/php54/usr/include/php/Zend" "Mozilla/5.0 AppleWebKit/537.36 (KHTML, like Gecko; compatible; GPTBot/1.3; +https://openai.com/gptbot)" 539 **0/539115**
74.7.227.35 - - [11/Mar/2026:05:31:52 -0700] "GET /?path=//proc/self/root/proc/thread-self/root/proc/thread-self/root/proc/thread-self/root/lib/.build-id/b8 HTTP/1.1" 200 3090 "http://mail.rgardensoap.com/?path=//proc/self/root/proc/thread-self/root/proc/thread-self/root/proc/thread-self/root/lib/.build-id" "Mozilla/5.0 AppleWebKit/537.36 (KHTML, like Gecko; compatible; GPTBot/1.3; +https://openai.com/gptbot)" 538 **0/538215**
74.7.227.150 - - [11/Mar/2026:05:31:52 -0700] "GET /blog/?path=//usr/lib/modules HTTP/1.1" 200 2624 "http://rgardensoap.com/blog/?path=//usr/lib" "Mozilla/5.0 AppleWebKit/537.36 (KHTML, like Gecko; compatible; GPTBot/1.3; +https://openai.com/gptbot)" 901 **0/901550**
74.7.241.54 - - [11/Mar/2026:05:31:52 -0700] "GET /fizzy-bath-bombs.html?fileloc=//opt/alt/php74/usr/include/php/Zend/zend_language_scanner.h&path=//opt/alt/php74/usr/include/php/Zend HTTP/1.1" 200 3198 "http://www.rgardensoap.com/fizzy-bath-bombs.html?path=//opt/alt/php74/usr/include/php/Zend" "Mozilla/5.0 AppleWebKit/537.36 (KHTML, like Gecko; compatible; GPTBot/1.3; +https://openai.com/gptbot)" 512 **0/512705**
74.7.227.35 - - [11/Mar/2026:05:31:53 -0700] "GET /?path=//proc/self/root/proc/thread-self/root/proc/thread-self/root/proc/thread-self/root/lib/.build-id/d1 HTTP/1.1" 200 2936 "http://mail.rgardensoap.com/?path=//proc/self/root/proc/thread-self/root/proc/thread-self/root/proc/thread-self/root/lib/.build-id" "Mozilla/5.0 AppleWebKit/537.36 (KHTML, like Gecko; compatible; GPTBot/1.3; +https://openai.com/gptbot)" 512 **0/512641**
74.7.227.150 - - [11/Mar/2026:05:31:53 -0700] "GET /blog?path=//var/cache/man/uk HTTP/1.1" 200 2611 "http://rgardensoap.com/blog?path=//var/cache/man" "Mozilla/5.0 AppleWebKit/537.36 (KHTML, like Gecko; compatible; GPTBot/1.3; +https://openai.com/gptbot)" 561 **0/561455**
74.7.241.54 - - [11/Mar/2026:05:31:53 -0700] "GET /fizzy-bath-bombs.html?fileloc=//opt/alt/php72/usr/include/php/Zend/zend_language_parser.h&path=//opt/alt/php72/usr/include/php/Zend HTTP/1.1" 200 4869 "http://www.rgardensoap.com/fizzy-bath-bombs.html?path=//opt/alt/php72/usr/include/php/Zend" "Mozilla/5.0 AppleWebKit/537.36 (KHTML, like Gecko; compatible; GPTBot/1.3; +https://openai.com/gptbot)" 577 **0/577342**
74.7.227.35 - - [11/Mar/2026:05:31:53 -0700] "GET /?path=//proc/self/root/proc/thread-self/root/proc/thread-self/root/proc/thread-self/root/lib/.build-id/c4 HTTP/1.1" 200 3184 "http://mail.rgardensoap.com/?path=//proc/self/root/proc/thread-self/root/proc/thread-self/root/proc/thread-self/root/lib/.build-id" "Mozilla/5.0 AppleWebKit/537.36 (KHTML, like Gecko; compatible; GPTBot/1.3; +https://openai.com/gptbot)" 494 **0/494194**
74.7.227.150 - - [11/Mar/2026:05:31:54 -0700] "GET /blog?path=//var/cache/man/sk HTTP/1.1" 200 2561 "http://rgardensoap.com/blog?path=//var/cache/man" "Mozilla/5.0 AppleWebKit/537.36 (KHTML, like Gecko; compatible; GPTBot/1.3; +https://openai.com/gptbot)" 534 **0/534004**
74.7.241.54 - - [11/Mar/2026:05:31:54 -0700] "GET /fizzy-bath-bombs.html?fileloc=//opt/alt/php73/usr/include/php/Zend/zend_object_handlers.h&path=//opt/alt/php73/usr/include/php/Zend HTTP/1.1" 200 5193 "http://www.rgardensoap.com/fizzy-bath-bombs.html?path=//opt/alt/php73/usr/include/php/Zend" "Mozilla/5.0 AppleWebKit/537.36 (KHTML, like Gecko; compatible; GPTBot/1.3; +https://openai.com/gptbot)" 562 **0/562774**
74.7.227.35 - - [11/Mar/2026:05:31:54 -0700] "GET /?path=//proc/self/root/proc/thread-self/root/proc/thread-self/root/proc/thread-self/root/lib/.build-id/8d HTTP/1.1" 200 3430 "http://mail.rgardensoap.com/?path=//proc/self/root/proc/thread-self/root/proc/thread-self/root/proc/thread-self/root/lib/.build-id" "Mozilla/5.0 AppleWebKit/537.36 (KHTML, like Gecko; compatible; GPTBot/1.3; +https://openai.com/gptbot)" 557 **0/557273**
74.7.227.150 - - [11/Mar/2026:05:31:54 -0700] "GET /blog/?path=//lib/firmware/xe HTTP/1.1" 200 2793 "http://rgardensoap.com/blog/?path=//lib/firmware" "Mozilla/5.0 AppleWebKit/537.36 (KHTML, like Gecko; compatible; GPTBot/1.3; +https://openai.com/gptbot)" 635 **0/635966**
74.7.241.54 - - [11/Mar/2026:05:31:54 -0700] "GET /fizzy-bath-bombs.html?fileloc=//opt/alt/php73/usr/include/php/Zend/zend_vm_handlers.h&path=//opt/alt/php73/usr/include/php/Zend HTTP/1.1" 200 11774 "http://www.rgardensoap.com/fizzy-bath-bombs.html?path=//opt/alt/php73/usr/include/php/Zend" "Mozilla/5.0 AppleWebKit/537.36 (KHTML, like Gecko; compatible; GPTBot/1.3; +https://openai.com/gptbot)" 620 **0/620323**
74.7.227.35 - - [11/Mar/2026:05:31:55 -0700] "GET /?path=//proc/self/root/proc/thread-self/root/proc/thread-self/root/proc/thread-self/root/lib/.build-id/0d HTTP/1.1" 200 3235 "http://mail.rgardensoap.com/?path=//proc/self/root/proc/thread-self/root/proc/thread-self/root/proc/thread-self/root/lib/.build-id" "Mozilla/5.0 AppleWebKit/537.36 (KHTML, like Gecko; compatible; GPTBot/1.3; +https://openai.com/gptbot)" 565 **0/565856**
74.7.241.54 - - [11/Mar/2026:05:31:55 -0700] "GET /fizzy-bath-bombs.html?fileloc=//opt/alt/php54/usr/include/php/Zend/zend_vm_def.h&path=//opt/alt/php54/usr/include/php/Zend HTTP/1.1" 200 25272 "http://www.rgardensoap.com/fizzy-bath-bombs.html?path=//opt/alt/php54/usr/include/php/Zend" "Mozilla/5.0 AppleWebKit/537.36 (KHTML, like Gecko; compatible; GPTBot/1.3; +https://openai.com/gptbot)" 596 **0/596495**
74.7.227.150 - - [11/Mar/2026:05:31:55 -0700] "GET /administrator/templates/bluestork/error.php?path=//proc/thread-self/root/proc/self/root/usr/lib/dracut/modules.d/95fcoe HTTP/1.1" 200 2895 "http://rgardensoap.com/administrator/templates/bluestork/error.php?path=//proc/thread-self/root/proc/self/root/usr/lib/dracut/modules.d" "Mozilla/5.0 AppleWebKit/537.36 (KHTML, like Gecko; compatible; GPTBot/1.3; +https://openai.com/gptbot)" 542 **0/542193**
74.7.227.35 - - [11/Mar/2026:05:31:55 -0700] "GET /?path=//proc/self/root/proc/thread-self/root/proc/thread-self/root/proc/thread-self/root/lib/.build-id/9b HTTP/1.1" 200 3228 "http://mail.rgardensoap.com/?path=//proc/self/root/proc/thread-self/root/proc/thread-self/root/proc/thread-self/root/lib/.build-id" "Mozilla/5.0 AppleWebKit/537.36 (KHTML, like Gecko; compatible; GPTBot/1.3; +https://openai.com/gptbot)" 565 **0/565620**
74.7.241.54 - - [11/Mar/2026:05:31:56 -0700] "GET /fizzy-bath-bombs.html?fileloc=//opt/alt/php74/usr/include/php/Zend/zend_vm_trace_map.h&path=//opt/alt/php74/usr/include/php/Zend HTTP/1.1" 200 3308 "http://www.rgardensoap.com/fizzy-bath-bombs.html?path=//opt/alt/php74/usr/include/php/Zend" "Mozilla/5.0 AppleWebKit/537.36 (KHTML, like Gecko; compatible; GPTBot/1.3; +https://openai.com/gptbot)" 533 **0/533655**
74.7.227.150 - - [11/Mar/2026:05:31:56 -0700] "GET /blog?path=//opt/alt/php56/usr/sbin HTTP/1.1" 200 2590 "http://rgardensoap.com/blog?path=//opt/alt/php56/usr" "Mozilla/5.0 AppleWebKit/537.36 (KHTML, like Gecko; compatible; GPTBot/1.3; +https://openai.com/gptbot)" 497 **0/497095**
74.7.227.35 - - [11/Mar/2026:05:31:56 -0700] "GET /?path=//proc/self/root/proc/thread-self/root/proc/thread-self/root/proc/thread-self/root/lib/.build-id/d3 HTTP/1.1" 200 3389 "http://mail.rgardensoap.com/?path=//proc/self/root/proc/thread-self/root/proc/thread-self/root/proc/thread-self/root/lib/.build-id" "Mozilla/5.0 AppleWebKit/537.36 (KHTML, like Gecko; compatible; GPTBot/1.3; +https://openai.com/gptbot)" 841 **0/841400**
74.7.241.54 - - [11/Mar/2026:05:31:56 -0700] "GET /fizzy-bath-bombs.html?fileloc=//opt/alt/php72/usr/include/php/Zend/zend_config.nw.h&path=//opt/alt/php72/usr/include/php/Zend HTTP/1.1" 200 3220 "http://www.rgardensoap.com/fizzy-bath-bombs.html?path=//opt/alt/php72/usr/include/php/Zend" "Mozilla/5.0 AppleWebKit/537.36 (KHTML, like Gecko; compatible; GPTBot/1.3; +https://openai.com/gptbot)" 663 **0/663712**
74.7.227.150 - - [11/Mar/2026:05:31:56 -0700] "GET /blog/?fileloc=//proc/sys/kernel/printk_ratelimit&path=//proc/sys/kernel HTTP/1.1" 200 2276 "http://rgardensoap.com/blog/?path=//proc/sys/kernel" "Mozilla/5.0 AppleWebKit/537.36 (KHTML, like Gecko; compatible; GPTBot/1.3; +https://openai.com/gptbot)" 795 **0/795862**
74.7.227.35 - - [11/Mar/2026:05:31:57 -0700] "GET /?path=//proc/self/root/proc/thread-self/root/proc/thread-self/root/proc/thread-self/root/lib/.build-id/7e HTTP/1.1" 200 3384 "http://mail.rgardensoap.com/?path=//proc/self/root/proc/thread-self/root/proc/thread-self/root/proc/thread-self/root/lib/.build-id" "Mozilla/5.0 AppleWebKit/537.36 (KHTML, like Gecko; compatible; GPTBot/1.3; +https://openai.com/gptbot)" 691 **0/691163**
74.7.241.54 - - [11/Mar/2026:05:31:57 -0700] "GET /fizzy-bath-bombs.html?fileloc=//opt/alt/php74/usr/include/php/Zend/zend_smart_string.h&path=//opt/alt/php74/usr/include/php/Zend HTTP/1.1" 200 3351 "http://www.rgardensoap.com/fizzy-bath-bombs.html?path=//opt/alt/php74/usr/include/php/Zend" "Mozilla/5.0 AppleWebKit/537.36 (KHTML, like Gecko; compatible; GPTBot/1.3; +https://openai.com/gptbot)" 769 **0/769682**
74.7.227.150 - - [11/Mar/2026:05:31:57 -0700] "GET /blog/?path=//opt/alt/curlssl11/usr HTTP/1.1" 200 2621 "http://rgardensoap.com/blog/?path=//opt/alt/curlssl11" "Mozilla/5.0 AppleWebKit/537.36 (KHTML, like Gecko; compatible; GPTBot/1.3; +https://openai.com/gptbot)" 671 **0/671926**
74.7.227.35 - - [11/Mar/2026:05:31:58 -0700] "GET /?path=//proc/self/root/proc/thread-self/root/proc/thread-self/root/proc/thread-self/root/lib/.build-id/c3 HTTP/1.1" 200 3136 "http://mail.rgardensoap.com/?path=//proc/self/root/proc/thread-self/root/proc/thread-self/root/proc/thread-self/root/lib/.build-id" "Mozilla/5.0 AppleWebKit/537.36 (KHTML, like Gecko; compatible; GPTBot/1.3; +https://openai.com/gptbot)" 600 **0/600404**
74.7.241.54 - - [11/Mar/2026:05:31:58 -0700] "GET /fizzy-bath-bombs.html?fileloc=//opt/alt/php71/usr/include/php/Zend/zend_language_scanner.h&path=//opt/alt/php71/usr/include/php/Zend HTTP/1.1" 200 3233 "http://www.rgardensoap.com/fizzy-bath-bombs.html?path=//opt/alt/php71/usr/include/php/Zend" "Mozilla/5.0 AppleWebKit/537.36 (KHTML, like Gecko; compatible; GPTBot/1.3; +https://openai.com/gptbot)" 539 **0/539211**
74.7.227.150 - - [11/Mar/2026:05:31:58 -0700] "GET /blog/?fileloc=//lib/kbd/unimaps/8859-1.a0-ff.uni&path=//lib/kbd/unimaps HTTP/1.1" 200 3265 "http://rgardensoap.com/blog/?path=//lib/kbd/unimaps" "Mozilla/5.0 AppleWebKit/537.36 (KHTML, like Gecko; compatible; GPTBot/1.3; +https://openai.com/gptbot)" 551 **0/551162**
74.7.227.35 - - [11/Mar/2026:05:31:58 -0700] "GET /?path=//proc/self/root/proc/thread-self/root/proc/thread-self/root/proc/thread-self/root/lib/.build-id/9d HTTP/1.1" 200 3291 "http://mail.rgardensoap.com/?path=//proc/self/root/proc/thread-self/root/proc/thread-self/root/proc/thread-self/root/lib/.build-id" "Mozilla/5.0 AppleWebKit/537.36 (KHTML, like Gecko; compatible; GPTBot/1.3; +https://openai.com/gptbot)" 601 **0/601070**
74.7.241.54 - - [11/Mar/2026:05:31:59 -0700] "GET /fizzy-bath-bombs.html?fileloc=//opt/alt/php74/usr/include/php/Zend/zend_language_parser.h&path=//opt/alt/php74/usr/include/php/Zend HTTP/1.1" 200 4354 "http://www.rgardensoap.com/fizzy-bath-bombs.html?path=//opt/alt/php74/usr/include/php/Zend" "Mozilla/5.0 AppleWebKit/537.36 (KHTML, like Gecko; compatible; GPTBot/1.3; +https://openai.com/gptbot)" 567 **0/567145**
74.7.227.150 - - [11/Mar/2026:05:31:59 -0700] "GET /blog?path=//opt/alt/php70/usr/sbin HTTP/1.1" 200 2590 "http://rgardensoap.com/blog?path=//opt/alt/php70/usr" "Mozilla/5.0 AppleWebKit/537.36 (KHTML, like Gecko; compatible; GPTBot/1.3; +https://openai.com/gptbot)" 568 **0/568029**
74.7.227.35 - - [11/Mar/2026:05:31:59 -0700] "GET /?path=//proc/self/root/proc/thread-self/root/proc/thread-self/root/proc/thread-self/root/lib/.build-id/e0 HTTP/1.1" 200 3316 "http://mail.rgardensoap.com/?path=//proc/self/root/proc/thread-self/root/proc/thread-self/root/proc/thread-self/root/lib/.build-id" "Mozilla/5.0 AppleWebKit/537.36 (KHTML, like Gecko; compatible; GPTBot/1.3; +https://openai.com/gptbot)" 564 **0/564300**
74.7.227.150 - - [11/Mar/2026:05:32:00 -0700] "GET /blog/?path=//opt/alt/openssl/lib64 HTTP/1.1" 200 2890 "http://rgardensoap.com/blog/?path=//opt/alt/openssl" "Mozilla/5.0 AppleWebKit/537.36 (KHTML, like Gecko; compatible; GPTBot/1.3; +https://openai.com/gptbot)" 566 **0/566268**
74.7.241.54 - - [11/Mar/2026:05:31:59 -0700] "GET /fizzy-bath-bombs.html?path=//opt/alt/php73/usr/include/php/ext/swoole HTTP/1.1" 200 2771 "http://www.rgardensoap.com/fizzy-bath-bombs.html?path=//opt/alt/php73/usr/include/php/ext" "Mozilla/5.0 AppleWebKit/537.36 (KHTML, like Gecko; compatible; GPTBot/1.3; +https://openai.com/gptbot)" 650 **0/650626**
74.7.227.35 - - [11/Mar/2026:05:32:00 -0700] "GET /?path=//proc/self/root/proc/thread-self/root/proc/thread-self/root/proc/thread-self/root/lib/.build-id/0a HTTP/1.1" 200 3232 "http://mail.rgardensoap.com/?path=//proc/self/root/proc/thread-self/root/proc/thread-self/root/proc/thread-self/root/lib/.build-id" "Mozilla/5.0 AppleWebKit/537.36 (KHTML, like Gecko; compatible; GPTBot/1.3; +https://openai.com/gptbot)" 615 **0/615120**
74.7.227.150 - - [11/Mar/2026:05:32:00 -0700] "GET /blog?path=//opt/alt/php81/usr/sbin HTTP/1.1" 200 2590 "http://rgardensoap.com/blog?path=//opt/alt/php81/usr" "Mozilla/5.0 AppleWebKit/537.36 (KHTML, like Gecko; compatible; GPTBot/1.3; +https://openai.com/gptbot)" 635 **0/635734**
74.7.241.54 - - [11/Mar/2026:05:32:00 -0700] "GET /fizzy-bath-bombs.html?path=//opt/alt/php73/usr/include/php/ext/mysqli HTTP/1.1" 200 2670 "http://www.rgardensoap.com/fizzy-bath-bombs.html?path=//opt/alt/php73/usr/include/php/ext" "Mozilla/5.0 AppleWebKit/537.36 (KHTML, like Gecko; compatible; GPTBot/1.3; +https://openai.com/gptbot)" 619 **0/619964**
74.7.227.35 - - [11/Mar/2026:05:32:01 -0700] "GET /?path=//proc/self/root/proc/thread-self/root/proc/thread-self/root/proc/thread-self/root/lib/.build-id/8e HTTP/1.1" 200 3087 "http://mail.rgardensoap.com/?path=//proc/self/root/proc/thread-self/root/proc/thread-self/root/proc/thread-self/root/lib/.build-id" "Mozilla/5.0 AppleWebKit/537.36 (KHTML, like Gecko; compatible; GPTBot/1.3; +https://openai.com/gptbot)" 587 **0/587963**
74.7.227.35 - - [11/Mar/2026:05:32:01 -0700] "GET /?path=//proc/self/root/proc/thread-self/root/proc/thread-self/root/proc/thread-self/root/lib/.build-id/e9 HTTP/1.1" 200 3295 "http://mail.rgardensoap.com/?path=//proc/self/root/proc/thread-self/root/proc/thread-self/root/proc/thread-self/root/lib/.build-id" "Mozilla/5.0 AppleWebKit/537.36 (KHTML, like Gecko; compatible; GPTBot/1.3; +https://openai.com/gptbot)" 622 **0/622006**
74.7.227.150 - - [11/Mar/2026:05:32:01 -0700] "GET /blog?path=//var/cache/man/uk/cat1 HTTP/1.1" 200 2333 "http://rgardensoap.com/blog?path=//var/cache/man/uk" "Mozilla/5.0 AppleWebKit/537.36 (KHTML, like Gecko; compatible; GPTBot/1.3; +https://openai.com/gptbot)" 922 **0/922691**
74.7.241.54 - - [11/Mar/2026:05:32:01 -0700] "GET /fizzy-bath-bombs.html?path=//opt/alt/php73/usr/include/php/ext/msgpack HTTP/1.1" 200 2622 "http://www.rgardensoap.com/fizzy-bath-bombs.html?path=//opt/alt/php73/usr/include/php/ext" "Mozilla/5.0 AppleWebKit/537.36 (KHTML, like Gecko; compatible; GPTBot/1.3; +https://openai.com/gptbot)" 951 **0/951319**
74.7.227.35 - - [11/Mar/2026:05:32:02 -0700] "GET /?path=//proc/self/root/proc/thread-self/root/proc/thread-self/root/proc/thread-self/root/lib/.build-id/f4 HTTP/1.1" 200 3296 "http://mail.rgardensoap.com/?path=//proc/self/root/proc/thread-self/root/proc/thread-self/root/proc/thread-self/root/lib/.build-id" "Mozilla/5.0 AppleWebKit/537.36 (KHTML, like Gecko; compatible; GPTBot/1.3; +https://openai.com/gptbot)" 717 **0/717869**
74.7.227.150 - - [11/Mar/2026:05:32:02 -0700] "GET /blog?path=//var/cache/man/uk/cat7 HTTP/1.1" 200 2333 "http://rgardensoap.com/blog?path=//var/cache/man/uk" "Mozilla/5.0 AppleWebKit/537.36 (KHTML, like Gecko; compatible; GPTBot/1.3; +https://openai.com/gptbot)" 706 **0/706274**
74.7.241.54 - - [11/Mar/2026:05:32:02 -0700] "GET /fizzy-bath-bombs.html?path=//opt/alt/php73/usr/include/php/ext/mysqlnd HTTP/1.1" 200 3444 "http://www.rgardensoap.com/fizzy-bath-bombs.html?path=//opt/alt/php73/usr/include/php/ext" "Mozilla/5.0 AppleWebKit/537.36 (KHTML, like Gecko; compatible; GPTBot/1.3; +https://openai.com/gptbot)" 713 **0/713491**
74.7.241.54 - - [11/Mar/2026:05:32:03 -0700] "GET /fizzy-bath-bombs.html?path=//opt/alt/php73/usr/include/php/ext/imagick HTTP/1.1" 200 2627 "http://www.rgardensoap.com/fizzy-bath-bombs.html?path=//opt/alt/php73/usr/include/php/ext" "Mozilla/5.0 AppleWebKit/537.36 (KHTML, like Gecko; compatible; GPTBot/1.3; +https://openai.com/gptbot)" 543 **0/543923**
74.7.227.150 - - [11/Mar/2026:05:32:03 -0700] "GET /blog?path=//var/cache/man/uk/cat8 HTTP/1.1" 200 2333 "http://rgardensoap.com/blog?path=//var/cache/man/uk" "Mozilla/5.0 AppleWebKit/537.36 (KHTML, like Gecko; compatible; GPTBot/1.3; +https://openai.com/gptbot)" 584 **0/584120**
74.7.227.35 - - [11/Mar/2026:05:32:03 -0700] "GET /?path=//proc/self/root/proc/thread-self/root/proc/thread-self/root/proc/thread-self/root/lib/.build-id/1c HTTP/1.1" 200 3185 "http://mail.rgardensoap.com/?path=//proc/self/root/proc/thread-self/root/proc/thread-self/root/proc/thread-self/root/lib/.build-id" "Mozilla/5.0 AppleWebKit/537.36 (KHTML, like Gecko; compatible; GPTBot/1.3; +https://openai.com/gptbot)" 856 **0/856902**
74.7.241.54 - - [11/Mar/2026:05:32:04 -0700] "GET /fizzy-bath-bombs.html?path=//opt/alt/php73/usr/include/php/ext/sockets HTTP/1.1" 200 2622 "http://www.rgardensoap.com/fizzy-bath-bombs.html?path=//opt/alt/php73/usr/include/php/ext" "Mozilla/5.0 AppleWebKit/537.36 (KHTML, like Gecko; compatible; GPTBot/1.3; +https://openai.com/gptbot)" 707 **0/707572**
74.7.227.35 - - [11/Mar/2026:05:32:04 -0700] "GET /?path=//proc/self/root/proc/thread-self/root/proc/thread-self/root/proc/thread-self/root/lib/.build-id/e3 HTTP/1.1" 200 2992 "http://mail.rgardensoap.com/?path=//proc/self/root/proc/thread-self/root/proc/thread-self/root/proc/thread-self/root/lib/.build-id" "Mozilla/5.0 AppleWebKit/537.36 (KHTML, like Gecko; compatible; GPTBot/1.3; +https://openai.com/gptbot)" 582 **0/582814**
74.7.227.150 - - [11/Mar/2026:05:32:04 -0700] "GET /blog?path=//var/cache/man/sk/cat8 HTTP/1.1" 200 2333 "http://rgardensoap.com/blog?path=//var/cache/man/sk" "Mozilla/5.0 AppleWebKit/537.36 (KHTML, like Gecko; compatible; GPTBot/1.3; +https://openai.com/gptbot)" 703 **0/703049**
74.7.241.54 - - [11/Mar/2026:05:32:05 -0700] "GET /fizzy-bath-bombs.html?path=//opt/alt/php73/usr/include/php/ext/igbinary HTTP/1.1" 200 2724 "http://www.rgardensoap.com/fizzy-bath-bombs.html?path=//opt/alt/php73/usr/include/php/ext" "Mozilla/5.0 AppleWebKit/537.36 (KHTML, like Gecko; compatible; GPTBot/1.3; +https://openai.com/gptbot)" 744 **0/744587**
74.7.227.35 - - [11/Mar/2026:05:32:05 -0700] "GET /?path=//proc/self/root/proc/thread-self/root/proc/thread-self/root/proc/thread-self/root/lib/.build-id/c9 HTTP/1.1" 200 3340 "http://mail.rgardensoap.com/?path=//proc/self/root/proc/thread-self/root/proc/thread-self/root/proc/thread-self/root/lib/.build-id" "Mozilla/5.0 AppleWebKit/537.36 (KHTML, like Gecko; compatible; GPTBot/1.3; +https://openai.com/gptbot)" 734 **0/734825**
74.7.227.150 - - [11/Mar/2026:05:32:05 -0700] "GET /blog?path=//var/cache/man/uk/cat5 HTTP/1.1" 200 2333 "http://rgardensoap.com/blog?path=//var/cache/man/uk" "Mozilla/5.0 AppleWebKit/537.36 (KHTML, like Gecko; compatible; GPTBot/1.3; +https://openai.com/gptbot)" 685 **0/685246**
74.7.227.35 - - [11/Mar/2026:05:32:06 -0700] "GET /?path=//proc/self/root/proc/thread-self/root/proc/thread-self/root/proc/thread-self/root/lib/.build-id/9f HTTP/1.1" 200 3296 "http://mail.rgardensoap.com/?path=//proc/self/root/proc/thread-self/root/proc/thread-self/root/proc/thread-self/root/lib/.build-id" "Mozilla/5.0 AppleWebKit/537.36 (KHTML, like Gecko; compatible; GPTBot/1.3; +https://openai.com/gptbot)" 577 **0/577397**
74.7.241.54 - - [11/Mar/2026:05:32:05 -0700] "GET /fizzy-bath-bombs.html?path=//opt/alt/php73/usr/include/php/ext/mbstring HTTP/1.1" 200 2795 "http://www.rgardensoap.com/fizzy-bath-bombs.html?path=//opt/alt/php73/usr/include/php/ext" "Mozilla/5.0 AppleWebKit/537.36 (KHTML, like Gecko; compatible; GPTBot/1.3; +https://openai.com/gptbot)" 707 **0/707409**
74.7.227.150 - - [11/Mar/2026:05:32:06 -0700] "GET /blog?path=//opt/alt/t1lib/usr/sbin HTTP/1.1" 200 2591 "http://rgardensoap.com/blog?path=//opt/alt/t1lib/usr" "Mozilla/5.0 AppleWebKit/537.36 (KHTML, like Gecko; compatible; GPTBot/1.3; +https://openai.com/gptbot)" 664 **0/664461**
74.7.227.35 - - [11/Mar/2026:05:32:06 -0700] "GET /?path=//proc/self/root/proc/thread-self/root/proc/thread-self/root/proc/thread-self/root/lib/.build-id/1a HTTP/1.1" 200 3301 "http://mail.rgardensoap.com/?path=//proc/self/root/proc/thread-self/root/proc/thread-self/root/proc/thread-self/root/lib/.build-id" "Mozilla/5.0 AppleWebKit/537.36 (KHTML, like Gecko; compatible; GPTBot/1.3; +https://openai.com/gptbot)" 554 **0/554551**
74.7.241.54 - - [11/Mar/2026:05:32:06 -0700] "GET /fizzy-bath-bombs.html?path=//opt/alt/php73/usr/include/php/ext/gd HTTP/1.1" 200 2722 "http://www.rgardensoap.com/fizzy-bath-bombs.html?path=//opt/alt/php73/usr/include/php/ext" "Mozilla/5.0 AppleWebKit/537.36 (KHTML, like Gecko; compatible; GPTBot/1.3; +https://openai.com/gptbot)" 665 **0/665493**
74.7.227.150 - - [11/Mar/2026:05:32:06 -0700] "GET /blog/?path=//opt/alt/curlssl11/usr/lib64 HTTP/1.1" 200 2634 "http://rgardensoap.com/blog/?path=//opt/alt/curlssl11/usr" "Mozilla/5.0 AppleWebKit/537.36 (KHTML, like Gecko; compatible; GPTBot/1.3; +https://openai.com/gptbot)" 687 **0/687609**
74.7.227.35 - - [11/Mar/2026:05:32:07 -0700] "GET /?path=//proc/self/root/proc/thread-self/root/proc/thread-self/root/proc/thread-self/root/lib/.build-id/3e HTTP/1.1" 200 2940 "http://mail.rgardensoap.com/?path=//proc/self/root/proc/thread-self/root/proc/thread-self/root/proc/thread-self/root/lib/.build-id" "Mozilla/5.0 AppleWebKit/537.36 (KHTML, like Gecko; compatible; GPTBot/1.3; +https://openai.com/gptbot)" 606 **0/606339**
74.7.227.150 - - [11/Mar/2026:05:32:07 -0700] "GET /blog/?path=//lib64/ldb/modules/ldb HTTP/1.1" 200 2877 "http://rgardensoap.com/blog/?path=//lib64/ldb/modules" "Mozilla/5.0 AppleWebKit/537.36 (KHTML, like Gecko; compatible; GPTBot/1.3; +https://openai.com/gptbot)" 579 **0/579683**
74.7.241.54 - - [11/Mar/2026:05:32:07 -0700] "GET /fizzy-bath-bombs.html?path=//opt/alt/php73/usr/include/php/ext/xml HTTP/1.1" 200 2665 "http://www.rgardensoap.com/fizzy-bath-bombs.html?path=//opt/alt/php73/usr/include/php/ext" "Mozilla/5.0 AppleWebKit/537.36 (KHTML, like Gecko; compatible; GPTBot/1.3; +https://openai.com/gptbot)" 766 **0/766874**
74.7.227.35 - - [11/Mar/2026:05:32:08 -0700] "GET /?path=//proc/self/root/proc/thread-self/root/proc/thread-self/root/proc/thread-self/root/lib/.build-id/9c HTTP/1.1" 200 3259 "http://mail.rgardensoap.com/?path=//proc/self/root/proc/thread-self/root/proc/thread-self/root/proc/thread-self/root/lib/.build-id" "Mozilla/5.0 AppleWebKit/537.36 (KHTML, like Gecko; compatible; GPTBot/1.3; +https://openai.com/gptbot)" 584 **0/584365**
74.7.227.150 - - [11/Mar/2026:05:32:08 -0700] "GET /blog?path=//opt/alt/php54/usr/sbin HTTP/1.1" 200 2590 "http://rgardensoap.com/blog?path=//opt/alt/php54/usr" "Mozilla/5.0 AppleWebKit/537.36 (KHTML, like Gecko; compatible; GPTBot/1.3; +https://openai.com/gptbot)" 926 **0/926274**
74.7.241.54 - - [11/Mar/2026:05:32:08 -0700] "GET /fizzy-bath-bombs.html?path=//opt/alt/php54/usr/include/php/ext HTTP/1.1" 200 3183 "http://www.rgardensoap.com/fizzy-bath-bombs.html?path=//opt/alt/php54/usr/include/php" "Mozilla/5.0 AppleWebKit/537.36 (KHTML, like Gecko; compatible; GPTBot/1.3; +https://openai.com/gptbot)" 914 **0/914517**
74.7.227.35 - - [11/Mar/2026:05:32:08 -0700] "GET /?path=//proc/self/root/proc/thread-self/root/proc/thread-self/root/proc/thread-self/root/lib/.build-id/a2 HTTP/1.1" 200 3473 "http://mail.rgardensoap.com/?path=//proc/self/root/proc/thread-self/root/proc/thread-self/root/proc/thread-self/root/lib/.build-id" "Mozilla/5.0 AppleWebKit/537.36 (KHTML, like Gecko; compatible; GPTBot/1.3; +https://openai.com/gptbot)" 874 **0/874047**
74.7.241.54 - - [11/Mar/2026:05:32:09 -0700] "GET /fizzy-bath-bombs.html?path=//opt/alt/php73/usr/include/php/ext/swoole/thirdparty HTTP/1.1" 200 2765 "http://www.rgardensoap.com/fizzy-bath-bombs.html?path=//opt/alt/php73/usr/include/php/ext/swoole" "Mozilla/5.0 AppleWebKit/537.36 (KHTML, like Gecko; compatible; GPTBot/1.3; +https://openai.com/gptbot)" 621 **0/621942**
74.7.227.150 - - [11/Mar/2026:05:32:09 -0700] "GET /blog?path=//opt/alt/php73/usr/sbin HTTP/1.1" 200 2590 "http://rgardensoap.com/blog?path=//opt/alt/php73/usr" "Mozilla/5.0 AppleWebKit/537.36 (KHTML, like Gecko; compatible; GPTBot/1.3; +https://openai.com/gptbot)" 693 **0/693562**
74.7.227.35 - - [11/Mar/2026:05:32:09 -0700] "GET /?path=//proc/self/root/proc/thread-self/root/proc/thread-self/root/proc/thread-self/root/lib/.build-id/8f HTTP/1.1" 200 3238 "http://mail.rgardensoap.com/?path=//proc/self/root/proc/thread-self/root/proc/thread-self/root/proc/thread-self/root/lib/.build-id" "Mozilla/5.0 AppleWebKit/537.36 (KHTML, like Gecko; compatible; GPTBot/1.3; +https://openai.com/gptbot)" 656 **0/656239**
74.7.241.54 - - [11/Mar/2026:05:32:10 -0700] "GET /fizzy-bath-bombs.html?path=//opt/alt/php71/usr/include/php/ext HTTP/1.1" 200 3255 "http://www.rgardensoap.com/fizzy-bath-bombs.html?path=//opt/alt/php71/usr/include/php" "Mozilla/5.0 AppleWebKit/537.36 (KHTML, like Gecko; compatible; GPTBot/1.3; +https://openai.com/gptbot)" 524 **0/524423**
74.7.227.150 - - [11/Mar/2026:05:32:10 -0700] "GET /blog?path=//opt/alt/curl/usr/lib64 HTTP/1.1" 200 2630 "http://rgardensoap.com/blog?path=//opt/alt/curl/usr" "Mozilla/5.0 AppleWebKit/537.36 (KHTML, like Gecko; compatible; GPTBot/1.3; +https://openai.com/gptbot)" 505 **0/505326**
74.7.227.35 - - [11/Mar/2026:05:32:10 -0700] "GET /?path=//proc/self/root/proc/thread-self/root/proc/thread-self/root/proc/thread-self/root/lib/.build-id/c7 HTTP/1.1" 200 3045 "http://mail.rgardensoap.com/?path=//proc/self/root/proc/thread-self/root/proc/thread-self/root/proc/thread-self/root/lib/.build-id" "Mozilla/5.0 AppleWebKit/537.36 (KHTML, like Gecko; compatible; GPTBot/1.3; +https://openai.com/gptbot)" 664 **0/664450**
74.7.241.54 - - [11/Mar/2026:05:32:10 -0700] "GET /fizzy-bath-bombs.html?path=//opt/alt/php72/usr/include/php/ext HTTP/1.1" 200 3254 "http://www.rgardensoap.com/fizzy-bath-bombs.html?path=//opt/alt/php72/usr/include/php" "Mozilla/5.0 AppleWebKit/537.36 (KHTML, like Gecko; compatible; GPTBot/1.3; +https://openai.com/gptbot)" 665 **0/665566**
74.7.227.150 - - [11/Mar/2026:05:32:10 -0700] "GET /blog?path=//opt/alt/php80/usr/sbin HTTP/1.1" 200 2590 "http://rgardensoap.com/blog?path=//opt/alt/php80/usr" "Mozilla/5.0 AppleWebKit/537.36 (KHTML, like Gecko; compatible; GPTBot/1.3; +https://openai.com/gptbot)" 589 **0/589171**
74.7.227.35 - - [11/Mar/2026:05:32:11 -0700] "GET /?path=//proc/self/root/proc/thread-self/root/proc/thread-self/root/proc/thread-self/root/lib/.build-id/d9 HTTP/1.1" 200 3385 "http://mail.rgardensoap.com/?path=//proc/self/root/proc/thread-self/root/proc/thread-self/root/proc/thread-self/root/lib/.build-id" "Mozilla/5.0 AppleWebKit/537.36 (KHTML, like Gecko; compatible; GPTBot/1.3; +https://openai.com/gptbot)" 672 **0/672740**
74.7.241.54 - - [11/Mar/2026:05:32:11 -0700] "GET /fizzy-bath-bombs.html?fileloc=//opt/alt/php73/usr/include/php/ext/mysqlnd/mysqlnd_result.h&path=//opt/alt/php73/usr/include/php/ext/mysqlnd HTTP/1.1" 200 2946 "http://www.rgardensoap.com/fizzy-bath-bombs.html?path=//opt/alt/php73/usr/include/php/ext/mysqlnd" "Mozilla/5.0 AppleWebKit/537.36 (KHTML, like Gecko; compatible; GPTBot/1.3; +https://openai.com/gptbot)" 598 **0/598073**
74.7.227.150 - - [11/Mar/2026:05:32:11 -0700] "GET /blog/?path=//opt/alt/freetds11/usr HTTP/1.1" 200 2618 "http://rgardensoap.com/blog/?path=//opt/alt/freetds11" "Mozilla/5.0 AppleWebKit/537.36 (KHTML, like Gecko; compatible; GPTBot/1.3; +https://openai.com/gptbot)" 619 **0/619996**
74.7.227.35 - - [11/Mar/2026:05:32:12 -0700] "GET /?path=//proc/self/root/proc/thread-self/root/proc/thread-self/root/proc/thread-self/root/lib/.build-id/f8 HTTP/1.1" 200 3139 "http://mail.rgardensoap.com/?path=//proc/self/root/proc/thread-self/root/proc/thread-self/root/proc/thread-self/root/lib/.build-id" "Mozilla/5.0 AppleWebKit/537.36 (KHTML, like Gecko; compatible; GPTBot/1.3; +https://openai.com/gptbot)" 617 **0/617953**
74.7.227.150 - - [11/Mar/2026:05:32:12 -0700] "GET /blog/?path=//opt/alt/libc-client11 HTTP/1.1" 200 2608 "http://rgardensoap.com/blog/?path=//opt/alt" "Mozilla/5.0 AppleWebKit/537.36 (KHTML, like Gecko; compatible; GPTBot/1.3; +https://openai.com/gptbot)" 677 **0/677923**
74.7.241.54 - - [11/Mar/2026:05:32:12 -0700] "GET /fizzy-bath-bombs.html?fileloc=//opt/alt/php73/usr/include/php/ext/mysqlnd/mysqlnd_structs.h&path=//opt/alt/php73/usr/include/php/ext/mysqlnd HTTP/1.1" 200 12573 "http://www.rgardensoap.com/fizzy-bath-bombs.html?path=//opt/alt/php73/usr/include/php/ext/mysqlnd" "Mozilla/5.0 AppleWebKit/537.36 (KHTML, like Gecko; compatible; GPTBot/1.3; +https://openai.com/gptbot)" 809 **0/809338**
74.7.227.35 - - [11/Mar/2026:05:32:13 -0700] "GET /?path=//proc/self/root/proc/thread-self/root/proc/thread-self/root/proc/thread-self/root/lib/.build-id/8c HTTP/1.1" 200 3298 "http://mail.rgardensoap.com/?path=//proc/self/root/proc/thread-self/root/proc/thread-self/root/proc/thread-self/root/lib/.build-id" "Mozilla/5.0 AppleWebKit/537.36 (KHTML, like Gecko; compatible; GPTBot/1.3; +https://openai.com/gptbot)" 595 **0/595310**
74.7.227.150 - - [11/Mar/2026:05:32:13 -0700] "GET /blog?path=//opt/alt/php83/usr/sbin HTTP/1.1" 200 2590 "http://rgardensoap.com/blog?path=//opt/alt/php83/usr" "Mozilla/5.0 AppleWebKit/537.36 (KHTML, like Gecko; compatible; GPTBot/1.3; +https://openai.com/gptbot)" 548 **0/548871**
74.7.241.54 - - [11/Mar/2026:05:32:13 -0700] "GET /fizzy-bath-bombs.html?fileloc=//opt/alt/php73/usr/include/php/ext/mysqlnd/mysqlnd_connection.h&path=//opt/alt/php73/usr/include/php/ext/mysqlnd HTTP/1.1" 200 3370 "http://www.rgardensoap.com/fizzy-bath-bombs.html?path=//opt/alt/php73/usr/include/php/ext/mysqlnd" "Mozilla/5.0 AppleWebKit/537.36 (KHTML, like Gecko; compatible; GPTBot/1.3; +https://openai.com/gptbot)" 650 **0/650957**
74.7.227.35 - - [11/Mar/2026:05:32:13 -0700] "GET /?path=//proc/self/root/proc/thread-self/root/proc/thread-self/root/proc/thread-self/root/lib/.build-id/5f HTTP/1.1" 200 3136 "http://mail.rgardensoap.com/?path=//proc/self/root/proc/thread-self/root/proc/thread-self/root/proc/thread-self/root/lib/.build-id" "Mozilla/5.0 AppleWebKit/537.36 (KHTML, like Gecko; compatible; GPTBot/1.3; +https://openai.com/gptbot)" 591 **0/591825**
74.7.227.150 - - [11/Mar/2026:05:32:13 -0700] "GET /blog?path=//opt/alt/php82/usr/sbin HTTP/1.1" 200 2590 "http://rgardensoap.com/blog?path=//opt/alt/php82/usr" "Mozilla/5.0 AppleWebKit/537.36 (KHTML, like Gecko; compatible; GPTBot/1.3; +https://openai.com/gptbot)" 638 **0/638648**
74.7.241.54 - - [11/Mar/2026:05:32:14 -0700] "GET /fizzy-bath-bombs.html?fileloc=//opt/alt/php73/usr/include/php/ext/igbinary/php_igbinary.h&path=//opt/alt/php73/usr/include/php/ext/igbinary HTTP/1.1" 200 2690 "http://www.rgardensoap.com/fizzy-bath-bombs.html?path=//opt/alt/php73/usr/include/php/ext/igbinary" "Mozilla/5.0 AppleWebKit/537.36 (KHTML, like Gecko; compatible; GPTBot/1.3; +https://openai.com/gptbot)" 650 **0/650753**
74.7.227.35 - - [11/Mar/2026:05:32:14 -0700] "GET /?path=//proc/self/root/proc/thread-self/root/proc/thread-self/root/proc/thread-self/root/lib/.build-id/7a HTTP/1.1" 200 3410 "http://mail.rgardensoap.com/?path=//proc/self/root/proc/thread-self/root/proc/thread-self/root/proc/thread-self/root/lib/.build-id" "Mozilla/5.0 AppleWebKit/537.36 (KHTML, like Gecko; compatible; GPTBot/1.3; +https://openai.com/gptbot)" 610 **0/610539**
74.7.227.150 - - [11/Mar/2026:05:32:14 -0700] "GET /blog?path=//opt/alt/php74/usr/sbin HTTP/1.1" 200 2589 "http://rgardensoap.com/blog?path=//opt/alt/php74/usr" "Mozilla/5.0 AppleWebKit/537.36 (KHTML, like Gecko; compatible; GPTBot/1.3; +https://openai.com/gptbot)" 560 **0/560159**
74.7.241.54 - - [11/Mar/2026:05:32:15 -0700] "GET /fizzy-bath-bombs.html?path=//opt/alt/php73/usr/include/php/ext/mbstring/oniguruma HTTP/1.1" 200 2636 "http://www.rgardensoap.com/fizzy-bath-bombs.html?path=//opt/alt/php73/usr/include/php/ext/mbstring" "Mozilla/5.0 AppleWebKit/537.36 (KHTML, like Gecko; compatible; GPTBot/1.3; +https://openai.com/gptbot)" 547 **0/547798**
74.7.227.150 - - [11/Mar/2026:05:32:15 -0700] "GET /blog/?path=//opt/alt/openssl11/bin HTTP/1.1" 200 2625 "http://rgardensoap.com/blog/?path=//opt/alt/openssl11" "Mozilla/5.0 AppleWebKit/537.36 (KHTML, like Gecko; compatible; GPTBot/1.3; +https://openai.com/gptbot)" 576 **0/576234**
74.7.227.35 - - [11/Mar/2026:05:32:15 -0700] "GET /?path=//proc/self/root/proc/thread-self/root/proc/thread-self/root/proc/thread-self/root/lib/.build-id/e4 HTTP/1.1" 200 3303 "http://mail.rgardensoap.com/?path=//proc/self/root/proc/thread-self/root/proc/thread-self/root/proc/thread-self/root/lib/.build-id" "Mozilla/5.0 AppleWebKit/537.36 (KHTML, like Gecko; compatible; GPTBot/1.3; +https://openai.com/gptbot)" 701 **0/701701**
74.7.241.54 - - [11/Mar/2026:05:32:15 -0700] "GET /fizzy-bath-bombs.html?path=//opt/alt/php74/usr/include/php/ext HTTP/1.1" 200 3274 "http://www.rgardensoap.com/fizzy-bath-bombs.html?path=//opt/alt/php74/usr/include/php" "Mozilla/5.0 AppleWebKit/537.36 (KHTML, like Gecko; compatible; GPTBot/1.3; +https://openai.com/gptbot)" 589 **0/589197**
74.7.227.150 - - [11/Mar/2026:05:32:16 -0700] "GET /blog/?fileloc=//lib64/ldb/modules/ldb/sample.so&path=//lib64/ldb/modules/ldb HTTP/1.1" 200 2271 "http://rgardensoap.com/blog/?path=//lib64/ldb/modules/ldb" "Mozilla/5.0 AppleWebKit/537.36 (KHTML, like Gecko; compatible; GPTBot/1.3; +https://openai.com/gptbot)" 540 **0/540328**
74.7.227.35 - - [11/Mar/2026:05:32:16 -0700] "GET /?path=//proc/self/root/proc/thread-self/root/proc/thread-self/root/proc/thread-self/root/lib/.build-id/5b HTTP/1.1" 200 3296 "http://mail.rgardensoap.com/?path=//proc/self/root/proc/thread-self/root/proc/thread-self/root/proc/thread-self/root/lib/.build-id" "Mozilla/5.0 AppleWebKit/537.36 (KHTML, like Gecko; compatible; GPTBot/1.3; +https://openai.com/gptbot)" 531 **0/531802**
74.7.241.54 - - [11/Mar/2026:05:32:16 -0700] "GET /fizzy-bath-bombs.html?path=//opt/alt/php73/usr/include/php/main/streams HTTP/1.1" 200 2868 "http://www.rgardensoap.com/fizzy-bath-bombs.html?path=//opt/alt/php73/usr/include/php/main" "Mozilla/5.0 AppleWebKit/537.36 (KHTML, like Gecko; compatible; GPTBot/1.3; +https://openai.com/gptbot)" 588 **0/588993**
74.7.227.150 - - [11/Mar/2026:05:32:16 -0700] "GET /blog?path=//opt/alt/pcre/usr/lib64 HTTP/1.1" 200 2842 "http://rgardensoap.com/blog?path=//opt/alt/pcre/usr" "Mozilla/5.0 AppleWebKit/537.36 (KHTML, like Gecko; compatible; GPTBot/1.3; +https://openai.com/gptbot)" 574 **0/574915**
74.7.227.35 - - [11/Mar/2026:05:32:16 -0700] "GET /?path=//proc/self/root/proc/thread-self/root/proc/thread-self/root/proc/thread-self/root/lib/.build-id/2a HTTP/1.1" 200 3259 "http://mail.rgardensoap.com/?path=//proc/self/root/proc/thread-self/root/proc/thread-self/root/proc/thread-self/root/lib/.build-id" "Mozilla/5.0 AppleWebKit/537.36 (KHTML, like Gecko; compatible; GPTBot/1.3; +https://openai.com/gptbot)" 619 **0/619226**
74.7.241.54 - - [11/Mar/2026:05:32:17 -0700] "GET /fizzy-bath-bombs.html?path=//opt/alt/php54/usr/include/php/ext/spl HTTP/1.1" 200 2940 "http://www.rgardensoap.com/fizzy-bath-bombs.html?path=//opt/alt/php54/usr/include/php/ext" "Mozilla/5.0 AppleWebKit/537.36 (KHTML, like Gecko; compatible; GPTBot/1.3; +https://openai.com/gptbot)" 525 **0/525203**
74.7.227.35 - - [11/Mar/2026:05:32:17 -0700] "GET /?fileloc=//proc/self/root/proc/thread-self/root/proc/thread-self/root/proc/thread-self/root/lib/.build-id/a2/9fe00d1f1d940bc7f22d8600c790202ecb38b7&path=//proc/self/root/proc/thread-self/root/proc/thread-self/root/proc/thread-self/root/lib/.build-id/a2 HTTP/1.1" 200 2361 "http://mail.rgardensoap.com/?path=//proc/self/root/proc/thread-self/root/proc/thread-self/root/proc/thread-self/root/lib/.build-id/a2" "Mozilla/5.0 AppleWebKit/537.36 (KHTML, like Gecko; compatible; GPTBot/1.3; +https://openai.com/gptbot)" 725 **0/725981**
74.7.227.150 - - [11/Mar/2026:05:32:17 -0700] "GET /blog?path=//opt/alt/php72/usr/sbin HTTP/1.1" 200 2590 "http://rgardensoap.com/blog?path=//opt/alt/php72/usr" "Mozilla/5.0 AppleWebKit/537.36 (KHTML, like Gecko; compatible; GPTBot/1.3; +https://openai.com/gptbot)" 835 **0/835761**
74.7.241.54 - - [11/Mar/2026:05:32:17 -0700] "GET /fizzy-bath-bombs.html?fileloc=//opt/alt/php73/usr/include/php/ext/swoole/thirdparty/multipart_parser.h&path=//opt/alt/php73/usr/include/php/ext/swoole/thirdparty HTTP/1.1" 200 3304 "http://www.rgardensoap.com/fizzy-bath-bombs.html?path=//opt/alt/php73/usr/include/php/ext/swoole/thirdparty" "Mozilla/5.0 AppleWebKit/537.36 (KHTML, like Gecko; compatible; GPTBot/1.3; +https://openai.com/gptbot)" 810 **0/810566**
74.7.227.35 - - [11/Mar/2026:05:32:18 -0700] "GET /?path=//proc/self/root/proc/thread-self/root/proc/thread-self/root/proc/thread-self/root/lib/.build-id/e6 HTTP/1.1" 200 2993 "http://mail.rgardensoap.com/?path=//proc/self/root/proc/thread-self/root/proc/thread-self/root/proc/thread-self/root/lib/.build-id" "Mozilla/5.0 AppleWebKit/537.36 (KHTML, like Gecko; compatible; GPTBot/1.3; +https://openai.com/gptbot)" 634 **0/634077**
74.7.241.54 - - [11/Mar/2026:05:32:18 -0700] "GET /fizzy-bath-bombs.html?path=//opt/alt/php71/usr/include/php/ext/spl HTTP/1.1" 200 2938 "http://www.rgardensoap.com/fizzy-bath-bombs.html?path=//opt/alt/php71/usr/include/php/ext" "Mozilla/5.0 AppleWebKit/537.36 (KHTML, like Gecko; compatible; GPTBot/1.3; +https://openai.com/gptbot)" 555 **0/555329**
74.7.227.150 - - [11/Mar/2026:05:32:18 -0700] "GET /blog?path=//opt/alt/php71/usr/sbin HTTP/1.1" 200 2590 "http://rgardensoap.com/blog?path=//opt/alt/php71/usr" "Mozilla/5.0 AppleWebKit/537.36 (KHTML, like Gecko; compatible; GPTBot/1.3; +https://openai.com/gptbot)" 801 **0/801173**
74.7.227.35 - - [11/Mar/2026:05:32:19 -0700] "GET /?path=//proc/self/root/proc/thread-self/root/proc/thread-self/root/proc/thread-self/root/lib/.build-id/b9 HTTP/1.1" 200 3264 "http://mail.rgardensoap.com/?path=//proc/self/root/proc/thread-self/root/proc/thread-self/root/proc/thread-self/root/lib/.build-id" "Mozilla/5.0 AppleWebKit/537.36 (KHTML, like Gecko; compatible; GPTBot/1.3; +https://openai.com/gptbot)" 646 **0/646699**
74.7.241.54 - - [11/Mar/2026:05:32:19 -0700] "GET /fizzy-bath-bombs.html?path=//opt/alt/php72/usr/include/php/ext/spl HTTP/1.1" 200 2940 "http://www.rgardensoap.com/fizzy-bath-bombs.html?path=//opt/alt/php72/usr/include/php/ext" "Mozilla/5.0 AppleWebKit/537.36 (KHTML, like Gecko; compatible; GPTBot/1.3; +https://openai.com/gptbot)" 598 **0/598332**
74.7.227.150 - - [11/Mar/2026:05:32:19 -0700] "GET /blog?path=//opt/alt/php84/usr/sbin HTTP/1.1" 200 2590 "http://rgardensoap.com/blog?path=//opt/alt/php84/usr" "Mozilla/5.0 AppleWebKit/537.36 (KHTML, like Gecko; compatible; GPTBot/1.3; +https://openai.com/gptbot)" 747 **0/747028**
74.7.227.35 - - [11/Mar/2026:05:32:20 -0700] "GET /?path=//proc/self/root/proc/thread-self/root/proc/thread-self/root/proc/thread-self/root/lib/.build-id/0b HTTP/1.1" 200 3227 "http://mail.rgardensoap.com/?path=//proc/self/root/proc/thread-self/root/proc/thread-self/root/proc/thread-self/root/lib/.build-id" "Mozilla/5.0 AppleWebKit/537.36 (KHTML, like Gecko; compatible; GPTBot/1.3; +https://openai.com/gptbot)" 584 **0/584007**
74.7.241.54 - - [11/Mar/2026:05:32:20 -0700] "GET /fizzy-bath-bombs.html?path=//opt/alt/php54/usr/include/php/ext/sqlite3 HTTP/1.1" 200 2605 "http://www.rgardensoap.com/fizzy-bath-bombs.html?path=//opt/alt/php54/usr/include/php/ext" "Mozilla/5.0 AppleWebKit/537.36 (KHTML, like Gecko; compatible; GPTBot/1.3; +https://openai.com/gptbot)" 604 **0/604663**
74.7.227.35 - - [11/Mar/2026:05:32:20 -0700] "GET /?path=//proc/self/root/proc/thread-self/root/proc/thread-self/root/proc/thread-self/root/lib/.build-id/4d HTTP/1.1" 200 3048 "http://mail.rgardensoap.com/?path=//proc/self/root/proc/thread-self/root/proc/thread-self/root/proc/thread-self/root/lib/.build-id" "Mozilla/5.0 AppleWebKit/537.36 (KHTML, like Gecko; compatible; GPTBot/1.3; +https://openai.com/gptbot)" 536 **0/536463**
74.7.241.54 - - [11/Mar/2026:05:32:20 -0700] "GET /fizzy-bath-bombs.html?path=//opt/alt/php71/usr/include/php/ext/mysqli HTTP/1.1" 200 2669 "http://www.rgardensoap.com/fizzy-bath-bombs.html?path=//opt/alt/php71/usr/include/php/ext" "Mozilla/5.0 AppleWebKit/537.36 (KHTML, like Gecko; compatible; GPTBot/1.3; +https://openai.com/gptbot)" 571 **0/571363**
74.7.227.150 - - [11/Mar/2026:05:32:20 -0700] "GET /blog/?path=//opt/alt/freetds11/etc HTTP/1.1" 200 2647 "http://rgardensoap.com/blog/?path=//opt/alt/freetds11" "Mozilla/5.0 AppleWebKit/537.36 (KHTML, like Gecko; compatible; GPTBot/1.3; +https://openai.com/gptbot)" 1586 **1/1586190**
74.7.227.35 - - [11/Mar/2026:05:32:21 -0700] "GET /?path=//proc/self/root/proc/thread-self/root/proc/thread-self/root/proc/thread-self/root/lib/.build-id/1e HTTP/1.1" 200 2892 "http://mail.rgardensoap.com/?path=//proc/self/root/proc/thread-self/root/proc/thread-self/root/proc/thread-self/root/lib/.build-id" "Mozilla/5.0 AppleWebKit/537.36 (KHTML, like Gecko; compatible; GPTBot/1.3; +https://openai.com/gptbot)" 574 **0/574997**
74.7.241.54 - - [11/Mar/2026:05:32:21 -0700] "GET /fizzy-bath-bombs.html?path=//opt/alt/php72/usr/include/php/ext/mysqli HTTP/1.1" 200 2669 "http://www.rgardensoap.com/fizzy-bath-bombs.html?path=//opt/alt/php72/usr/include/php/ext" "Mozilla/5.0 AppleWebKit/537.36 (KHTML, like Gecko; compatible; GPTBot/1.3; +https://openai.com/gptbot)" 587 **0/587658**
74.7.227.150 - - [11/Mar/2026:05:32:22 -0700] "GET /blog/?path=//opt/alt/libc-client11/lib64 HTTP/1.1" 200 2619 "http://rgardensoap.com/blog/?path=//opt/alt/libc-client11" "Mozilla/5.0 AppleWebKit/537.36 (KHTML, like Gecko; compatible; GPTBot/1.3; +https://openai.com/gptbot)" 544 **0/544856**
74.7.227.35 - - [11/Mar/2026:05:32:22 -0700] "GET /?path=//proc/self/root/proc/thread-self/root/proc/thread-self/root/proc/thread-self/root/lib/.build-id/1b HTTP/1.1" 200 3262 "http://mail.rgardensoap.com/?path=//proc/self/root/proc/thread-self/root/proc/thread-self/root/proc/thread-self/root/lib/.build-id" "Mozilla/5.0 AppleWebKit/537.36 (KHTML, like Gecko; compatible; GPTBot/1.3; +https://openai.com/gptbot)" 550 **0/550817**
74.7.241.54 - - [11/Mar/2026:05:32:22 -0700] "GET /fizzy-bath-bombs.html?path=//opt/alt/php71/usr/include/php/ext/swoole HTTP/1.1" 200 2733 "http://www.rgardensoap.com/fizzy-bath-bombs.html?path=//opt/alt/php71/usr/include/php/ext" "Mozilla/5.0 AppleWebKit/537.36 (KHTML, like Gecko; compatible; GPTBot/1.3; +https://openai.com/gptbot)" 519 **0/519550**
74.7.227.150 - - [11/Mar/2026:05:32:22 -0700] "GET /administrator/templates/bluestork/error.php?path=//usr/lib/python3.6/site-packages/pip/_vendor/cachecontrol HTTP/1.1" 200 3021 "http://rgardensoap.com/administrator/templates/bluestork/error.php?path=//usr/lib/python3.6/site-packages/pip/_vendor" "Mozilla/5.0 AppleWebKit/537.36 (KHTML, like Gecko; compatible; GPTBot/1.3; +https://openai.com/gptbot)" 548 **0/548340**
74.7.227.35 - - [11/Mar/2026:05:32:22 -0700] "GET /?path=//proc/self/root/proc/thread-self/root/proc/thread-self/root/proc/thread-self/root/lib/.build-id/4c HTTP/1.1" 200 3378 "http://mail.rgardensoap.com/?path=//proc/self/root/proc/thread-self/root/proc/thread-self/root/proc/thread-self/root/lib/.build-id" "Mozilla/5.0 AppleWebKit/537.36 (KHTML, like Gecko; compatible; GPTBot/1.3; +https://openai.com/gptbot)" 592 **0/592719**
74.7.241.54 - - [11/Mar/2026:05:32:23 -0700] "GET /fizzy-bath-bombs.html?fileloc=//opt/alt/php73/usr/include/php/ext/mbstring/oniguruma/oniguruma.h&path=//opt/alt/php73/usr/include/php/ext/mbstring/oniguruma HTTP/1.1" 200 12101 "http://www.rgardensoap.com/fizzy-bath-bombs.html?path=//opt/alt/php73/usr/include/php/ext/mbstring/oniguruma" "Mozilla/5.0 AppleWebKit/537.36 (KHTML, like Gecko; compatible; GPTBot/1.3; +https://openai.com/gptbot)" 1021 **1/1021451**
