74.7.227.35 - - [11/Mar/2026:05:32:23 -0700] "GET /?path=//proc/self/root/proc/thread-self/root/proc/thread-self/root/proc/thread-self/root/lib/.build-id/b1 HTTP/1.1" 200 3230 "http://mail.rgardensoap.com/?path=//proc/self/root/proc/thread-self/root/proc/thread-self/root/proc/thread-self/root/lib/.build-id" "Mozilla/5.0 AppleWebKit/537.36 (KHTML, like Gecko; compatible; GPTBot/1.3; +https://openai.com/gptbot)" 498 **0/498298**
74.7.227.150 - - [11/Mar/2026:05:32:23 -0700] "GET /administrator/templates/bluestork/error.php?path=//lib/python2.7/site-packages/pip/_vendor/html5lib/filters HTTP/1.1" 200 3157 "http://rgardensoap.com/administrator/templates/bluestork/error.php?path=//lib/python2.7/site-packages/pip/_vendor/html5lib" "Mozilla/5.0 AppleWebKit/537.36 (KHTML, like Gecko; compatible; GPTBot/1.3; +https://openai.com/gptbot)" 618 **0/618079**
74.7.227.35 - - [11/Mar/2026:05:32:24 -0700] "GET /?path=//proc/self/root/proc/thread-self/root/proc/thread-self/root/proc/thread-self/root/lib/.build-id/e8 HTTP/1.1" 200 3302 "http://mail.rgardensoap.com/?path=//proc/self/root/proc/thread-self/root/proc/thread-self/root/proc/thread-self/root/lib/.build-id" "Mozilla/5.0 AppleWebKit/537.36 (KHTML, like Gecko; compatible; GPTBot/1.3; +https://openai.com/gptbot)" 491 **0/491494**
74.7.241.54 - - [11/Mar/2026:05:32:24 -0700] "GET /fizzy-bath-bombs.html?path=//opt/alt/php74/usr/include/php/ext/spl HTTP/1.1" 200 2941 "http://www.rgardensoap.com/fizzy-bath-bombs.html?path=//opt/alt/php74/usr/include/php/ext" "Mozilla/5.0 AppleWebKit/537.36 (KHTML, like Gecko; compatible; GPTBot/1.3; +https://openai.com/gptbot)" 569 **0/569036**
74.7.227.150 - - [11/Mar/2026:05:32:24 -0700] "GET /administrator/templates/bluestork/error.php?path=//usr/lib/python2.7/site-packages/pip/_vendor/cachecontrol HTTP/1.1" 200 3295 "http://rgardensoap.com/administrator/templates/bluestork/error.php?path=//usr/lib/python2.7/site-packages/pip/_vendor" "Mozilla/5.0 AppleWebKit/537.36 (KHTML, like Gecko; compatible; GPTBot/1.3; +https://openai.com/gptbot)" 539 **0/539993**
74.7.227.35 - - [11/Mar/2026:05:32:24 -0700] "GET /?path=//proc/self/root/proc/thread-self/root/proc/thread-self/root/proc/thread-self/root/lib/.build-id/2b HTTP/1.1" 200 3274 "http://mail.rgardensoap.com/?path=//proc/self/root/proc/thread-self/root/proc/thread-self/root/proc/thread-self/root/lib/.build-id" "Mozilla/5.0 AppleWebKit/537.36 (KHTML, like Gecko; compatible; GPTBot/1.3; +https://openai.com/gptbot)" 593 **0/593077**
74.7.227.150 - - [11/Mar/2026:05:32:25 -0700] "GET /administrator/templates/bluestork/error.php?path=//lib/python3.6/site-packages/pip/_vendor/html5lib/filters HTTP/1.1" 200 2953 "http://rgardensoap.com/administrator/templates/bluestork/error.php?path=//lib/python3.6/site-packages/pip/_vendor/html5lib" "Mozilla/5.0 AppleWebKit/537.36 (KHTML, like Gecko; compatible; GPTBot/1.3; +https://openai.com/gptbot)" 616 **0/616013**
74.7.241.54 - - [11/Mar/2026:05:32:24 -0700] "GET /fizzy-bath-bombs.html?fileloc=//opt/alt/php73/usr/include/php/main/streams/php_stream_glob_wrapper.h&path=//opt/alt/php73/usr/include/php/main/streams HTTP/1.1" 200 2910 "http://www.rgardensoap.com/fizzy-bath-bombs.html?path=//opt/alt/php73/usr/include/php/main/streams" "Mozilla/5.0 AppleWebKit/537.36 (KHTML, like Gecko; compatible; GPTBot/1.3; +https://openai.com/gptbot)" 915 **0/915871**
74.7.227.35 - - [11/Mar/2026:05:32:25 -0700] "GET /?path=//proc/self/root/proc/thread-self/root/proc/thread-self/root/proc/thread-self/root/lib/.build-id/0f HTTP/1.1" 200 3066 "http://mail.rgardensoap.com/?path=//proc/self/root/proc/thread-self/root/proc/thread-self/root/proc/thread-self/root/lib/.build-id" "Mozilla/5.0 AppleWebKit/537.36 (KHTML, like Gecko; compatible; GPTBot/1.3; +https://openai.com/gptbot)" 709 **0/709597**
74.7.227.150 - - [11/Mar/2026:05:32:25 -0700] "GET /blog/?path=//proc/self/root/lib64/libdnf HTTP/1.1" 200 2574 "http://rgardensoap.com/blog/?path=//proc/self/root/lib64" "Mozilla/5.0 AppleWebKit/537.36 (KHTML, like Gecko; compatible; GPTBot/1.3; +https://openai.com/gptbot)" 583 **0/583240**
74.7.241.54 - - [11/Mar/2026:05:32:26 -0700] "GET /fizzy-bath-bombs.html?fileloc=//opt/alt/php73/usr/include/php/main/streams/php_stream_context.h&path=//opt/alt/php73/usr/include/php/main/streams HTTP/1.1" 200 3861 "http://www.rgardensoap.com/fizzy-bath-bombs.html?path=//opt/alt/php73/usr/include/php/main/streams" "Mozilla/5.0 AppleWebKit/537.36 (KHTML, like Gecko; compatible; GPTBot/1.3; +https://openai.com/gptbot)" 1018 **1/1018673**
74.7.227.150 - - [11/Mar/2026:05:32:26 -0700] "GET /author/admin/ HTTP/1.1" 200 3837 "https://www.rgardensoap.com" "Mozilla/5.0 AppleWebKit/537.36 (KHTML, like Gecko; compatible; GPTBot/1.3; +https://openai.com/gptbot)" 607 **0/607836**
74.7.227.35 - - [11/Mar/2026:05:32:26 -0700] "GET /?path=//proc/self/root/proc/thread-self/root/proc/thread-self/root/proc/thread-self/root/lib/.build-id/d2 HTTP/1.1" 200 3085 "http://mail.rgardensoap.com/?path=//proc/self/root/proc/thread-self/root/proc/thread-self/root/proc/thread-self/root/lib/.build-id" "Mozilla/5.0 AppleWebKit/537.36 (KHTML, like Gecko; compatible; GPTBot/1.3; +https://openai.com/gptbot)" 714 **0/714476**
74.7.227.150 - - [11/Mar/2026:05:32:27 -0700] "GET /bc?path=//lib64/sssd HTTP/1.1" 200 3097 "http://rgardensoap.com/bc?path=//lib64" "Mozilla/5.0 AppleWebKit/537.36 (KHTML, like Gecko; compatible; GPTBot/1.3; +https://openai.com/gptbot)" 702 **0/702764**
74.7.241.54 - - [11/Mar/2026:05:32:27 -0700] "GET /fizzy-bath-bombs.html?path=//opt/alt/php74/usr/include/php/ext/sockets HTTP/1.1" 200 2622 "http://www.rgardensoap.com/fizzy-bath-bombs.html?path=//opt/alt/php74/usr/include/php/ext" "Mozilla/5.0 AppleWebKit/537.36 (KHTML, like Gecko; compatible; GPTBot/1.3; +https://openai.com/gptbot)" 754 **0/754644**
74.7.227.35 - - [11/Mar/2026:05:32:27 -0700] "GET /?path=//proc/self/root/proc/thread-self/root/proc/thread-self/root/proc/thread-self/root/lib/.build-id/5a HTTP/1.1" 200 3275 "http://mail.rgardensoap.com/?path=//proc/self/root/proc/thread-self/root/proc/thread-self/root/proc/thread-self/root/lib/.build-id" "Mozilla/5.0 AppleWebKit/537.36 (KHTML, like Gecko; compatible; GPTBot/1.3; +https://openai.com/gptbot)" 700 **0/700125**
74.7.227.150 - - [11/Mar/2026:05:32:28 -0700] "GET /bk?path=//lib64/sssd HTTP/1.1" 200 3097 "http://rgardensoap.com/bk?path=//lib64" "Mozilla/5.0 AppleWebKit/537.36 (KHTML, like Gecko; compatible; GPTBot/1.3; +https://openai.com/gptbot)" 577 **0/577943**
74.7.241.54 - - [11/Mar/2026:05:32:28 -0700] "GET /fizzy-bath-bombs.html?path=//opt/alt/php74/usr/include/php/ext/swoole HTTP/1.1" 200 2772 "http://www.rgardensoap.com/fizzy-bath-bombs.html?path=//opt/alt/php74/usr/include/php/ext" "Mozilla/5.0 AppleWebKit/537.36 (KHTML, like Gecko; compatible; GPTBot/1.3; +https://openai.com/gptbot)" 562 **0/562957**
74.7.227.35 - - [11/Mar/2026:05:32:28 -0700] "GET /?path=//proc/self/root/proc/thread-self/root/proc/thread-self/root/proc/thread-self/root/lib/.build-id/e1 HTTP/1.1" 200 3378 "http://mail.rgardensoap.com/?path=//proc/self/root/proc/thread-self/root/proc/thread-self/root/proc/thread-self/root/lib/.build-id" "Mozilla/5.0 AppleWebKit/537.36 (KHTML, like Gecko; compatible; GPTBot/1.3; +https://openai.com/gptbot)" 770 **0/770952**
74.7.227.150 - - [11/Mar/2026:05:32:28 -0700] "GET /administrator/templates/bluestork/error.php?path=//lib64/python2.7/json HTTP/1.1" 200 2891 "http://rgardensoap.com/administrator/templates/bluestork/error.php?path=//lib64/python2.7" "Mozilla/5.0 AppleWebKit/537.36 (KHTML, like Gecko; compatible; GPTBot/1.3; +https://openai.com/gptbot)" 545 **0/545996**
74.7.241.54 - - [11/Mar/2026:05:32:28 -0700] "GET /fizzy-bath-bombs.html?path=//opt/alt/php74/usr/include/php/ext/mysqlnd HTTP/1.1" 200 3446 "http://www.rgardensoap.com/fizzy-bath-bombs.html?path=//opt/alt/php74/usr/include/php/ext" "Mozilla/5.0 AppleWebKit/537.36 (KHTML, like Gecko; compatible; GPTBot/1.3; +https://openai.com/gptbot)" 595 **0/595728**
74.7.227.35 - - [11/Mar/2026:05:32:29 -0700] "GET /?path=//proc/self/root/proc/thread-self/root/proc/thread-self/root/proc/thread-self/root/lib/.build-id/d6 HTTP/1.1" 200 3298 "http://mail.rgardensoap.com/?path=//proc/self/root/proc/thread-self/root/proc/thread-self/root/proc/thread-self/root/lib/.build-id" "Mozilla/5.0 AppleWebKit/537.36 (KHTML, like Gecko; compatible; GPTBot/1.3; +https://openai.com/gptbot)" 712 **0/712985**
74.7.227.150 - - [11/Mar/2026:05:32:29 -0700] "GET /administrator/templates/bluestork/error.php?path=//proc/thread-self/root/proc/irq/16/i801_smbus HTTP/1.1" 200 2359 "http://rgardensoap.com/administrator/templates/bluestork/error.php?path=//proc/thread-self/root/proc/irq/16" "Mozilla/5.0 AppleWebKit/537.36 (KHTML, like Gecko; compatible; GPTBot/1.3; +https://openai.com/gptbot)" 635 **0/635532**
74.7.241.54 - - [11/Mar/2026:05:32:29 -0700] "GET /fizzy-bath-bombs.html?path=//opt/alt/php54/usr/include/php/ext/msgpack HTTP/1.1" 200 2622 "http://www.rgardensoap.com/fizzy-bath-bombs.html?path=//opt/alt/php54/usr/include/php/ext" "Mozilla/5.0 AppleWebKit/537.36 (KHTML, like Gecko; compatible; GPTBot/1.3; +https://openai.com/gptbot)" 606 **0/606611**
74.7.227.35 - - [11/Mar/2026:05:32:29 -0700] "GET /?path=//proc/self/root/proc/thread-self/root/proc/thread-self/root/proc/thread-self/root/lib/.build-id/a6 HTTP/1.1" 200 3233 "http://mail.rgardensoap.com/?path=//proc/self/root/proc/thread-self/root/proc/thread-self/root/proc/thread-self/root/lib/.build-id" "Mozilla/5.0 AppleWebKit/537.36 (KHTML, like Gecko; compatible; GPTBot/1.3; +https://openai.com/gptbot)" 680 **0/680956**
74.7.227.150 - - [11/Mar/2026:05:32:30 -0700] "GET /administrator/templates/bluestork/error.php?path=//opt/cpanel/ea-ruby27/src/passenger-release-6.1.2/.github HTTP/1.1" 200 2750 "http://rgardensoap.com/administrator/templates/bluestork/error.php?path=//opt/cpanel/ea-ruby27/src/passenger-release-6.1.2" "Mozilla/5.0 AppleWebKit/537.36 (KHTML, like Gecko; compatible; GPTBot/1.3; +https://openai.com/gptbot)" 557 **0/557833**
74.7.241.54 - - [11/Mar/2026:05:32:30 -0700] "GET /fizzy-bath-bombs.html?path=//opt/alt/php74/usr/include/php/ext/igbinary HTTP/1.1" 200 2723 "http://www.rgardensoap.com/fizzy-bath-bombs.html?path=//opt/alt/php74/usr/include/php/ext" "Mozilla/5.0 AppleWebKit/537.36 (KHTML, like Gecko; compatible; GPTBot/1.3; +https://openai.com/gptbot)" 641 **0/641021**
74.7.227.35 - - [11/Mar/2026:05:32:30 -0700] "GET /?path=//proc/self/root/proc/thread-self/root/proc/thread-self/root/proc/thread-self/root/lib/.build-id/b4 HTTP/1.1" 200 3439 "http://mail.rgardensoap.com/?path=//proc/self/root/proc/thread-self/root/proc/thread-self/root/proc/thread-self/root/lib/.build-id" "Mozilla/5.0 AppleWebKit/537.36 (KHTML, like Gecko; compatible; GPTBot/1.3; +https://openai.com/gptbot)" 576 **0/576767**
74.7.227.150 - - [11/Mar/2026:05:32:30 -0700] "GET /administrator/templates/bluestork/error.php?path=//opt/cpanel/ea-ruby27/src/passenger-release-6.1.2/.vscode HTTP/1.1" 200 2730 "http://rgardensoap.com/administrator/templates/bluestork/error.php?path=//opt/cpanel/ea-ruby27/src/passenger-release-6.1.2" "Mozilla/5.0 AppleWebKit/537.36 (KHTML, like Gecko; compatible; GPTBot/1.3; +https://openai.com/gptbot)" 598 **0/598867**
74.7.241.54 - - [11/Mar/2026:05:32:31 -0700] "GET /fizzy-bath-bombs.html?path=//opt/alt/php54/usr/include/php/ext/igbinary HTTP/1.1" 200 2725 "http://www.rgardensoap.com/fizzy-bath-bombs.html?path=//opt/alt/php54/usr/include/php/ext" "Mozilla/5.0 AppleWebKit/537.36 (KHTML, like Gecko; compatible; GPTBot/1.3; +https://openai.com/gptbot)" 711 **0/711831**
74.7.227.35 - - [11/Mar/2026:05:32:31 -0700] "GET /?path=//proc/self/root/proc/thread-self/root/proc/thread-self/root/proc/thread-self/root/lib/.build-id/3f HTTP/1.1" 200 3185 "http://mail.rgardensoap.com/?path=//proc/self/root/proc/thread-self/root/proc/thread-self/root/proc/thread-self/root/lib/.build-id" "Mozilla/5.0 AppleWebKit/537.36 (KHTML, like Gecko; compatible; GPTBot/1.3; +https://openai.com/gptbot)" 659 **0/659548**
74.7.227.150 - - [11/Mar/2026:05:32:31 -0700] "GET /administrator/templates/bluestork/error.php?path=//opt/cpanel/ea-ruby27/src/passenger-release-6.1.2/build HTTP/1.1" 200 3177 "http://rgardensoap.com/administrator/templates/bluestork/error.php?path=//opt/cpanel/ea-ruby27/src/passenger-release-6.1.2" "Mozilla/5.0 AppleWebKit/537.36 (KHTML, like Gecko; compatible; GPTBot/1.3; +https://openai.com/gptbot)" 633 **0/633863**
74.7.241.54 - - [11/Mar/2026:05:32:31 -0700] "GET /fizzy-bath-bombs.html?path=//opt/alt/php71/usr/include/php/ext/swoole/thirdparty HTTP/1.1" 200 2740 "http://www.rgardensoap.com/fizzy-bath-bombs.html?path=//opt/alt/php71/usr/include/php/ext/swoole" "Mozilla/5.0 AppleWebKit/537.36 (KHTML, like Gecko; compatible; GPTBot/1.3; +https://openai.com/gptbot)" 733 **0/733781**
74.7.227.35 - - [11/Mar/2026:05:32:32 -0700] "GET /?path=//proc/self/root/proc/thread-self/root/proc/thread-self/root/proc/thread-self/root/lib/.build-id/a3 HTTP/1.1" 200 3070 "http://mail.rgardensoap.com/?path=//proc/self/root/proc/thread-self/root/proc/thread-self/root/proc/thread-self/root/lib/.build-id" "Mozilla/5.0 AppleWebKit/537.36 (KHTML, like Gecko; compatible; GPTBot/1.3; +https://openai.com/gptbot)" 545 **0/545510**
74.7.227.150 - - [11/Mar/2026:05:32:32 -0700] "GET /plugin.php?path=//lib64 HTTP/1.1" 200 33809 "http://rgardensoap.com/plugin.php?path=/" "Mozilla/5.0 AppleWebKit/537.36 (KHTML, like Gecko; compatible; GPTBot/1.3; +https://openai.com/gptbot)" 738 **0/738617**
74.7.241.54 - - [11/Mar/2026:05:32:32 -0700] "GET /fizzy-bath-bombs.html?path=//opt/alt/php54/usr/include/php/ext/mbstring HTTP/1.1" 200 2795 "http://www.rgardensoap.com/fizzy-bath-bombs.html?path=//opt/alt/php54/usr/include/php/ext" "Mozilla/5.0 AppleWebKit/537.36 (KHTML, like Gecko; compatible; GPTBot/1.3; +https://openai.com/gptbot)" 644 **0/644907**
74.7.227.35 - - [11/Mar/2026:05:32:32 -0700] "GET /?path=//proc/self/root/proc/thread-self/root/proc/thread-self/root/proc/thread-self/root/lib/.build-id/a0 HTTP/1.1" 200 2891 "http://mail.rgardensoap.com/?path=//proc/self/root/proc/thread-self/root/proc/thread-self/root/proc/thread-self/root/lib/.build-id" "Mozilla/5.0 AppleWebKit/537.36 (KHTML, like Gecko; compatible; GPTBot/1.3; +https://openai.com/gptbot)" 672 **0/672669**
74.7.227.150 - - [11/Mar/2026:05:32:33 -0700] "GET /themes.php?path=//lib64 HTTP/1.1" 200 33809 "http://rgardensoap.com/themes.php?path=/" "Mozilla/5.0 AppleWebKit/537.36 (KHTML, like Gecko; compatible; GPTBot/1.3; +https://openai.com/gptbot)" 740 **0/740679**
74.7.241.54 - - [11/Mar/2026:05:32:33 -0700] "GET /fizzy-bath-bombs.html?path=//opt/alt/php71/usr/include/php/ext/mbstring HTTP/1.1" 200 2793 "http://www.rgardensoap.com/fizzy-bath-bombs.html?path=//opt/alt/php71/usr/include/php/ext" "Mozilla/5.0 AppleWebKit/537.36 (KHTML, like Gecko; compatible; GPTBot/1.3; +https://openai.com/gptbot)" 611 **0/611547**
74.7.227.35 - - [11/Mar/2026:05:32:33 -0700] "GET /?path=//proc/self/root/proc/thread-self/root/proc/thread-self/root/proc/thread-self/root/lib/.build-id/c1 HTTP/1.1" 200 3100 "http://mail.rgardensoap.com/?path=//proc/self/root/proc/thread-self/root/proc/thread-self/root/proc/thread-self/root/lib/.build-id" "Mozilla/5.0 AppleWebKit/537.36 (KHTML, like Gecko; compatible; GPTBot/1.3; +https://openai.com/gptbot)" 551 **0/551745**
74.7.227.35 - - [11/Mar/2026:05:32:34 -0700] "GET /?path=//proc/self/root/proc/thread-self/root/proc/thread-self/root/proc/thread-self/root/lib/.build-id/d7 HTTP/1.1" 200 3236 "http://mail.rgardensoap.com/?path=//proc/self/root/proc/thread-self/root/proc/thread-self/root/proc/thread-self/root/lib/.build-id" "Mozilla/5.0 AppleWebKit/537.36 (KHTML, like Gecko; compatible; GPTBot/1.3; +https://openai.com/gptbot)" 577 **0/577868**
74.7.227.150 - - [11/Mar/2026:05:32:34 -0700] "GET /simple.php?path=//lib64 HTTP/1.1" 200 33809 "http://rgardensoap.com/simple.php?path=/" "Mozilla/5.0 AppleWebKit/537.36 (KHTML, like Gecko; compatible; GPTBot/1.3; +https://openai.com/gptbot)" 885 **0/885362**
74.7.241.54 - - [11/Mar/2026:05:32:34 -0700] "GET /fizzy-bath-bombs.html?path=//opt/alt/php72/usr/include/php/ext/mbstring HTTP/1.1" 200 2792 "http://www.rgardensoap.com/fizzy-bath-bombs.html?path=//opt/alt/php72/usr/include/php/ext" "Mozilla/5.0 AppleWebKit/537.36 (KHTML, like Gecko; compatible; GPTBot/1.3; +https://openai.com/gptbot)" 800 **0/800877**
74.7.227.35 - - [11/Mar/2026:05:32:35 -0700] "GET /?path=//proc/self/root/proc/thread-self/root/proc/thread-self/root/proc/thread-self/root/lib/.build-id/2f HTTP/1.1" 200 3238 "http://mail.rgardensoap.com/?path=//proc/self/root/proc/thread-self/root/proc/thread-self/root/proc/thread-self/root/lib/.build-id" "Mozilla/5.0 AppleWebKit/537.36 (KHTML, like Gecko; compatible; GPTBot/1.3; +https://openai.com/gptbot)" 647 **0/647978**
74.7.241.54 - - [11/Mar/2026:05:32:35 -0700] "GET /fizzy-bath-bombs.html?path=//opt/alt/php71/usr/include/php/ext/imagick HTTP/1.1" 200 2627 "http://www.rgardensoap.com/fizzy-bath-bombs.html?path=//opt/alt/php71/usr/include/php/ext" "Mozilla/5.0 AppleWebKit/537.36 (KHTML, like Gecko; compatible; GPTBot/1.3; +https://openai.com/gptbot)" 564 **0/564823**
74.7.227.150 - - [11/Mar/2026:05:32:35 -0700] "GET /administrator/templates/bluestork/error.php?fileloc=//usr/include/sys/msg.h&path=//usr/include/sys HTTP/1.1" 200 3258 "http://rgardensoap.com/administrator/templates/bluestork/error.php?path=//usr/include/sys" "Mozilla/5.0 AppleWebKit/537.36 (KHTML, like Gecko; compatible; GPTBot/1.3; +https://openai.com/gptbot)" 705 **0/705930**
74.7.227.35 - - [11/Mar/2026:05:32:35 -0700] "GET /?path=//proc/self/root/proc/thread-self/root/proc/thread-self/root/proc/thread-self/root/lib/.build-id/f3 HTTP/1.1" 200 3039 "http://mail.rgardensoap.com/?path=//proc/self/root/proc/thread-self/root/proc/thread-self/root/proc/thread-self/root/lib/.build-id" "Mozilla/5.0 AppleWebKit/537.36 (KHTML, like Gecko; compatible; GPTBot/1.3; +https://openai.com/gptbot)" 702 **0/702097**
74.7.227.150 - - [11/Mar/2026:05:32:36 -0700] "GET /administrator/templates/bluestork/error.php?fileloc=//usr/libexec/git-core/git-rm&path=//usr/libexec/git-core HTTP/1.1" 200 2272 "http://rgardensoap.com/administrator/templates/bluestork/error.php?path=//usr/libexec/git-core" "Mozilla/5.0 AppleWebKit/537.36 (KHTML, like Gecko; compatible; GPTBot/1.3; +https://openai.com/gptbot)" 620 **0/620461**
74.7.241.54 - - [11/Mar/2026:05:32:36 -0700] "GET /fizzy-bath-bombs.html?path=//opt/alt/php72/usr/include/php/ext/imagick HTTP/1.1" 200 2627 "http://www.rgardensoap.com/fizzy-bath-bombs.html?path=//opt/alt/php72/usr/include/php/ext" "Mozilla/5.0 AppleWebKit/537.36 (KHTML, like Gecko; compatible; GPTBot/1.3; +https://openai.com/gptbot)" 716 **0/716424**
74.7.227.35 - - [11/Mar/2026:05:32:36 -0700] "GET /?path=//proc/self/root/proc/thread-self/root/proc/thread-self/root/proc/thread-self/root/lib/.build-id/e5 HTTP/1.1" 200 3211 "http://mail.rgardensoap.com/?path=//proc/self/root/proc/thread-self/root/proc/thread-self/root/proc/thread-self/root/lib/.build-id" "Mozilla/5.0 AppleWebKit/537.36 (KHTML, like Gecko; compatible; GPTBot/1.3; +https://openai.com/gptbot)" 588 **0/588126**
74.7.241.54 - - [11/Mar/2026:05:32:36 -0700] "GET /fizzy-bath-bombs.html?path=//opt/alt/php74/usr/include/php/ext/swoole/thirdparty HTTP/1.1" 200 2765 "http://www.rgardensoap.com/fizzy-bath-bombs.html?path=//opt/alt/php74/usr/include/php/ext/swoole" "Mozilla/5.0 AppleWebKit/537.36 (KHTML, like Gecko; compatible; GPTBot/1.3; +https://openai.com/gptbot)" 641 **0/641053**
74.7.227.150 - - [11/Mar/2026:05:32:36 -0700] "GET /bk?fileloc=//lib64/sssd/libsss_child.so&path=//lib64/sssd HTTP/1.1" 200 2261 "http://rgardensoap.com/bk?path=//lib64/sssd" "Mozilla/5.0 AppleWebKit/537.36 (KHTML, like Gecko; compatible; GPTBot/1.3; +https://openai.com/gptbot)" 745 **0/745117**
74.7.227.35 - - [11/Mar/2026:05:32:37 -0700] "GET /?path=//proc/self/root/proc/thread-self/root/proc/thread-self/root/proc/thread-self/root/lib/.build-id/3c HTTP/1.1" 200 3344 "http://mail.rgardensoap.com/?path=//proc/self/root/proc/thread-self/root/proc/thread-self/root/proc/thread-self/root/lib/.build-id" "Mozilla/5.0 AppleWebKit/537.36 (KHTML, like Gecko; compatible; GPTBot/1.3; +https://openai.com/gptbot)" 727 **0/727134**
74.7.241.54 - - [11/Mar/2026:05:32:37 -0700] "GET /fizzy-bath-bombs.html?fileloc=//opt/alt/php74/usr/include/php/ext/mysqlnd/mysqlnd_result.h&path=//opt/alt/php74/usr/include/php/ext/mysqlnd HTTP/1.1" 200 2865 "http://www.rgardensoap.com/fizzy-bath-bombs.html?path=//opt/alt/php74/usr/include/php/ext/mysqlnd" "Mozilla/5.0 AppleWebKit/537.36 (KHTML, like Gecko; compatible; GPTBot/1.3; +https://openai.com/gptbot)" 746 **0/746921**
74.7.227.150 - - [11/Mar/2026:05:32:37 -0700] "GET /administrator/templates/bluestork/error.php?path=//opt/cloudlinux/alt-php56 HTTP/1.1" 200 2642 "http://rgardensoap.com/administrator/templates/bluestork/error.php?path=//opt/cloudlinux" "Mozilla/5.0 AppleWebKit/537.36 (KHTML, like Gecko; compatible; GPTBot/1.3; +https://openai.com/gptbot)" 729 **0/729049**
74.7.227.35 - - [11/Mar/2026:05:32:38 -0700] "GET /?path=//proc/self/root/proc/thread-self/root/proc/thread-self/root/proc/thread-self/root/lib/.build-id/d4 HTTP/1.1" 200 3260 "http://mail.rgardensoap.com/?path=//proc/self/root/proc/thread-self/root/proc/thread-self/root/proc/thread-self/root/lib/.build-id" "Mozilla/5.0 AppleWebKit/537.36 (KHTML, like Gecko; compatible; GPTBot/1.3; +https://openai.com/gptbot)" 736 **0/736995**
74.7.241.54 - - [11/Mar/2026:05:32:38 -0700] "GET /fizzy-bath-bombs.html?fileloc=//opt/alt/php74/usr/include/php/ext/mysqlnd/mysqlnd_structs.h&path=//opt/alt/php74/usr/include/php/ext/mysqlnd HTTP/1.1" 200 13070 "http://www.rgardensoap.com/fizzy-bath-bombs.html?path=//opt/alt/php74/usr/include/php/ext/mysqlnd" "Mozilla/5.0 AppleWebKit/537.36 (KHTML, like Gecko; compatible; GPTBot/1.3; +https://openai.com/gptbot)" 779 **0/779742**
74.7.227.150 - - [11/Mar/2026:05:32:38 -0700] "GET /administrator/templates/bluestork/error.php?path=//opt/cloudlinux/alt-php82 HTTP/1.1" 200 2642 "http://rgardensoap.com/administrator/templates/bluestork/error.php?path=//opt/cloudlinux" "Mozilla/5.0 AppleWebKit/537.36 (KHTML, like Gecko; compatible; GPTBot/1.3; +https://openai.com/gptbot)" 781 **0/781275**
74.7.227.35 - - [11/Mar/2026:05:32:39 -0700] "GET /?path=//proc/self/root/proc/thread-self/root/proc/thread-self/root/proc/thread-self/root/lib/.build-id/1f HTTP/1.1" 200 3143 "http://mail.rgardensoap.com/?path=//proc/self/root/proc/thread-self/root/proc/thread-self/root/proc/thread-self/root/lib/.build-id" "Mozilla/5.0 AppleWebKit/537.36 (KHTML, like Gecko; compatible; GPTBot/1.3; +https://openai.com/gptbot)" 589 **0/589573**
74.7.241.54 - - [11/Mar/2026:05:32:39 -0700] "GET /fizzy-bath-bombs.html?fileloc=//opt/alt/php74/usr/include/php/ext/igbinary/php_igbinary.h&path=//opt/alt/php74/usr/include/php/ext/igbinary HTTP/1.1" 200 2690 "http://www.rgardensoap.com/fizzy-bath-bombs.html?path=//opt/alt/php74/usr/include/php/ext/igbinary" "Mozilla/5.0 AppleWebKit/537.36 (KHTML, like Gecko; compatible; GPTBot/1.3; +https://openai.com/gptbot)" 688 **0/688265**
74.7.227.150 - - [11/Mar/2026:05:32:39 -0700] "GET /administrator/templates/bluestork/error.php?path=//opt/cloudlinux/alt-php81 HTTP/1.1" 200 2641 "http://rgardensoap.com/administrator/templates/bluestork/error.php?path=//opt/cloudlinux" "Mozilla/5.0 AppleWebKit/537.36 (KHTML, like Gecko; compatible; GPTBot/1.3; +https://openai.com/gptbot)" 994 **0/994310**
74.7.227.35 - - [11/Mar/2026:05:32:40 -0700] "GET /?path=//proc/self/root/proc/thread-self/root/proc/thread-self/root/proc/thread-self/root/lib/.build-id/a7 HTTP/1.1" 200 3264 "http://mail.rgardensoap.com/?path=//proc/self/root/proc/thread-self/root/proc/thread-self/root/proc/thread-self/root/lib/.build-id" "Mozilla/5.0 AppleWebKit/537.36 (KHTML, like Gecko; compatible; GPTBot/1.3; +https://openai.com/gptbot)" 721 **0/721428**
74.7.241.54 - - [11/Mar/2026:05:32:40 -0700] "GET /fizzy-bath-bombs.html?fileloc=//opt/alt/php54/usr/include/php/ext/igbinary/php_igbinary.h&path=//opt/alt/php54/usr/include/php/ext/igbinary HTTP/1.1" 200 2714 "http://www.rgardensoap.com/fizzy-bath-bombs.html?path=//opt/alt/php54/usr/include/php/ext/igbinary" "Mozilla/5.0 AppleWebKit/537.36 (KHTML, like Gecko; compatible; GPTBot/1.3; +https://openai.com/gptbot)" 785 **0/785851**
74.7.227.150 - - [11/Mar/2026:05:32:40 -0700] "GET /administrator/templates/bluestork/error.php?fileloc=//opt/cpanel/ea-ruby27/src/passenger-release-6.1.2/.vscode/tasks.json&path=//opt/cpanel/ea-ruby27/src/passenger-release-6.1.2/.vscode HTTP/1.1" 200 2598 "http://rgardensoap.com/administrator/templates/bluestork/error.php?path=//opt/cpanel/ea-ruby27/src/passenger-release-6.1.2/.vscode" "Mozilla/5.0 AppleWebKit/537.36 (KHTML, like Gecko; compatible; GPTBot/1.3; +https://openai.com/gptbot)" 704 **0/704057**
74.7.227.35 - - [11/Mar/2026:05:32:40 -0700] "GET /?path=//proc/self/root/proc/thread-self/root/proc/thread-self/root/proc/thread-self/root/lib/.build-id/0c HTTP/1.1" 200 3396 "http://mail.rgardensoap.com/?path=//proc/self/root/proc/thread-self/root/proc/thread-self/root/proc/thread-self/root/lib/.build-id" "Mozilla/5.0 AppleWebKit/537.36 (KHTML, like Gecko; compatible; GPTBot/1.3; +https://openai.com/gptbot)" 663 **0/663268**
74.7.241.54 - - [11/Mar/2026:05:32:41 -0700] "GET /fizzy-bath-bombs.html?fileloc=//opt/alt/php71/usr/include/php/ext/swoole/thirdparty/multipart_parser.h&path=//opt/alt/php71/usr/include/php/ext/swoole/thirdparty HTTP/1.1" 200 2804 "http://www.rgardensoap.com/fizzy-bath-bombs.html?path=//opt/alt/php71/usr/include/php/ext/swoole/thirdparty" "Mozilla/5.0 AppleWebKit/537.36 (KHTML, like Gecko; compatible; GPTBot/1.3; +https://openai.com/gptbot)" 898 **0/898059**
74.7.227.150 - - [11/Mar/2026:05:32:41 -0700] "GET /administrator/templates/bluestork/error.php?path=//opt/cpanel/ea-ruby27/src/passenger-release-6.1.2/build/support HTTP/1.1" 200 2783 "http://rgardensoap.com/administrator/templates/bluestork/error.php?path=//opt/cpanel/ea-ruby27/src/passenger-release-6.1.2/build" "Mozilla/5.0 AppleWebKit/537.36 (KHTML, like Gecko; compatible; GPTBot/1.3; +https://openai.com/gptbot)" 676 **0/676244**
74.7.227.35 - - [11/Mar/2026:05:32:41 -0700] "GET /?path=//proc/self/root/proc/thread-self/root/proc/thread-self/root/proc/thread-self/root/lib/.build-id/9e HTTP/1.1" 200 3094 "http://mail.rgardensoap.com/?path=//proc/self/root/proc/thread-self/root/proc/thread-self/root/proc/thread-self/root/lib/.build-id" "Mozilla/5.0 AppleWebKit/537.36 (KHTML, like Gecko; compatible; GPTBot/1.3; +https://openai.com/gptbot)" 672 **0/672760**
74.7.241.54 - - [11/Mar/2026:05:32:42 -0700] "GET /fizzy-bath-bombs.html?path=//opt/alt/php54/usr/include/php/ext/mbstring/oniguruma HTTP/1.1" 200 2636 "http://www.rgardensoap.com/fizzy-bath-bombs.html?path=//opt/alt/php54/usr/include/php/ext/mbstring" "Mozilla/5.0 AppleWebKit/537.36 (KHTML, like Gecko; compatible; GPTBot/1.3; +https://openai.com/gptbot)" 598 **0/598229**
74.7.227.150 - - [11/Mar/2026:05:32:42 -0700] "GET /plugin.php?fileloc=//lib64/libcrypt.so.1.1.0&path=//lib64 HTTP/1.1" 200 2255 "http://rgardensoap.com/plugin.php?path=//lib64" "Mozilla/5.0 AppleWebKit/537.36 (KHTML, like Gecko; compatible; GPTBot/1.3; +https://openai.com/gptbot)" 817 **0/817783**
74.7.227.35 - - [11/Mar/2026:05:32:42 -0700] "GET /?path=//proc/self/root/proc/thread-self/root/proc/thread-self/root/proc/thread-self/root/lib/.build-id/b3 HTTP/1.1" 200 3147 "http://mail.rgardensoap.com/?path=//proc/self/root/proc/thread-self/root/proc/thread-self/root/proc/thread-self/root/lib/.build-id" "Mozilla/5.0 AppleWebKit/537.36 (KHTML, like Gecko; compatible; GPTBot/1.3; +https://openai.com/gptbot)" 762 **0/762510**
74.7.241.54 - - [11/Mar/2026:05:32:43 -0700] "GET /fizzy-bath-bombs.html?path=//opt/alt/php71/usr/include/php/ext/mbstring/oniguruma HTTP/1.1" 200 2636 "http://www.rgardensoap.com/fizzy-bath-bombs.html?path=//opt/alt/php71/usr/include/php/ext/mbstring" "Mozilla/5.0 AppleWebKit/537.36 (KHTML, like Gecko; compatible; GPTBot/1.3; +https://openai.com/gptbot)" 796 **0/796395**
74.7.227.35 - - [11/Mar/2026:05:32:43 -0700] "GET /?path=//proc/self/root/proc/thread-self/root/proc/thread-self/root/proc/thread-self/root/lib/.build-id/3d HTTP/1.1" 200 3045 "http://mail.rgardensoap.com/?path=//proc/self/root/proc/thread-self/root/proc/thread-self/root/proc/thread-self/root/lib/.build-id" "Mozilla/5.0 AppleWebKit/537.36 (KHTML, like Gecko; compatible; GPTBot/1.3; +https://openai.com/gptbot)" 742 **0/742229**
74.7.227.150 - - [11/Mar/2026:05:32:43 -0700] "GET /themes.php?fileloc=//lib64/libomapi.so.0.0.0&path=//lib64 HTTP/1.1" 200 2253 "http://rgardensoap.com/themes.php?path=//lib64" "Mozilla/5.0 AppleWebKit/537.36 (KHTML, like Gecko; compatible; GPTBot/1.3; +https://openai.com/gptbot)" 891 **0/891214**
74.7.241.54 - - [11/Mar/2026:05:32:43 -0700] "GET /fizzy-bath-bombs.html?path=//opt/alt/php72/usr/include/php/ext/mbstring/oniguruma HTTP/1.1" 200 2636 "http://www.rgardensoap.com/fizzy-bath-bombs.html?path=//opt/alt/php72/usr/include/php/ext/mbstring" "Mozilla/5.0 AppleWebKit/537.36 (KHTML, like Gecko; compatible; GPTBot/1.3; +https://openai.com/gptbot)" 1013 **1/1013414**
74.7.227.35 - - [11/Mar/2026:05:32:44 -0700] "GET /?path=//proc/self/root/proc/thread-self/root/proc/thread-self/root/proc/thread-self/root/lib/.build-id/2c HTTP/1.1" 200 3377 "http://mail.rgardensoap.com/?path=//proc/self/root/proc/thread-self/root/proc/thread-self/root/proc/thread-self/root/lib/.build-id" "Mozilla/5.0 AppleWebKit/537.36 (KHTML, like Gecko; compatible; GPTBot/1.3; +https://openai.com/gptbot)" 1182 **1/1182582**
74.7.227.150 - - [11/Mar/2026:05:32:44 -0700] "GET /themes.php?fileloc=//lib64/libMagickWand-6.Q16.so.7&path=//lib64 HTTP/1.1" 200 2259 "http://rgardensoap.com/themes.php?path=//lib64" "Mozilla/5.0 AppleWebKit/537.36 (KHTML, like Gecko; compatible; GPTBot/1.3; +https://openai.com/gptbot)" 1205 **1/1205124**
74.7.241.54 - - [11/Mar/2026:05:32:45 -0700] "GET /fizzy-bath-bombs.html?fileloc=//opt/alt/php74/usr/include/php/ext/mysqlnd/mysqlnd_connection.h&path=//opt/alt/php74/usr/include/php/ext/mysqlnd HTTP/1.1" 200 3295 "http://www.rgardensoap.com/fizzy-bath-bombs.html?path=//opt/alt/php74/usr/include/php/ext/mysqlnd" "Mozilla/5.0 AppleWebKit/537.36 (KHTML, like Gecko; compatible; GPTBot/1.3; +https://openai.com/gptbot)" 1059 **1/1059302**
74.7.227.35 - - [11/Mar/2026:05:32:45 -0700] "GET /?path=//proc/self/root/proc/thread-self/root/proc/thread-self/root/proc/thread-self/root/lib/.build-id/c0 HTTP/1.1" 200 3231 "http://mail.rgardensoap.com/?path=//proc/self/root/proc/thread-self/root/proc/thread-self/root/proc/thread-self/root/lib/.build-id" "Mozilla/5.0 AppleWebKit/537.36 (KHTML, like Gecko; compatible; GPTBot/1.3; +https://openai.com/gptbot)" 709 **0/709143**
74.7.227.150 - - [11/Mar/2026:05:32:45 -0700] "GET /themes.php?fileloc=//lib64/libgdbm.so&path=//lib64 HTTP/1.1" 200 2250 "http://rgardensoap.com/themes.php?path=//lib64" "Mozilla/5.0 AppleWebKit/537.36 (KHTML, like Gecko; compatible; GPTBot/1.3; +https://openai.com/gptbot)" 711 **0/711357**
74.7.241.54 - - [11/Mar/2026:05:32:46 -0700] "GET /fizzy-bath-bombs.html?path=//opt/alt/php54/usr/include/php/ext/sockets HTTP/1.1" 200 2622 "http://www.rgardensoap.com/fizzy-bath-bombs.html?path=//opt/alt/php54/usr/include/php/ext" "Mozilla/5.0 AppleWebKit/537.36 (KHTML, like Gecko; compatible; GPTBot/1.3; +https://openai.com/gptbot)" 776 **0/776611**
74.7.227.35 - - [11/Mar/2026:05:32:46 -0700] "GET /?path=//proc/self/root/proc/thread-self/root/proc/thread-self/root/proc/thread-self/root/lib/.build-id/f6 HTTP/1.1" 200 3500 "http://mail.rgardensoap.com/?path=//proc/self/root/proc/thread-self/root/proc/thread-self/root/proc/thread-self/root/lib/.build-id" "Mozilla/5.0 AppleWebKit/537.36 (KHTML, like Gecko; compatible; GPTBot/1.3; +https://openai.com/gptbot)" 683 **0/683411**
74.7.227.150 - - [11/Mar/2026:05:32:46 -0700] "GET /plugin.php?fileloc=//lib64/libform.so.6&path=//lib64 HTTP/1.1" 200 2250 "http://rgardensoap.com/plugin.php?path=//lib64" "Mozilla/5.0 AppleWebKit/537.36 (KHTML, like Gecko; compatible; GPTBot/1.3; +https://openai.com/gptbot)" 673 **0/673038**
74.7.241.54 - - [11/Mar/2026:05:32:47 -0700] "GET /fizzy-bath-bombs.html?fileloc=//opt/alt/php74/usr/include/php/ext/swoole/thirdparty/multipart_parser.h&path=//opt/alt/php74/usr/include/php/ext/swoole/thirdparty HTTP/1.1" 200 3304 "http://www.rgardensoap.com/fizzy-bath-bombs.html?path=//opt/alt/php74/usr/include/php/ext/swoole/thirdparty" "Mozilla/5.0 AppleWebKit/537.36 (KHTML, like Gecko; compatible; GPTBot/1.3; +https://openai.com/gptbot)" 585 **0/585019**
74.7.227.35 - - [11/Mar/2026:05:32:47 -0700] "GET /?path=//proc/self/root/proc/thread-self/root/proc/thread-self/root/proc/thread-self/root/lib/.build-id/7b HTTP/1.1" 200 3499 "http://mail.rgardensoap.com/?path=//proc/self/root/proc/thread-self/root/proc/thread-self/root/proc/thread-self/root/lib/.build-id" "Mozilla/5.0 AppleWebKit/537.36 (KHTML, like Gecko; compatible; GPTBot/1.3; +https://openai.com/gptbot)" 648 **0/648748**
74.7.227.150 - - [11/Mar/2026:05:32:47 -0700] "GET /plugin.php?fileloc=//lib64/ld-linux-x86-64.so.2&path=//lib64 HTTP/1.1" 200 2257 "http://rgardensoap.com/plugin.php?path=//lib64" "Mozilla/5.0 AppleWebKit/537.36 (KHTML, like Gecko; compatible; GPTBot/1.3; +https://openai.com/gptbot)" 611 **0/611698**
74.7.241.54 - - [11/Mar/2026:05:32:47 -0700] "GET /fizzy-bath-bombs.html?path=//opt/alt/php71/usr/include/php/ext/sockets HTTP/1.1" 200 2622 "http://www.rgardensoap.com/fizzy-bath-bombs.html?path=//opt/alt/php71/usr/include/php/ext" "Mozilla/5.0 AppleWebKit/537.36 (KHTML, like Gecko; compatible; GPTBot/1.3; +https://openai.com/gptbot)" 802 **0/802739**
74.7.227.35 - - [11/Mar/2026:05:32:47 -0700] "GET /?path=//proc/self/root/proc/thread-self/root/proc/thread-self/root/proc/thread-self/root/lib/.build-id/d5 HTTP/1.1" 200 3382 "http://mail.rgardensoap.com/?path=//proc/self/root/proc/thread-self/root/proc/thread-self/root/proc/thread-self/root/lib/.build-id" "Mozilla/5.0 AppleWebKit/537.36 (KHTML, like Gecko; compatible; GPTBot/1.3; +https://openai.com/gptbot)" 756 **0/756283**
74.7.227.150 - - [11/Mar/2026:05:32:48 -0700] "GET /plugin.php?fileloc=//lib64/libpython3.12.so.1.0&path=//lib64 HTTP/1.1" 200 2257 "http://rgardensoap.com/plugin.php?path=//lib64" "Mozilla/5.0 AppleWebKit/537.36 (KHTML, like Gecko; compatible; GPTBot/1.3; +https://openai.com/gptbot)" 862 **0/862021**
74.7.227.35 - - [11/Mar/2026:05:32:48 -0700] "GET /?path=//proc/self/root/proc/thread-self/root/proc/thread-self/root/proc/thread-self/root/lib/.build-id/6f HTTP/1.1" 200 3463 "http://mail.rgardensoap.com/?path=//proc/self/root/proc/thread-self/root/proc/thread-self/root/proc/thread-self/root/lib/.build-id" "Mozilla/5.0 AppleWebKit/537.36 (KHTML, like Gecko; compatible; GPTBot/1.3; +https://openai.com/gptbot)" 927 **0/927383**
74.7.241.54 - - [11/Mar/2026:05:32:48 -0700] "GET /fizzy-bath-bombs.html?path=//opt/alt/php74/usr/include/php/ext/msgpack HTTP/1.1" 200 2622 "http://www.rgardensoap.com/fizzy-bath-bombs.html?path=//opt/alt/php74/usr/include/php/ext" "Mozilla/5.0 AppleWebKit/537.36 (KHTML, like Gecko; compatible; GPTBot/1.3; +https://openai.com/gptbot)" 876 **0/876382**
74.7.227.150 - - [11/Mar/2026:05:32:49 -0700] "GET /simple.php?fileloc=//lib64/libXi.so.6.1.0&path=//lib64 HTTP/1.1" 200 2250 "http://rgardensoap.com/simple.php?path=//lib64" "Mozilla/5.0 AppleWebKit/537.36 (KHTML, like Gecko; compatible; GPTBot/1.3; +https://openai.com/gptbot)" 806 **0/806963**
74.7.227.35 - - [11/Mar/2026:05:32:49 -0700] "GET /?path=//proc/self/root/proc/thread-self/root/proc/thread-self/root/proc/thread-self/root/lib/.build-id/6e HTTP/1.1" 200 3230 "http://mail.rgardensoap.com/?path=//proc/self/root/proc/thread-self/root/proc/thread-self/root/proc/thread-self/root/lib/.build-id" "Mozilla/5.0 AppleWebKit/537.36 (KHTML, like Gecko; compatible; GPTBot/1.3; +https://openai.com/gptbot)" 757 **0/757066**
74.7.241.54 - - [11/Mar/2026:05:32:49 -0700] "GET /fizzy-bath-bombs.html?path=//opt/alt/php74/usr/include/php/ext/mysqli HTTP/1.1" 200 2669 "http://www.rgardensoap.com/fizzy-bath-bombs.html?path=//opt/alt/php74/usr/include/php/ext" "Mozilla/5.0 AppleWebKit/537.36 (KHTML, like Gecko; compatible; GPTBot/1.3; +https://openai.com/gptbot)" 697 **0/697676**
74.7.227.150 - - [11/Mar/2026:05:32:50 -0700] "GET /plugin.php?fileloc=//lib64/libxml2.so.2&path=//lib64 HTTP/1.1" 200 2250 "http://rgardensoap.com/plugin.php?path=//lib64" "Mozilla/5.0 AppleWebKit/537.36 (KHTML, like Gecko; compatible; GPTBot/1.3; +https://openai.com/gptbot)" 676 **0/676467**
74.7.227.35 - - [11/Mar/2026:05:32:50 -0700] "GET /?path=//proc/self/root/proc/thread-self/root/proc/thread-self/root/proc/thread-self/root/lib/.build-id/f5 HTTP/1.1" 200 3181 "http://mail.rgardensoap.com/?path=//proc/self/root/proc/thread-self/root/proc/thread-self/root/proc/thread-self/root/lib/.build-id" "Mozilla/5.0 AppleWebKit/537.36 (KHTML, like Gecko; compatible; GPTBot/1.3; +https://openai.com/gptbot)" 839 **0/839262**
74.7.241.54 - - [11/Mar/2026:05:32:50 -0700] "GET /fizzy-bath-bombs.html?path=//opt/alt/php72/usr/include/php/ext/igbinary HTTP/1.1" 200 2723 "http://www.rgardensoap.com/fizzy-bath-bombs.html?path=//opt/alt/php72/usr/include/php/ext" "Mozilla/5.0 AppleWebKit/537.36 (KHTML, like Gecko; compatible; GPTBot/1.3; +https://openai.com/gptbot)" 832 **0/832798**
74.7.227.150 - - [11/Mar/2026:05:32:50 -0700] "GET /simple.php?fileloc=//lib64/libxcb-screensaver.so&path=//lib64 HTTP/1.1" 200 2256 "http://rgardensoap.com/simple.php?path=//lib64" "Mozilla/5.0 AppleWebKit/537.36 (KHTML, like Gecko; compatible; GPTBot/1.3; +https://openai.com/gptbot)" 934 **0/934666**
74.7.227.35 - - [11/Mar/2026:05:32:51 -0700] "GET /?path=//proc/self/root/proc/thread-self/root/proc/thread-self/root/proc/thread-self/root/lib/.build-id/b5 HTTP/1.1" 200 3135 "http://mail.rgardensoap.com/?path=//proc/self/root/proc/thread-self/root/proc/thread-self/root/proc/thread-self/root/lib/.build-id" "Mozilla/5.0 AppleWebKit/537.36 (KHTML, like Gecko; compatible; GPTBot/1.3; +https://openai.com/gptbot)" 780 **0/780871**
74.7.241.54 - - [11/Mar/2026:05:32:51 -0700] "GET /fizzy-bath-bombs.html?path=//opt/alt/php72/usr/include/php/ext/swoole HTTP/1.1" 200 2772 "http://www.rgardensoap.com/fizzy-bath-bombs.html?path=//opt/alt/php72/usr/include/php/ext" "Mozilla/5.0 AppleWebKit/537.36 (KHTML, like Gecko; compatible; GPTBot/1.3; +https://openai.com/gptbot)" 1063 **1/1063017**
74.7.227.150 - - [11/Mar/2026:05:32:52 -0700] "GET /themes.php?fileloc=//lib64/libmimerS.so.2.0.0&path=//lib64 HTTP/1.1" 200 2254 "http://rgardensoap.com/themes.php?path=//lib64" "Mozilla/5.0 AppleWebKit/537.36 (KHTML, like Gecko; compatible; GPTBot/1.3; +https://openai.com/gptbot)" 984 **0/984507**
74.7.227.35 - - [11/Mar/2026:05:32:52 -0700] "GET /?path=//proc/self/root/proc/thread-self/root/proc/thread-self/root/proc/thread-self/root/lib/.build-id/f0 HTTP/1.1" 200 3385 "http://mail.rgardensoap.com/?path=//proc/self/root/proc/thread-self/root/proc/thread-self/root/proc/thread-self/root/lib/.build-id" "Mozilla/5.0 AppleWebKit/537.36 (KHTML, like Gecko; compatible; GPTBot/1.3; +https://openai.com/gptbot)" 814 **0/814440**
74.7.241.54 - - [11/Mar/2026:05:32:53 -0700] "GET /fizzy-bath-bombs.html?fileloc=//opt/alt/php54/usr/include/php/ext/mbstring/oniguruma/oniguruma.h&path=//opt/alt/php54/usr/include/php/ext/mbstring/oniguruma HTTP/1.1" 200 11115 "http://www.rgardensoap.com/fizzy-bath-bombs.html?path=//opt/alt/php54/usr/include/php/ext/mbstring/oniguruma" "Mozilla/5.0 AppleWebKit/537.36 (KHTML, like Gecko; compatible; GPTBot/1.3; +https://openai.com/gptbot)" 663 **0/663941**
74.7.227.150 - - [11/Mar/2026:05:32:53 -0700] "GET /plugin.php?fileloc=//lib64/libbpf.so.0&path=//lib64 HTTP/1.1" 200 2250 "http://rgardensoap.com/plugin.php?path=//lib64" "Mozilla/5.0 AppleWebKit/537.36 (KHTML, like Gecko; compatible; GPTBot/1.3; +https://openai.com/gptbot)" 621 **0/621262**
74.7.227.35 - - [11/Mar/2026:05:32:53 -0700] "GET /?path=//proc/self/root/proc/thread-self/root/proc/thread-self/root/proc/thread-self/root/lib/.build-id/7d HTTP/1.1" 200 3302 "http://mail.rgardensoap.com/?path=//proc/self/root/proc/thread-self/root/proc/thread-self/root/proc/thread-self/root/lib/.build-id" "Mozilla/5.0 AppleWebKit/537.36 (KHTML, like Gecko; compatible; GPTBot/1.3; +https://openai.com/gptbot)" 615 **0/615836**
74.7.241.54 - - [11/Mar/2026:05:32:53 -0700] "GET /fizzy-bath-bombs.html?fileloc=//opt/alt/php71/usr/include/php/ext/mbstring/oniguruma/oniguruma.h&path=//opt/alt/php71/usr/include/php/ext/mbstring/oniguruma HTTP/1.1" 200 10718 "http://www.rgardensoap.com/fizzy-bath-bombs.html?path=//opt/alt/php71/usr/include/php/ext/mbstring/oniguruma" "Mozilla/5.0 AppleWebKit/537.36 (KHTML, like Gecko; compatible; GPTBot/1.3; +https://openai.com/gptbot)" 655 **0/655631**
74.7.227.150 - - [11/Mar/2026:05:32:53 -0700] "GET /plugin.php?fileloc=//lib64/libraw_r.so.19&path=//lib64 HTTP/1.1" 200 2251 "http://rgardensoap.com/plugin.php?path=//lib64" "Mozilla/5.0 AppleWebKit/537.36 (KHTML, like Gecko; compatible; GPTBot/1.3; +https://openai.com/gptbot)" 591 **0/591434**
74.7.227.35 - - [11/Mar/2026:05:32:54 -0700] "GET /?path=//proc/self/root/proc/thread-self/root/proc/thread-self/root/proc/thread-self/root/lib/.build-id/3a HTTP/1.1" 200 3559 "http://mail.rgardensoap.com/?path=//proc/self/root/proc/thread-self/root/proc/thread-self/root/proc/thread-self/root/lib/.build-id" "Mozilla/5.0 AppleWebKit/537.36 (KHTML, like Gecko; compatible; GPTBot/1.3; +https://openai.com/gptbot)" 672 **0/672527**
74.7.241.54 - - [11/Mar/2026:05:32:54 -0700] "GET /fizzy-bath-bombs.html?fileloc=//opt/alt/php72/usr/include/php/ext/mbstring/oniguruma/oniguruma.h&path=//opt/alt/php72/usr/include/php/ext/mbstring/oniguruma HTTP/1.1" 200 10933 "http://www.rgardensoap.com/fizzy-bath-bombs.html?path=//opt/alt/php72/usr/include/php/ext/mbstring/oniguruma" "Mozilla/5.0 AppleWebKit/537.36 (KHTML, like Gecko; compatible; GPTBot/1.3; +https://openai.com/gptbot)" 684 **0/684135**
74.7.227.150 - - [11/Mar/2026:05:32:54 -0700] "GET /plugin.php?fileloc=//lib64/libyaml-0.so.2.0.5&path=//lib64 HTTP/1.1" 200 2256 "http://rgardensoap.com/plugin.php?path=//lib64" "Mozilla/5.0 AppleWebKit/537.36 (KHTML, like Gecko; compatible; GPTBot/1.3; +https://openai.com/gptbot)" 636 **0/636843**
74.7.227.35 - - [11/Mar/2026:05:32:55 -0700] "GET /?path=//proc/self/root/proc/thread-self/root/proc/thread-self/root/proc/thread-self/root/lib/.build-id/d8 HTTP/1.1" 200 3330 "http://mail.rgardensoap.com/?path=//proc/self/root/proc/thread-self/root/proc/thread-self/root/proc/thread-self/root/lib/.build-id" "Mozilla/5.0 AppleWebKit/537.36 (KHTML, like Gecko; compatible; GPTBot/1.3; +https://openai.com/gptbot)" 536 **0/536010**
74.7.227.150 - - [11/Mar/2026:05:32:55 -0700] "GET /simple.php?fileloc=//lib64/libg.a&path=//lib64 HTTP/1.1" 200 2246 "http://rgardensoap.com/simple.php?path=//lib64" "Mozilla/5.0 AppleWebKit/537.36 (KHTML, like Gecko; compatible; GPTBot/1.3; +https://openai.com/gptbot)" 564 **0/564711**
74.7.241.54 - - [11/Mar/2026:05:32:55 -0700] "GET /fizzy-bath-bombs.html?path=//opt/alt/php72/usr/include/php/ext/sockets HTTP/1.1" 200 2622 "http://www.rgardensoap.com/fizzy-bath-bombs.html?path=//opt/alt/php72/usr/include/php/ext" "Mozilla/5.0 AppleWebKit/537.36 (KHTML, like Gecko; compatible; GPTBot/1.3; +https://openai.com/gptbot)" 645 **0/645327**
74.7.227.35 - - [11/Mar/2026:05:32:55 -0700] "GET /?path=//proc/self/root/proc/thread-self/root/proc/thread-self/root/proc/thread-self/root/lib/.build-id/f2 HTTP/1.1" 200 3030 "http://mail.rgardensoap.com/?path=//proc/self/root/proc/thread-self/root/proc/thread-self/root/proc/thread-self/root/lib/.build-id" "Mozilla/5.0 AppleWebKit/537.36 (KHTML, like Gecko; compatible; GPTBot/1.3; +https://openai.com/gptbot)" 660 **0/660914**
74.7.227.150 - - [11/Mar/2026:05:32:56 -0700] "GET /simple.php?fileloc=//lib64/libpango-1.0.so.0.4200.3&path=//lib64 HTTP/1.1" 200 2259 "http://rgardensoap.com/simple.php?path=//lib64" "Mozilla/5.0 AppleWebKit/537.36 (KHTML, like Gecko; compatible; GPTBot/1.3; +https://openai.com/gptbot)" 618 **0/618903**
74.7.241.54 - - [11/Mar/2026:05:32:56 -0700] "GET /fizzy-bath-bombs.html?path=//opt/alt/php71/usr/include/php/ext/mysqlnd HTTP/1.1" 200 3445 "http://www.rgardensoap.com/fizzy-bath-bombs.html?path=//opt/alt/php71/usr/include/php/ext" "Mozilla/5.0 AppleWebKit/537.36 (KHTML, like Gecko; compatible; GPTBot/1.3; +https://openai.com/gptbot)" 557 **0/557023**
74.7.227.150 - - [11/Mar/2026:05:32:56 -0700] "GET /themes.php?fileloc=//lib64/libxcb-shm.so&path=//lib64 HTTP/1.1" 200 2252 "http://rgardensoap.com/themes.php?path=//lib64" "Mozilla/5.0 AppleWebKit/537.36 (KHTML, like Gecko; compatible; GPTBot/1.3; +https://openai.com/gptbot)" 503 **0/503492**
74.7.227.35 - - [11/Mar/2026:05:32:56 -0700] "GET /?path=//proc/self/root/proc/thread-self/root/proc/thread-self/root/proc/thread-self/root/lib/.build-id/4e HTTP/1.1" 200 3095 "http://mail.rgardensoap.com/?path=//proc/self/root/proc/thread-self/root/proc/thread-self/root/proc/thread-self/root/lib/.build-id" "Mozilla/5.0 AppleWebKit/537.36 (KHTML, like Gecko; compatible; GPTBot/1.3; +https://openai.com/gptbot)" 598 **0/598224**
74.7.241.54 - - [11/Mar/2026:05:32:56 -0700] "GET /fizzy-bath-bombs.html?path=//opt/alt/php74/usr/include/php/ext/imagick HTTP/1.1" 200 2627 "http://www.rgardensoap.com/fizzy-bath-bombs.html?path=//opt/alt/php74/usr/include/php/ext" "Mozilla/5.0 AppleWebKit/537.36 (KHTML, like Gecko; compatible; GPTBot/1.3; +https://openai.com/gptbot)" 610 **0/610430**
74.7.227.150 - - [11/Mar/2026:05:32:57 -0700] "GET /plugin.php?fileloc=//lib64/libevent_openssl-2.1.so.6.0.2&path=//lib64 HTTP/1.1" 200 2260 "http://rgardensoap.com/plugin.php?path=//lib64" "Mozilla/5.0 AppleWebKit/537.36 (KHTML, like Gecko; compatible; GPTBot/1.3; +https://openai.com/gptbot)" 686 **0/686231**
74.7.227.35 - - [11/Mar/2026:05:32:57 -0700] "GET /?path=//proc/self/root/proc/thread-self/root/proc/thread-self/root/proc/thread-self/root/lib/.build-id/7f HTTP/1.1" 200 3243 "http://mail.rgardensoap.com/?path=//proc/self/root/proc/thread-self/root/proc/thread-self/root/proc/thread-self/root/lib/.build-id" "Mozilla/5.0 AppleWebKit/537.36 (KHTML, like Gecko; compatible; GPTBot/1.3; +https://openai.com/gptbot)" 629 **0/629050**
74.7.241.54 - - [11/Mar/2026:05:32:57 -0700] "GET /fizzy-bath-bombs.html?path=//opt/alt/php71/usr/include/php/ext/msgpack HTTP/1.1" 200 2622 "http://www.rgardensoap.com/fizzy-bath-bombs.html?path=//opt/alt/php71/usr/include/php/ext" "Mozilla/5.0 AppleWebKit/537.36 (KHTML, like Gecko; compatible; GPTBot/1.3; +https://openai.com/gptbot)" 548 **0/548770**
74.7.227.150 - - [11/Mar/2026:05:32:58 -0700] "GET /themes.php?fileloc=//lib64/libipset.so.13.1.0&path=//lib64 HTTP/1.1" 200 2254 "http://rgardensoap.com/themes.php?path=//lib64" "Mozilla/5.0 AppleWebKit/537.36 (KHTML, like Gecko; compatible; GPTBot/1.3; +https://openai.com/gptbot)" 606 **0/606128**
74.7.227.35 - - [11/Mar/2026:05:32:58 -0700] "GET /?path=//proc/self/root/proc/thread-self/root/proc/thread-self/root/proc/thread-self/root/lib/.build-id/6d HTTP/1.1" 200 3253 "http://mail.rgardensoap.com/?path=//proc/self/root/proc/thread-self/root/proc/thread-self/root/proc/thread-self/root/lib/.build-id" "Mozilla/5.0 AppleWebKit/537.36 (KHTML, like Gecko; compatible; GPTBot/1.3; +https://openai.com/gptbot)" 629 **0/629875**
74.7.241.54 - - [11/Mar/2026:05:32:58 -0700] "GET /fizzy-bath-bombs.html?path=//opt/alt/php72/usr/include/php/ext/msgpack HTTP/1.1" 200 2622 "http://www.rgardensoap.com/fizzy-bath-bombs.html?path=//opt/alt/php72/usr/include/php/ext" "Mozilla/5.0 AppleWebKit/537.36 (KHTML, like Gecko; compatible; GPTBot/1.3; +https://openai.com/gptbot)" 683 **0/683886**
74.7.227.35 - - [11/Mar/2026:05:32:59 -0700] "GET /?path=//proc/self/root/proc/thread-self/root/proc/thread-self/root/proc/thread-self/root/lib/.build-id/c8 HTTP/1.1" 200 3422 "http://mail.rgardensoap.com/?path=//proc/self/root/proc/thread-self/root/proc/thread-self/root/proc/thread-self/root/lib/.build-id" "Mozilla/5.0 AppleWebKit/537.36 (KHTML, like Gecko; compatible; GPTBot/1.3; +https://openai.com/gptbot)" 533 **0/533279**
74.7.227.150 - - [11/Mar/2026:05:32:59 -0700] "GET /simple.php?fileloc=//lib64/libopenjp2.so.7&path=//lib64 HTTP/1.1" 200 2253 "http://rgardensoap.com/simple.php?path=//lib64" "Mozilla/5.0 AppleWebKit/537.36 (KHTML, like Gecko; compatible; GPTBot/1.3; +https://openai.com/gptbot)" 633 **0/633144**
74.7.241.54 - - [11/Mar/2026:05:32:59 -0700] "GET /fizzy-bath-bombs.html?path=//opt/alt/php54/usr/include/php/ext/imagick HTTP/1.1" 200 2627 "http://www.rgardensoap.com/fizzy-bath-bombs.html?path=//opt/alt/php54/usr/include/php/ext" "Mozilla/5.0 AppleWebKit/537.36 (KHTML, like Gecko; compatible; GPTBot/1.3; +https://openai.com/gptbot)" 698 **0/698332**
74.7.227.35 - - [11/Mar/2026:05:32:59 -0700] "GET /?path=//proc/self/root/proc/thread-self/root/proc/thread-self/root/proc/thread-self/root/lib/.build-id/b2 HTTP/1.1" 200 3429 "http://mail.rgardensoap.com/?path=//proc/self/root/proc/thread-self/root/proc/thread-self/root/proc/thread-self/root/lib/.build-id" "Mozilla/5.0 AppleWebKit/537.36 (KHTML, like Gecko; compatible; GPTBot/1.3; +https://openai.com/gptbot)" 683 **0/683390**
74.7.227.150 - - [11/Mar/2026:05:32:59 -0700] "GET /simple.php?fileloc=//lib64/libnssdbm3.so&path=//lib64 HTTP/1.1" 200 2251 "http://rgardensoap.com/simple.php?path=//lib64" "Mozilla/5.0 AppleWebKit/537.36 (KHTML, like Gecko; compatible; GPTBot/1.3; +https://openai.com/gptbot)" 732 **0/732776**
