74.7.241.54 - - [11/Mar/2026:05:20:42 -0700] "GET /plug/vote/plug.xml?path=//etc/cl.selector.conf.d/php.extensions.d HTTP/1.1" 200 2626 "http://www.rgardensoap.com/plug/vote/plug.xml?path=//etc/cl.selector.conf.d" "Mozilla/5.0 AppleWebKit/537.36 (KHTML, like Gecko; compatible; GPTBot/1.3; +https://openai.com/gptbot)" 787 **0/787362**
74.7.227.150 - - [11/Mar/2026:05:20:43 -0700] "GET /administrator/templates/bluestork/error.php?path=//usr/lib/python3.6/site-packages/pip/_vendor/chardet/__pycache__ HTTP/1.1" 200 4293 "http://rgardensoap.com/administrator/templates/bluestork/error.php?path=//usr/lib/python3.6/site-packages/pip/_vendor/chardet" "Mozilla/5.0 AppleWebKit/537.36 (KHTML, like Gecko; compatible; GPTBot/1.3; +https://openai.com/gptbot)" 540 **0/540639**
74.7.227.35 - - [11/Mar/2026:05:20:43 -0700] "GET /?path=//proc/self/root/proc/thread-self/root/usr/lib/debug/lib64 HTTP/1.1" 200 2376 "http://mail.rgardensoap.com/?path=//proc/self/root/proc/thread-self/root/usr/lib/debug" "Mozilla/5.0 AppleWebKit/537.36 (KHTML, like Gecko; compatible; GPTBot/1.3; +https://openai.com/gptbot)" 593 **0/593598**
74.7.241.54 - - [11/Mar/2026:05:20:43 -0700] "GET /?path=/home/p8pyefaexf70/etc HTTP/1.1" 200 2663 "http://www.rgardensoap.com/?path=/home/p8pyefaexf70" "Mozilla/5.0 AppleWebKit/537.36 (KHTML, like Gecko; compatible; GPTBot/1.3; +https://openai.com/gptbot)" 512 **0/512298**
74.7.227.150 - - [11/Mar/2026:05:20:43 -0700] "GET /administrator/templates/bluestork/error.php?fileloc=//usr/local/lib/python3.6/site-packages/pexpect/__pycache__/expect.cpython-36.pyc&path=//usr/local/lib/python3.6/site-packages/pexpect/__pycache__ HTTP/1.1" 200 2328 "http://rgardensoap.com/administrator/templates/bluestork/error.php?path=//usr/local/lib/python3.6/site-packages/pexpect/__pycache__" "Mozilla/5.0 AppleWebKit/537.36 (KHTML, like Gecko; compatible; GPTBot/1.3; +https://openai.com/gptbot)" 467 **0/467670**
74.7.227.35 - - [11/Mar/2026:05:20:43 -0700] "GET /?path=//proc/self/root/proc/thread-self/root/usr/lib/firmware/ath11k HTTP/1.1" 200 2808 "http://mail.rgardensoap.com/?path=//proc/self/root/proc/thread-self/root/usr/lib/firmware" "Mozilla/5.0 AppleWebKit/537.36 (KHTML, like Gecko; compatible; GPTBot/1.3; +https://openai.com/gptbot)" 803 **0/803785**
74.7.241.54 - - [11/Mar/2026:05:20:43 -0700] "GET /?path=/home/p8pyefaexf70/tmp HTTP/1.1" 200 3131 "http://www.rgardensoap.com/?path=/home/p8pyefaexf70" "Mozilla/5.0 AppleWebKit/537.36 (KHTML, like Gecko; compatible; GPTBot/1.3; +https://openai.com/gptbot)" 729 **0/729149**
74.7.227.150 - - [11/Mar/2026:05:20:44 -0700] "GET /administrator/templates/bluestork/error.php?path=//usr/lib/python3.6/site-packages/pkg_resources/extern/__pycache__ HTTP/1.1" 200 2673 "http://rgardensoap.com/administrator/templates/bluestork/error.php?path=//usr/lib/python3.6/site-packages/pkg_resources/extern" "Mozilla/5.0 AppleWebKit/537.36 (KHTML, like Gecko; compatible; GPTBot/1.3; +https://openai.com/gptbot)" 905 **0/905269**
74.7.241.54 - - [11/Mar/2026:05:20:44 -0700] "GET /?fileloc=//usr/share/vim/vim80/keymap/serbian_cp1251.vim&path=//usr/share/vim/vim80/keymap HTTP/1.1" 200 2296 "http://www.rgardensoap.com/?path=//usr/share/vim/vim80/keymap" "Mozilla/5.0 AppleWebKit/537.36 (KHTML, like Gecko; compatible; GPTBot/1.3; +https://openai.com/gptbot)" 866 **0/866692**
74.7.227.35 - - [11/Mar/2026:05:20:44 -0700] "GET /?path=//proc/self/root/proc/thread-self/root/usr/lib/firmware/emi26 HTTP/1.1" 200 2708 "http://mail.rgardensoap.com/?path=//proc/self/root/proc/thread-self/root/usr/lib/firmware" "Mozilla/5.0 AppleWebKit/537.36 (KHTML, like Gecko; compatible; GPTBot/1.3; +https://openai.com/gptbot)" 760 **0/760763**
74.7.227.150 - - [11/Mar/2026:05:20:45 -0700] "GET /administrator/templates/bluestork/error.php?path=//proc/self/root/usr/lib/python3.6/site-packages/pip/_vendor/html5lib/treeadapters HTTP/1.1" 200 2814 "http://rgardensoap.com/administrator/templates/bluestork/error.php?path=//proc/self/root/usr/lib/python3.6/site-packages/pip/_vendor/html5lib" "Mozilla/5.0 AppleWebKit/537.36 (KHTML, like Gecko; compatible; GPTBot/1.3; +https://openai.com/gptbot)" 550 **0/550884**
74.7.241.54 - - [11/Mar/2026:05:20:45 -0700] "GET /?fileloc=//usr/share/vim/vim80/lang/menu_uk_ua.cp1251.vim&path=//usr/share/vim/vim80/lang HTTP/1.1" 200 2298 "http://www.rgardensoap.com/?path=//usr/share/vim/vim80/lang" "Mozilla/5.0 AppleWebKit/537.36 (KHTML, like Gecko; compatible; GPTBot/1.3; +https://openai.com/gptbot)" 554 **0/554528**
74.7.227.35 - - [11/Mar/2026:05:20:45 -0700] "GET /?fileloc=//proc/self/root/proc/thread-self/root/usr/lib/firmware/nvidia/gb203/gsp/fmc-570.144.bin&path=//proc/self/root/proc/thread-self/root/usr/lib/firmware/nvidia/gb203/gsp HTTP/1.1" 200 2357 "http://mail.rgardensoap.com/?path=//proc/self/root/proc/thread-self/root/usr/lib/firmware/nvidia/gb203/gsp" "Mozilla/5.0 AppleWebKit/537.36 (KHTML, like Gecko; compatible; GPTBot/1.3; +https://openai.com/gptbot)" 584 **0/584362**
74.7.227.150 - - [11/Mar/2026:05:20:46 -0700] "GET /administrator/templates/bluestork/error.php?fileloc=//usr/lib/python3.6/site-packages/pip/commands/__pycache__/search.cpython-36.opt-1.pyc&path=//usr/lib/python3.6/site-packages/pip/commands/__pycache__ HTTP/1.1" 200 2334 "http://rgardensoap.com/administrator/templates/bluestork/error.php?path=//usr/lib/python3.6/site-packages/pip/commands/__pycache__" "Mozilla/5.0 AppleWebKit/537.36 (KHTML, like Gecko; compatible; GPTBot/1.3; +https://openai.com/gptbot)" 967 **0/967486**
74.7.241.54 - - [11/Mar/2026:05:20:46 -0700] "GET /?fileloc=//usr/share/vim/vim80/lang/menu_zh.gb2312.vim&path=//usr/share/vim/vim80/lang HTTP/1.1" 200 2356 "http://www.rgardensoap.com/?path=//usr/share/vim/vim80/lang" "Mozilla/5.0 AppleWebKit/537.36 (KHTML, like Gecko; compatible; GPTBot/1.3; +https://openai.com/gptbot)" 657 **0/657745**
74.7.227.35 - - [11/Mar/2026:05:20:46 -0700] "GET /?path=//proc/self/root/proc/thread-self/root/usr/lib/firmware/i915 HTTP/1.1" 200 5595 "http://mail.rgardensoap.com/?path=//proc/self/root/proc/thread-self/root/usr/lib/firmware" "Mozilla/5.0 AppleWebKit/537.36 (KHTML, like Gecko; compatible; GPTBot/1.3; +https://openai.com/gptbot)" 669 **0/669864**
74.7.227.150 - - [11/Mar/2026:05:20:47 -0700] "GET /administrator/templates/bluestork/error.php?path=//proc/self/root/usr/lib/python3.6/site-packages/pip/_vendor/html5lib/treebuilders HTTP/1.1" 200 2882 "http://rgardensoap.com/administrator/templates/bluestork/error.php?path=//proc/self/root/usr/lib/python3.6/site-packages/pip/_vendor/html5lib" "Mozilla/5.0 AppleWebKit/537.36 (KHTML, like Gecko; compatible; GPTBot/1.3; +https://openai.com/gptbot)" 587 **0/587309**
74.7.241.54 - - [11/Mar/2026:05:20:47 -0700] "GET /?fileloc=//usr/share/vim/vim80/keymap/hebrewp_cp1255.vim&path=//usr/share/vim/vim80/keymap HTTP/1.1" 200 2296 "http://www.rgardensoap.com/?path=//usr/share/vim/vim80/keymap" "Mozilla/5.0 AppleWebKit/537.36 (KHTML, like Gecko; compatible; GPTBot/1.3; +https://openai.com/gptbot)" 719 **0/719158**
74.7.227.35 - - [11/Mar/2026:05:20:47 -0700] "GET /?path=//proc/self/root/proc/thread-self/root/usr/lib/firmware/ath12k HTTP/1.1" 200 2652 "http://mail.rgardensoap.com/?path=//proc/self/root/proc/thread-self/root/usr/lib/firmware" "Mozilla/5.0 AppleWebKit/537.36 (KHTML, like Gecko; compatible; GPTBot/1.3; +https://openai.com/gptbot)" 626 **0/626568**
74.7.227.150 - - [11/Mar/2026:05:20:47 -0700] "GET /administrator/templates/bluestork/error.php?path=//proc/self/root/usr/lib/python3.6/site-packages/pip/_vendor/html5lib/_trie HTTP/1.1" 200 2841 "http://rgardensoap.com/administrator/templates/bluestork/error.php?path=//proc/self/root/usr/lib/python3.6/site-packages/pip/_vendor/html5lib" "Mozilla/5.0 AppleWebKit/537.36 (KHTML, like Gecko; compatible; GPTBot/1.3; +https://openai.com/gptbot)" 655 **0/655543**
74.7.227.35 - - [11/Mar/2026:05:20:48 -0700] "GET /?path=//proc/self/root/proc/thread-self/root/usr/lib/firmware/r128 HTTP/1.1" 200 2633 "http://mail.rgardensoap.com/?path=//proc/self/root/proc/thread-self/root/usr/lib/firmware" "Mozilla/5.0 AppleWebKit/537.36 (KHTML, like Gecko; compatible; GPTBot/1.3; +https://openai.com/gptbot)" 626 **0/626438**
74.7.241.54 - - [11/Mar/2026:05:20:48 -0700] "GET /?fileloc=//usr/share/vim/vim80/keymap/serbian_cp1250.vim&path=//usr/share/vim/vim80/keymap HTTP/1.1" 200 2296 "http://www.rgardensoap.com/?path=//usr/share/vim/vim80/keymap" "Mozilla/5.0 AppleWebKit/537.36 (KHTML, like Gecko; compatible; GPTBot/1.3; +https://openai.com/gptbot)" 857 **0/857060**
74.7.227.150 - - [11/Mar/2026:05:20:48 -0700] "GET /administrator/templates/bluestork/error.php?fileloc=//usr/lib/python3.6/site-packages/setuptools/command/__pycache__/egg_info.cpython-36.pyc&path=//usr/lib/python3.6/site-packages/setuptools/command/__pycache__ HTTP/1.1" 200 2338 "http://rgardensoap.com/administrator/templates/bluestork/error.php?path=//usr/lib/python3.6/site-packages/setuptools/command/__pycache__" "Mozilla/5.0 AppleWebKit/537.36 (KHTML, like Gecko; compatible; GPTBot/1.3; +https://openai.com/gptbot)" 747 **0/747946**
74.7.227.35 - - [11/Mar/2026:05:20:48 -0700] "GET /?path=//proc/self/root/proc/thread-self/root/usr/lib/firmware/rtw89 HTTP/1.1" 200 2944 "http://mail.rgardensoap.com/?path=//proc/self/root/proc/thread-self/root/usr/lib/firmware" "Mozilla/5.0 AppleWebKit/537.36 (KHTML, like Gecko; compatible; GPTBot/1.3; +https://openai.com/gptbot)" 869 **0/869181**
74.7.241.54 - - [11/Mar/2026:05:20:49 -0700] "GET /?fileloc=//usr/share/vim/vim80/lang/menu_pl.cp1250.vim&path=//usr/share/vim/vim80/lang HTTP/1.1" 200 2345 "http://www.rgardensoap.com/?path=//usr/share/vim/vim80/lang" "Mozilla/5.0 AppleWebKit/537.36 (KHTML, like Gecko; compatible; GPTBot/1.3; +https://openai.com/gptbot)" 1059 **1/1059818**
74.7.227.150 - - [11/Mar/2026:05:20:49 -0700] "GET /administrator/templates/bluestork/error.php?path=//proc/self/root/usr/lib/python3.6/site-packages/pip/_vendor/html5lib/filters HTTP/1.1" 200 2990 "http://rgardensoap.com/administrator/templates/bluestork/error.php?path=//proc/self/root/usr/lib/python3.6/site-packages/pip/_vendor/html5lib" "Mozilla/5.0 AppleWebKit/537.36 (KHTML, like Gecko; compatible; GPTBot/1.3; +https://openai.com/gptbot)" 658 **0/658244**
74.7.227.35 - - [11/Mar/2026:05:20:49 -0700] "GET /?path=//proc/self/root/proc/thread-self/root/usr/lib/firmware/e100 HTTP/1.1" 200 2682 "http://mail.rgardensoap.com/?path=//proc/self/root/proc/thread-self/root/usr/lib/firmware" "Mozilla/5.0 AppleWebKit/537.36 (KHTML, like Gecko; compatible; GPTBot/1.3; +https://openai.com/gptbot)" 600 **0/600789**
74.7.227.35 - - [11/Mar/2026:05:20:50 -0700] "GET /?path=//proc/self/root/proc/thread-self/root/usr/lib/firmware/dsp56k HTTP/1.1" 200 2641 "http://mail.rgardensoap.com/?path=//proc/self/root/proc/thread-self/root/usr/lib/firmware" "Mozilla/5.0 AppleWebKit/537.36 (KHTML, like Gecko; compatible; GPTBot/1.3; +https://openai.com/gptbot)" 486 **0/486875**
74.7.241.54 - - [11/Mar/2026:05:20:50 -0700] "GET /?fileloc=//usr/share/vim/vim80/lang/menu_zh_cn.gb2312.vim&path=//usr/share/vim/vim80/lang HTTP/1.1" 200 2300 "http://www.rgardensoap.com/?path=//usr/share/vim/vim80/lang" "Mozilla/5.0 AppleWebKit/537.36 (KHTML, like Gecko; compatible; GPTBot/1.3; +https://openai.com/gptbot)" 784 **0/784041**
74.7.227.150 - - [11/Mar/2026:05:20:50 -0700] "GET /administrator/templates/bluestork/error.php?path=//usr/lib/python3.6/site-packages/pip/_vendor/distlib/_backport/__pycache__ HTTP/1.1" 200 2801 "http://rgardensoap.com/administrator/templates/bluestork/error.php?path=//usr/lib/python3.6/site-packages/pip/_vendor/distlib/_backport" "Mozilla/5.0 AppleWebKit/537.36 (KHTML, like Gecko; compatible; GPTBot/1.3; +https://openai.com/gptbot)" 878 **0/878313**
74.7.227.35 - - [11/Mar/2026:05:20:51 -0700] "GET /?path=//proc/self/root/proc/thread-self/root/usr/lib/firmware/emi62 HTTP/1.1" 200 2745 "http://mail.rgardensoap.com/?path=//proc/self/root/proc/thread-self/root/usr/lib/firmware" "Mozilla/5.0 AppleWebKit/537.36 (KHTML, like Gecko; compatible; GPTBot/1.3; +https://openai.com/gptbot)" 1023 **1/1023311**
74.7.241.54 - - [11/Mar/2026:05:20:51 -0700] "GET /?fileloc=//usr/share/vim/vim80/lang/menu_cs_cz.cp1250.vim&path=//usr/share/vim/vim80/lang HTTP/1.1" 200 2350 "http://www.rgardensoap.com/?path=//usr/share/vim/vim80/lang" "Mozilla/5.0 AppleWebKit/537.36 (KHTML, like Gecko; compatible; GPTBot/1.3; +https://openai.com/gptbot)" 968 **0/968730**
74.7.227.150 - - [11/Mar/2026:05:20:51 -0700] "GET /administrator/templates/bluestork/error.php?path=//proc/self/root/usr/lib/python3.6/site-packages/pip/_vendor/html5lib/treewalkers HTTP/1.1" 200 2914 "http://rgardensoap.com/administrator/templates/bluestork/error.php?path=//proc/self/root/usr/lib/python3.6/site-packages/pip/_vendor/html5lib" "Mozilla/5.0 AppleWebKit/537.36 (KHTML, like Gecko; compatible; GPTBot/1.3; +https://openai.com/gptbot)" 1029 **1/1029199**
74.7.227.35 - - [11/Mar/2026:05:20:52 -0700] "GET /?path=//proc/self/root/proc/thread-self/root/usr/lib/firmware/ath10k HTTP/1.1" 200 2787 "http://mail.rgardensoap.com/?path=//proc/self/root/proc/thread-self/root/usr/lib/firmware" "Mozilla/5.0 AppleWebKit/537.36 (KHTML, like Gecko; compatible; GPTBot/1.3; +https://openai.com/gptbot)" 595 **0/595437**
74.7.241.54 - - [11/Mar/2026:05:20:52 -0700] "GET /plug/vote/plug.xml?fileloc=//etc/cl.selector.conf.d/php.extensions.d/i360.cfg&path=//etc/cl.selector.conf.d/php.extensions.d HTTP/1.1" 200 2297 "http://www.rgardensoap.com/plug/vote/plug.xml?path=//etc/cl.selector.conf.d/php.extensions.d" "Mozilla/5.0 AppleWebKit/537.36 (KHTML, like Gecko; compatible; GPTBot/1.3; +https://openai.com/gptbot)" 697 **0/697532**
74.7.227.150 - - [11/Mar/2026:05:20:52 -0700] "GET /administrator/templates/bluestork/error.php?fileloc=//usr/lib/python3.6/site-packages/pip/_vendor/chardet/__pycache__/charsetgroupprober.cpython-36.pyc&path=//usr/lib/python3.6/site-packages/pip/_vendor/chardet/__pycache__ HTTP/1.1" 200 2349 "http://rgardensoap.com/administrator/templates/bluestork/error.php?path=//usr/lib/python3.6/site-packages/pip/_vendor/chardet/__pycache__" "Mozilla/5.0 AppleWebKit/537.36 (KHTML, like Gecko; compatible; GPTBot/1.3; +https://openai.com/gptbot)" 746 **0/746189**
74.7.227.35 - - [11/Mar/2026:05:20:53 -0700] "GET /?fileloc=//proc/self/root/proc/thread-self/root/usr/lib/firmware/mediatek/mt7601u.bin&path=//proc/self/root/proc/thread-self/root/usr/lib/firmware/mediatek HTTP/1.1" 200 2333 "http://mail.rgardensoap.com/?path=//proc/self/root/proc/thread-self/root/usr/lib/firmware/mediatek" "Mozilla/5.0 AppleWebKit/537.36 (KHTML, like Gecko; compatible; GPTBot/1.3; +https://openai.com/gptbot)" 862 **0/862880**
74.7.241.54 - - [11/Mar/2026:05:20:53 -0700] "GET /?path=/home/p8pyefaexf70/etc/rgardensoap.com HTTP/1.1" 200 2318 "http://www.rgardensoap.com/?path=/home/p8pyefaexf70/etc" "Mozilla/5.0 AppleWebKit/537.36 (KHTML, like Gecko; compatible; GPTBot/1.3; +https://openai.com/gptbot)" 777 **0/777865**
74.7.227.150 - - [11/Mar/2026:05:20:53 -0700] "GET /administrator/templates/bluestork/error.php?path=//proc/self/root/lib/python3.6/site-packages/rhn/__pycache__ HTTP/1.1" 200 3168 "http://rgardensoap.com/administrator/templates/bluestork/error.php?path=//proc/self/root/lib/python3.6/site-packages/rhn" "Mozilla/5.0 AppleWebKit/537.36 (KHTML, like Gecko; compatible; GPTBot/1.3; +https://openai.com/gptbot)" 802 **0/802432**
74.7.227.35 - - [11/Mar/2026:05:20:54 -0700] "GET /?path=//proc/self/root/proc/thread-self/root/usr/lib/firmware/arm/mali/arch10.12 HTTP/1.1" 200 2668 "http://mail.rgardensoap.com/?path=//proc/self/root/proc/thread-self/root/usr/lib/firmware/arm/mali" "Mozilla/5.0 AppleWebKit/537.36 (KHTML, like Gecko; compatible; GPTBot/1.3; +https://openai.com/gptbot)" 523 **0/523482**
74.7.241.54 - - [11/Mar/2026:05:20:54 -0700] "GET /?fileloc=/home/p8pyefaexf70/tmp/sess_c4c922b2885ac07dca1231512662f67e&path=/home/p8pyefaexf70/tmp HTTP/1.1" 200 2274 "http://www.rgardensoap.com/?path=/home/p8pyefaexf70/tmp" "Mozilla/5.0 AppleWebKit/537.36 (KHTML, like Gecko; compatible; GPTBot/1.3; +https://openai.com/gptbot)" 546 **0/546270**
74.7.227.150 - - [11/Mar/2026:05:20:54 -0700] "GET /administrator/templates/bluestork/error.php?path=//usr/lib/python3.6/site-packages/tuned/plugins/instance/__pycache__ HTTP/1.1" 200 2776 "http://rgardensoap.com/administrator/templates/bluestork/error.php?path=//usr/lib/python3.6/site-packages/tuned/plugins/instance" "Mozilla/5.0 AppleWebKit/537.36 (KHTML, like Gecko; compatible; GPTBot/1.3; +https://openai.com/gptbot)" 747 **0/747323**
74.7.227.35 - - [11/Mar/2026:05:20:54 -0700] "GET /?path=//proc/self/root/proc/thread-self/root/usr/lib/firmware/arm/mali/arch10.10 HTTP/1.1" 200 2667 "http://mail.rgardensoap.com/?path=//proc/self/root/proc/thread-self/root/usr/lib/firmware/arm/mali" "Mozilla/5.0 AppleWebKit/537.36 (KHTML, like Gecko; compatible; GPTBot/1.3; +https://openai.com/gptbot)" 694 **0/694497**
74.7.241.54 - - [11/Mar/2026:05:20:54 -0700] "GET /?fileloc=/home/p8pyefaexf70/tmp/sess_e80a004a7b0926de8713de3b323ea462&path=/home/p8pyefaexf70/tmp HTTP/1.1" 200 2273 "http://www.rgardensoap.com/?path=/home/p8pyefaexf70/tmp" "Mozilla/5.0 AppleWebKit/537.36 (KHTML, like Gecko; compatible; GPTBot/1.3; +https://openai.com/gptbot)" 696 **0/696191**
74.7.227.150 - - [11/Mar/2026:05:20:55 -0700] "GET /administrator/templates/bluestork/error.php?path=//proc/self/root/usr/lib/python3.6/site-packages/pip/_vendor/html5lib/treeadapters/__pycache__ HTTP/1.1" 200 2830 "http://rgardensoap.com/administrator/templates/bluestork/error.php?path=//proc/self/root/usr/lib/python3.6/site-packages/pip/_vendor/html5lib/treeadapters" "Mozilla/5.0 AppleWebKit/537.36 (KHTML, like Gecko; compatible; GPTBot/1.3; +https://openai.com/gptbot)" 755 **0/755122**
74.7.241.54 - - [11/Mar/2026:05:20:55 -0700] "GET /?fileloc=/home/p8pyefaexf70/tmp/sess_79da6e70465d31c118aae85d943d2039&path=/home/p8pyefaexf70/tmp HTTP/1.1" 200 2273 "http://www.rgardensoap.com/?path=/home/p8pyefaexf70/tmp" "Mozilla/5.0 AppleWebKit/537.36 (KHTML, like Gecko; compatible; GPTBot/1.3; +https://openai.com/gptbot)" 572 **0/572787**
74.7.227.35 - - [11/Mar/2026:05:20:55 -0700] "GET /?path=//proc/self/root/proc/thread-self/root/usr/lib/firmware/qcom/vpu-2.0 HTTP/1.1" 200 2653 "http://mail.rgardensoap.com/?path=//proc/self/root/proc/thread-self/root/usr/lib/firmware/qcom" "Mozilla/5.0 AppleWebKit/537.36 (KHTML, like Gecko; compatible; GPTBot/1.3; +https://openai.com/gptbot)" 739 **0/739408**
74.7.241.54 - - [11/Mar/2026:05:20:56 -0700] "GET /?fileloc=/home/p8pyefaexf70/tmp/sess_e8bd0b64611651642e6908fe46bac3b8&path=/home/p8pyefaexf70/tmp HTTP/1.1" 200 2273 "http://www.rgardensoap.com/?path=/home/p8pyefaexf70/tmp" "Mozilla/5.0 AppleWebKit/537.36 (KHTML, like Gecko; compatible; GPTBot/1.3; +https://openai.com/gptbot)" 761 **0/761080**
74.7.227.150 - - [11/Mar/2026:05:20:56 -0700] "GET /administrator/templates/bluestork/error.php?path=//lib/python3.6/site-packages/tuned/plugins/instance/__pycache__ HTTP/1.1" 200 2766 "http://rgardensoap.com/administrator/templates/bluestork/error.php?path=//lib/python3.6/site-packages/tuned/plugins/instance" "Mozilla/5.0 AppleWebKit/537.36 (KHTML, like Gecko; compatible; GPTBot/1.3; +https://openai.com/gptbot)" 1045 **1/1045733**
74.7.227.35 - - [11/Mar/2026:05:20:56 -0700] "GET /?path=//proc/self/root/proc/thread-self/root/usr/lib/firmware/qcom/vpu-1.0 HTTP/1.1" 200 2676 "http://mail.rgardensoap.com/?path=//proc/self/root/proc/thread-self/root/usr/lib/firmware/qcom" "Mozilla/5.0 AppleWebKit/537.36 (KHTML, like Gecko; compatible; GPTBot/1.3; +https://openai.com/gptbot)" 921 **0/921022**
74.7.241.54 - - [11/Mar/2026:05:20:57 -0700] "GET /?fileloc=/home/p8pyefaexf70/tmp/sess_7f973bf44cb327eca1a17edb43f24d14&path=/home/p8pyefaexf70/tmp HTTP/1.1" 200 2274 "http://www.rgardensoap.com/?path=/home/p8pyefaexf70/tmp" "Mozilla/5.0 AppleWebKit/537.36 (KHTML, like Gecko; compatible; GPTBot/1.3; +https://openai.com/gptbot)" 683 **0/683712**
74.7.227.150 - - [11/Mar/2026:05:20:57 -0700] "GET /administrator/templates/bluestork/error.php?path=//proc/self/root/usr/lib/python3.6/site-packages/pip/_vendor/html5lib/treebuilders/__pycache__ HTTP/1.1" 200 2939 "http://rgardensoap.com/administrator/templates/bluestork/error.php?path=//proc/self/root/usr/lib/python3.6/site-packages/pip/_vendor/html5lib/treebuilders" "Mozilla/5.0 AppleWebKit/537.36 (KHTML, like Gecko; compatible; GPTBot/1.3; +https://openai.com/gptbot)" 607 **0/607616**
74.7.227.35 - - [11/Mar/2026:05:20:57 -0700] "GET /?path=//proc/self/root/proc/thread-self/root/usr/lib/firmware/sdca/1fa/1028 HTTP/1.1" 200 2678 "http://mail.rgardensoap.com/?path=//proc/self/root/proc/thread-self/root/usr/lib/firmware/sdca/1fa" "Mozilla/5.0 AppleWebKit/537.36 (KHTML, like Gecko; compatible; GPTBot/1.3; +https://openai.com/gptbot)" 684 **0/684806**
74.7.227.35 - - [11/Mar/2026:05:20:58 -0700] "GET /?path=//proc/self/root/proc/thread-self/root/usr/lib/firmware/arm/mali/arch10.8 HTTP/1.1" 200 2667 "http://mail.rgardensoap.com/?path=//proc/self/root/proc/thread-self/root/usr/lib/firmware/arm/mali" "Mozilla/5.0 AppleWebKit/537.36 (KHTML, like Gecko; compatible; GPTBot/1.3; +https://openai.com/gptbot)" 693 **0/693543**
74.7.241.54 - - [11/Mar/2026:05:20:58 -0700] "GET /?path=/home/p8pyefaexf70/tmp/webalizer HTTP/1.1" 200 4262 "http://www.rgardensoap.com/?path=/home/p8pyefaexf70/tmp" "Mozilla/5.0 AppleWebKit/537.36 (KHTML, like Gecko; compatible; GPTBot/1.3; +https://openai.com/gptbot)" 1475 **1/1475667**
74.7.227.150 - - [11/Mar/2026:05:20:58 -0700] "GET /administrator/templates/bluestork/error.php?path=//proc/self/root/usr/lib/python3.6/site-packages/pip/_vendor/html5lib/_trie/__pycache__ HTTP/1.1" 200 2867 "http://rgardensoap.com/administrator/templates/bluestork/error.php?path=//proc/self/root/usr/lib/python3.6/site-packages/pip/_vendor/html5lib/_trie" "Mozilla/5.0 AppleWebKit/537.36 (KHTML, like Gecko; compatible; GPTBot/1.3; +https://openai.com/gptbot)" 1408 **1/1408113**
74.7.227.35 - - [11/Mar/2026:05:20:59 -0700] "GET /?path=//proc/self/root/proc/thread-self/root/usr/lib/firmware/arm/mali/arch13.8 HTTP/1.1" 200 2667 "http://mail.rgardensoap.com/?path=//proc/self/root/proc/thread-self/root/usr/lib/firmware/arm/mali" "Mozilla/5.0 AppleWebKit/537.36 (KHTML, like Gecko; compatible; GPTBot/1.3; +https://openai.com/gptbot)" 729 **0/729208**
74.7.241.54 - - [11/Mar/2026:05:20:59 -0700] "GET /?fileloc=/home/p8pyefaexf70/etc/cacheid&path=/home/p8pyefaexf70/etc HTTP/1.1" 200 2259 "http://www.rgardensoap.com/?path=/home/p8pyefaexf70/etc" "Mozilla/5.0 AppleWebKit/537.36 (KHTML, like Gecko; compatible; GPTBot/1.3; +https://openai.com/gptbot)" 626 **0/626401**
74.7.227.150 - - [11/Mar/2026:05:20:59 -0700] "GET /administrator/templates/bluestork/error.php?path=//proc/self/root/lib/python3.6/site-packages/pip/commands/__pycache__ HTTP/1.1" 200 3231 "http://rgardensoap.com/administrator/templates/bluestork/error.php?path=//proc/self/root/lib/python3.6/site-packages/pip/commands" "Mozilla/5.0 AppleWebKit/537.36 (KHTML, like Gecko; compatible; GPTBot/1.3; +https://openai.com/gptbot)" 952 **0/952184**
74.7.227.35 - - [11/Mar/2026:05:20:59 -0700] "GET /?path=//proc/self/root/proc/thread-self/root/usr/lib/firmware/arm/mali/arch11.8 HTTP/1.1" 200 2667 "http://mail.rgardensoap.com/?path=//proc/self/root/proc/thread-self/root/usr/lib/firmware/arm/mali" "Mozilla/5.0 AppleWebKit/537.36 (KHTML, like Gecko; compatible; GPTBot/1.3; +https://openai.com/gptbot)" 698 **0/698302**
74.7.241.54 - - [11/Mar/2026:05:21:00 -0700] "GET /?fileloc=/home/p8pyefaexf70/etc/ftpquota&path=/home/p8pyefaexf70/etc HTTP/1.1" 200 2254 "http://www.rgardensoap.com/?path=/home/p8pyefaexf70/etc" "Mozilla/5.0 AppleWebKit/537.36 (KHTML, like Gecko; compatible; GPTBot/1.3; +https://openai.com/gptbot)" 1157 **1/1157793**
74.7.227.150 - - [11/Mar/2026:05:21:00 -0700] "GET /administrator/templates/bluestork/error.php?path=//usr/lib/python3.6/site-packages/tuned/utils/__pycache__ HTTP/1.1" 200 3019 "http://rgardensoap.com/administrator/templates/bluestork/error.php?path=//usr/lib/python3.6/site-packages/tuned/utils" "Mozilla/5.0 AppleWebKit/537.36 (KHTML, like Gecko; compatible; GPTBot/1.3; +https://openai.com/gptbot)" 1284 **1/1284653**
74.7.227.35 - - [11/Mar/2026:05:21:00 -0700] "GET /?path=//proc/self/root/proc/thread-self/root/usr/lib/firmware/arm/mali/arch12.8 HTTP/1.1" 200 2667 "http://mail.rgardensoap.com/?path=//proc/self/root/proc/thread-self/root/usr/lib/firmware/arm/mali" "Mozilla/5.0 AppleWebKit/537.36 (KHTML, like Gecko; compatible; GPTBot/1.3; +https://openai.com/gptbot)" 1736 **1/1736130**
74.7.241.54 - - [11/Mar/2026:05:21:01 -0700] "GET /?fileloc=//usr/share/vim/vim80/lang/menu_sk_sk.cp1250.vim&path=//usr/share/vim/vim80/lang HTTP/1.1" 200 2351 "http://www.rgardensoap.com/?path=//usr/share/vim/vim80/lang" "Mozilla/5.0 AppleWebKit/537.36 (KHTML, like Gecko; compatible; GPTBot/1.3; +https://openai.com/gptbot)" 1429 **1/1429951**
74.7.227.150 - - [11/Mar/2026:05:21:02 -0700] "GET /administrator/templates/bluestork/error.php?path=//proc/self/root/lib/python3.6/site-packages/ply/__pycache__ HTTP/1.1" 200 2923 "http://rgardensoap.com/administrator/templates/bluestork/error.php?path=//proc/self/root/lib/python3.6/site-packages/ply" "Mozilla/5.0 AppleWebKit/537.36 (KHTML, like Gecko; compatible; GPTBot/1.3; +https://openai.com/gptbot)" 734 **0/734603**
74.7.227.35 - - [11/Mar/2026:05:21:02 -0700] "GET /?path=//proc/self/root/proc/thread-self/root/usr/lib/firmware/nvidia/ad106.rpmmoved HTTP/1.1" 200 2639 "http://mail.rgardensoap.com/?path=//proc/self/root/proc/thread-self/root/usr/lib/firmware/nvidia" "Mozilla/5.0 AppleWebKit/537.36 (KHTML, like Gecko; compatible; GPTBot/1.3; +https://openai.com/gptbot)" 1028 **1/1028377**
74.7.241.54 - - [11/Mar/2026:05:21:03 -0700] "GET /?fileloc=//usr/share/vim/vim80/lang/menu_cs.cp1250.vim&path=//usr/share/vim/vim80/lang HTTP/1.1" 200 2345 "http://www.rgardensoap.com/?path=//usr/share/vim/vim80/lang" "Mozilla/5.0 AppleWebKit/537.36 (KHTML, like Gecko; compatible; GPTBot/1.3; +https://openai.com/gptbot)" 625 **0/625472**
74.7.227.150 - - [11/Mar/2026:05:21:03 -0700] "GET /administrator/templates/bluestork/error.php?path=//proc/self/root/usr/lib/python3.6/site-packages/pip/_vendor/html5lib/treewalkers/__pycache__ HTTP/1.1" 200 2983 "http://rgardensoap.com/administrator/templates/bluestork/error.php?path=//proc/self/root/usr/lib/python3.6/site-packages/pip/_vendor/html5lib/treewalkers" "Mozilla/5.0 AppleWebKit/537.36 (KHTML, like Gecko; compatible; GPTBot/1.3; +https://openai.com/gptbot)" 997 **0/997965**
74.7.227.35 - - [11/Mar/2026:05:21:03 -0700] "GET /?path=//proc/self/root/proc/thread-self/root/usr/lib/firmware/nvidia/gp102/nvdec HTTP/1.1" 200 2668 "http://mail.rgardensoap.com/?path=//proc/self/root/proc/thread-self/root/usr/lib/firmware/nvidia/gp102" "Mozilla/5.0 AppleWebKit/537.36 (KHTML, like Gecko; compatible; GPTBot/1.3; +https://openai.com/gptbot)" 858 **0/858616**
74.7.241.54 - - [11/Mar/2026:05:21:03 -0700] "GET /?fileloc=//usr/share/vim/vim80/keymap/hebrew_cp1255.vim&path=//usr/share/vim/vim80/keymap HTTP/1.1" 200 3168 "http://www.rgardensoap.com/?path=//usr/share/vim/vim80/keymap" "Mozilla/5.0 AppleWebKit/537.36 (KHTML, like Gecko; compatible; GPTBot/1.3; +https://openai.com/gptbot)" 958 **0/958379**
74.7.227.150 - - [11/Mar/2026:05:21:04 -0700] "GET /administrator/templates/bluestork/error.php?path=//usr/lib/python2.7/site-packages/pip/_vendor/html5lib/_trie HTTP/1.1" 200 2886 "http://rgardensoap.com/administrator/templates/bluestork/error.php?path=//usr/lib/python2.7/site-packages/pip/_vendor/html5lib" "Mozilla/5.0 AppleWebKit/537.36 (KHTML, like Gecko; compatible; GPTBot/1.3; +https://openai.com/gptbot)" 1048 **1/1048961**
74.7.227.35 - - [11/Mar/2026:05:21:04 -0700] "GET /?path=//proc/self/root/proc/thread-self/root/usr/lib/firmware/nvidia/gp104/nvdec HTTP/1.1" 200 2668 "http://mail.rgardensoap.com/?path=//proc/self/root/proc/thread-self/root/usr/lib/firmware/nvidia/gp104" "Mozilla/5.0 AppleWebKit/537.36 (KHTML, like Gecko; compatible; GPTBot/1.3; +https://openai.com/gptbot)" 790 **0/790388**
74.7.241.54 - - [11/Mar/2026:05:21:04 -0700] "GET /?fileloc=//usr/share/vim/vim80/keymap/croatian_cp1250.vim&path=//usr/share/vim/vim80/keymap HTTP/1.1" 200 2298 "http://www.rgardensoap.com/?path=//usr/share/vim/vim80/keymap" "Mozilla/5.0 AppleWebKit/537.36 (KHTML, like Gecko; compatible; GPTBot/1.3; +https://openai.com/gptbot)" 750 **0/750326**
74.7.227.150 - - [11/Mar/2026:05:21:05 -0700] "GET /administrator/templates/bluestork/error.php?path=//lib/python3.6/site-packages/setuptools/extern/__pycache__ HTTP/1.1" 200 2660 "http://rgardensoap.com/administrator/templates/bluestork/error.php?path=//lib/python3.6/site-packages/setuptools/extern" "Mozilla/5.0 AppleWebKit/537.36 (KHTML, like Gecko; compatible; GPTBot/1.3; +https://openai.com/gptbot)" 743 **0/743769**
74.7.241.54 - - [11/Mar/2026:05:21:05 -0700] "GET /?fileloc=//usr/share/vim/vim80/lang/menu_sk.cp1250.vim&path=//usr/share/vim/vim80/lang HTTP/1.1" 200 2348 "http://www.rgardensoap.com/?path=//usr/share/vim/vim80/lang" "Mozilla/5.0 AppleWebKit/537.36 (KHTML, like Gecko; compatible; GPTBot/1.3; +https://openai.com/gptbot)" 635 **0/635102**
74.7.227.35 - - [11/Mar/2026:05:21:05 -0700] "GET /?path=//proc/self/root/proc/thread-self/root/usr/lib/firmware/nvidia/ad103.rpmmoved HTTP/1.1" 200 2638 "http://mail.rgardensoap.com/?path=//proc/self/root/proc/thread-self/root/usr/lib/firmware/nvidia" "Mozilla/5.0 AppleWebKit/537.36 (KHTML, like Gecko; compatible; GPTBot/1.3; +https://openai.com/gptbot)" 827 **0/827684**
74.7.227.150 - - [11/Mar/2026:05:21:06 -0700] "GET /administrator/templates/bluestork/error.php?path=//usr/lib/python3.6/site-packages/tuned/units/__pycache__ HTTP/1.1" 200 2715 "http://rgardensoap.com/administrator/templates/bluestork/error.php?path=//usr/lib/python3.6/site-packages/tuned/units" "Mozilla/5.0 AppleWebKit/537.36 (KHTML, like Gecko; compatible; GPTBot/1.3; +https://openai.com/gptbot)" 777 **0/777474**
74.7.227.35 - - [11/Mar/2026:05:21:06 -0700] "GET /?path=//proc/self/root/proc/thread-self/root/usr/lib/firmware/nvidia/gp108/nvdec HTTP/1.1" 200 2668 "http://mail.rgardensoap.com/?path=//proc/self/root/proc/thread-self/root/usr/lib/firmware/nvidia/gp108" "Mozilla/5.0 AppleWebKit/537.36 (KHTML, like Gecko; compatible; GPTBot/1.3; +https://openai.com/gptbot)" 802 **0/802314**
74.7.241.54 - - [11/Mar/2026:05:21:06 -0700] "GET /?fileloc=//usr/share/vim/vim80/lang/menu_sl_si.cp1250.vim&path=//usr/share/vim/vim80/lang HTTP/1.1" 200 2298 "http://www.rgardensoap.com/?path=//usr/share/vim/vim80/lang" "Mozilla/5.0 AppleWebKit/537.36 (KHTML, like Gecko; compatible; GPTBot/1.3; +https://openai.com/gptbot)" 938 **0/938675**
74.7.227.150 - - [11/Mar/2026:05:21:07 -0700] "GET /administrator/templates/bluestork/error.php?path=//proc/thread-self/root/usr/lib/python3.6/site-packages/pyudev/_os HTTP/1.1" 200 2789 "http://rgardensoap.com/administrator/templates/bluestork/error.php?path=//proc/thread-self/root/usr/lib/python3.6/site-packages/pyudev" "Mozilla/5.0 AppleWebKit/537.36 (KHTML, like Gecko; compatible; GPTBot/1.3; +https://openai.com/gptbot)" 803 **0/803798**
74.7.241.54 - - [11/Mar/2026:05:21:07 -0700] "GET /?fileloc=//usr/share/vim/vim80/lang/menu_sk_sk.1250.vim&path=//usr/share/vim/vim80/lang HTTP/1.1" 200 2427 "http://www.rgardensoap.com/?path=//usr/share/vim/vim80/lang" "Mozilla/5.0 AppleWebKit/537.36 (KHTML, like Gecko; compatible; GPTBot/1.3; +https://openai.com/gptbot)" 680 **0/680803**
74.7.227.35 - - [11/Mar/2026:05:21:07 -0700] "GET /?path=//proc/self/root/proc/thread-self/root/usr/lib/firmware/nvidia/gp107/nvdec HTTP/1.1" 200 2668 "http://mail.rgardensoap.com/?path=//proc/self/root/proc/thread-self/root/usr/lib/firmware/nvidia/gp107" "Mozilla/5.0 AppleWebKit/537.36 (KHTML, like Gecko; compatible; GPTBot/1.3; +https://openai.com/gptbot)" 812 **0/812370**
74.7.227.150 - - [11/Mar/2026:05:21:08 -0700] "GET /administrator/templates/bluestork/error.php?path=//lib/python3.6/site-packages/pip/_vendor/chardet/cli/__pycache__ HTTP/1.1" 200 2730 "http://rgardensoap.com/administrator/templates/bluestork/error.php?path=//lib/python3.6/site-packages/pip/_vendor/chardet/cli" "Mozilla/5.0 AppleWebKit/537.36 (KHTML, like Gecko; compatible; GPTBot/1.3; +https://openai.com/gptbot)" 792 **0/792215**
74.7.241.54 - - [11/Mar/2026:05:21:08 -0700] "GET /?fileloc=//usr/share/vim/vim80/lang/menu_pl_pl.cp1250.vim&path=//usr/share/vim/vim80/lang HTTP/1.1" 200 2349 "http://www.rgardensoap.com/?path=//usr/share/vim/vim80/lang" "Mozilla/5.0 AppleWebKit/537.36 (KHTML, like Gecko; compatible; GPTBot/1.3; +https://openai.com/gptbot)" 1041 **1/1041306**
74.7.227.35 - - [11/Mar/2026:05:21:08 -0700] "GET /?path=//proc/self/root/proc/thread-self/root/usr/lib/firmware/nvidia/ad107.rpmmoved HTTP/1.1" 200 2639 "http://mail.rgardensoap.com/?path=//proc/self/root/proc/thread-self/root/usr/lib/firmware/nvidia" "Mozilla/5.0 AppleWebKit/537.36 (KHTML, like Gecko; compatible; GPTBot/1.3; +https://openai.com/gptbot)" 969 **0/969345**
74.7.227.150 - - [11/Mar/2026:05:21:09 -0700] "GET /administrator/templates/bluestork/error.php?path=//proc/self/root/usr/lib/python3.6/site-packages/pip/req/__pycache__ HTTP/1.1" 200 2899 "http://rgardensoap.com/administrator/templates/bluestork/error.php?path=//proc/self/root/usr/lib/python3.6/site-packages/pip/req" "Mozilla/5.0 AppleWebKit/537.36 (KHTML, like Gecko; compatible; GPTBot/1.3; +https://openai.com/gptbot)" 897 **0/897000**
74.7.241.54 - - [11/Mar/2026:05:21:09 -0700] "GET /?path=/home/p8pyefaexf70/tmp/webalizer/staging.rgardensoap.com HTTP/1.1" 200 2869 "http://www.rgardensoap.com/?path=/home/p8pyefaexf70/tmp/webalizer" "Mozilla/5.0 AppleWebKit/537.36 (KHTML, like Gecko; compatible; GPTBot/1.3; +https://openai.com/gptbot)" 632 **0/632541**
74.7.227.35 - - [11/Mar/2026:05:21:09 -0700] "GET /?path=//proc/self/root/proc/thread-self/root/usr/lib/firmware/nvidia/gp106/nvdec HTTP/1.1" 200 2668 "http://mail.rgardensoap.com/?path=//proc/self/root/proc/thread-self/root/usr/lib/firmware/nvidia/gp106" "Mozilla/5.0 AppleWebKit/537.36 (KHTML, like Gecko; compatible; GPTBot/1.3; +https://openai.com/gptbot)" 907 **0/907080**
74.7.241.54 - - [11/Mar/2026:05:21:10 -0700] "GET /?fileloc=/home/p8pyefaexf70/tmp/webalizer/ctry_usage_202505.png&path=/home/p8pyefaexf70/tmp/webalizer HTTP/1.1" 200 2275 "http://www.rgardensoap.com/?path=/home/p8pyefaexf70/tmp/webalizer" "Mozilla/5.0 AppleWebKit/537.36 (KHTML, like Gecko; compatible; GPTBot/1.3; +https://openai.com/gptbot)" 443 **0/443131**
74.7.227.150 - - [11/Mar/2026:05:21:10 -0700] "GET /administrator/templates/bluestork/error.php?path=//proc/thread-self/root/lib/python3.6/site-packages/tuned/__pycache__ HTTP/1.1" 200 2928 "http://rgardensoap.com/administrator/templates/bluestork/error.php?path=//proc/thread-self/root/lib/python3.6/site-packages/tuned" "Mozilla/5.0 AppleWebKit/537.36 (KHTML, like Gecko; compatible; GPTBot/1.3; +https://openai.com/gptbot)" 814 **0/814032**
74.7.241.54 - - [11/Mar/2026:05:21:11 -0700] "GET /?fileloc=/home/p8pyefaexf70/tmp/webalizer/ctry_usage_202511.png&path=/home/p8pyefaexf70/tmp/webalizer HTTP/1.1" 200 2275 "http://www.rgardensoap.com/?path=/home/p8pyefaexf70/tmp/webalizer" "Mozilla/5.0 AppleWebKit/537.36 (KHTML, like Gecko; compatible; GPTBot/1.3; +https://openai.com/gptbot)" 493 **0/493565**
74.7.227.35 - - [11/Mar/2026:05:21:10 -0700] "GET /?path=//proc/self/root/proc/thread-self/root/usr/lib/firmware/nvidia/ad104.rpmmoved HTTP/1.1" 200 2639 "http://mail.rgardensoap.com/?path=//proc/self/root/proc/thread-self/root/usr/lib/firmware/nvidia" "Mozilla/5.0 AppleWebKit/537.36 (KHTML, like Gecko; compatible; GPTBot/1.3; +https://openai.com/gptbot)" 864 **0/864686**
74.7.227.150 - - [11/Mar/2026:05:21:11 -0700] "GET /administrator/templates/bluestork/error.php?path=//proc/self/root/usr/lib/python2.7/site-packages/pip/_vendor/html5lib HTTP/1.1" 200 3356 "http://rgardensoap.com/administrator/templates/bluestork/error.php?path=//proc/self/root/usr/lib/python2.7/site-packages/pip/_vendor" "Mozilla/5.0 AppleWebKit/537.36 (KHTML, like Gecko; compatible; GPTBot/1.3; +https://openai.com/gptbot)" 825 **0/825162**
74.7.241.54 - - [11/Mar/2026:05:21:11 -0700] "GET /?fileloc=/home/p8pyefaexf70/tmp/webalizer/ctry_usage_202409.png&path=/home/p8pyefaexf70/tmp/webalizer HTTP/1.1" 200 2276 "http://www.rgardensoap.com/?path=/home/p8pyefaexf70/tmp/webalizer" "Mozilla/5.0 AppleWebKit/537.36 (KHTML, like Gecko; compatible; GPTBot/1.3; +https://openai.com/gptbot)" 436 **0/436722**
74.7.227.35 - - [11/Mar/2026:05:21:11 -0700] "GET /?path=//proc/self/root/proc/thread-self/root/usr/lib/firmware/ene-ub6250 HTTP/1.1" 200 2748 "http://mail.rgardensoap.com/?path=//proc/self/root/proc/thread-self/root/usr/lib/firmware" "Mozilla/5.0 AppleWebKit/537.36 (KHTML, like Gecko; compatible; GPTBot/1.3; +https://openai.com/gptbot)" 845 **0/845124**
74.7.241.54 - - [11/Mar/2026:05:21:12 -0700] "GET /?fileloc=/home/p8pyefaexf70/tmp/webalizer/ctry_usage_202407.png&path=/home/p8pyefaexf70/tmp/webalizer HTTP/1.1" 200 2276 "http://www.rgardensoap.com/?path=/home/p8pyefaexf70/tmp/webalizer" "Mozilla/5.0 AppleWebKit/537.36 (KHTML, like Gecko; compatible; GPTBot/1.3; +https://openai.com/gptbot)" 725 **0/725289**
74.7.227.150 - - [11/Mar/2026:05:21:12 -0700] "GET /administrator/templates/bluestork/error.php?path=//lib/python3.6/site-packages/pip/_vendor/chardet/__pycache__ HTTP/1.1" 200 4283 "http://rgardensoap.com/administrator/templates/bluestork/error.php?path=//lib/python3.6/site-packages/pip/_vendor/chardet" "Mozilla/5.0 AppleWebKit/537.36 (KHTML, like Gecko; compatible; GPTBot/1.3; +https://openai.com/gptbot)" 800 **0/800938**
74.7.241.54 - - [11/Mar/2026:05:21:13 -0700] "GET /?fileloc=/home/p8pyefaexf70/tmp/webalizer/ctry_usage_202410.png&path=/home/p8pyefaexf70/tmp/webalizer HTTP/1.1" 200 2276 "http://www.rgardensoap.com/?path=/home/p8pyefaexf70/tmp/webalizer" "Mozilla/5.0 AppleWebKit/537.36 (KHTML, like Gecko; compatible; GPTBot/1.3; +https://openai.com/gptbot)" 316 **0/316453**
74.7.227.150 - - [11/Mar/2026:05:21:12 -0700] "GET /administrator/templates/bluestork/error.php?path=//proc/self/root/usr/lib/python3.6/site-packages/tuned/units/__pycache__ HTTP/1.1" 200 2744 "http://rgardensoap.com/administrator/templates/bluestork/error.php?path=//proc/self/root/usr/lib/python3.6/site-packages/tuned/units" "Mozilla/5.0 AppleWebKit/537.36 (KHTML, like Gecko; compatible; GPTBot/1.3; +https://openai.com/gptbot)" 517 **0/517177**
74.7.227.35 - - [11/Mar/2026:05:21:12 -0700] "GET /?fileloc=//proc/self/root/proc/thread-self/root/usr/lib/firmware/arm/mali/arch12.8/mali_csffw.bin&path=//proc/self/root/proc/thread-self/root/usr/lib/firmware/arm/mali/arch12.8 HTTP/1.1" 200 2356 "http://mail.rgardensoap.com/?path=//proc/self/root/proc/thread-self/root/usr/lib/firmware/arm/mali/arch12.8" "Mozilla/5.0 AppleWebKit/537.36 (KHTML, like Gecko; compatible; GPTBot/1.3; +https://openai.com/gptbot)" 797 **0/797096**
74.7.241.54 - - [11/Mar/2026:05:21:13 -0700] "GET /?fileloc=/home/p8pyefaexf70/tmp/webalizer/ctry_usage_202512.png&path=/home/p8pyefaexf70/tmp/webalizer HTTP/1.1" 200 2275 "http://www.rgardensoap.com/?path=/home/p8pyefaexf70/tmp/webalizer" "Mozilla/5.0 AppleWebKit/537.36 (KHTML, like Gecko; compatible; GPTBot/1.3; +https://openai.com/gptbot)" 429 **0/429654**
74.7.227.150 - - [11/Mar/2026:05:21:13 -0700] "GET /administrator/templates/bluestork/error.php?path=//usr/lib/python3.6/site-packages/pip/_vendor/progress/__pycache__ HTTP/1.1" 200 2877 "http://rgardensoap.com/administrator/templates/bluestork/error.php?path=//usr/lib/python3.6/site-packages/pip/_vendor/progress" "Mozilla/5.0 AppleWebKit/537.36 (KHTML, like Gecko; compatible; GPTBot/1.3; +https://openai.com/gptbot)" 617 **0/617327**
74.7.227.35 - - [11/Mar/2026:05:21:13 -0700] "GET /?path=//proc/self/root/proc/thread-self/root/usr/lib/firmware/nvidia/ad106.rpmmoved/gsp HTTP/1.1" 200 2927 "http://mail.rgardensoap.com/?path=//proc/self/root/proc/thread-self/root/usr/lib/firmware/nvidia/ad106.rpmmoved" "Mozilla/5.0 AppleWebKit/537.36 (KHTML, like Gecko; compatible; GPTBot/1.3; +https://openai.com/gptbot)" 655 **0/655520**
74.7.241.54 - - [11/Mar/2026:05:21:14 -0700] "GET /?fileloc=/home/p8pyefaexf70/tmp/webalizer/ctry_usage_202412.png&path=/home/p8pyefaexf70/tmp/webalizer HTTP/1.1" 200 2276 "http://www.rgardensoap.com/?path=/home/p8pyefaexf70/tmp/webalizer" "Mozilla/5.0 AppleWebKit/537.36 (KHTML, like Gecko; compatible; GPTBot/1.3; +https://openai.com/gptbot)" 373 **0/373610**
74.7.227.150 - - [11/Mar/2026:05:21:14 -0700] "GET /administrator/templates/bluestork/error.php?path=//proc/self/root/lib/python3.6/site-packages/idna/__pycache__ HTTP/1.1" 200 2972 "http://rgardensoap.com/administrator/templates/bluestork/error.php?path=//proc/self/root/lib/python3.6/site-packages/idna" "Mozilla/5.0 AppleWebKit/537.36 (KHTML, like Gecko; compatible; GPTBot/1.3; +https://openai.com/gptbot)" 700 **0/700214**
74.7.227.35 - - [11/Mar/2026:05:21:14 -0700] "GET /?path=//proc/self/root/proc/thread-self/root/usr/lib/debug/lib HTTP/1.1" 200 2368 "http://mail.rgardensoap.com/?path=//proc/self/root/proc/thread-self/root/usr/lib/debug" "Mozilla/5.0 AppleWebKit/537.36 (KHTML, like Gecko; compatible; GPTBot/1.3; +https://openai.com/gptbot)" 757 **0/757848**
74.7.241.54 - - [11/Mar/2026:05:21:14 -0700] "GET /?fileloc=/home/p8pyefaexf70/tmp/webalizer/ctry_usage_202506.png&path=/home/p8pyefaexf70/tmp/webalizer HTTP/1.1" 200 2275 "http://www.rgardensoap.com/?path=/home/p8pyefaexf70/tmp/webalizer" "Mozilla/5.0 AppleWebKit/537.36 (KHTML, like Gecko; compatible; GPTBot/1.3; +https://openai.com/gptbot)" 585 **0/585790**
74.7.227.150 - - [11/Mar/2026:05:21:15 -0700] "GET /administrator/templates/bluestork/error.php?path=//usr/lib/python3.6/site-packages/setuptools/_vendor/__pycache__ HTTP/1.1" 200 2774 "http://rgardensoap.com/administrator/templates/bluestork/error.php?path=//usr/lib/python3.6/site-packages/setuptools/_vendor" "Mozilla/5.0 AppleWebKit/537.36 (KHTML, like Gecko; compatible; GPTBot/1.3; +https://openai.com/gptbot)" 744 **0/744650**
74.7.241.54 - - [11/Mar/2026:05:21:15 -0700] "GET /?fileloc=/home/p8pyefaexf70/tmp/webalizer/ctry_usage_202406.png&path=/home/p8pyefaexf70/tmp/webalizer HTTP/1.1" 200 2276 "http://www.rgardensoap.com/?path=/home/p8pyefaexf70/tmp/webalizer" "Mozilla/5.0 AppleWebKit/537.36 (KHTML, like Gecko; compatible; GPTBot/1.3; +https://openai.com/gptbot)" 446 **0/446821**
74.7.227.35 - - [11/Mar/2026:05:21:15 -0700] "GET /?path=//proc/self/root/proc/thread-self/root/usr/lib/debug/sbin HTTP/1.1" 200 2375 "http://mail.rgardensoap.com/?path=//proc/self/root/proc/thread-self/root/usr/lib/debug" "Mozilla/5.0 AppleWebKit/537.36 (KHTML, like Gecko; compatible; GPTBot/1.3; +https://openai.com/gptbot)" 586 **0/586859**
74.7.241.54 - - [11/Mar/2026:05:21:16 -0700] "GET /?fileloc=/home/p8pyefaexf70/tmp/webalizer/ctry_usage_202509.png&path=/home/p8pyefaexf70/tmp/webalizer HTTP/1.1" 200 2275 "http://www.rgardensoap.com/?path=/home/p8pyefaexf70/tmp/webalizer" "Mozilla/5.0 AppleWebKit/537.36 (KHTML, like Gecko; compatible; GPTBot/1.3; +https://openai.com/gptbot)" 488 **0/488386**
74.7.227.150 - - [11/Mar/2026:05:21:16 -0700] "GET /administrator/templates/bluestork/error.php?path=//proc/thread-self/root/usr/lib/python3.6/site-packages/isc/__pycache__ HTTP/1.1" 200 3289 "http://rgardensoap.com/administrator/templates/bluestork/error.php?path=//proc/thread-self/root/usr/lib/python3.6/site-packages/isc" "Mozilla/5.0 AppleWebKit/537.36 (KHTML, like Gecko; compatible; GPTBot/1.3; +https://openai.com/gptbot)" 651 **0/651214**
74.7.227.35 - - [11/Mar/2026:05:21:16 -0700] "GET /?path=//proc/self/root/proc/thread-self/root/usr/lib/firmware/nvidia/ad103.rpmmoved/gsp HTTP/1.1" 200 2927 "http://mail.rgardensoap.com/?path=//proc/self/root/proc/thread-self/root/usr/lib/firmware/nvidia/ad103.rpmmoved" "Mozilla/5.0 AppleWebKit/537.36 (KHTML, like Gecko; compatible; GPTBot/1.3; +https://openai.com/gptbot)" 687 **0/687715**
74.7.241.54 - - [11/Mar/2026:05:21:16 -0700] "GET /?fileloc=/home/p8pyefaexf70/tmp/webalizer/staging.rgardensoap.com/usage_202508.html&path=/home/p8pyefaexf70/tmp/webalizer/staging.rgardensoap.com HTTP/1.1" 200 6987 "http://www.rgardensoap.com/?path=/home/p8pyefaexf70/tmp/webalizer/staging.rgardensoap.com" "Mozilla/5.0 AppleWebKit/537.36 (KHTML, like Gecko; compatible; GPTBot/1.3; +https://openai.com/gptbot)" 537 **0/537958**
74.7.227.150 - - [11/Mar/2026:05:21:16 -0700] "GET /administrator/templates/bluestork/error.php?path=//proc/self/root/lib/python3.6/site-packages/isc/__pycache__ HTTP/1.1" 200 3274 "http://rgardensoap.com/administrator/templates/bluestork/error.php?path=//proc/self/root/lib/python3.6/site-packages/isc" "Mozilla/5.0 AppleWebKit/537.36 (KHTML, like Gecko; compatible; GPTBot/1.3; +https://openai.com/gptbot)" 540 **0/540946**
74.7.227.35 - - [11/Mar/2026:05:21:17 -0700] "GET /?path=//proc/self/root/proc/thread-self/root/usr/lib/debug/usr HTTP/1.1" 200 2698 "http://mail.rgardensoap.com/?path=//proc/self/root/proc/thread-self/root/usr/lib/debug" "Mozilla/5.0 AppleWebKit/537.36 (KHTML, like Gecko; compatible; GPTBot/1.3; +https://openai.com/gptbot)" 585 **0/585727**
74.7.241.54 - - [11/Mar/2026:05:21:17 -0700] "GET /?fileloc=/home/p8pyefaexf70/tmp/webalizer/ctry_usage_202508.png&path=/home/p8pyefaexf70/tmp/webalizer HTTP/1.1" 200 2275 "http://www.rgardensoap.com/?path=/home/p8pyefaexf70/tmp/webalizer" "Mozilla/5.0 AppleWebKit/537.36 (KHTML, like Gecko; compatible; GPTBot/1.3; +https://openai.com/gptbot)" 419 **0/419506**
74.7.227.150 - - [11/Mar/2026:05:21:17 -0700] "GET /administrator/templates/bluestork/error.php?path=//lib/python3.6/site-packages/pip/_vendor/colorama/__pycache__ HTTP/1.1" 200 2912 "http://rgardensoap.com/administrator/templates/bluestork/error.php?path=//lib/python3.6/site-packages/pip/_vendor/colorama" "Mozilla/5.0 AppleWebKit/537.36 (KHTML, like Gecko; compatible; GPTBot/1.3; +https://openai.com/gptbot)" 840 **0/840666**
74.7.241.54 - - [11/Mar/2026:05:21:17 -0700] "GET /?fileloc=/home/p8pyefaexf70/tmp/webalizer/ctry_usage_202602.png&path=/home/p8pyefaexf70/tmp/webalizer HTTP/1.1" 200 2276 "http://www.rgardensoap.com/?path=/home/p8pyefaexf70/tmp/webalizer" "Mozilla/5.0 AppleWebKit/537.36 (KHTML, like Gecko; compatible; GPTBot/1.3; +https://openai.com/gptbot)" 516 **0/516740**
74.7.227.35 - - [11/Mar/2026:05:21:17 -0700] "GET /?path=//proc/self/root/proc/thread-self/root/usr/lib/debug/bin HTTP/1.1" 200 2373 "http://mail.rgardensoap.com/?path=//proc/self/root/proc/thread-self/root/usr/lib/debug" "Mozilla/5.0 AppleWebKit/537.36 (KHTML, like Gecko; compatible; GPTBot/1.3; +https://openai.com/gptbot)" 851 **0/851873**
74.7.241.54 - - [11/Mar/2026:05:21:18 -0700] "GET /?fileloc=/home/p8pyefaexf70/tmp/webalizer/ctry_usage_202601.png&path=/home/p8pyefaexf70/tmp/webalizer HTTP/1.1" 200 2276 "http://www.rgardensoap.com/?path=/home/p8pyefaexf70/tmp/webalizer" "Mozilla/5.0 AppleWebKit/537.36 (KHTML, like Gecko; compatible; GPTBot/1.3; +https://openai.com/gptbot)" 427 **0/427998**
74.7.227.150 - - [11/Mar/2026:05:21:18 -0700] "GET /administrator/templates/bluestork/error.php?path=//proc/self/root/lib/python3.6/site-packages/tuned/hardware/__pycache__ HTTP/1.1" 200 2852 "http://rgardensoap.com/administrator/templates/bluestork/error.php?path=//proc/self/root/lib/python3.6/site-packages/tuned/hardware" "Mozilla/5.0 AppleWebKit/537.36 (KHTML, like Gecko; compatible; GPTBot/1.3; +https://openai.com/gptbot)" 834 **0/834882**
74.7.227.35 - - [11/Mar/2026:05:21:18 -0700] "GET /?path=//proc/self/root/proc/thread-self/root/usr/lib/firmware/nvidia/ad107.rpmmoved/gsp HTTP/1.1" 200 2927 "http://mail.rgardensoap.com/?path=//proc/self/root/proc/thread-self/root/usr/lib/firmware/nvidia/ad107.rpmmoved" "Mozilla/5.0 AppleWebKit/537.36 (KHTML, like Gecko; compatible; GPTBot/1.3; +https://openai.com/gptbot)" 564 **0/564165**
74.7.241.54 - - [11/Mar/2026:05:21:19 -0700] "GET /?fileloc=/home/p8pyefaexf70/tmp/webalizer/ctry_usage_202405.png&path=/home/p8pyefaexf70/tmp/webalizer HTTP/1.1" 200 2276 "http://www.rgardensoap.com/?path=/home/p8pyefaexf70/tmp/webalizer" "Mozilla/5.0 AppleWebKit/537.36 (KHTML, like Gecko; compatible; GPTBot/1.3; +https://openai.com/gptbot)" 411 **0/411780**
74.7.227.150 - - [11/Mar/2026:05:21:19 -0700] "GET /administrator/templates/bluestork/error.php?path=//proc/thread-self/root/usr/lib/python3.6/site-packages/pip/__pycache__ HTTP/1.1" 200 3242 "http://rgardensoap.com/administrator/templates/bluestork/error.php?path=//proc/thread-self/root/usr/lib/python3.6/site-packages/pip" "Mozilla/5.0 AppleWebKit/537.36 (KHTML, like Gecko; compatible; GPTBot/1.3; +https://openai.com/gptbot)" 650 **0/650658**
74.7.241.54 - - [11/Mar/2026:05:21:19 -0700] "GET /?fileloc=/home/p8pyefaexf70/tmp/webalizer/ctry_usage_202503.png&path=/home/p8pyefaexf70/tmp/webalizer HTTP/1.1" 200 2275 "http://www.rgardensoap.com/?path=/home/p8pyefaexf70/tmp/webalizer" "Mozilla/5.0 AppleWebKit/537.36 (KHTML, like Gecko; compatible; GPTBot/1.3; +https://openai.com/gptbot)" 375 **0/375582**
74.7.227.35 - - [11/Mar/2026:05:21:19 -0700] "GET /?path=//proc/self/root/proc/thread-self/root/usr/lib/modprobe.d HTTP/1.1" 200 2674 "http://mail.rgardensoap.com/?path=//proc/self/root/proc/thread-self/root/usr/lib" "Mozilla/5.0 AppleWebKit/537.36 (KHTML, like Gecko; compatible; GPTBot/1.3; +https://openai.com/gptbot)" 782 **0/782657**
74.7.241.54 - - [11/Mar/2026:05:21:20 -0700] "GET /?fileloc=/home/p8pyefaexf70/tmp/webalizer/ctry_usage_202507.png&path=/home/p8pyefaexf70/tmp/webalizer HTTP/1.1" 200 2275 "http://www.rgardensoap.com/?path=/home/p8pyefaexf70/tmp/webalizer" "Mozilla/5.0 AppleWebKit/537.36 (KHTML, like Gecko; compatible; GPTBot/1.3; +https://openai.com/gptbot)" 464 **0/464833**
