74.7.241.54 - - [11/Mar/2026:05:30:03 -0700] "GET /fizzy-bath-bombs.html?path=//opt/alt/php82/usr/include/php/ext/filter HTTP/1.1" 200 2620 "http://www.rgardensoap.com/fizzy-bath-bombs.html?path=//opt/alt/php82/usr/include/php/ext" "Mozilla/5.0 AppleWebKit/537.36 (KHTML, like Gecko; compatible; GPTBot/1.3; +https://openai.com/gptbot)" 1405 **1/1405360**
74.7.227.150 - - [11/Mar/2026:05:30:03 -0700] "GET /blog/?fileloc=//proc/sys/net/ipv4/conf/default/force_igmp_version&path=//proc/sys/net/ipv4/conf/default HTTP/1.1" 200 2302 "http://rgardensoap.com/blog/?path=//proc/sys/net/ipv4/conf/default" "Mozilla/5.0 AppleWebKit/537.36 (KHTML, like Gecko; compatible; GPTBot/1.3; +https://openai.com/gptbot)" 1376 **1/1376860**
74.7.227.35 - - [11/Mar/2026:05:30:04 -0700] "GET /?fileloc=//proc/self/root/proc/thread-self/root/proc/thread-self/cwd/.well-known/apple-developer-merchantid-domain-association&path=//proc/self/root/proc/thread-self/root/proc/thread-self/cwd/.well-known HTTP/1.1" 200 4380 "http://mail.rgardensoap.com/?path=//proc/self/root/proc/thread-self/root/proc/thread-self/cwd/.well-known" "Mozilla/5.0 AppleWebKit/537.36 (KHTML, like Gecko; compatible; GPTBot/1.3; +https://openai.com/gptbot)" 1398 **1/1398048**
74.7.241.54 - - [11/Mar/2026:05:30:05 -0700] "GET /fizzy-bath-bombs.html?fileloc=//opt/alt/php80/usr/include/php/ext/standard/streamsfuncs.h&path=//opt/alt/php80/usr/include/php/ext/standard HTTP/1.1" 200 2712 "http://www.rgardensoap.com/fizzy-bath-bombs.html?path=//opt/alt/php80/usr/include/php/ext/standard" "Mozilla/5.0 AppleWebKit/537.36 (KHTML, like Gecko; compatible; GPTBot/1.3; +https://openai.com/gptbot)" 945 **0/945843**
74.7.227.150 - - [11/Mar/2026:05:30:05 -0700] "GET /blog/?fileloc=//proc/sys/net/ipv4/conf/default/bc_forwarding&path=//proc/sys/net/ipv4/conf/default HTTP/1.1" 200 2300 "http://rgardensoap.com/blog/?path=//proc/sys/net/ipv4/conf/default" "Mozilla/5.0 AppleWebKit/537.36 (KHTML, like Gecko; compatible; GPTBot/1.3; +https://openai.com/gptbot)" 828 **0/828556**
74.7.241.54 - - [11/Mar/2026:05:30:06 -0700] "GET /fizzy-bath-bombs.html?fileloc=//opt/alt/php82/usr/include/php/ext/standard/streamsfuncs.h&path=//opt/alt/php82/usr/include/php/ext/standard HTTP/1.1" 200 2709 "http://www.rgardensoap.com/fizzy-bath-bombs.html?path=//opt/alt/php82/usr/include/php/ext/standard" "Mozilla/5.0 AppleWebKit/537.36 (KHTML, like Gecko; compatible; GPTBot/1.3; +https://openai.com/gptbot)" 783 **0/783915**
74.7.227.35 - - [11/Mar/2026:05:30:06 -0700] "GET /?fileloc=//proc/self/root/proc/thread-self/root/proc/thread-self/root/sbin/proxyexec&path=//proc/self/root/proc/thread-self/root/proc/thread-self/root/sbin HTTP/1.1" 200 2308 "http://mail.rgardensoap.com/?path=//proc/self/root/proc/thread-self/root/proc/thread-self/root/sbin" "Mozilla/5.0 AppleWebKit/537.36 (KHTML, like Gecko; compatible; GPTBot/1.3; +https://openai.com/gptbot)" 1009 **1/1009191**
74.7.227.150 - - [11/Mar/2026:05:30:06 -0700] "GET /blog?fileloc=//proc/sys/net/ipv4/conf/lo/igmpv3_unsolicited_report_interval&path=//proc/sys/net/ipv4/conf/lo HTTP/1.1" 200 2317 "http://rgardensoap.com/blog?path=//proc/sys/net/ipv4/conf/lo" "Mozilla/5.0 AppleWebKit/537.36 (KHTML, like Gecko; compatible; GPTBot/1.3; +https://openai.com/gptbot)" 1009 **1/1009616**
74.7.241.54 - - [11/Mar/2026:05:30:07 -0700] "GET /fizzy-bath-bombs.html?fileloc=//opt/alt/php70/usr/include/php/ext/standard/streamsfuncs.h&path=//opt/alt/php70/usr/include/php/ext/standard HTTP/1.1" 200 3117 "http://www.rgardensoap.com/fizzy-bath-bombs.html?path=//opt/alt/php70/usr/include/php/ext/standard" "Mozilla/5.0 AppleWebKit/537.36 (KHTML, like Gecko; compatible; GPTBot/1.3; +https://openai.com/gptbot)" 934 **0/934697**
74.7.227.35 - - [11/Mar/2026:05:30:07 -0700] "GET /?fileloc=//proc/self/root/proc/thread-self/root/proc/thread-self/root/sbin/dnssec-keyfromlabel&path=//proc/self/root/proc/thread-self/root/proc/thread-self/root/sbin HTTP/1.1" 200 2314 "http://mail.rgardensoap.com/?path=//proc/self/root/proc/thread-self/root/proc/thread-self/root/sbin" "Mozilla/5.0 AppleWebKit/537.36 (KHTML, like Gecko; compatible; GPTBot/1.3; +https://openai.com/gptbot)" 993 **0/993531**
74.7.227.150 - - [11/Mar/2026:05:30:07 -0700] "GET /blog?fileloc=//proc/sys/net/ipv6/neigh/default/gc_stale_time&path=//proc/sys/net/ipv6/neigh/default HTTP/1.1" 200 2306 "http://rgardensoap.com/blog?path=//proc/sys/net/ipv6/neigh/default" "Mozilla/5.0 AppleWebKit/537.36 (KHTML, like Gecko; compatible; GPTBot/1.3; +https://openai.com/gptbot)" 1850 **1/1850326**
74.7.227.35 - - [11/Mar/2026:05:30:08 -0700] "GET /?fileloc=//proc/self/root/proc/thread-self/root/proc/thread-self/root/sbin/ddns-confgen&path=//proc/self/root/proc/thread-self/root/proc/thread-self/root/sbin HTTP/1.1" 200 2310 "http://mail.rgardensoap.com/?path=//proc/self/root/proc/thread-self/root/proc/thread-self/root/sbin" "Mozilla/5.0 AppleWebKit/537.36 (KHTML, like Gecko; compatible; GPTBot/1.3; +https://openai.com/gptbot)" 1101 **1/1101529**
74.7.241.54 - - [11/Mar/2026:05:30:08 -0700] "GET /fizzy-bath-bombs.html?fileloc=//opt/alt/php83/usr/include/php/ext/standard/streamsfuncs.h&path=//opt/alt/php83/usr/include/php/ext/standard HTTP/1.1" 200 2710 "http://www.rgardensoap.com/fizzy-bath-bombs.html?path=//opt/alt/php83/usr/include/php/ext/standard" "Mozilla/5.0 AppleWebKit/537.36 (KHTML, like Gecko; compatible; GPTBot/1.3; +https://openai.com/gptbot)" 1741 **1/1741615**
74.7.227.35 - - [11/Mar/2026:05:30:09 -0700] "GET /?fileloc=//proc/self/root/proc/thread-self/root/proc/thread-self/root/sbin/cloudlinux-selector&path=//proc/self/root/proc/thread-self/root/proc/thread-self/root/sbin HTTP/1.1" 200 2646 "http://mail.rgardensoap.com/?path=//proc/self/root/proc/thread-self/root/proc/thread-self/root/sbin" "Mozilla/5.0 AppleWebKit/537.36 (KHTML, like Gecko; compatible; GPTBot/1.3; +https://openai.com/gptbot)" 989 **0/989731**
74.7.227.150 - - [11/Mar/2026:05:30:09 -0700] "GET /blog?fileloc=//proc/sys/net/ipv6/conf/all/mldv1_unsolicited_report_interval&path=//proc/sys/net/ipv6/conf/all HTTP/1.1" 200 2317 "http://rgardensoap.com/blog?path=//proc/sys/net/ipv6/conf/all" "Mozilla/5.0 AppleWebKit/537.36 (KHTML, like Gecko; compatible; GPTBot/1.3; +https://openai.com/gptbot)" 1268 **1/1268328**
74.7.241.54 - - [11/Mar/2026:05:30:10 -0700] "GET /fizzy-bath-bombs.html?fileloc=//opt/alt/php56/usr/include/php/ext/standard/streamsfuncs.h&path=//opt/alt/php56/usr/include/php/ext/standard HTTP/1.1" 200 3116 "http://www.rgardensoap.com/fizzy-bath-bombs.html?path=//opt/alt/php56/usr/include/php/ext/standard" "Mozilla/5.0 AppleWebKit/537.36 (KHTML, like Gecko; compatible; GPTBot/1.3; +https://openai.com/gptbot)" 785 **0/785271**
74.7.227.35 - - [11/Mar/2026:05:30:10 -0700] "GET /?fileloc=//proc/self/root/proc/thread-self/root/proc/thread-self/root/sbin/pam_console_apply&path=//proc/self/root/proc/thread-self/root/proc/thread-self/root/sbin HTTP/1.1" 200 2313 "http://mail.rgardensoap.com/?path=//proc/self/root/proc/thread-self/root/proc/thread-self/root/sbin" "Mozilla/5.0 AppleWebKit/537.36 (KHTML, like Gecko; compatible; GPTBot/1.3; +https://openai.com/gptbot)" 635 **0/635670**
74.7.227.150 - - [11/Mar/2026:05:30:11 -0700] "GET /blog?fileloc=//proc/sys/net/ipv6/conf/default/force_mld_version&path=//proc/sys/net/ipv6/conf/default HTTP/1.1" 200 2301 "http://rgardensoap.com/blog?path=//proc/sys/net/ipv6/conf/default" "Mozilla/5.0 AppleWebKit/537.36 (KHTML, like Gecko; compatible; GPTBot/1.3; +https://openai.com/gptbot)" 603 **0/603668**
74.7.241.54 - - [11/Mar/2026:05:30:11 -0700] "GET /fizzy-bath-bombs.html?fileloc=//opt/alt/php81/usr/include/php/ext/standard/streamsfuncs.h&path=//opt/alt/php81/usr/include/php/ext/standard HTTP/1.1" 200 2709 "http://www.rgardensoap.com/fizzy-bath-bombs.html?path=//opt/alt/php81/usr/include/php/ext/standard" "Mozilla/5.0 AppleWebKit/537.36 (KHTML, like Gecko; compatible; GPTBot/1.3; +https://openai.com/gptbot)" 988 **0/988489**
74.7.227.35 - - [11/Mar/2026:05:30:11 -0700] "GET /?fileloc=//proc/self/root/proc/thread-self/root/proc/thread-self/root/sbin/cagefs_enter_site&path=//proc/self/root/proc/thread-self/root/proc/thread-self/root/sbin HTTP/1.1" 200 3150 "http://mail.rgardensoap.com/?path=//proc/self/root/proc/thread-self/root/proc/thread-self/root/sbin" "Mozilla/5.0 AppleWebKit/537.36 (KHTML, like Gecko; compatible; GPTBot/1.3; +https://openai.com/gptbot)" 1045 **1/1045479**
74.7.227.150 - - [11/Mar/2026:05:30:11 -0700] "GET /blog?fileloc=//proc/sys/net/ipv6/neigh/default/mcast_solicit&path=//proc/sys/net/ipv6/neigh/default HTTP/1.1" 200 2304 "http://rgardensoap.com/blog?path=//proc/sys/net/ipv6/neigh/default" "Mozilla/5.0 AppleWebKit/537.36 (KHTML, like Gecko; compatible; GPTBot/1.3; +https://openai.com/gptbot)" 1086 **1/1086498**
74.7.227.35 - - [11/Mar/2026:05:30:12 -0700] "GET /?path=//proc/self/root/proc/thread-self/root/proc/thread-self/root/proc/thread-self/attr HTTP/1.1" 200 2771 "http://mail.rgardensoap.com/?path=//proc/self/root/proc/thread-self/root/proc/thread-self/root/proc/thread-self" "Mozilla/5.0 AppleWebKit/537.36 (KHTML, like Gecko; compatible; GPTBot/1.3; +https://openai.com/gptbot)" 683 **0/683918**
74.7.241.54 - - [11/Mar/2026:05:30:12 -0700] "GET /fizzy-bath-bombs.html?path=//opt/alt/php81/usr/include/php/ext/swoole/ext-src HTTP/1.1" 200 3155 "http://www.rgardensoap.com/fizzy-bath-bombs.html?path=//opt/alt/php81/usr/include/php/ext/swoole" "Mozilla/5.0 AppleWebKit/537.36 (KHTML, like Gecko; compatible; GPTBot/1.3; +https://openai.com/gptbot)" 1233 **1/1233347**
74.7.227.150 - - [11/Mar/2026:05:30:12 -0700] "GET /blog?fileloc=//proc/sys/net/ipv4/conf/default/bc_forwarding&path=//proc/sys/net/ipv4/conf/default HTTP/1.1" 200 2300 "http://rgardensoap.com/blog?path=//proc/sys/net/ipv4/conf/default" "Mozilla/5.0 AppleWebKit/537.36 (KHTML, like Gecko; compatible; GPTBot/1.3; +https://openai.com/gptbot)" 1186 **1/1186443**
74.7.241.54 - - [11/Mar/2026:05:30:13 -0700] "GET /fizzy-bath-bombs.html?path=//opt/alt/php80/usr/include/php/ext/swoole/ext-src HTTP/1.1" 200 3155 "http://www.rgardensoap.com/fizzy-bath-bombs.html?path=//opt/alt/php80/usr/include/php/ext/swoole" "Mozilla/5.0 AppleWebKit/537.36 (KHTML, like Gecko; compatible; GPTBot/1.3; +https://openai.com/gptbot)" 977 **0/977953**
74.7.227.35 - - [11/Mar/2026:05:30:13 -0700] "GET /?path=//proc/self/root/proc/thread-self/root/proc/thread-self/root/proc/thread-self/root HTTP/1.1" 200 2986 "http://mail.rgardensoap.com/?path=//proc/self/root/proc/thread-self/root/proc/thread-self/root/proc/thread-self" "Mozilla/5.0 AppleWebKit/537.36 (KHTML, like Gecko; compatible; GPTBot/1.3; +https://openai.com/gptbot)" 1219 **1/1219753**
74.7.227.150 - - [11/Mar/2026:05:30:14 -0700] "GET /blog?fileloc=//proc/sys/net/ipv6/neigh/default/unres_qlen&path=//proc/sys/net/ipv6/neigh/default HTTP/1.1" 200 2303 "http://rgardensoap.com/blog?path=//proc/sys/net/ipv6/neigh/default" "Mozilla/5.0 AppleWebKit/537.36 (KHTML, like Gecko; compatible; GPTBot/1.3; +https://openai.com/gptbot)" 950 **0/950383**
74.7.241.54 - - [11/Mar/2026:05:30:14 -0700] "GET /fizzy-bath-bombs.html?path=//opt/alt/php83/usr/include/php/ext/swoole/ext-src HTTP/1.1" 200 3176 "http://www.rgardensoap.com/fizzy-bath-bombs.html?path=//opt/alt/php83/usr/include/php/ext/swoole" "Mozilla/5.0 AppleWebKit/537.36 (KHTML, like Gecko; compatible; GPTBot/1.3; +https://openai.com/gptbot)" 871 **0/871795**
74.7.227.35 - - [11/Mar/2026:05:30:15 -0700] "GET /?path=//proc/self/root/proc/thread-self/root/proc/thread-self/root/proc/thread-self/fdinfo HTTP/1.1" 200 2724 "http://mail.rgardensoap.com/?path=//proc/self/root/proc/thread-self/root/proc/thread-self/root/proc/thread-self" "Mozilla/5.0 AppleWebKit/537.36 (KHTML, like Gecko; compatible; GPTBot/1.3; +https://openai.com/gptbot)" 845 **0/845117**
74.7.241.54 - - [11/Mar/2026:05:30:15 -0700] "GET /fizzy-bath-bombs.html?path=//opt/alt/php82/usr/include/php/ext/swoole/ext-src HTTP/1.1" 200 3155 "http://www.rgardensoap.com/fizzy-bath-bombs.html?path=//opt/alt/php82/usr/include/php/ext/swoole" "Mozilla/5.0 AppleWebKit/537.36 (KHTML, like Gecko; compatible; GPTBot/1.3; +https://openai.com/gptbot)" 1074 **1/1074947**
74.7.227.150 - - [11/Mar/2026:05:30:15 -0700] "GET /blog/?fileloc=//proc/sys/net/ipv4/conf/lo/igmpv3_unsolicited_report_interval&path=//proc/sys/net/ipv4/conf/lo HTTP/1.1" 200 2317 "http://rgardensoap.com/blog/?path=//proc/sys/net/ipv4/conf/lo" "Mozilla/5.0 AppleWebKit/537.36 (KHTML, like Gecko; compatible; GPTBot/1.3; +https://openai.com/gptbot)" 1576 **1/1576882**
74.7.227.35 - - [11/Mar/2026:05:30:16 -0700] "GET /?path=//proc/self/root/proc/thread-self/root/proc/thread-self/root/proc/thread-self/cwd HTTP/1.1" 200 3900 "http://mail.rgardensoap.com/?path=//proc/self/root/proc/thread-self/root/proc/thread-self/root/proc/thread-self" "Mozilla/5.0 AppleWebKit/537.36 (KHTML, like Gecko; compatible; GPTBot/1.3; +https://openai.com/gptbot)" 1073 **1/1073612**
74.7.227.150 - - [11/Mar/2026:05:30:17 -0700] "GET /administrator/templates/bluestork/error.php?path=//proc/thread-self/root/usr/lib64/python3.6/site-packages/cryptography/hazmat/primitives/twofactor HTTP/1.1" 200 2857 "http://rgardensoap.com/administrator/templates/bluestork/error.php?path=//proc/thread-self/root/usr/lib64/python3.6/site-packages/cryptography/hazmat/primitives" "Mozilla/5.0 AppleWebKit/537.36 (KHTML, like Gecko; compatible; GPTBot/1.3; +https://openai.com/gptbot)" 1128 **1/1128164**
74.7.241.54 - - [11/Mar/2026:05:30:17 -0700] "GET /fizzy-bath-bombs.html?path=//opt/alt/php71/usr HTTP/1.1" 200 2662 "http://www.rgardensoap.com/fizzy-bath-bombs.html?path=//opt/alt/php71" "Mozilla/5.0 AppleWebKit/537.36 (KHTML, like Gecko; compatible; GPTBot/1.3; +https://openai.com/gptbot)" 1242 **1/1242297**
74.7.227.35 - - [11/Mar/2026:05:30:17 -0700] "GET /?fileloc=//proc/self/root/proc/thread-self/root/proc/thread-self/root/sbin/named-compilezone&path=//proc/self/root/proc/thread-self/root/proc/thread-self/root/sbin HTTP/1.1" 200 2313 "http://mail.rgardensoap.com/?path=//proc/self/root/proc/thread-self/root/proc/thread-self/root/sbin" "Mozilla/5.0 AppleWebKit/537.36 (KHTML, like Gecko; compatible; GPTBot/1.3; +https://openai.com/gptbot)" 1228 **1/1228182**
74.7.241.54 - - [11/Mar/2026:05:30:18 -0700] "GET /fizzy-bath-bombs.html?path=//opt/alt/php56/link HTTP/1.1" 200 2550 "http://www.rgardensoap.com/fizzy-bath-bombs.html?path=//opt/alt/php56" "Mozilla/5.0 AppleWebKit/537.36 (KHTML, like Gecko; compatible; GPTBot/1.3; +https://openai.com/gptbot)" 1119 **1/1119634**
74.7.227.35 - - [11/Mar/2026:05:30:18 -0700] "GET /?fileloc=//proc/self/root/proc/thread-self/root/proc/thread-self/root/sbin/saslauthd&path=//proc/self/root/proc/thread-self/root/proc/thread-self/root/sbin HTTP/1.1" 200 2308 "http://mail.rgardensoap.com/?path=//proc/self/root/proc/thread-self/root/proc/thread-self/root/sbin" "Mozilla/5.0 AppleWebKit/537.36 (KHTML, like Gecko; compatible; GPTBot/1.3; +https://openai.com/gptbot)" 1425 **1/1425374**
74.7.227.150 - - [11/Mar/2026:05:30:18 -0700] "GET /administrator/templates/bluestork/error.php?path=//proc/self/root/opt/cloudlinux/venv/lib64/python3.11/site-packages/setuptools/tests/integration HTTP/1.1" 200 2873 "http://rgardensoap.com/administrator/templates/bluestork/error.php?path=//proc/self/root/opt/cloudlinux/venv/lib64/python3.11/site-packages/setuptools/tests" "Mozilla/5.0 AppleWebKit/537.36 (KHTML, like Gecko; compatible; GPTBot/1.3; +https://openai.com/gptbot)" 1580 **1/1580303**
74.7.241.54 - - [11/Mar/2026:05:30:19 -0700] "GET /fizzy-bath-bombs.html?path=//opt/alt/php70/link HTTP/1.1" 200 2550 "http://www.rgardensoap.com/fizzy-bath-bombs.html?path=//opt/alt/php70" "Mozilla/5.0 AppleWebKit/537.36 (KHTML, like Gecko; compatible; GPTBot/1.3; +https://openai.com/gptbot)" 1093 **1/1093836**
74.7.227.35 - - [11/Mar/2026:05:30:20 -0700] "GET /?fileloc=//proc/self/root/proc/thread-self/root/proc/thread-self/root/sbin/named-checkzone&path=//proc/self/root/proc/thread-self/root/proc/thread-self/root/sbin HTTP/1.1" 200 2310 "http://mail.rgardensoap.com/?path=//proc/self/root/proc/thread-self/root/proc/thread-self/root/sbin" "Mozilla/5.0 AppleWebKit/537.36 (KHTML, like Gecko; compatible; GPTBot/1.3; +https://openai.com/gptbot)" 1492 **1/1492030**
74.7.227.150 - - [11/Mar/2026:05:30:20 -0700] "GET /administrator/templates/bluestork/error.php?path=//proc/thread-self/root/usr/lib64/python3.6/site-packages/cryptography/hazmat/primitives/ciphers HTTP/1.1" 200 2898 "http://rgardensoap.com/administrator/templates/bluestork/error.php?path=//proc/thread-self/root/usr/lib64/python3.6/site-packages/cryptography/hazmat/primitives" "Mozilla/5.0 AppleWebKit/537.36 (KHTML, like Gecko; compatible; GPTBot/1.3; +https://openai.com/gptbot)" 1445 **1/1445121**
74.7.241.54 - - [11/Mar/2026:05:30:20 -0700] "GET /fizzy-bath-bombs.html?path=//opt/alt/php73/link HTTP/1.1" 200 2550 "http://www.rgardensoap.com/fizzy-bath-bombs.html?path=//opt/alt/php73" "Mozilla/5.0 AppleWebKit/537.36 (KHTML, like Gecko; compatible; GPTBot/1.3; +https://openai.com/gptbot)" 1663 **1/1663092**
74.7.227.35 - - [11/Mar/2026:05:30:21 -0700] "GET /?fileloc=//proc/self/root/proc/thread-self/root/proc/thread-self/root/sbin/dnssec-revoke&path=//proc/self/root/proc/thread-self/root/proc/thread-self/root/sbin HTTP/1.1" 200 2311 "http://mail.rgardensoap.com/?path=//proc/self/root/proc/thread-self/root/proc/thread-self/root/sbin" "Mozilla/5.0 AppleWebKit/537.36 (KHTML, like Gecko; compatible; GPTBot/1.3; +https://openai.com/gptbot)" 879 **0/879487**
74.7.227.150 - - [11/Mar/2026:05:30:21 -0700] "GET /administrator/templates/bluestork/error.php?path=//proc/thread-self/root/usr/lib64/python3.6/site-packages/cryptography/hazmat/primitives/asymmetric HTTP/1.1" 200 3046 "http://rgardensoap.com/administrator/templates/bluestork/error.php?path=//proc/thread-self/root/usr/lib64/python3.6/site-packages/cryptography/hazmat/primitives" "Mozilla/5.0 AppleWebKit/537.36 (KHTML, like Gecko; compatible; GPTBot/1.3; +https://openai.com/gptbot)" 1211 **1/1211967**
74.7.227.35 - - [11/Mar/2026:05:30:22 -0700] "GET /?fileloc=//proc/self/root/proc/thread-self/root/proc/thread-self/root/sbin/sendmail&path=//proc/self/root/proc/thread-self/root/proc/thread-self/root/sbin HTTP/1.1" 200 2942 "http://mail.rgardensoap.com/?path=//proc/self/root/proc/thread-self/root/proc/thread-self/root/sbin" "Mozilla/5.0 AppleWebKit/537.36 (KHTML, like Gecko; compatible; GPTBot/1.3; +https://openai.com/gptbot)" 966 **0/966415**
74.7.241.54 - - [11/Mar/2026:05:30:22 -0700] "GET /fizzy-bath-bombs.html?path=//opt/alt/php73/usr HTTP/1.1" 200 2662 "http://www.rgardensoap.com/fizzy-bath-bombs.html?path=//opt/alt/php73" "Mozilla/5.0 AppleWebKit/537.36 (KHTML, like Gecko; compatible; GPTBot/1.3; +https://openai.com/gptbot)" 1147 **1/1147531**
74.7.227.150 - - [11/Mar/2026:05:30:23 -0700] "GET /blog/?path=//lib/debug/usr/lib64 HTTP/1.1" 200 2326 "http://rgardensoap.com/blog/?path=//lib/debug/usr" "Mozilla/5.0 AppleWebKit/537.36 (KHTML, like Gecko; compatible; GPTBot/1.3; +https://openai.com/gptbot)" 995 **0/995844**
74.7.227.35 - - [11/Mar/2026:05:30:23 -0700] "GET /?fileloc=//proc/self/root/proc/thread-self/root/proc/thread-self/root/sbin/cracklib-unpacker&path=//proc/self/root/proc/thread-self/root/proc/thread-self/root/sbin HTTP/1.1" 200 2314 "http://mail.rgardensoap.com/?path=//proc/self/root/proc/thread-self/root/proc/thread-self/root/sbin" "Mozilla/5.0 AppleWebKit/537.36 (KHTML, like Gecko; compatible; GPTBot/1.3; +https://openai.com/gptbot)" 716 **0/716046**
74.7.227.150 - - [11/Mar/2026:05:30:24 -0700] "GET /blog/?path=//usr/lib/debug/lib64 HTTP/1.1" 200 2326 "http://rgardensoap.com/blog/?path=//usr/lib/debug" "Mozilla/5.0 AppleWebKit/537.36 (KHTML, like Gecko; compatible; GPTBot/1.3; +https://openai.com/gptbot)" 712 **0/712762**
74.7.241.54 - - [11/Mar/2026:05:30:24 -0700] "GET /fizzy-bath-bombs.html?path=//opt/alt/php74/usr HTTP/1.1" 200 2662 "http://www.rgardensoap.com/fizzy-bath-bombs.html?path=//opt/alt/php74" "Mozilla/5.0 AppleWebKit/537.36 (KHTML, like Gecko; compatible; GPTBot/1.3; +https://openai.com/gptbot)" 1150 **1/1150208**
74.7.227.35 - - [11/Mar/2026:05:30:24 -0700] "GET /?fileloc=//proc/self/root/proc/thread-self/root/proc/thread-self/root/sbin/accessdb&path=//proc/self/root/proc/thread-self/root/proc/thread-self/root/sbin HTTP/1.1" 200 2306 "http://mail.rgardensoap.com/?path=//proc/self/root/proc/thread-self/root/proc/thread-self/root/sbin" "Mozilla/5.0 AppleWebKit/537.36 (KHTML, like Gecko; compatible; GPTBot/1.3; +https://openai.com/gptbot)" 809 **0/809164**
74.7.227.150 - - [11/Mar/2026:05:30:25 -0700] "GET /administrator/templates/bluestork/error.php?path=//opt/cpanel/ea-ruby27/src/passenger-release-6.1.2/doc/images HTTP/1.1" 200 2644 "http://rgardensoap.com/administrator/templates/bluestork/error.php?path=//opt/cpanel/ea-ruby27/src/passenger-release-6.1.2/doc" "Mozilla/5.0 AppleWebKit/537.36 (KHTML, like Gecko; compatible; GPTBot/1.3; +https://openai.com/gptbot)" 791 **0/791643**
74.7.241.54 - - [11/Mar/2026:05:30:25 -0700] "GET /fizzy-bath-bombs.html?path=//opt/alt/php83/link HTTP/1.1" 200 2550 "http://www.rgardensoap.com/fizzy-bath-bombs.html?path=//opt/alt/php83" "Mozilla/5.0 AppleWebKit/537.36 (KHTML, like Gecko; compatible; GPTBot/1.3; +https://openai.com/gptbot)" 622 **0/622278**
74.7.241.54 - - [11/Mar/2026:05:30:26 -0700] "GET /fizzy-bath-bombs.html?path=//opt/alt/php74/link HTTP/1.1" 200 2550 "http://www.rgardensoap.com/fizzy-bath-bombs.html?path=//opt/alt/php74" "Mozilla/5.0 AppleWebKit/537.36 (KHTML, like Gecko; compatible; GPTBot/1.3; +https://openai.com/gptbot)" 830 **0/830276**
74.7.227.150 - - [11/Mar/2026:05:30:26 -0700] "GET /blog?path=//opt/alt/openldap11/lib64 HTTP/1.1" 200 2871 "http://rgardensoap.com/blog?path=//opt/alt/openldap11" "Mozilla/5.0 AppleWebKit/537.36 (KHTML, like Gecko; compatible; GPTBot/1.3; +https://openai.com/gptbot)" 1058 **1/1058157**
74.7.227.35 - - [11/Mar/2026:05:30:25 -0700] "GET /?fileloc=//proc/self/root/proc/thread-self/root/proc/thread-self/root/sbin/exim&path=//proc/self/root/proc/thread-self/root/proc/thread-self/root/sbin HTTP/1.1" 200 2935 "http://mail.rgardensoap.com/?path=//proc/self/root/proc/thread-self/root/proc/thread-self/root/sbin" "Mozilla/5.0 AppleWebKit/537.36 (KHTML, like Gecko; compatible; GPTBot/1.3; +https://openai.com/gptbot)" 1519 **1/1519050**
74.7.241.54 - - [11/Mar/2026:05:30:27 -0700] "GET /fizzy-bath-bombs.html?path=//opt/alt/php84/link HTTP/1.1" 200 2550 "http://www.rgardensoap.com/fizzy-bath-bombs.html?path=//opt/alt/php84" "Mozilla/5.0 AppleWebKit/537.36 (KHTML, like Gecko; compatible; GPTBot/1.3; +https://openai.com/gptbot)" 899 **0/899665**
74.7.227.150 - - [11/Mar/2026:05:30:27 -0700] "GET /b.php?fileloc=//usr/lib64/libcurses.so&path=//usr/lib64 HTTP/1.1" 200 2273 "http://rgardensoap.com/b.php?path=//usr/lib64" "Mozilla/5.0 AppleWebKit/537.36 (KHTML, like Gecko; compatible; GPTBot/1.3; +https://openai.com/gptbot)" 830 **0/830413**
74.7.227.35 - - [11/Mar/2026:05:30:27 -0700] "GET /?path=//proc/self/root/proc/thread-self/root/proc/thread-self/root/proc/thread-self/root/run HTTP/1.1" 200 2920 "http://mail.rgardensoap.com/?path=//proc/self/root/proc/thread-self/root/proc/thread-self/root/proc/thread-self/root" "Mozilla/5.0 AppleWebKit/537.36 (KHTML, like Gecko; compatible; GPTBot/1.3; +https://openai.com/gptbot)" 967 **0/967812**
74.7.227.150 - - [11/Mar/2026:05:30:28 -0700] "GET /as.php?fileloc=//usr/lib64/libelf.so&path=//usr/lib64 HTTP/1.1" 200 2260 "http://rgardensoap.com/as.php?path=//usr/lib64" "Mozilla/5.0 AppleWebKit/537.36 (KHTML, like Gecko; compatible; GPTBot/1.3; +https://openai.com/gptbot)" 760 **0/760593**
74.7.241.54 - - [11/Mar/2026:05:30:28 -0700] "GET /fizzy-bath-bombs.html?path=//opt/alt/php54/usr HTTP/1.1" 200 2662 "http://www.rgardensoap.com/fizzy-bath-bombs.html?path=//opt/alt/php54" "Mozilla/5.0 AppleWebKit/537.36 (KHTML, like Gecko; compatible; GPTBot/1.3; +https://openai.com/gptbot)" 1032 **1/1032786**
74.7.227.35 - - [11/Mar/2026:05:30:28 -0700] "GET /?path=//proc/self/root/proc/thread-self/root/proc/thread-self/root/proc/thread-self/root/opt HTTP/1.1" 200 2854 "http://mail.rgardensoap.com/?path=//proc/self/root/proc/thread-self/root/proc/thread-self/root/proc/thread-self/root" "Mozilla/5.0 AppleWebKit/537.36 (KHTML, like Gecko; compatible; GPTBot/1.3; +https://openai.com/gptbot)" 812 **0/812948**
74.7.227.150 - - [11/Mar/2026:05:30:29 -0700] "GET /old?path=//lib64/ldb HTTP/1.1" 200 2726 "http://rgardensoap.com/old?path=//lib64" "Mozilla/5.0 AppleWebKit/537.36 (KHTML, like Gecko; compatible; GPTBot/1.3; +https://openai.com/gptbot)" 796 **0/796970**
74.7.227.35 - - [11/Mar/2026:05:30:29 -0700] "GET /?fileloc=//proc/self/root/proc/thread-self/root/proc/thread-self/root/proc/thread-self/cwd/.user.ini&path=//proc/self/root/proc/thread-self/root/proc/thread-self/root/proc/thread-self/cwd HTTP/1.1" 200 2381 "http://mail.rgardensoap.com/?path=//proc/self/root/proc/thread-self/root/proc/thread-self/root/proc/thread-self/cwd" "Mozilla/5.0 AppleWebKit/537.36 (KHTML, like Gecko; compatible; GPTBot/1.3; +https://openai.com/gptbot)" 675 **0/675225**
74.7.241.54 - - [11/Mar/2026:05:30:29 -0700] "GET /fizzy-bath-bombs.html?path=//opt/alt/php72/usr HTTP/1.1" 200 2662 "http://www.rgardensoap.com/fizzy-bath-bombs.html?path=//opt/alt/php72" "Mozilla/5.0 AppleWebKit/537.36 (KHTML, like Gecko; compatible; GPTBot/1.3; +https://openai.com/gptbot)" 844 **0/844523**
74.7.227.150 - - [11/Mar/2026:05:30:30 -0700] "GET /old?path=//lib64/tls HTTP/1.1" 200 2305 "http://rgardensoap.com/old?path=//lib64" "Mozilla/5.0 AppleWebKit/537.36 (KHTML, like Gecko; compatible; GPTBot/1.3; +https://openai.com/gptbot)" 761 **0/761462**
74.7.227.35 - - [11/Mar/2026:05:30:30 -0700] "GET /?path=//proc/self/root/proc/thread-self/root/proc/thread-self/root/proc/thread-self/root/etc HTTP/1.1" 200 4726 "http://mail.rgardensoap.com/?path=//proc/self/root/proc/thread-self/root/proc/thread-self/root/proc/thread-self/root" "Mozilla/5.0 AppleWebKit/537.36 (KHTML, like Gecko; compatible; GPTBot/1.3; +https://openai.com/gptbot)" 735 **0/735312**
74.7.241.54 - - [11/Mar/2026:05:30:30 -0700] "GET /fizzy-bath-bombs.html?path=//opt/alt/php71/usr/share HTTP/1.1" 200 2715 "http://www.rgardensoap.com/fizzy-bath-bombs.html?path=//opt/alt/php71/usr" "Mozilla/5.0 AppleWebKit/537.36 (KHTML, like Gecko; compatible; GPTBot/1.3; +https://openai.com/gptbot)" 658 **0/658849**
74.7.227.150 - - [11/Mar/2026:05:30:31 -0700] "GET /bc?path=//lib64/lftp HTTP/1.1" 200 2545 "http://rgardensoap.com/bc?path=//lib64" "Mozilla/5.0 AppleWebKit/537.36 (KHTML, like Gecko; compatible; GPTBot/1.3; +https://openai.com/gptbot)" 564 **0/564680**
74.7.227.35 - - [11/Mar/2026:05:30:31 -0700] "GET /?path=//proc/self/root/proc/thread-self/root/proc/thread-self/root/proc/thread-self/root/root HTTP/1.1" 200 2362 "http://mail.rgardensoap.com/?path=//proc/self/root/proc/thread-self/root/proc/thread-self/root/proc/thread-self/root" "Mozilla/5.0 AppleWebKit/537.36 (KHTML, like Gecko; compatible; GPTBot/1.3; +https://openai.com/gptbot)" 747 **0/747746**
74.7.241.54 - - [11/Mar/2026:05:30:31 -0700] "GET /fizzy-bath-bombs.html?path=//opt/alt/php56/link/conf HTTP/1.1" 200 2581 "http://www.rgardensoap.com/fizzy-bath-bombs.html?path=//opt/alt/php56/link" "Mozilla/5.0 AppleWebKit/537.36 (KHTML, like Gecko; compatible; GPTBot/1.3; +https://openai.com/gptbot)" 652 **0/652731**
74.7.227.150 - - [11/Mar/2026:05:30:31 -0700] "GET /old?path=//lib64/lua HTTP/1.1" 200 2566 "http://rgardensoap.com/old?path=//lib64" "Mozilla/5.0 AppleWebKit/537.36 (KHTML, like Gecko; compatible; GPTBot/1.3; +https://openai.com/gptbot)" 654 **0/654753**
74.7.227.35 - - [11/Mar/2026:05:30:31 -0700] "GET /?path=//proc/self/root/proc/thread-self/root/proc/thread-self/root/proc/thread-self/root/proc HTTP/1.1" 200 4227 "http://mail.rgardensoap.com/?path=//proc/self/root/proc/thread-self/root/proc/thread-self/root/proc/thread-self/root" "Mozilla/5.0 AppleWebKit/537.36 (KHTML, like Gecko; compatible; GPTBot/1.3; +https://openai.com/gptbot)" 679 **0/679789**
74.7.241.54 - - [11/Mar/2026:05:30:32 -0700] "GET /fizzy-bath-bombs.html?path=//opt/alt/php70/link/conf HTTP/1.1" 200 2581 "http://www.rgardensoap.com/fizzy-bath-bombs.html?path=//opt/alt/php70/link" "Mozilla/5.0 AppleWebKit/537.36 (KHTML, like Gecko; compatible; GPTBot/1.3; +https://openai.com/gptbot)" 685 **0/685029**
74.7.227.150 - - [11/Mar/2026:05:30:32 -0700] "GET /bk?path=//lib64/lftp HTTP/1.1" 200 2545 "http://rgardensoap.com/bk?path=//lib64" "Mozilla/5.0 AppleWebKit/537.36 (KHTML, like Gecko; compatible; GPTBot/1.3; +https://openai.com/gptbot)" 688 **0/688997**
74.7.227.35 - - [11/Mar/2026:05:30:32 -0700] "GET /?path=//proc/self/root/proc/thread-self/root/proc/thread-self/root/proc/thread-self/root/sbin HTTP/1.1" 200 4096 "http://mail.rgardensoap.com/?path=//proc/self/root/proc/thread-self/root/proc/thread-self/root/proc/thread-self/root" "Mozilla/5.0 AppleWebKit/537.36 (KHTML, like Gecko; compatible; GPTBot/1.3; +https://openai.com/gptbot)" 582 **0/582375**
74.7.241.54 - - [11/Mar/2026:05:30:32 -0700] "GET /fizzy-bath-bombs.html?path=//opt/alt/php73/link/conf HTTP/1.1" 200 2581 "http://www.rgardensoap.com/fizzy-bath-bombs.html?path=//opt/alt/php73/link" "Mozilla/5.0 AppleWebKit/537.36 (KHTML, like Gecko; compatible; GPTBot/1.3; +https://openai.com/gptbot)" 929 **0/929212**
74.7.227.150 - - [11/Mar/2026:05:30:33 -0700] "GET /shop?path=//lib64/sa HTTP/1.1" 200 2618 "http://rgardensoap.com/shop?path=//lib64" "Mozilla/5.0 AppleWebKit/537.36 (KHTML, like Gecko; compatible; GPTBot/1.3; +https://openai.com/gptbot)" 641 **0/641333**
74.7.227.35 - - [11/Mar/2026:05:30:33 -0700] "GET /?path=//proc/self/root/proc/thread-self/root/proc/thread-self/root/proc/thread-self/root/bin HTTP/1.1" 200 14991 "http://mail.rgardensoap.com/?path=//proc/self/root/proc/thread-self/root/proc/thread-self/root/proc/thread-self/root" "Mozilla/5.0 AppleWebKit/537.36 (KHTML, like Gecko; compatible; GPTBot/1.3; +https://openai.com/gptbot)" 784 **0/784406**
74.7.241.54 - - [11/Mar/2026:05:30:33 -0700] "GET /fizzy-bath-bombs.html?path=//opt/alt/php73/usr/share HTTP/1.1" 200 2715 "http://www.rgardensoap.com/fizzy-bath-bombs.html?path=//opt/alt/php73/usr" "Mozilla/5.0 AppleWebKit/537.36 (KHTML, like Gecko; compatible; GPTBot/1.3; +https://openai.com/gptbot)" 620 **0/620099**
74.7.227.150 - - [11/Mar/2026:05:30:34 -0700] "GET /bc?path=//lib64/bind HTTP/1.1" 200 2305 "http://rgardensoap.com/bc?path=//lib64" "Mozilla/5.0 AppleWebKit/537.36 (KHTML, like Gecko; compatible; GPTBot/1.3; +https://openai.com/gptbot)" 717 **0/717863**
74.7.227.35 - - [11/Mar/2026:05:30:34 -0700] "GET /?path=//proc/self/root/proc/thread-self/root/proc/thread-self/root/proc/thread-self/root/tmp HTTP/1.1" 200 2655 "http://mail.rgardensoap.com/?path=//proc/self/root/proc/thread-self/root/proc/thread-self/root/proc/thread-self/root" "Mozilla/5.0 AppleWebKit/537.36 (KHTML, like Gecko; compatible; GPTBot/1.3; +https://openai.com/gptbot)" 677 **0/677412**
74.7.241.54 - - [11/Mar/2026:05:30:34 -0700] "GET /fizzy-bath-bombs.html?path=//opt/alt/php74/usr/share HTTP/1.1" 200 2715 "http://www.rgardensoap.com/fizzy-bath-bombs.html?path=//opt/alt/php74/usr" "Mozilla/5.0 AppleWebKit/537.36 (KHTML, like Gecko; compatible; GPTBot/1.3; +https://openai.com/gptbot)" 696 **0/696469**
74.7.227.150 - - [11/Mar/2026:05:30:34 -0700] "GET /administrator/templates/bluestork/error.php?path=//lib/rpm/platform/amd64-linux HTTP/1.1" 200 2592 "http://rgardensoap.com/administrator/templates/bluestork/error.php?path=//lib/rpm/platform" "Mozilla/5.0 AppleWebKit/537.36 (KHTML, like Gecko; compatible; GPTBot/1.3; +https://openai.com/gptbot)" 627 **0/627135**
74.7.227.35 - - [11/Mar/2026:05:30:35 -0700] "GET /?path=//proc/self/root/proc/thread-self/root/proc/thread-self/root/proc/thread-self/root/lib HTTP/1.1" 200 3607 "http://mail.rgardensoap.com/?path=//proc/self/root/proc/thread-self/root/proc/thread-self/root/proc/thread-self/root" "Mozilla/5.0 AppleWebKit/537.36 (KHTML, like Gecko; compatible; GPTBot/1.3; +https://openai.com/gptbot)" 606 **0/606001**
74.7.241.54 - - [11/Mar/2026:05:30:35 -0700] "GET /fizzy-bath-bombs.html?path=//opt/alt/php83/link/conf HTTP/1.1" 200 2581 "http://www.rgardensoap.com/fizzy-bath-bombs.html?path=//opt/alt/php83/link" "Mozilla/5.0 AppleWebKit/537.36 (KHTML, like Gecko; compatible; GPTBot/1.3; +https://openai.com/gptbot)" 539 **0/539027**
74.7.227.150 - - [11/Mar/2026:05:30:35 -0700] "GET /administrator/templates/bluestork/error.php?path=//lib/rpm/platform/ppc64-linux HTTP/1.1" 200 2591 "http://rgardensoap.com/administrator/templates/bluestork/error.php?path=//lib/rpm/platform" "Mozilla/5.0 AppleWebKit/537.36 (KHTML, like Gecko; compatible; GPTBot/1.3; +https://openai.com/gptbot)" 583 **0/583835**
74.7.227.35 - - [11/Mar/2026:05:30:35 -0700] "GET /?path=//proc/self/root/proc/thread-self/root/proc/thread-self/root/proc/thread-self/root/var HTTP/1.1" 200 2906 "http://mail.rgardensoap.com/?path=//proc/self/root/proc/thread-self/root/proc/thread-self/root/proc/thread-self/root" "Mozilla/5.0 AppleWebKit/537.36 (KHTML, like Gecko; compatible; GPTBot/1.3; +https://openai.com/gptbot)" 461 **0/461915**
74.7.241.54 - - [11/Mar/2026:05:30:36 -0700] "GET /fizzy-bath-bombs.html?path=//opt/alt/php74/link/conf HTTP/1.1" 200 2581 "http://www.rgardensoap.com/fizzy-bath-bombs.html?path=//opt/alt/php74/link" "Mozilla/5.0 AppleWebKit/537.36 (KHTML, like Gecko; compatible; GPTBot/1.3; +https://openai.com/gptbot)" 529 **0/529323**
74.7.227.150 - - [11/Mar/2026:05:30:36 -0700] "GET /administrator/templates/bluestork/error.php?path=//lib/dracut/modules.d/95debug HTTP/1.1" 200 2593 "http://rgardensoap.com/administrator/templates/bluestork/error.php?path=//lib/dracut/modules.d" "Mozilla/5.0 AppleWebKit/537.36 (KHTML, like Gecko; compatible; GPTBot/1.3; +https://openai.com/gptbot)" 574 **0/574273**
74.7.227.35 - - [11/Mar/2026:05:30:36 -0700] "GET /?path=//proc/self/root/proc/thread-self/root/proc/thread-self/root/proc/thread-self/root/run/nscd HTTP/1.1" 200 2637 "http://mail.rgardensoap.com/?path=//proc/self/root/proc/thread-self/root/proc/thread-self/root/proc/thread-self/root/run" "Mozilla/5.0 AppleWebKit/537.36 (KHTML, like Gecko; compatible; GPTBot/1.3; +https://openai.com/gptbot)" 631 **0/631284**
74.7.227.150 - - [11/Mar/2026:05:30:37 -0700] "GET /blog/?path=//opt/alt/libraqm/lib64 HTTP/1.1" 200 2326 "http://rgardensoap.com/blog/?path=//opt/alt/libraqm" "Mozilla/5.0 AppleWebKit/537.36 (KHTML, like Gecko; compatible; GPTBot/1.3; +https://openai.com/gptbot)" 577 **0/577034**
74.7.241.54 - - [11/Mar/2026:05:30:36 -0700] "GET /fizzy-bath-bombs.html?path=//opt/alt/php84/link/conf HTTP/1.1" 200 2581 "http://www.rgardensoap.com/fizzy-bath-bombs.html?path=//opt/alt/php84/link" "Mozilla/5.0 AppleWebKit/537.36 (KHTML, like Gecko; compatible; GPTBot/1.3; +https://openai.com/gptbot)" 658 **0/658131**
74.7.227.35 - - [11/Mar/2026:05:30:37 -0700] "GET /?path=//proc/self/root/proc/thread-self/root/proc/thread-self/root/proc/thread-self/root/opt/cloudlinux-linksafe HTTP/1.1" 200 2644 "http://mail.rgardensoap.com/?path=//proc/self/root/proc/thread-self/root/proc/thread-self/root/proc/thread-self/root/opt" "Mozilla/5.0 AppleWebKit/537.36 (KHTML, like Gecko; compatible; GPTBot/1.3; +https://openai.com/gptbot)" 534 **0/534397**
74.7.227.150 - - [11/Mar/2026:05:30:37 -0700] "GET /administrator/templates/bluestork/error.php?path=//usr/lib/firmware/qcom/sdm845 HTTP/1.1" 200 2964 "http://rgardensoap.com/administrator/templates/bluestork/error.php?path=//usr/lib/firmware/qcom" "Mozilla/5.0 AppleWebKit/537.36 (KHTML, like Gecko; compatible; GPTBot/1.3; +https://openai.com/gptbot)" 529 **0/529795**
74.7.241.54 - - [11/Mar/2026:05:30:37 -0700] "GET /fizzy-bath-bombs.html?path=//opt/alt/php54/usr/share HTTP/1.1" 200 2694 "http://www.rgardensoap.com/fizzy-bath-bombs.html?path=//opt/alt/php54/usr" "Mozilla/5.0 AppleWebKit/537.36 (KHTML, like Gecko; compatible; GPTBot/1.3; +https://openai.com/gptbot)" 513 **0/513181**
74.7.227.35 - - [11/Mar/2026:05:30:37 -0700] "GET /?path=//proc/self/root/proc/thread-self/root/proc/thread-self/root/proc/thread-self/root/opt/alt HTTP/1.1" 200 4111 "http://mail.rgardensoap.com/?path=//proc/self/root/proc/thread-self/root/proc/thread-self/root/proc/thread-self/root/opt" "Mozilla/5.0 AppleWebKit/537.36 (KHTML, like Gecko; compatible; GPTBot/1.3; +https://openai.com/gptbot)" 584 **0/584892**
74.7.227.150 - - [11/Mar/2026:05:30:38 -0700] "GET /administrator/templates/bluestork/error.php?path=//proc/self/root/lib64/icinga2 HTTP/1.1" 200 2575 "http://rgardensoap.com/administrator/templates/bluestork/error.php?path=//proc/self/root/lib64" "Mozilla/5.0 AppleWebKit/537.36 (KHTML, like Gecko; compatible; GPTBot/1.3; +https://openai.com/gptbot)" 682 **0/682969**
74.7.241.54 - - [11/Mar/2026:05:30:38 -0700] "GET /fizzy-bath-bombs.html?path=//opt/alt/php72/usr/share HTTP/1.1" 200 2715 "http://www.rgardensoap.com/fizzy-bath-bombs.html?path=//opt/alt/php72/usr" "Mozilla/5.0 AppleWebKit/537.36 (KHTML, like Gecko; compatible; GPTBot/1.3; +https://openai.com/gptbot)" 745 **0/745599**
74.7.227.35 - - [11/Mar/2026:05:30:38 -0700] "GET /?path=//proc/self/root/proc/thread-self/root/proc/thread-self/root/proc/thread-self/root/etc/environment-modules HTTP/1.1" 200 2714 "http://mail.rgardensoap.com/?path=//proc/self/root/proc/thread-self/root/proc/thread-self/root/proc/thread-self/root/etc" "Mozilla/5.0 AppleWebKit/537.36 (KHTML, like Gecko; compatible; GPTBot/1.3; +https://openai.com/gptbot)" 680 **0/680084**
74.7.241.54 - - [11/Mar/2026:05:30:39 -0700] "GET /fizzy-bath-bombs.html?path=//opt/alt/php71/usr/share/licenses HTTP/1.1" 200 2630 "http://www.rgardensoap.com/fizzy-bath-bombs.html?path=//opt/alt/php71/usr/share" "Mozilla/5.0 AppleWebKit/537.36 (KHTML, like Gecko; compatible; GPTBot/1.3; +https://openai.com/gptbot)" 495 **0/495377**
74.7.227.150 - - [11/Mar/2026:05:30:39 -0700] "GET /administrator/templates/bluestork/error.php?path=//lib/rpm/platform/s390x-linux HTTP/1.1" 200 2592 "http://rgardensoap.com/administrator/templates/bluestork/error.php?path=//lib/rpm/platform" "Mozilla/5.0 AppleWebKit/537.36 (KHTML, like Gecko; compatible; GPTBot/1.3; +https://openai.com/gptbot)" 589 **0/589669**
74.7.227.35 - - [11/Mar/2026:05:30:39 -0700] "GET /?path=//proc/self/root/proc/thread-self/root/proc/thread-self/root/proc/thread-self/root/etc/ssl HTTP/1.1" 200 2618 "http://mail.rgardensoap.com/?path=//proc/self/root/proc/thread-self/root/proc/thread-self/root/proc/thread-self/root/etc" "Mozilla/5.0 AppleWebKit/537.36 (KHTML, like Gecko; compatible; GPTBot/1.3; +https://openai.com/gptbot)" 621 **0/621249**
74.7.241.54 - - [11/Mar/2026:05:30:39 -0700] "GET /fizzy-bath-bombs.html?path=//opt/alt/php71/usr/share/man HTTP/1.1" 200 2602 "http://www.rgardensoap.com/fizzy-bath-bombs.html?path=//opt/alt/php71/usr/share" "Mozilla/5.0 AppleWebKit/537.36 (KHTML, like Gecko; compatible; GPTBot/1.3; +https://openai.com/gptbot)" 546 **0/546784**
74.7.227.150 - - [11/Mar/2026:05:30:40 -0700] "GET /administrator/templates/bluestork/error.php?path=//usr/lib/firmware/qcom/aic100 HTTP/1.1" 200 2714 "http://rgardensoap.com/administrator/templates/bluestork/error.php?path=//usr/lib/firmware/qcom" "Mozilla/5.0 AppleWebKit/537.36 (KHTML, like Gecko; compatible; GPTBot/1.3; +https://openai.com/gptbot)" 516 **0/516001**
74.7.227.35 - - [11/Mar/2026:05:30:40 -0700] "GET /?path=//proc/self/root/proc/thread-self/root/proc/thread-self/root/proc/thread-self/root/etc/scl HTTP/1.1" 200 2765 "http://mail.rgardensoap.com/?path=//proc/self/root/proc/thread-self/root/proc/thread-self/root/proc/thread-self/root/etc" "Mozilla/5.0 AppleWebKit/537.36 (KHTML, like Gecko; compatible; GPTBot/1.3; +https://openai.com/gptbot)" 562 **0/562310**
74.7.241.54 - - [11/Mar/2026:05:30:40 -0700] "GET /fizzy-bath-bombs.html?path=//opt/alt/php54/usr/lib64 HTTP/1.1" 200 2570 "http://www.rgardensoap.com/fizzy-bath-bombs.html?path=//opt/alt/php54/usr" "Mozilla/5.0 AppleWebKit/537.36 (KHTML, like Gecko; compatible; GPTBot/1.3; +https://openai.com/gptbot)" 509 **0/509140**
74.7.227.150 - - [11/Mar/2026:05:30:40 -0700] "GET /administrator/templates/bluestork/error.php?path=//usr/lib/firmware/qcom/qdu100 HTTP/1.1" 200 3270 "http://rgardensoap.com/administrator/templates/bluestork/error.php?path=//usr/lib/firmware/qcom" "Mozilla/5.0 AppleWebKit/537.36 (KHTML, like Gecko; compatible; GPTBot/1.3; +https://openai.com/gptbot)" 516 **0/516932**
74.7.227.35 - - [11/Mar/2026:05:30:40 -0700] "GET /?fileloc=//proc/self/root/proc/thread-self/root/proc/thread-self/root/proc/thread-self/root/sbin/sendmail&path=//proc/self/root/proc/thread-self/root/proc/thread-self/root/proc/thread-self/root/sbin HTTP/1.1" 200 2954 "http://mail.rgardensoap.com/?path=//proc/self/root/proc/thread-self/root/proc/thread-self/root/proc/thread-self/root/sbin" "Mozilla/5.0 AppleWebKit/537.36 (KHTML, like Gecko; compatible; GPTBot/1.3; +https://openai.com/gptbot)" 604 **0/604117**
74.7.241.54 - - [11/Mar/2026:05:30:41 -0700] "GET /fizzy-bath-bombs.html?path=//opt/alt/php74/usr/lib64 HTTP/1.1" 200 2622 "http://www.rgardensoap.com/fizzy-bath-bombs.html?path=//opt/alt/php74/usr" "Mozilla/5.0 AppleWebKit/537.36 (KHTML, like Gecko; compatible; GPTBot/1.3; +https://openai.com/gptbot)" 544 **0/544960**
74.7.227.150 - - [11/Mar/2026:05:30:41 -0700] "GET /main?fileloc=//lib64/libXpm.so&path=//lib64 HTTP/1.1" 200 2247 "http://rgardensoap.com/main?path=//lib64" "Mozilla/5.0 AppleWebKit/537.36 (KHTML, like Gecko; compatible; GPTBot/1.3; +https://openai.com/gptbot)" 586 **0/586342**
74.7.227.35 - - [11/Mar/2026:05:30:41 -0700] "GET /?fileloc=//proc/self/root/proc/thread-self/root/proc/thread-self/root/proc/thread-self/root/bin/fc-conflist&path=//proc/self/root/proc/thread-self/root/proc/thread-self/root/proc/thread-self/root/bin HTTP/1.1" 200 2319 "http://mail.rgardensoap.com/?path=//proc/self/root/proc/thread-self/root/proc/thread-self/root/proc/thread-self/root/bin" "Mozilla/5.0 AppleWebKit/537.36 (KHTML, like Gecko; compatible; GPTBot/1.3; +https://openai.com/gptbot)" 554 **0/554262**
74.7.241.54 - - [11/Mar/2026:05:30:41 -0700] "GET /fizzy-bath-bombs.html?path=//opt/alt/php73/usr/share/licenses HTTP/1.1" 200 2630 "http://www.rgardensoap.com/fizzy-bath-bombs.html?path=//opt/alt/php73/usr/share" "Mozilla/5.0 AppleWebKit/537.36 (KHTML, like Gecko; compatible; GPTBot/1.3; +https://openai.com/gptbot)" 549 **0/549177**
74.7.227.150 - - [11/Mar/2026:05:30:42 -0700] "GET /main?fileloc=//lib64/libXau.so&path=//lib64 HTTP/1.1" 200 2247 "http://rgardensoap.com/main?path=//lib64" "Mozilla/5.0 AppleWebKit/537.36 (KHTML, like Gecko; compatible; GPTBot/1.3; +https://openai.com/gptbot)" 591 **0/591930**
74.7.227.35 - - [11/Mar/2026:05:30:42 -0700] "GET /?fileloc=//proc/self/root/proc/thread-self/root/proc/thread-self/root/proc/thread-self/root/bin/xsubpp&path=//proc/self/root/proc/thread-self/root/proc/thread-self/root/proc/thread-self/root/bin HTTP/1.1" 200 4611 "http://mail.rgardensoap.com/?path=//proc/self/root/proc/thread-self/root/proc/thread-self/root/proc/thread-self/root/bin" "Mozilla/5.0 AppleWebKit/537.36 (KHTML, like Gecko; compatible; GPTBot/1.3; +https://openai.com/gptbot)" 583 **0/583845**
74.7.241.54 - - [11/Mar/2026:05:30:42 -0700] "GET /fizzy-bath-bombs.html?path=//opt/alt/php74/usr/share/licenses HTTP/1.1" 200 2630 "http://www.rgardensoap.com/fizzy-bath-bombs.html?path=//opt/alt/php74/usr/share" "Mozilla/5.0 AppleWebKit/537.36 (KHTML, like Gecko; compatible; GPTBot/1.3; +https://openai.com/gptbot)" 602 **0/602476**
74.7.227.150 - - [11/Mar/2026:05:30:42 -0700] "GET /administrator/templates/bluestork/error.php?path=//proc/self/root/opt/alt/tests/alt-php70-pecl-yaz_1.2.4-1.el8/tests HTTP/1.1" 200 2661 "http://rgardensoap.com/administrator/templates/bluestork/error.php?path=//proc/self/root/opt/alt/tests/alt-php70-pecl-yaz_1.2.4-1.el8" "Mozilla/5.0 AppleWebKit/537.36 (KHTML, like Gecko; compatible; GPTBot/1.3; +https://openai.com/gptbot)" 549 **0/549897**
74.7.227.35 - - [11/Mar/2026:05:30:42 -0700] "GET /?fileloc=//proc/self/root/proc/thread-self/root/proc/thread-self/root/proc/thread-self/root/bin/df&path=//proc/self/root/proc/thread-self/root/proc/thread-self/root/proc/thread-self/root/bin HTTP/1.1" 200 2313 "http://mail.rgardensoap.com/?path=//proc/self/root/proc/thread-self/root/proc/thread-self/root/proc/thread-self/root/bin" "Mozilla/5.0 AppleWebKit/537.36 (KHTML, like Gecko; compatible; GPTBot/1.3; +https://openai.com/gptbot)" 642 **0/642079**
74.7.241.54 - - [11/Mar/2026:05:30:43 -0700] "GET /fizzy-bath-bombs.html?path=//opt/alt/php74/usr/share/man HTTP/1.1" 200 2602 "http://www.rgardensoap.com/fizzy-bath-bombs.html?path=//opt/alt/php74/usr/share" "Mozilla/5.0 AppleWebKit/537.36 (KHTML, like Gecko; compatible; GPTBot/1.3; +https://openai.com/gptbot)" 588 **0/588793**
74.7.227.150 - - [11/Mar/2026:05:30:43 -0700] "GET /administrator/templates/bluestork/error.php?path=//proc/self/root/opt/alt/tests/alt-php73-pecl-yaz_1.2.4-1.el8/tests HTTP/1.1" 200 2661 "http://rgardensoap.com/administrator/templates/bluestork/error.php?path=//proc/self/root/opt/alt/tests/alt-php73-pecl-yaz_1.2.4-1.el8" "Mozilla/5.0 AppleWebKit/537.36 (KHTML, like Gecko; compatible; GPTBot/1.3; +https://openai.com/gptbot)" 613 **0/613406**
74.7.227.35 - - [11/Mar/2026:05:30:43 -0700] "GET /?fileloc=//proc/self/root/proc/thread-self/root/proc/thread-self/root/proc/thread-self/root/bin/sed&path=//proc/self/root/proc/thread-self/root/proc/thread-self/root/proc/thread-self/root/bin HTTP/1.1" 200 2315 "http://mail.rgardensoap.com/?path=//proc/self/root/proc/thread-self/root/proc/thread-self/root/proc/thread-self/root/bin" "Mozilla/5.0 AppleWebKit/537.36 (KHTML, like Gecko; compatible; GPTBot/1.3; +https://openai.com/gptbot)" 606 **0/606533**
74.7.241.54 - - [11/Mar/2026:05:30:44 -0700] "GET /fizzy-bath-bombs.html?path=//opt/alt/php73/usr/share/man HTTP/1.1" 200 2602 "http://www.rgardensoap.com/fizzy-bath-bombs.html?path=//opt/alt/php73/usr/share" "Mozilla/5.0 AppleWebKit/537.36 (KHTML, like Gecko; compatible; GPTBot/1.3; +https://openai.com/gptbot)" 681 **0/681654**
74.7.227.35 - - [11/Mar/2026:05:30:44 -0700] "GET /?fileloc=//proc/self/root/proc/thread-self/root/proc/thread-self/root/proc/thread-self/root/bin/bzmore&path=//proc/self/root/proc/thread-self/root/proc/thread-self/root/proc/thread-self/root/bin HTTP/1.1" 200 2963 "http://mail.rgardensoap.com/?path=//proc/self/root/proc/thread-self/root/proc/thread-self/root/proc/thread-self/root/bin" "Mozilla/5.0 AppleWebKit/537.36 (KHTML, like Gecko; compatible; GPTBot/1.3; +https://openai.com/gptbot)" 588 **0/588571**
74.7.227.150 - - [11/Mar/2026:05:30:44 -0700] "GET /administrator/templates/bluestork/error.php?path=//proc/self/root/opt/alt/tests/alt-php56-pecl-yaz_1.2.4-1.el8/tests HTTP/1.1" 200 2661 "http://rgardensoap.com/administrator/templates/bluestork/error.php?path=//proc/self/root/opt/alt/tests/alt-php56-pecl-yaz_1.2.4-1.el8" "Mozilla/5.0 AppleWebKit/537.36 (KHTML, like Gecko; compatible; GPTBot/1.3; +https://openai.com/gptbot)" 720 **0/720869**
74.7.241.54 - - [11/Mar/2026:05:30:44 -0700] "GET /fizzy-bath-bombs.html?path=//opt/alt/php73/usr/include HTTP/1.1" 200 2570 "http://www.rgardensoap.com/fizzy-bath-bombs.html?path=//opt/alt/php73/usr" "Mozilla/5.0 AppleWebKit/537.36 (KHTML, like Gecko; compatible; GPTBot/1.3; +https://openai.com/gptbot)" 669 **0/669265**
74.7.227.35 - - [11/Mar/2026:05:30:45 -0700] "GET /?path=//proc/self/root/proc/thread-self/root/proc/thread-self/root/proc/thread-self/root/lib/.build-id HTTP/1.1" 200 4783 "http://mail.rgardensoap.com/?path=//proc/self/root/proc/thread-self/root/proc/thread-self/root/proc/thread-self/root/lib" "Mozilla/5.0 AppleWebKit/537.36 (KHTML, like Gecko; compatible; GPTBot/1.3; +https://openai.com/gptbot)" 595 **0/595158**
74.7.227.150 - - [11/Mar/2026:05:30:45 -0700] "GET /administrator/templates/bluestork/error.php?path=//opt/alt/tests/alt-php72-pecl-apcu-bc_1.0.5-1.el8/tests HTTP/1.1" 200 2845 "http://rgardensoap.com/administrator/templates/bluestork/error.php?path=//opt/alt/tests/alt-php72-pecl-apcu-bc_1.0.5-1.el8" "Mozilla/5.0 AppleWebKit/537.36 (KHTML, like Gecko; compatible; GPTBot/1.3; +https://openai.com/gptbot)" 549 **0/549562**
74.7.241.54 - - [11/Mar/2026:05:30:45 -0700] "GET /fizzy-bath-bombs.html?path=//opt/alt/php54/usr/share/man HTTP/1.1" 200 2602 "http://www.rgardensoap.com/fizzy-bath-bombs.html?path=//opt/alt/php54/usr/share" "Mozilla/5.0 AppleWebKit/537.36 (KHTML, like Gecko; compatible; GPTBot/1.3; +https://openai.com/gptbot)" 605 **0/605739**
74.7.227.35 - - [11/Mar/2026:05:30:45 -0700] "GET /?fileloc=//proc/self/root/proc/thread-self/root/proc/thread-self/root/proc/thread-self/root/bin/post-grohtml&path=//proc/self/root/proc/thread-self/root/proc/thread-self/root/proc/thread-self/root/bin HTTP/1.1" 200 2319 "http://mail.rgardensoap.com/?path=//proc/self/root/proc/thread-self/root/proc/thread-self/root/proc/thread-self/root/bin" "Mozilla/5.0 AppleWebKit/537.36 (KHTML, like Gecko; compatible; GPTBot/1.3; +https://openai.com/gptbot)" 579 **0/579815**
74.7.227.150 - - [11/Mar/2026:05:30:45 -0700] "GET /administrator/templates/bluestork/error.php?path=//opt/alt/tests/alt-php74-pecl-apcu-bc_1.0.5-1.el8/tests HTTP/1.1" 200 2845 "http://rgardensoap.com/administrator/templates/bluestork/error.php?path=//opt/alt/tests/alt-php74-pecl-apcu-bc_1.0.5-1.el8" "Mozilla/5.0 AppleWebKit/537.36 (KHTML, like Gecko; compatible; GPTBot/1.3; +https://openai.com/gptbot)" 506 **0/506656**
74.7.241.54 - - [11/Mar/2026:05:30:46 -0700] "GET /fizzy-bath-bombs.html?path=//opt/alt/php72/usr/share/licenses HTTP/1.1" 200 2630 "http://www.rgardensoap.com/fizzy-bath-bombs.html?path=//opt/alt/php72/usr/share" "Mozilla/5.0 AppleWebKit/537.36 (KHTML, like Gecko; compatible; GPTBot/1.3; +https://openai.com/gptbot)" 538 **0/538644**
