74.7.227.150 - - [11/Mar/2026:05:18:25 -0700] "GET /blog/?path=//proc/self/root/opt/alt/ruby32 HTTP/1.1" 200 2702 "http://rgardensoap.com/blog/?path=//proc/self/root/opt/alt" "Mozilla/5.0 AppleWebKit/537.36 (KHTML, like Gecko; compatible; GPTBot/1.3; +https://openai.com/gptbot)" 532 **0/532184**
74.7.227.35 - - [11/Mar/2026:05:18:26 -0700] "GET /?fileloc=//proc/self/root/proc/thread-self/root/usr/lib/firmware/radeon/BONAIRE_mec.bin&path=//proc/self/root/proc/thread-self/root/usr/lib/firmware/radeon HTTP/1.1" 200 2338 "http://mail.rgardensoap.com/?path=//proc/self/root/proc/thread-self/root/usr/lib/firmware/radeon" "Mozilla/5.0 AppleWebKit/537.36 (KHTML, like Gecko; compatible; GPTBot/1.3; +https://openai.com/gptbot)" 554 **0/554286**
74.7.227.150 - - [11/Mar/2026:05:18:26 -0700] "GET /blog/?path=//proc/self/root/opt/alt/php71/etc/php.d.all HTTP/1.1" 200 5293 "http://rgardensoap.com/blog/?path=//proc/self/root/opt/alt/php71/etc" "Mozilla/5.0 AppleWebKit/537.36 (KHTML, like Gecko; compatible; GPTBot/1.3; +https://openai.com/gptbot)" 555 **0/555688**
74.7.227.35 - - [11/Mar/2026:05:18:26 -0700] "GET /?fileloc=//proc/self/root/proc/thread-self/root/usr/lib/firmware/radeon/REDWOOD_pfp.bin&path=//proc/self/root/proc/thread-self/root/usr/lib/firmware/radeon HTTP/1.1" 200 2338 "http://mail.rgardensoap.com/?path=//proc/self/root/proc/thread-self/root/usr/lib/firmware/radeon" "Mozilla/5.0 AppleWebKit/537.36 (KHTML, like Gecko; compatible; GPTBot/1.3; +https://openai.com/gptbot)" 497 **0/497951**
74.7.227.150 - - [11/Mar/2026:05:18:26 -0700] "GET /blog/?path=//proc/self/root/opt/alt/php71/etc/php.d HTTP/1.1" 200 2657 "http://rgardensoap.com/blog/?path=//proc/self/root/opt/alt/php71/etc" "Mozilla/5.0 AppleWebKit/537.36 (KHTML, like Gecko; compatible; GPTBot/1.3; +https://openai.com/gptbot)" 485 **0/485523**
74.7.227.35 - - [11/Mar/2026:05:18:27 -0700] "GET /?fileloc=//proc/self/root/proc/thread-self/root/usr/lib/firmware/radeon/MULLINS_ce.bin&path=//proc/self/root/proc/thread-self/root/usr/lib/firmware/radeon HTTP/1.1" 200 2337 "http://mail.rgardensoap.com/?path=//proc/self/root/proc/thread-self/root/usr/lib/firmware/radeon" "Mozilla/5.0 AppleWebKit/537.36 (KHTML, like Gecko; compatible; GPTBot/1.3; +https://openai.com/gptbot)" 486 **0/486371**
74.7.227.150 - - [11/Mar/2026:05:18:27 -0700] "GET /blog/?path=//proc/self/root/opt/alt/php71/etc/php-fpm.d HTTP/1.1" 200 2630 "http://rgardensoap.com/blog/?path=//proc/self/root/opt/alt/php71/etc" "Mozilla/5.0 AppleWebKit/537.36 (KHTML, like Gecko; compatible; GPTBot/1.3; +https://openai.com/gptbot)" 549 **0/549302**
74.7.227.35 - - [11/Mar/2026:05:18:28 -0700] "GET /?fileloc=//proc/self/root/proc/thread-self/root/usr/lib/firmware/radeon/PITCAIRN_ce.bin&path=//proc/self/root/proc/thread-self/root/usr/lib/firmware/radeon HTTP/1.1" 200 2338 "http://mail.rgardensoap.com/?path=//proc/self/root/proc/thread-self/root/usr/lib/firmware/radeon" "Mozilla/5.0 AppleWebKit/537.36 (KHTML, like Gecko; compatible; GPTBot/1.3; +https://openai.com/gptbot)" 576 **0/576275**
74.7.227.150 - - [11/Mar/2026:05:18:28 -0700] "GET /blog/?path=//proc/self/root/opt/alt/php71/etc/pear HTTP/1.1" 200 2363 "http://rgardensoap.com/blog/?path=//proc/self/root/opt/alt/php71/etc" "Mozilla/5.0 AppleWebKit/537.36 (KHTML, like Gecko; compatible; GPTBot/1.3; +https://openai.com/gptbot)" 616 **0/616454**
74.7.227.35 - - [11/Mar/2026:05:18:28 -0700] "GET /?fileloc=//proc/self/root/proc/thread-self/root/usr/lib/firmware/radeon/JUNIPER_pfp.bin&path=//proc/self/root/proc/thread-self/root/usr/lib/firmware/radeon HTTP/1.1" 200 2338 "http://mail.rgardensoap.com/?path=//proc/self/root/proc/thread-self/root/usr/lib/firmware/radeon" "Mozilla/5.0 AppleWebKit/537.36 (KHTML, like Gecko; compatible; GPTBot/1.3; +https://openai.com/gptbot)" 731 **0/731800**
74.7.227.150 - - [11/Mar/2026:05:18:28 -0700] "GET /blog/?path=//proc/self/root/opt/alt/php72/etc/php.d.all.zts HTTP/1.1" 200 5109 "http://rgardensoap.com/blog/?path=//proc/self/root/opt/alt/php72/etc" "Mozilla/5.0 AppleWebKit/537.36 (KHTML, like Gecko; compatible; GPTBot/1.3; +https://openai.com/gptbot)" 798 **0/798169**
74.7.227.35 - - [11/Mar/2026:05:18:29 -0700] "GET /?fileloc=//proc/self/root/proc/thread-self/root/usr/lib/firmware/radeon/BONAIRE_me.bin&path=//proc/self/root/proc/thread-self/root/usr/lib/firmware/radeon HTTP/1.1" 200 2337 "http://mail.rgardensoap.com/?path=//proc/self/root/proc/thread-self/root/usr/lib/firmware/radeon" "Mozilla/5.0 AppleWebKit/537.36 (KHTML, like Gecko; compatible; GPTBot/1.3; +https://openai.com/gptbot)" 627 **0/627545**
74.7.227.150 - - [11/Mar/2026:05:18:29 -0700] "GET /blog/?path=//proc/self/root/opt/alt/php72/etc/php.d.all.def HTTP/1.1" 200 5295 "http://rgardensoap.com/blog/?path=//proc/self/root/opt/alt/php72/etc" "Mozilla/5.0 AppleWebKit/537.36 (KHTML, like Gecko; compatible; GPTBot/1.3; +https://openai.com/gptbot)" 654 **0/654114**
74.7.227.35 - - [11/Mar/2026:05:18:30 -0700] "GET /?fileloc=//proc/self/root/proc/thread-self/root/usr/lib/firmware/radeon/PITCAIRN_rlc.bin&path=//proc/self/root/proc/thread-self/root/usr/lib/firmware/radeon HTTP/1.1" 200 2339 "http://mail.rgardensoap.com/?path=//proc/self/root/proc/thread-self/root/usr/lib/firmware/radeon" "Mozilla/5.0 AppleWebKit/537.36 (KHTML, like Gecko; compatible; GPTBot/1.3; +https://openai.com/gptbot)" 550 **0/550054**
74.7.227.150 - - [11/Mar/2026:05:18:30 -0700] "GET /blog/?path=//proc/self/root/opt/alt/php72/etc/php.d.all HTTP/1.1" 200 5289 "http://rgardensoap.com/blog/?path=//proc/self/root/opt/alt/php72/etc" "Mozilla/5.0 AppleWebKit/537.36 (KHTML, like Gecko; compatible; GPTBot/1.3; +https://openai.com/gptbot)" 554 **0/554331**
74.7.227.35 - - [11/Mar/2026:05:18:31 -0700] "GET /?fileloc=//proc/self/root/proc/thread-self/root/usr/lib/firmware/radeon/MULLINS_pfp.bin&path=//proc/self/root/proc/thread-self/root/usr/lib/firmware/radeon HTTP/1.1" 200 2338 "http://mail.rgardensoap.com/?path=//proc/self/root/proc/thread-self/root/usr/lib/firmware/radeon" "Mozilla/5.0 AppleWebKit/537.36 (KHTML, like Gecko; compatible; GPTBot/1.3; +https://openai.com/gptbot)" 497 **0/497688**
74.7.227.150 - - [11/Mar/2026:05:18:31 -0700] "GET /blog/?path=//proc/self/root/opt/alt/php72/etc/php.d HTTP/1.1" 200 2657 "http://rgardensoap.com/blog/?path=//proc/self/root/opt/alt/php72/etc" "Mozilla/5.0 AppleWebKit/537.36 (KHTML, like Gecko; compatible; GPTBot/1.3; +https://openai.com/gptbot)" 535 **0/535582**
74.7.227.35 - - [11/Mar/2026:05:18:31 -0700] "GET /?fileloc=//proc/self/root/proc/thread-self/root/usr/lib/firmware/radeon/BONAIRE_vce.bin&path=//proc/self/root/proc/thread-self/root/usr/lib/firmware/radeon HTTP/1.1" 200 2338 "http://mail.rgardensoap.com/?path=//proc/self/root/proc/thread-self/root/usr/lib/firmware/radeon" "Mozilla/5.0 AppleWebKit/537.36 (KHTML, like Gecko; compatible; GPTBot/1.3; +https://openai.com/gptbot)" 486 **0/486795**
74.7.227.150 - - [11/Mar/2026:05:18:31 -0700] "GET /blog/?path=//proc/self/root/opt/alt/php72/etc/php-fpm.d HTTP/1.1" 200 2630 "http://rgardensoap.com/blog/?path=//proc/self/root/opt/alt/php72/etc" "Mozilla/5.0 AppleWebKit/537.36 (KHTML, like Gecko; compatible; GPTBot/1.3; +https://openai.com/gptbot)" 486 **0/486551**
74.7.227.35 - - [11/Mar/2026:05:18:32 -0700] "GET /?path=//proc/self/root/proc/thread-self/root/usr/lib/firmware/ath6k HTTP/1.1" 200 2684 "http://mail.rgardensoap.com/?path=//proc/self/root/proc/thread-self/root/usr/lib/firmware" "Mozilla/5.0 AppleWebKit/537.36 (KHTML, like Gecko; compatible; GPTBot/1.3; +https://openai.com/gptbot)" 500 **0/500060**
74.7.227.150 - - [11/Mar/2026:05:18:32 -0700] "GET /blog/?path=//proc/self/root/opt/alt/php72/etc/pear HTTP/1.1" 200 2363 "http://rgardensoap.com/blog/?path=//proc/self/root/opt/alt/php72/etc" "Mozilla/5.0 AppleWebKit/537.36 (KHTML, like Gecko; compatible; GPTBot/1.3; +https://openai.com/gptbot)" 519 **0/519764**
74.7.227.35 - - [11/Mar/2026:05:18:33 -0700] "GET /?path=//proc/self/root/proc/thread-self/root/usr/lib/firmware/ar3k HTTP/1.1" 200 3209 "http://mail.rgardensoap.com/?path=//proc/self/root/proc/thread-self/root/usr/lib/firmware" "Mozilla/5.0 AppleWebKit/537.36 (KHTML, like Gecko; compatible; GPTBot/1.3; +https://openai.com/gptbot)" 469 **0/469648**
74.7.227.150 - - [11/Mar/2026:05:18:33 -0700] "GET /blog/?path=//proc/self/root/opt/alt/php71/etc/php.d.i360 HTTP/1.1" 200 2625 "http://rgardensoap.com/blog/?path=//proc/self/root/opt/alt/php71/etc" "Mozilla/5.0 AppleWebKit/537.36 (KHTML, like Gecko; compatible; GPTBot/1.3; +https://openai.com/gptbot)" 495 **0/495946**
74.7.227.150 - - [11/Mar/2026:05:18:33 -0700] "GET /blog/?fileloc=//proc/self/root/opt/alt/php71/etc/php.d.all/zip.ini&path=//proc/self/root/opt/alt/php71/etc/php.d.all HTTP/1.1" 200 2338 "http://rgardensoap.com/blog/?path=//proc/self/root/opt/alt/php71/etc/php.d.all" "Mozilla/5.0 AppleWebKit/537.36 (KHTML, like Gecko; compatible; GPTBot/1.3; +https://openai.com/gptbot)" 274 **0/274689**
74.7.227.35 - - [11/Mar/2026:05:18:33 -0700] "GET /?path=//proc/self/root/proc/thread-self/root/usr/lib/firmware/nvidia/gk20a HTTP/1.1" 200 2887 "http://mail.rgardensoap.com/?path=//proc/self/root/proc/thread-self/root/usr/lib/firmware/nvidia" "Mozilla/5.0 AppleWebKit/537.36 (KHTML, like Gecko; compatible; GPTBot/1.3; +https://openai.com/gptbot)" 562 **0/562073**
74.7.227.150 - - [11/Mar/2026:05:18:34 -0700] "GET /blog/?fileloc=//proc/self/root/opt/alt/php71/etc/php.d.all/rar.ini&path=//proc/self/root/opt/alt/php71/etc/php.d.all HTTP/1.1" 200 2339 "http://rgardensoap.com/blog/?path=//proc/self/root/opt/alt/php71/etc/php.d.all" "Mozilla/5.0 AppleWebKit/537.36 (KHTML, like Gecko; compatible; GPTBot/1.3; +https://openai.com/gptbot)" 375 **0/375039**
74.7.227.35 - - [11/Mar/2026:05:18:34 -0700] "GET /?path=//proc/self/root/proc/thread-self/root/usr/lib/firmware/nvidia/tu10x HTTP/1.1" 200 2629 "http://mail.rgardensoap.com/?path=//proc/self/root/proc/thread-self/root/usr/lib/firmware/nvidia" "Mozilla/5.0 AppleWebKit/537.36 (KHTML, like Gecko; compatible; GPTBot/1.3; +https://openai.com/gptbot)" 498 **0/498994**
74.7.227.150 - - [11/Mar/2026:05:18:34 -0700] "GET /blog/?path=//proc/self/root/opt/alt/php72/etc/php.d.i360 HTTP/1.1" 200 2625 "http://rgardensoap.com/blog/?path=//proc/self/root/opt/alt/php72/etc" "Mozilla/5.0 AppleWebKit/537.36 (KHTML, like Gecko; compatible; GPTBot/1.3; +https://openai.com/gptbot)" 475 **0/475819**
74.7.227.35 - - [11/Mar/2026:05:18:35 -0700] "GET /?path=//proc/self/root/proc/thread-self/root/usr/lib/firmware/nvidia/gp10b HTTP/1.1" 200 2678 "http://mail.rgardensoap.com/?path=//proc/self/root/proc/thread-self/root/usr/lib/firmware/nvidia" "Mozilla/5.0 AppleWebKit/537.36 (KHTML, like Gecko; compatible; GPTBot/1.3; +https://openai.com/gptbot)" 474 **0/474443**
74.7.227.150 - - [11/Mar/2026:05:18:35 -0700] "GET /blog/?path=//proc/self/root/opt/alt/ruby32/lib HTTP/1.1" 200 2590 "http://rgardensoap.com/blog/?path=//proc/self/root/opt/alt/ruby32" "Mozilla/5.0 AppleWebKit/537.36 (KHTML, like Gecko; compatible; GPTBot/1.3; +https://openai.com/gptbot)" 457 **0/457256**
74.7.227.35 - - [11/Mar/2026:05:18:35 -0700] "GET /?path=//proc/self/root/proc/thread-self/root/usr/lib/firmware/nvidia/gm20b HTTP/1.1" 200 2678 "http://mail.rgardensoap.com/?path=//proc/self/root/proc/thread-self/root/usr/lib/firmware/nvidia" "Mozilla/5.0 AppleWebKit/537.36 (KHTML, like Gecko; compatible; GPTBot/1.3; +https://openai.com/gptbot)" 470 **0/470696**
74.7.227.150 - - [11/Mar/2026:05:18:36 -0700] "GET /blog/?path=//proc/self/root/opt/alt/ruby32/etc HTTP/1.1" 200 2619 "http://rgardensoap.com/blog/?path=//proc/self/root/opt/alt/ruby32" "Mozilla/5.0 AppleWebKit/537.36 (KHTML, like Gecko; compatible; GPTBot/1.3; +https://openai.com/gptbot)" 448 **0/448914**
74.7.227.35 - - [11/Mar/2026:05:18:36 -0700] "GET /?path=//proc/self/root/proc/thread-self/root/usr/lib/firmware/qcom/qcs6490 HTTP/1.1" 200 3143 "http://mail.rgardensoap.com/?path=//proc/self/root/proc/thread-self/root/usr/lib/firmware/qcom" "Mozilla/5.0 AppleWebKit/537.36 (KHTML, like Gecko; compatible; GPTBot/1.3; +https://openai.com/gptbot)" 461 **0/461796**
74.7.227.150 - - [11/Mar/2026:05:18:36 -0700] "GET /blog/?path=//proc/self/root/opt/alt/php74/etc HTTP/1.1" 200 3213 "http://rgardensoap.com/blog/?path=//proc/self/root/opt/alt/php74" "Mozilla/5.0 AppleWebKit/537.36 (KHTML, like Gecko; compatible; GPTBot/1.3; +https://openai.com/gptbot)" 481 **0/481700**
74.7.227.35 - - [11/Mar/2026:05:18:36 -0700] "GET /?path=//proc/self/root/proc/thread-self/root/usr/lib/firmware/qcom/sm8350 HTTP/1.1" 200 2653 "http://mail.rgardensoap.com/?path=//proc/self/root/proc/thread-self/root/usr/lib/firmware/qcom" "Mozilla/5.0 AppleWebKit/537.36 (KHTML, like Gecko; compatible; GPTBot/1.3; +https://openai.com/gptbot)" 466 **0/466931**
74.7.227.150 - - [11/Mar/2026:05:18:37 -0700] "GET /blog/?fileloc=//proc/self/root/opt/alt/php72/etc/php.d.all/gmagick.ini&path=//proc/self/root/opt/alt/php72/etc/php.d.all HTTP/1.1" 200 2341 "http://rgardensoap.com/blog/?path=//proc/self/root/opt/alt/php72/etc/php.d.all" "Mozilla/5.0 AppleWebKit/537.36 (KHTML, like Gecko; compatible; GPTBot/1.3; +https://openai.com/gptbot)" 256 **0/256887**
74.7.227.35 - - [11/Mar/2026:05:18:37 -0700] "GET /?path=//proc/self/root/proc/thread-self/root/usr/lib/firmware/qcom/qcs8300 HTTP/1.1" 200 2926 "http://mail.rgardensoap.com/?path=//proc/self/root/proc/thread-self/root/usr/lib/firmware/qcom" "Mozilla/5.0 AppleWebKit/537.36 (KHTML, like Gecko; compatible; GPTBot/1.3; +https://openai.com/gptbot)" 470 **0/470506**
74.7.227.150 - - [11/Mar/2026:05:18:37 -0700] "GET /blog/?path=//proc/self/root/opt/alt/python35 HTTP/1.1" 200 2701 "http://rgardensoap.com/blog/?path=//proc/self/root/opt/alt" "Mozilla/5.0 AppleWebKit/537.36 (KHTML, like Gecko; compatible; GPTBot/1.3; +https://openai.com/gptbot)" 459 **0/459340**
74.7.227.35 - - [11/Mar/2026:05:18:38 -0700] "GET /?path=//proc/self/root/proc/thread-self/root/usr/lib/firmware/qcom/qcm2290 HTTP/1.1" 200 2906 "http://mail.rgardensoap.com/?path=//proc/self/root/proc/thread-self/root/usr/lib/firmware/qcom" "Mozilla/5.0 AppleWebKit/537.36 (KHTML, like Gecko; compatible; GPTBot/1.3; +https://openai.com/gptbot)" 462 **0/462084**
74.7.227.150 - - [11/Mar/2026:05:18:38 -0700] "GET /blog/?fileloc=//proc/self/root/opt/alt/php72/etc/php-fpm.d/www.conf.default&path=//proc/self/root/opt/alt/php72/etc/php-fpm.d HTTP/1.1" 200 8195 "http://rgardensoap.com/blog/?path=//proc/self/root/opt/alt/php72/etc/php-fpm.d" "Mozilla/5.0 AppleWebKit/537.36 (KHTML, like Gecko; compatible; GPTBot/1.3; +https://openai.com/gptbot)" 458 **0/458788**
74.7.227.35 - - [11/Mar/2026:05:18:38 -0700] "GET /?path=//proc/self/root/proc/thread-self/root/usr/lib/firmware/qcom/qcs9100 HTTP/1.1" 200 2664 "http://mail.rgardensoap.com/?path=//proc/self/root/proc/thread-self/root/usr/lib/firmware/qcom" "Mozilla/5.0 AppleWebKit/537.36 (KHTML, like Gecko; compatible; GPTBot/1.3; +https://openai.com/gptbot)" 461 **0/461812**
74.7.227.150 - - [11/Mar/2026:05:18:38 -0700] "GET /blog/?path=//opt/alt/php72/var/lib/pear/pkgxml HTTP/1.1" 200 2614 "http://rgardensoap.com/blog/?path=//opt/alt/php72/var/lib/pear" "Mozilla/5.0 AppleWebKit/537.36 (KHTML, like Gecko; compatible; GPTBot/1.3; +https://openai.com/gptbot)" 460 **0/460092**
74.7.227.35 - - [11/Mar/2026:05:18:39 -0700] "GET /?path=//proc/self/root/proc/thread-self/root/usr/lib/firmware/qcom/sm8450 HTTP/1.1" 200 2705 "http://mail.rgardensoap.com/?path=//proc/self/root/proc/thread-self/root/usr/lib/firmware/qcom" "Mozilla/5.0 AppleWebKit/537.36 (KHTML, like Gecko; compatible; GPTBot/1.3; +https://openai.com/gptbot)" 477 **0/477688**
74.7.227.150 - - [11/Mar/2026:05:18:39 -0700] "GET /blog/?path=//proc/self/root/opt/alt/php80/usr HTTP/1.1" 200 2690 "http://rgardensoap.com/blog/?path=//proc/self/root/opt/alt/php80" "Mozilla/5.0 AppleWebKit/537.36 (KHTML, like Gecko; compatible; GPTBot/1.3; +https://openai.com/gptbot)" 484 **0/484107**
74.7.227.35 - - [11/Mar/2026:05:18:40 -0700] "GET /?path=//proc/self/root/proc/thread-self/root/usr/lib/firmware/qcom/qcm6490 HTTP/1.1" 200 2993 "http://mail.rgardensoap.com/?path=//proc/self/root/proc/thread-self/root/usr/lib/firmware/qcom" "Mozilla/5.0 AppleWebKit/537.36 (KHTML, like Gecko; compatible; GPTBot/1.3; +https://openai.com/gptbot)" 498 **0/498566**
74.7.227.150 - - [11/Mar/2026:05:18:40 -0700] "GET /blog/?path=//proc/self/root/opt/alt/php70/var HTTP/1.1" 200 2643 "http://rgardensoap.com/blog/?path=//proc/self/root/opt/alt/php70" "Mozilla/5.0 AppleWebKit/537.36 (KHTML, like Gecko; compatible; GPTBot/1.3; +https://openai.com/gptbot)" 496 **0/496965**
74.7.227.35 - - [11/Mar/2026:05:18:40 -0700] "GET /?path=//proc/self/root/proc/thread-self/root/usr/lib/firmware/qcom/qrb4210 HTTP/1.1" 200 2940 "http://mail.rgardensoap.com/?path=//proc/self/root/proc/thread-self/root/usr/lib/firmware/qcom" "Mozilla/5.0 AppleWebKit/537.36 (KHTML, like Gecko; compatible; GPTBot/1.3; +https://openai.com/gptbot)" 470 **0/470913**
74.7.227.150 - - [11/Mar/2026:05:18:40 -0700] "GET /blog/?path=//proc/self/root/opt/alt/php83/etc HTTP/1.1" 200 3213 "http://rgardensoap.com/blog/?path=//proc/self/root/opt/alt/php83" "Mozilla/5.0 AppleWebKit/537.36 (KHTML, like Gecko; compatible; GPTBot/1.3; +https://openai.com/gptbot)" 511 **0/511373**
74.7.227.35 - - [11/Mar/2026:05:18:41 -0700] "GET /?path=//proc/self/root/proc/thread-self/root/usr/lib/firmware/qcom/apq8096 HTTP/1.1" 200 2847 "http://mail.rgardensoap.com/?path=//proc/self/root/proc/thread-self/root/usr/lib/firmware/qcom" "Mozilla/5.0 AppleWebKit/537.36 (KHTML, like Gecko; compatible; GPTBot/1.3; +https://openai.com/gptbot)" 488 **0/488123**
74.7.227.150 - - [11/Mar/2026:05:18:41 -0700] "GET /blog/?path=//proc/self/root/opt/alt/ruby26 HTTP/1.1" 200 2678 "http://rgardensoap.com/blog/?path=//proc/self/root/opt/alt" "Mozilla/5.0 AppleWebKit/537.36 (KHTML, like Gecko; compatible; GPTBot/1.3; +https://openai.com/gptbot)" 451 **0/451814**
74.7.227.35 - - [11/Mar/2026:05:18:41 -0700] "GET /?path=//proc/self/root/proc/thread-self/root/usr/lib/firmware/qcom/sm8250 HTTP/1.1" 200 2866 "http://mail.rgardensoap.com/?path=//proc/self/root/proc/thread-self/root/usr/lib/firmware/qcom" "Mozilla/5.0 AppleWebKit/537.36 (KHTML, like Gecko; compatible; GPTBot/1.3; +https://openai.com/gptbot)" 499 **0/499867**
74.7.227.150 - - [11/Mar/2026:05:18:41 -0700] "GET /blog/?path=//proc/self/root/opt/alt/php73/var HTTP/1.1" 200 2643 "http://rgardensoap.com/blog/?path=//proc/self/root/opt/alt/php73" "Mozilla/5.0 AppleWebKit/537.36 (KHTML, like Gecko; compatible; GPTBot/1.3; +https://openai.com/gptbot)" 475 **0/475925**
74.7.227.35 - - [11/Mar/2026:05:18:42 -0700] "GET /?path=//proc/self/root/proc/thread-self/root/usr/lib/firmware/qcom/sm8650 HTTP/1.1" 200 2729 "http://mail.rgardensoap.com/?path=//proc/self/root/proc/thread-self/root/usr/lib/firmware/qcom" "Mozilla/5.0 AppleWebKit/537.36 (KHTML, like Gecko; compatible; GPTBot/1.3; +https://openai.com/gptbot)" 471 **0/471478**
74.7.227.150 - - [11/Mar/2026:05:18:42 -0700] "GET /blog/?path=//proc/self/root/opt/alt/python36 HTTP/1.1" 200 2701 "http://rgardensoap.com/blog/?path=//proc/self/root/opt/alt" "Mozilla/5.0 AppleWebKit/537.36 (KHTML, like Gecko; compatible; GPTBot/1.3; +https://openai.com/gptbot)" 515 **0/515961**
74.7.227.35 - - [11/Mar/2026:05:18:43 -0700] "GET /?path=//proc/self/root/proc/thread-self/root/usr/lib/firmware/qcom/sm8150 HTTP/1.1" 200 2655 "http://mail.rgardensoap.com/?path=//proc/self/root/proc/thread-self/root/usr/lib/firmware/qcom" "Mozilla/5.0 AppleWebKit/537.36 (KHTML, like Gecko; compatible; GPTBot/1.3; +https://openai.com/gptbot)" 462 **0/462637**
74.7.227.150 - - [11/Mar/2026:05:18:43 -0700] "GET /blog/?path=//proc/self/root/opt/alt/php74/etc/php.d.all HTTP/1.1" 200 5247 "http://rgardensoap.com/blog/?path=//proc/self/root/opt/alt/php74/etc" "Mozilla/5.0 AppleWebKit/537.36 (KHTML, like Gecko; compatible; GPTBot/1.3; +https://openai.com/gptbot)" 500 **0/500544**
74.7.227.35 - - [11/Mar/2026:05:18:43 -0700] "GET /?path=//proc/self/root/proc/thread-self/root/usr/lib/firmware/qcom/sm8750 HTTP/1.1" 200 2956 "http://mail.rgardensoap.com/?path=//proc/self/root/proc/thread-self/root/usr/lib/firmware/qcom" "Mozilla/5.0 AppleWebKit/537.36 (KHTML, like Gecko; compatible; GPTBot/1.3; +https://openai.com/gptbot)" 478 **0/478416**
74.7.227.150 - - [11/Mar/2026:05:18:43 -0700] "GET /blog/?path=//proc/self/root/opt/alt/php74/etc/php.d HTTP/1.1" 200 2657 "http://rgardensoap.com/blog/?path=//proc/self/root/opt/alt/php74/etc" "Mozilla/5.0 AppleWebKit/537.36 (KHTML, like Gecko; compatible; GPTBot/1.3; +https://openai.com/gptbot)" 496 **0/496872**
74.7.227.35 - - [11/Mar/2026:05:18:44 -0700] "GET /?path=//proc/self/root/proc/thread-self/root/usr/lib/firmware/qcom/apq8016 HTTP/1.1" 200 2776 "http://mail.rgardensoap.com/?path=//proc/self/root/proc/thread-self/root/usr/lib/firmware/qcom" "Mozilla/5.0 AppleWebKit/537.36 (KHTML, like Gecko; compatible; GPTBot/1.3; +https://openai.com/gptbot)" 468 **0/468087**
74.7.227.150 - - [11/Mar/2026:05:18:44 -0700] "GET /blog/?path=//proc/self/root/opt/alt/php74/etc/php-fpm.d HTTP/1.1" 200 2630 "http://rgardensoap.com/blog/?path=//proc/self/root/opt/alt/php74/etc" "Mozilla/5.0 AppleWebKit/537.36 (KHTML, like Gecko; compatible; GPTBot/1.3; +https://openai.com/gptbot)" 487 **0/487945**
74.7.227.35 - - [11/Mar/2026:05:18:44 -0700] "GET /?path=//proc/self/root/proc/thread-self/root/usr/lib/firmware/ixp4xx HTTP/1.1" 200 2726 "http://mail.rgardensoap.com/?path=//proc/self/root/proc/thread-self/root/usr/lib/firmware" "Mozilla/5.0 AppleWebKit/537.36 (KHTML, like Gecko; compatible; GPTBot/1.3; +https://openai.com/gptbot)" 473 **0/473619**
74.7.227.150 - - [11/Mar/2026:05:18:45 -0700] "GET /blog/?path=//proc/self/root/opt/alt/php74/etc/pear HTTP/1.1" 200 2363 "http://rgardensoap.com/blog/?path=//proc/self/root/opt/alt/php74/etc" "Mozilla/5.0 AppleWebKit/537.36 (KHTML, like Gecko; compatible; GPTBot/1.3; +https://openai.com/gptbot)" 442 **0/442208**
74.7.227.35 - - [11/Mar/2026:05:18:45 -0700] "GET /?path=//proc/self/root/proc/thread-self/root/usr/lib/firmware/ath9k_htc HTTP/1.1" 200 2684 "http://mail.rgardensoap.com/?path=//proc/self/root/proc/thread-self/root/usr/lib/firmware" "Mozilla/5.0 AppleWebKit/537.36 (KHTML, like Gecko; compatible; GPTBot/1.3; +https://openai.com/gptbot)" 480 **0/480799**
74.7.227.150 - - [11/Mar/2026:05:18:45 -0700] "GET /blog/?path=//proc/self/root/opt/alt/php74/etc/php.d.i360 HTTP/1.1" 200 2625 "http://rgardensoap.com/blog/?path=//proc/self/root/opt/alt/php74/etc" "Mozilla/5.0 AppleWebKit/537.36 (KHTML, like Gecko; compatible; GPTBot/1.3; +https://openai.com/gptbot)" 469 **0/469104**
74.7.227.35 - - [11/Mar/2026:05:18:46 -0700] "GET /?path=//proc/self/root/proc/thread-self/root/usr/lib/firmware/mwl8k HTTP/1.1" 200 2855 "http://mail.rgardensoap.com/?path=//proc/self/root/proc/thread-self/root/usr/lib/firmware" "Mozilla/5.0 AppleWebKit/537.36 (KHTML, like Gecko; compatible; GPTBot/1.3; +https://openai.com/gptbot)" 484 **0/484582**
74.7.227.150 - - [11/Mar/2026:05:18:46 -0700] "GET /blog/?path=//opt/alt/php71/var/lib/pear/pkgxml HTTP/1.1" 200 2614 "http://rgardensoap.com/blog/?path=//opt/alt/php71/var/lib/pear" "Mozilla/5.0 AppleWebKit/537.36 (KHTML, like Gecko; compatible; GPTBot/1.3; +https://openai.com/gptbot)" 488 **0/488717**
74.7.227.35 - - [11/Mar/2026:05:18:46 -0700] "GET /?path=//proc/self/root/proc/thread-self/root/usr/lib/firmware/bnx2 HTTP/1.1" 200 2787 "http://mail.rgardensoap.com/?path=//proc/self/root/proc/thread-self/root/usr/lib/firmware" "Mozilla/5.0 AppleWebKit/537.36 (KHTML, like Gecko; compatible; GPTBot/1.3; +https://openai.com/gptbot)" 511 **0/511583**
74.7.227.150 - - [11/Mar/2026:05:18:46 -0700] "GET /blog/?path=//proc/self/root/opt/alt/php74/usr HTTP/1.1" 200 2690 "http://rgardensoap.com/blog/?path=//proc/self/root/opt/alt/php74" "Mozilla/5.0 AppleWebKit/537.36 (KHTML, like Gecko; compatible; GPTBot/1.3; +https://openai.com/gptbot)" 486 **0/486712**
74.7.227.35 - - [11/Mar/2026:05:18:47 -0700] "GET /?path=//proc/self/root/proc/thread-self/root/usr/lib/firmware/cxgb4 HTTP/1.1" 200 3056 "http://mail.rgardensoap.com/?path=//proc/self/root/proc/thread-self/root/usr/lib/firmware" "Mozilla/5.0 AppleWebKit/537.36 (KHTML, like Gecko; compatible; GPTBot/1.3; +https://openai.com/gptbot)" 490 **0/490884**
74.7.227.150 - - [11/Mar/2026:05:18:47 -0700] "GET /blog/?path=//proc/self/root/opt/alt/php83/etc/php.d.all HTTP/1.1" 200 5091 "http://rgardensoap.com/blog/?path=//proc/self/root/opt/alt/php83/etc" "Mozilla/5.0 AppleWebKit/537.36 (KHTML, like Gecko; compatible; GPTBot/1.3; +https://openai.com/gptbot)" 508 **0/508062**
74.7.227.35 - - [11/Mar/2026:05:18:48 -0700] "GET /?path=//proc/self/root/proc/thread-self/root/usr/lib/firmware/bnx2x HTTP/1.1" 200 2885 "http://mail.rgardensoap.com/?path=//proc/self/root/proc/thread-self/root/usr/lib/firmware" "Mozilla/5.0 AppleWebKit/537.36 (KHTML, like Gecko; compatible; GPTBot/1.3; +https://openai.com/gptbot)" 498 **0/498705**
74.7.227.150 - - [11/Mar/2026:05:18:48 -0700] "GET /blog/?path=//proc/self/root/opt/alt/php83/etc/php.d HTTP/1.1" 200 2657 "http://rgardensoap.com/blog/?path=//proc/self/root/opt/alt/php83/etc" "Mozilla/5.0 AppleWebKit/537.36 (KHTML, like Gecko; compatible; GPTBot/1.3; +https://openai.com/gptbot)" 485 **0/485230**
74.7.227.35 - - [11/Mar/2026:05:18:48 -0700] "GET /?path=//proc/self/root/proc/thread-self/root/usr/lib/firmware/ar3k/30101coex HTTP/1.1" 200 2798 "http://mail.rgardensoap.com/?path=//proc/self/root/proc/thread-self/root/usr/lib/firmware/ar3k" "Mozilla/5.0 AppleWebKit/537.36 (KHTML, like Gecko; compatible; GPTBot/1.3; +https://openai.com/gptbot)" 527 **0/527672**
74.7.227.150 - - [11/Mar/2026:05:18:48 -0700] "GET /blog/?path=//proc/self/root/opt/alt/php83/etc/php-fpm.d HTTP/1.1" 200 2630 "http://rgardensoap.com/blog/?path=//proc/self/root/opt/alt/php83/etc" "Mozilla/5.0 AppleWebKit/537.36 (KHTML, like Gecko; compatible; GPTBot/1.3; +https://openai.com/gptbot)" 458 **0/458722**
74.7.227.35 - - [11/Mar/2026:05:18:49 -0700] "GET /?path=//proc/self/root/proc/thread-self/root/usr/lib/firmware/qcom/x1e80100 HTTP/1.1" 200 3514 "http://mail.rgardensoap.com/?path=//proc/self/root/proc/thread-self/root/usr/lib/firmware/qcom" "Mozilla/5.0 AppleWebKit/537.36 (KHTML, like Gecko; compatible; GPTBot/1.3; +https://openai.com/gptbot)" 470 **0/470265**
74.7.227.150 - - [11/Mar/2026:05:18:49 -0700] "GET /blog/?path=//proc/self/root/opt/alt/php83/etc/php.d.i360 HTTP/1.1" 200 2625 "http://rgardensoap.com/blog/?path=//proc/self/root/opt/alt/php83/etc" "Mozilla/5.0 AppleWebKit/537.36 (KHTML, like Gecko; compatible; GPTBot/1.3; +https://openai.com/gptbot)" 541 **0/541316**
74.7.227.150 - - [11/Mar/2026:05:18:49 -0700] "GET /blog/?fileloc=//proc/self/root/opt/alt/php74/etc/php.d.all/protobuf.ini&path=//proc/self/root/opt/alt/php74/etc/php.d.all HTTP/1.1" 200 2340 "http://rgardensoap.com/blog/?path=//proc/self/root/opt/alt/php74/etc/php.d.all" "Mozilla/5.0 AppleWebKit/537.36 (KHTML, like Gecko; compatible; GPTBot/1.3; +https://openai.com/gptbot)" 276 **0/276163**
74.7.227.35 - - [11/Mar/2026:05:18:49 -0700] "GET /?path=//proc/self/root/proc/thread-self/root/usr/lib/firmware/nvidia/gv100 HTTP/1.1" 200 2708 "http://mail.rgardensoap.com/?path=//proc/self/root/proc/thread-self/root/usr/lib/firmware/nvidia" "Mozilla/5.0 AppleWebKit/537.36 (KHTML, like Gecko; compatible; GPTBot/1.3; +https://openai.com/gptbot)" 522 **0/522313**
74.7.227.150 - - [11/Mar/2026:05:18:50 -0700] "GET /blog/?fileloc=//proc/self/root/opt/alt/php74/etc/php.d.all/snmp.ini&path=//proc/self/root/opt/alt/php74/etc/php.d.all HTTP/1.1" 200 2340 "http://rgardensoap.com/blog/?path=//proc/self/root/opt/alt/php74/etc/php.d.all" "Mozilla/5.0 AppleWebKit/537.36 (KHTML, like Gecko; compatible; GPTBot/1.3; +https://openai.com/gptbot)" 409 **0/409182**
74.7.227.35 - - [11/Mar/2026:05:18:50 -0700] "GET /?path=//proc/self/root/proc/thread-self/root/usr/lib/firmware/nvidia/gb100 HTTP/1.1" 200 2633 "http://mail.rgardensoap.com/?path=//proc/self/root/proc/thread-self/root/usr/lib/firmware/nvidia" "Mozilla/5.0 AppleWebKit/537.36 (KHTML, like Gecko; compatible; GPTBot/1.3; +https://openai.com/gptbot)" 460 **0/460115**
74.7.227.150 - - [11/Mar/2026:05:18:51 -0700] "GET /blog/?path=//proc/self/root/opt/alt/php83/etc/pear HTTP/1.1" 200 2363 "http://rgardensoap.com/blog/?path=//proc/self/root/opt/alt/php83/etc" "Mozilla/5.0 AppleWebKit/537.36 (KHTML, like Gecko; compatible; GPTBot/1.3; +https://openai.com/gptbot)" 478 **0/478695**
74.7.227.35 - - [11/Mar/2026:05:18:51 -0700] "GET /?path=//proc/self/root/proc/thread-self/root/usr/lib/firmware/nvidia/ad106 HTTP/1.1" 200 2632 "http://mail.rgardensoap.com/?path=//proc/self/root/proc/thread-self/root/usr/lib/firmware/nvidia" "Mozilla/5.0 AppleWebKit/537.36 (KHTML, like Gecko; compatible; GPTBot/1.3; +https://openai.com/gptbot)" 500 **0/500014**
74.7.227.150 - - [11/Mar/2026:05:18:51 -0700] "GET /blog/?path=//proc/self/root/opt/alt/ruby26/etc HTTP/1.1" 200 2349 "http://rgardensoap.com/blog/?path=//proc/self/root/opt/alt/ruby26" "Mozilla/5.0 AppleWebKit/537.36 (KHTML, like Gecko; compatible; GPTBot/1.3; +https://openai.com/gptbot)" 486 **0/486213**
74.7.227.35 - - [11/Mar/2026:05:18:51 -0700] "GET /?path=//proc/self/root/proc/thread-self/root/usr/lib/firmware/nvidia/tu117 HTTP/1.1" 200 2730 "http://mail.rgardensoap.com/?path=//proc/self/root/proc/thread-self/root/usr/lib/firmware/nvidia" "Mozilla/5.0 AppleWebKit/537.36 (KHTML, like Gecko; compatible; GPTBot/1.3; +https://openai.com/gptbot)" 639 **0/639152**
74.7.227.150 - - [11/Mar/2026:05:18:52 -0700] "GET /blog/?path=//proc/self/root/usr/local/lib64 HTTP/1.1" 200 2614 "http://rgardensoap.com/blog/?path=//proc/self/root/usr/local" "Mozilla/5.0 AppleWebKit/537.36 (KHTML, like Gecko; compatible; GPTBot/1.3; +https://openai.com/gptbot)" 473 **0/473341**
74.7.227.35 - - [11/Mar/2026:05:18:52 -0700] "GET /?path=//proc/self/root/proc/thread-self/root/usr/lib/firmware/nvidia/gh100 HTTP/1.1" 200 2633 "http://mail.rgardensoap.com/?path=//proc/self/root/proc/thread-self/root/usr/lib/firmware/nvidia" "Mozilla/5.0 AppleWebKit/537.36 (KHTML, like Gecko; compatible; GPTBot/1.3; +https://openai.com/gptbot)" 504 **0/504997**
74.7.227.150 - - [11/Mar/2026:05:18:52 -0700] "GET /blog/?path=//proc/self/root/opt/alt/php82/usr HTTP/1.1" 200 2690 "http://rgardensoap.com/blog/?path=//proc/self/root/opt/alt/php82" "Mozilla/5.0 AppleWebKit/537.36 (KHTML, like Gecko; compatible; GPTBot/1.3; +https://openai.com/gptbot)" 461 **0/461212**
74.7.227.35 - - [11/Mar/2026:05:18:53 -0700] "GET /?path=//proc/self/root/proc/thread-self/root/usr/lib/firmware/nvidia/ad104 HTTP/1.1" 200 2632 "http://mail.rgardensoap.com/?path=//proc/self/root/proc/thread-self/root/usr/lib/firmware/nvidia" "Mozilla/5.0 AppleWebKit/537.36 (KHTML, like Gecko; compatible; GPTBot/1.3; +https://openai.com/gptbot)" 605 **0/605637**
74.7.227.150 - - [11/Mar/2026:05:18:53 -0700] "GET /blog/?path=//proc/self/root/opt/alt/ruby27/etc HTTP/1.1" 200 2350 "http://rgardensoap.com/blog/?path=//proc/self/root/opt/alt/ruby27" "Mozilla/5.0 AppleWebKit/537.36 (KHTML, like Gecko; compatible; GPTBot/1.3; +https://openai.com/gptbot)" 563 **0/563035**
74.7.227.35 - - [11/Mar/2026:05:18:54 -0700] "GET /?path=//proc/self/root/proc/thread-self/root/usr/lib/firmware/nvidia/ga102 HTTP/1.1" 200 2729 "http://mail.rgardensoap.com/?path=//proc/self/root/proc/thread-self/root/usr/lib/firmware/nvidia" "Mozilla/5.0 AppleWebKit/537.36 (KHTML, like Gecko; compatible; GPTBot/1.3; +https://openai.com/gptbot)" 526 **0/526122**
74.7.227.150 - - [11/Mar/2026:05:18:54 -0700] "GET /blog/?fileloc=//proc/self/root/opt/alt/php83/etc/php.d.all/pdo_mysql.ini&path=//proc/self/root/opt/alt/php83/etc/php.d.all HTTP/1.1" 200 2357 "http://rgardensoap.com/blog/?path=//proc/self/root/opt/alt/php83/etc/php.d.all" "Mozilla/5.0 AppleWebKit/537.36 (KHTML, like Gecko; compatible; GPTBot/1.3; +https://openai.com/gptbot)" 325 **0/325985**
74.7.227.35 - - [11/Mar/2026:05:18:54 -0700] "GET /?path=//proc/self/root/proc/thread-self/root/usr/lib/firmware/cxgb4/configs HTTP/1.1" 200 2772 "http://mail.rgardensoap.com/?path=//proc/self/root/proc/thread-self/root/usr/lib/firmware/cxgb4" "Mozilla/5.0 AppleWebKit/537.36 (KHTML, like Gecko; compatible; GPTBot/1.3; +https://openai.com/gptbot)" 522 **0/522558**
74.7.227.150 - - [11/Mar/2026:05:18:54 -0700] "GET /blog/?path=//proc/self/root/opt/alt/ruby31 HTTP/1.1" 200 2702 "http://rgardensoap.com/blog/?path=//proc/self/root/opt/alt" "Mozilla/5.0 AppleWebKit/537.36 (KHTML, like Gecko; compatible; GPTBot/1.3; +https://openai.com/gptbot)" 471 **0/471060**
74.7.227.35 - - [11/Mar/2026:05:18:55 -0700] "GET /?path=//proc/self/root/proc/thread-self/root/usr/lib/firmware/nvidia/gm200 HTTP/1.1" 200 2655 "http://mail.rgardensoap.com/?path=//proc/self/root/proc/thread-self/root/usr/lib/firmware/nvidia" "Mozilla/5.0 AppleWebKit/537.36 (KHTML, like Gecko; compatible; GPTBot/1.3; +https://openai.com/gptbot)" 476 **0/476548**
74.7.227.150 - - [11/Mar/2026:05:18:55 -0700] "GET /blog/?path=//proc/self/root/opt/alt/php81/usr HTTP/1.1" 200 2690 "http://rgardensoap.com/blog/?path=//proc/self/root/opt/alt/php81" "Mozilla/5.0 AppleWebKit/537.36 (KHTML, like Gecko; compatible; GPTBot/1.3; +https://openai.com/gptbot)" 492 **0/492987**
74.7.227.35 - - [11/Mar/2026:05:18:56 -0700] "GET /?path=//proc/self/root/proc/thread-self/root/usr/lib/firmware/nvidia/ad107 HTTP/1.1" 200 2632 "http://mail.rgardensoap.com/?path=//proc/self/root/proc/thread-self/root/usr/lib/firmware/nvidia" "Mozilla/5.0 AppleWebKit/537.36 (KHTML, like Gecko; compatible; GPTBot/1.3; +https://openai.com/gptbot)" 477 **0/477476**
74.7.227.150 - - [11/Mar/2026:05:18:56 -0700] "GET /blog/?path=//proc/self/root/opt/alt/php83/link HTTP/1.1" 200 2579 "http://rgardensoap.com/blog/?path=//proc/self/root/opt/alt/php83" "Mozilla/5.0 AppleWebKit/537.36 (KHTML, like Gecko; compatible; GPTBot/1.3; +https://openai.com/gptbot)" 526 **0/526892**
74.7.227.150 - - [11/Mar/2026:05:18:56 -0700] "GET /blog/?path=//proc/self/root/opt/alt/php56/etc HTTP/1.1" 200 3162 "http://rgardensoap.com/blog/?path=//proc/self/root/opt/alt/php56" "Mozilla/5.0 AppleWebKit/537.36 (KHTML, like Gecko; compatible; GPTBot/1.3; +https://openai.com/gptbot)" 527 **0/527244**
74.7.227.35 - - [11/Mar/2026:05:18:56 -0700] "GET /?path=//proc/self/root/proc/thread-self/root/usr/lib/firmware/qcom/x1e80100/dell HTTP/1.1" 200 2723 "http://mail.rgardensoap.com/?path=//proc/self/root/proc/thread-self/root/usr/lib/firmware/qcom/x1e80100" "Mozilla/5.0 AppleWebKit/537.36 (KHTML, like Gecko; compatible; GPTBot/1.3; +https://openai.com/gptbot)" 703 **0/703841**
74.7.227.35 - - [11/Mar/2026:05:18:57 -0700] "GET /?path=//proc/self/root/proc/thread-self/root/usr/lib/firmware/qcom/x1e80100/hp HTTP/1.1" 200 2647 "http://mail.rgardensoap.com/?path=//proc/self/root/proc/thread-self/root/usr/lib/firmware/qcom/x1e80100" "Mozilla/5.0 AppleWebKit/537.36 (KHTML, like Gecko; compatible; GPTBot/1.3; +https://openai.com/gptbot)" 592 **0/592349**
74.7.227.150 - - [11/Mar/2026:05:18:57 -0700] "GET /admin.php?path=//lib64 HTTP/1.1" 200 33809 "http://rgardensoap.com/admin.php?path=/" "Mozilla/5.0 AppleWebKit/537.36 (KHTML, like Gecko; compatible; GPTBot/1.3; +https://openai.com/gptbot)" 708 **0/708048**
74.7.227.35 - - [11/Mar/2026:05:18:58 -0700] "GET /?path=//proc/self/root/proc/thread-self/root/usr/lib/firmware/nvidia/ad102 HTTP/1.1" 200 2632 "http://mail.rgardensoap.com/?path=//proc/self/root/proc/thread-self/root/usr/lib/firmware/nvidia" "Mozilla/5.0 AppleWebKit/537.36 (KHTML, like Gecko; compatible; GPTBot/1.3; +https://openai.com/gptbot)" 456 **0/456097**
74.7.227.150 - - [11/Mar/2026:05:18:58 -0700] "GET /administrator/templates/bluestork/error.php?path=//proc/thread-self/root/usr/lib/firmware/inside-secure/eip197_minifw HTTP/1.1" 200 2671 "http://rgardensoap.com/administrator/templates/bluestork/error.php?path=//proc/thread-self/root/usr/lib/firmware/inside-secure" "Mozilla/5.0 AppleWebKit/537.36 (KHTML, like Gecko; compatible; GPTBot/1.3; +https://openai.com/gptbot)" 509 **0/509915**
74.7.227.35 - - [11/Mar/2026:05:18:58 -0700] "GET /?path=//proc/self/root/proc/thread-self/root/usr/lib/firmware/nvidia/ga106 HTTP/1.1" 200 2729 "http://mail.rgardensoap.com/?path=//proc/self/root/proc/thread-self/root/usr/lib/firmware/nvidia" "Mozilla/5.0 AppleWebKit/537.36 (KHTML, like Gecko; compatible; GPTBot/1.3; +https://openai.com/gptbot)" 482 **0/482786**
74.7.227.150 - - [11/Mar/2026:05:18:58 -0700] "GET /administrator/templates/bluestork/error.php?path=//proc/thread-self/root/usr/lib/firmware/nvidia/tegra186 HTTP/1.1" 200 2698 "http://rgardensoap.com/administrator/templates/bluestork/error.php?path=//proc/thread-self/root/usr/lib/firmware/nvidia" "Mozilla/5.0 AppleWebKit/537.36 (KHTML, like Gecko; compatible; GPTBot/1.3; +https://openai.com/gptbot)" 571 **0/571103**
74.7.227.35 - - [11/Mar/2026:05:18:59 -0700] "GET /?path=//proc/self/root/proc/thread-self/root/usr/lib/firmware/nvidia/tu117/acr HTTP/1.1" 200 2800 "http://mail.rgardensoap.com/?path=//proc/self/root/proc/thread-self/root/usr/lib/firmware/nvidia/tu117" "Mozilla/5.0 AppleWebKit/537.36 (KHTML, like Gecko; compatible; GPTBot/1.3; +https://openai.com/gptbot)" 527 **0/527584**
74.7.227.150 - - [11/Mar/2026:05:18:59 -0700] "GET /blog/?path=//proc/self/root/usr/local/lib64/bpf HTTP/1.1" 200 2350 "http://rgardensoap.com/blog/?path=//proc/self/root/usr/local/lib64" "Mozilla/5.0 AppleWebKit/537.36 (KHTML, like Gecko; compatible; GPTBot/1.3; +https://openai.com/gptbot)" 625 **0/625922**
74.7.227.35 - - [11/Mar/2026:05:19:00 -0700] "GET /?path=//proc/self/root/proc/thread-self/root/usr/lib/firmware/nvidia/gp100 HTTP/1.1" 200 2656 "http://mail.rgardensoap.com/?path=//proc/self/root/proc/thread-self/root/usr/lib/firmware/nvidia" "Mozilla/5.0 AppleWebKit/537.36 (KHTML, like Gecko; compatible; GPTBot/1.3; +https://openai.com/gptbot)" 533 **0/533152**
74.7.227.150 - - [11/Mar/2026:05:19:00 -0700] "GET /administrator/templates/bluestork/error.php?path=//proc/self/root/lib/dracut/modules.d/02systemd-networkd HTTP/1.1" 200 2625 "http://rgardensoap.com/administrator/templates/bluestork/error.php?path=//proc/self/root/lib/dracut/modules.d" "Mozilla/5.0 AppleWebKit/537.36 (KHTML, like Gecko; compatible; GPTBot/1.3; +https://openai.com/gptbot)" 679 **0/679853**
74.7.227.35 - - [11/Mar/2026:05:19:00 -0700] "GET /?path=//proc/self/root/proc/thread-self/root/usr/lib/firmware/nvidia/tu116 HTTP/1.1" 200 2730 "http://mail.rgardensoap.com/?path=//proc/self/root/proc/thread-self/root/usr/lib/firmware/nvidia" "Mozilla/5.0 AppleWebKit/537.36 (KHTML, like Gecko; compatible; GPTBot/1.3; +https://openai.com/gptbot)" 640 **0/640903**
74.7.227.150 - - [11/Mar/2026:05:19:01 -0700] "GET /administrator/templates/bluestork/error.php?path=//proc/thread-self/root/lib/python2.7/site-packages/setuptools HTTP/1.1" 200 4450 "http://rgardensoap.com/administrator/templates/bluestork/error.php?path=//proc/thread-self/root/lib/python2.7/site-packages" "Mozilla/5.0 AppleWebKit/537.36 (KHTML, like Gecko; compatible; GPTBot/1.3; +https://openai.com/gptbot)" 750 **0/750772**
74.7.227.35 - - [11/Mar/2026:05:19:01 -0700] "GET /?path=//proc/self/root/proc/thread-self/root/usr/lib/firmware/nvidia/tu102 HTTP/1.1" 200 2729 "http://mail.rgardensoap.com/?path=//proc/self/root/proc/thread-self/root/usr/lib/firmware/nvidia" "Mozilla/5.0 AppleWebKit/537.36 (KHTML, like Gecko; compatible; GPTBot/1.3; +https://openai.com/gptbot)" 637 **0/637985**
74.7.227.150 - - [11/Mar/2026:05:19:02 -0700] "GET /administrator/templates/bluestork/error.php?path=//proc/thread-self/root/lib/firmware/nvidia/ad103.rpmmoved HTTP/1.1" 200 2611 "http://rgardensoap.com/administrator/templates/bluestork/error.php?path=//proc/thread-self/root/lib/firmware/nvidia" "Mozilla/5.0 AppleWebKit/537.36 (KHTML, like Gecko; compatible; GPTBot/1.3; +https://openai.com/gptbot)" 595 **0/595060**
74.7.227.35 - - [11/Mar/2026:05:19:02 -0700] "GET /?path=//proc/self/root/proc/thread-self/root/usr/lib/firmware/nvidia/ad103 HTTP/1.1" 200 2632 "http://mail.rgardensoap.com/?path=//proc/self/root/proc/thread-self/root/usr/lib/firmware/nvidia" "Mozilla/5.0 AppleWebKit/537.36 (KHTML, like Gecko; compatible; GPTBot/1.3; +https://openai.com/gptbot)" 609 **0/609769**
74.7.227.150 - - [11/Mar/2026:05:19:02 -0700] "GET /blog/?path=//proc/self/root/opt/alt/ruby31/etc HTTP/1.1" 200 2349 "http://rgardensoap.com/blog/?path=//proc/self/root/opt/alt/ruby31" "Mozilla/5.0 AppleWebKit/537.36 (KHTML, like Gecko; compatible; GPTBot/1.3; +https://openai.com/gptbot)" 507 **0/507000**
74.7.227.35 - - [11/Mar/2026:05:19:03 -0700] "GET /?path=//proc/self/root/proc/thread-self/root/usr/lib/firmware/nvidia/tu104 HTTP/1.1" 200 2729 "http://mail.rgardensoap.com/?path=//proc/self/root/proc/thread-self/root/usr/lib/firmware/nvidia" "Mozilla/5.0 AppleWebKit/537.36 (KHTML, like Gecko; compatible; GPTBot/1.3; +https://openai.com/gptbot)" 506 **0/506242**
74.7.227.150 - - [11/Mar/2026:05:19:03 -0700] "GET /blog/?path=//proc/self/root/opt/alt/ruby31/lib HTTP/1.1" 200 2350 "http://rgardensoap.com/blog/?path=//proc/self/root/opt/alt/ruby31" "Mozilla/5.0 AppleWebKit/537.36 (KHTML, like Gecko; compatible; GPTBot/1.3; +https://openai.com/gptbot)" 620 **0/620628**
74.7.227.35 - - [11/Mar/2026:05:19:03 -0700] "GET /?path=//proc/self/root/proc/thread-self/root/usr/lib/firmware/nvidia/ga104 HTTP/1.1" 200 2729 "http://mail.rgardensoap.com/?path=//proc/self/root/proc/thread-self/root/usr/lib/firmware/nvidia" "Mozilla/5.0 AppleWebKit/537.36 (KHTML, like Gecko; compatible; GPTBot/1.3; +https://openai.com/gptbot)" 477 **0/477244**
74.7.227.150 - - [11/Mar/2026:05:19:04 -0700] "GET /administrator/templates/bluestork/error.php?path=//usr/lib/python2.7/site-packages/google/protobuf/compiler HTTP/1.1" 200 2763 "http://rgardensoap.com/administrator/templates/bluestork/error.php?path=//usr/lib/python2.7/site-packages/google/protobuf" "Mozilla/5.0 AppleWebKit/537.36 (KHTML, like Gecko; compatible; GPTBot/1.3; +https://openai.com/gptbot)" 536 **0/536675**
74.7.227.35 - - [11/Mar/2026:05:19:04 -0700] "GET /?path=//proc/self/root/proc/thread-self/root/usr/lib/firmware/nvidia/ga100 HTTP/1.1" 200 2632 "http://mail.rgardensoap.com/?path=//proc/self/root/proc/thread-self/root/usr/lib/firmware/nvidia" "Mozilla/5.0 AppleWebKit/537.36 (KHTML, like Gecko; compatible; GPTBot/1.3; +https://openai.com/gptbot)" 508 **0/508766**
74.7.227.150 - - [11/Mar/2026:05:19:04 -0700] "GET /blog/?path=//proc/self/root/opt/alt/php56/etc/php.d.all HTTP/1.1" 200 5522 "http://rgardensoap.com/blog/?path=//proc/self/root/opt/alt/php56/etc" "Mozilla/5.0 AppleWebKit/537.36 (KHTML, like Gecko; compatible; GPTBot/1.3; +https://openai.com/gptbot)" 500 **0/500811**
74.7.227.35 - - [11/Mar/2026:05:19:05 -0700] "GET /?path=//proc/self/root/proc/thread-self/root/usr/lib/firmware/nvidia/ga107 HTTP/1.1" 200 2729 "http://mail.rgardensoap.com/?path=//proc/self/root/proc/thread-self/root/usr/lib/firmware/nvidia" "Mozilla/5.0 AppleWebKit/537.36 (KHTML, like Gecko; compatible; GPTBot/1.3; +https://openai.com/gptbot)" 594 **0/594866**
74.7.227.150 - - [11/Mar/2026:05:19:05 -0700] "GET /admin.php?fileloc=//lib64/libgpgme.so.11.22.1&path=//lib64 HTTP/1.1" 200 2254 "http://rgardensoap.com/admin.php?path=//lib64" "Mozilla/5.0 AppleWebKit/537.36 (KHTML, like Gecko; compatible; GPTBot/1.3; +https://openai.com/gptbot)" 512 **0/512687**
74.7.227.35 - - [11/Mar/2026:05:19:05 -0700] "GET /?path=//proc/self/root/proc/thread-self/root/usr/lib/firmware/nvidia/tu106 HTTP/1.1" 200 2729 "http://mail.rgardensoap.com/?path=//proc/self/root/proc/thread-self/root/usr/lib/firmware/nvidia" "Mozilla/5.0 AppleWebKit/537.36 (KHTML, like Gecko; compatible; GPTBot/1.3; +https://openai.com/gptbot)" 476 **0/476378**
74.7.227.150 - - [11/Mar/2026:05:19:06 -0700] "GET /admin.php?path=//lib64/rpm-plugins HTTP/1.1" 200 2617 "http://rgardensoap.com/admin.php?path=//lib64" "Mozilla/5.0 AppleWebKit/537.36 (KHTML, like Gecko; compatible; GPTBot/1.3; +https://openai.com/gptbot)" 461 **0/461501**
74.7.227.35 - - [11/Mar/2026:05:19:06 -0700] "GET /?path=//proc/self/root/proc/thread-self/root/usr/lib/firmware/nvidia/gb202 HTTP/1.1" 200 2633 "http://mail.rgardensoap.com/?path=//proc/self/root/proc/thread-self/root/usr/lib/firmware/nvidia" "Mozilla/5.0 AppleWebKit/537.36 (KHTML, like Gecko; compatible; GPTBot/1.3; +https://openai.com/gptbot)" 452 **0/452925**
74.7.227.150 - - [11/Mar/2026:05:19:06 -0700] "GET /admin.php?fileloc=//lib64/libsecureio.so.0&path=//lib64 HTTP/1.1" 200 2252 "http://rgardensoap.com/admin.php?path=//lib64" "Mozilla/5.0 AppleWebKit/537.36 (KHTML, like Gecko; compatible; GPTBot/1.3; +https://openai.com/gptbot)" 468 **0/468219**
74.7.227.35 - - [11/Mar/2026:05:19:06 -0700] "GET /?fileloc=//proc/self/root/proc/thread-self/root/usr/lib/firmware/nvidia/tu117/acr/ucode_asb.bin&path=//proc/self/root/proc/thread-self/root/usr/lib/firmware/nvidia/tu117/acr HTTP/1.1" 200 2354 "http://mail.rgardensoap.com/?path=//proc/self/root/proc/thread-self/root/usr/lib/firmware/nvidia/tu117/acr" "Mozilla/5.0 AppleWebKit/537.36 (KHTML, like Gecko; compatible; GPTBot/1.3; +https://openai.com/gptbot)" 531 **0/531354**
74.7.227.150 - - [11/Mar/2026:05:19:07 -0700] "GET /admin.php?fileloc=//lib64/libfstrm.so.0&path=//lib64 HTTP/1.1" 200 2252 "http://rgardensoap.com/admin.php?path=//lib64" "Mozilla/5.0 AppleWebKit/537.36 (KHTML, like Gecko; compatible; GPTBot/1.3; +https://openai.com/gptbot)" 476 **0/476551**
74.7.227.35 - - [11/Mar/2026:05:19:07 -0700] "GET /?path=//proc/self/root/proc/thread-self/root/usr/lib/firmware/nvidia/ga103 HTTP/1.1" 200 2729 "http://mail.rgardensoap.com/?path=//proc/self/root/proc/thread-self/root/usr/lib/firmware/nvidia" "Mozilla/5.0 AppleWebKit/537.36 (KHTML, like Gecko; compatible; GPTBot/1.3; +https://openai.com/gptbot)" 451 **0/451888**
74.7.227.150 - - [11/Mar/2026:05:19:07 -0700] "GET /admin.php?fileloc=//lib64/liblwres.so.161&path=//lib64 HTTP/1.1" 200 2253 "http://rgardensoap.com/admin.php?path=//lib64" "Mozilla/5.0 AppleWebKit/537.36 (KHTML, like Gecko; compatible; GPTBot/1.3; +https://openai.com/gptbot)" 480 **0/480856**
74.7.227.35 - - [11/Mar/2026:05:19:08 -0700] "GET /?path=//proc/self/root/proc/thread-self/root/usr/lib/firmware/nvidia/tu116/acr HTTP/1.1" 200 2800 "http://mail.rgardensoap.com/?path=//proc/self/root/proc/thread-self/root/usr/lib/firmware/nvidia/tu116" "Mozilla/5.0 AppleWebKit/537.36 (KHTML, like Gecko; compatible; GPTBot/1.3; +https://openai.com/gptbot)" 499 **0/499911**
74.7.227.150 - - [11/Mar/2026:05:19:08 -0700] "GET /admin.php?fileloc=//lib64/libnfsidmap.so.1&path=//lib64 HTTP/1.1" 200 2253 "http://rgardensoap.com/admin.php?path=//lib64" "Mozilla/5.0 AppleWebKit/537.36 (KHTML, like Gecko; compatible; GPTBot/1.3; +https://openai.com/gptbot)" 442 **0/442637**
74.7.227.35 - - [11/Mar/2026:05:19:08 -0700] "GET /?path=//proc/self/root/proc/thread-self/root/usr/lib/firmware/nvidia/tu10x/typec HTTP/1.1" 200 2738 "http://mail.rgardensoap.com/?path=//proc/self/root/proc/thread-self/root/usr/lib/firmware/nvidia/tu10x" "Mozilla/5.0 AppleWebKit/537.36 (KHTML, like Gecko; compatible; GPTBot/1.3; +https://openai.com/gptbot)" 481 **0/481976**
74.7.227.150 - - [11/Mar/2026:05:19:09 -0700] "GET /admin.php?fileloc=//lib64/libgd.so.3&path=//lib64 HTTP/1.1" 200 2249 "http://rgardensoap.com/admin.php?path=//lib64" "Mozilla/5.0 AppleWebKit/537.36 (KHTML, like Gecko; compatible; GPTBot/1.3; +https://openai.com/gptbot)" 523 **0/523341**
74.7.227.35 - - [11/Mar/2026:05:19:09 -0700] "GET /?fileloc=//proc/self/root/proc/thread-self/root/usr/lib/firmware/radeon/BONAIRE_uvd.bin&path=//proc/self/root/proc/thread-self/root/usr/lib/firmware/radeon HTTP/1.1" 200 2338 "http://mail.rgardensoap.com/?path=//proc/self/root/proc/thread-self/root/usr/lib/firmware/radeon" "Mozilla/5.0 AppleWebKit/537.36 (KHTML, like Gecko; compatible; GPTBot/1.3; +https://openai.com/gptbot)" 460 **0/460382**
74.7.227.150 - - [11/Mar/2026:05:19:09 -0700] "GET /admin.php?fileloc=//lib64/libdw.so.1&path=//lib64 HTTP/1.1" 200 2249 "http://rgardensoap.com/admin.php?path=//lib64" "Mozilla/5.0 AppleWebKit/537.36 (KHTML, like Gecko; compatible; GPTBot/1.3; +https://openai.com/gptbot)" 459 **0/459379**
74.7.227.35 - - [11/Mar/2026:05:19:09 -0700] "GET /?path=//proc/self/root/proc/thread-self/root/usr/lib/firmware/qcom/qcs6490/radxa HTTP/1.1" 200 2645 "http://mail.rgardensoap.com/?path=//proc/self/root/proc/thread-self/root/usr/lib/firmware/qcom/qcs6490" "Mozilla/5.0 AppleWebKit/537.36 (KHTML, like Gecko; compatible; GPTBot/1.3; +https://openai.com/gptbot)" 487 **0/487459**
74.7.227.150 - - [11/Mar/2026:05:19:10 -0700] "GET /admin.php?fileloc=//lib64/libform.so&path=//lib64 HTTP/1.1" 200 2248 "http://rgardensoap.com/admin.php?path=//lib64" "Mozilla/5.0 AppleWebKit/537.36 (KHTML, like Gecko; compatible; GPTBot/1.3; +https://openai.com/gptbot)" 471 **0/471005**
74.7.227.35 - - [11/Mar/2026:05:19:10 -0700] "GET /?path=//proc/self/root/proc/thread-self/root/usr/lib/firmware/cirrus/cs35l41/bincfgs HTTP/1.1" 200 2712 "http://mail.rgardensoap.com/?path=//proc/self/root/proc/thread-self/root/usr/lib/firmware/cirrus/cs35l41" "Mozilla/5.0 AppleWebKit/537.36 (KHTML, like Gecko; compatible; GPTBot/1.3; +https://openai.com/gptbot)" 488 **0/488301**
74.7.227.150 - - [11/Mar/2026:05:19:11 -0700] "GET /admin.php?fileloc=//lib64/libgvc.so.6.0.0&path=//lib64 HTTP/1.1" 200 2253 "http://rgardensoap.com/admin.php?path=//lib64" "Mozilla/5.0 AppleWebKit/537.36 (KHTML, like Gecko; compatible; GPTBot/1.3; +https://openai.com/gptbot)" 491 **0/491551**
74.7.227.35 - - [11/Mar/2026:05:19:11 -0700] "GET /?path=//proc/self/root/proc/thread-self/root/usr/lib/firmware/nvidia/tu117/nvdec HTTP/1.1" 200 2667 "http://mail.rgardensoap.com/?path=//proc/self/root/proc/thread-self/root/usr/lib/firmware/nvidia/tu117" "Mozilla/5.0 AppleWebKit/537.36 (KHTML, like Gecko; compatible; GPTBot/1.3; +https://openai.com/gptbot)" 497 **0/497536**
