74.7.227.150 - - [11/Mar/2026:05:19:39 -0700] "GET /administrator/templates/bluestork/error.php?path=//proc/thread-self/root/lib/dracut/modules.d/30convertfs HTTP/1.1" 200 2689 "http://rgardensoap.com/administrator/templates/bluestork/error.php?path=//proc/thread-self/root/lib/dracut/modules.d" "Mozilla/5.0 AppleWebKit/537.36 (KHTML, like Gecko; compatible; GPTBot/1.3; +https://openai.com/gptbot)" 490 **0/490493**
74.7.241.54 - - [11/Mar/2026:05:19:39 -0700] "GET /archivarix.cms.php?fileloc=/home/p8pyefaexf70/tmp/webalizer/ssl/rgardensoap.com/daily_usage_202412.png&path=/home/p8pyefaexf70/tmp/webalizer/ssl/rgardensoap.com HTTP/1.1" 200 2304 "http://www.rgardensoap.com/archivarix.cms.php?path=/home/p8pyefaexf70/tmp/webalizer/ssl/rgardensoap.com" "Mozilla/5.0 AppleWebKit/537.36 (KHTML, like Gecko; compatible; GPTBot/1.3; +https://openai.com/gptbot)" 271 **0/271992**
74.7.227.35 - - [11/Mar/2026:05:19:39 -0700] "GET /?path=//proc/self/root/proc/thread-self/root/usr/lib/firmware/nvidia/tu102/nvdec HTTP/1.1" 200 2667 "http://mail.rgardensoap.com/?path=//proc/self/root/proc/thread-self/root/usr/lib/firmware/nvidia/tu102" "Mozilla/5.0 AppleWebKit/537.36 (KHTML, like Gecko; compatible; GPTBot/1.3; +https://openai.com/gptbot)" 456 **0/456158**
74.7.227.150 - - [11/Mar/2026:05:19:40 -0700] "GET /administrator/templates/bluestork/error.php?path=//proc/thread-self/root/lib/python3.6/site-packages/setuptools HTTP/1.1" 200 3665 "http://rgardensoap.com/administrator/templates/bluestork/error.php?path=//proc/thread-self/root/lib/python3.6/site-packages" "Mozilla/5.0 AppleWebKit/537.36 (KHTML, like Gecko; compatible; GPTBot/1.3; +https://openai.com/gptbot)" 486 **0/486709**
74.7.241.54 - - [11/Mar/2026:05:19:40 -0700] "GET /plug/vote/plug.xml?path=//proc/2470499/root/usr/share/perl5/B HTTP/1.1" 200 2353 "http://www.rgardensoap.com/plug/vote/plug.xml?path=//proc/2470499/root/usr/share/perl5" "Mozilla/5.0 AppleWebKit/537.36 (KHTML, like Gecko; compatible; GPTBot/1.3; +https://openai.com/gptbot)" 466 **0/466014**
74.7.227.35 - - [11/Mar/2026:05:19:40 -0700] "GET /?path=//proc/self/root/proc/thread-self/root/usr/lib/firmware/nvidia/tu104/nvdec HTTP/1.1" 200 2667 "http://mail.rgardensoap.com/?path=//proc/self/root/proc/thread-self/root/usr/lib/firmware/nvidia/tu104" "Mozilla/5.0 AppleWebKit/537.36 (KHTML, like Gecko; compatible; GPTBot/1.3; +https://openai.com/gptbot)" 457 **0/457788**
74.7.227.150 - - [11/Mar/2026:05:19:40 -0700] "GET /administrator/templates/bluestork/error.php?path=//usr/lib/python2.7/site-packages/backports/ssl_match_hostname HTTP/1.1" 200 2679 "http://rgardensoap.com/administrator/templates/bluestork/error.php?path=//usr/lib/python2.7/site-packages/backports" "Mozilla/5.0 AppleWebKit/537.36 (KHTML, like Gecko; compatible; GPTBot/1.3; +https://openai.com/gptbot)" 457 **0/457084**
74.7.241.54 - - [11/Mar/2026:05:19:40 -0700] "GET /plug/vote/plug.xml?path=//proc/2470499/root/usr/share/perl5/Net HTTP/1.1" 200 2356 "http://www.rgardensoap.com/plug/vote/plug.xml?path=//proc/2470499/root/usr/share/perl5" "Mozilla/5.0 AppleWebKit/537.36 (KHTML, like Gecko; compatible; GPTBot/1.3; +https://openai.com/gptbot)" 489 **0/489918**
74.7.227.35 - - [11/Mar/2026:05:19:41 -0700] "GET /?path=//proc/self/root/proc/thread-self/root/usr/lib/firmware/nvidia/ga106/nvdec HTTP/1.1" 200 2666 "http://mail.rgardensoap.com/?path=//proc/self/root/proc/thread-self/root/usr/lib/firmware/nvidia/ga106" "Mozilla/5.0 AppleWebKit/537.36 (KHTML, like Gecko; compatible; GPTBot/1.3; +https://openai.com/gptbot)" 637 **0/637584**
74.7.227.150 - - [11/Mar/2026:05:19:41 -0700] "GET /administrator/templates/bluestork/error.php?path=//proc/thread-self/root/usr/lib/firmware/nvidia/ad104.rpmmoved HTTP/1.1" 200 2621 "http://rgardensoap.com/administrator/templates/bluestork/error.php?path=//proc/thread-self/root/usr/lib/firmware/nvidia" "Mozilla/5.0 AppleWebKit/537.36 (KHTML, like Gecko; compatible; GPTBot/1.3; +https://openai.com/gptbot)" 569 **0/569325**
74.7.227.35 - - [11/Mar/2026:05:19:41 -0700] "GET /?path=//proc/self/root/proc/thread-self/root/usr/lib/firmware/inside-secure/eip197_minifw HTTP/1.1" 200 2687 "http://mail.rgardensoap.com/?path=//proc/self/root/proc/thread-self/root/usr/lib/firmware/inside-secure" "Mozilla/5.0 AppleWebKit/537.36 (KHTML, like Gecko; compatible; GPTBot/1.3; +https://openai.com/gptbot)" 534 **0/534247**
74.7.227.150 - - [11/Mar/2026:05:19:42 -0700] "GET /administrator/templates/bluestork/error.php?path=//proc/self/root/lib/python2.7/site-packages/setuptools/command HTTP/1.1" 200 4154 "http://rgardensoap.com/administrator/templates/bluestork/error.php?path=//proc/self/root/lib/python2.7/site-packages/setuptools" "Mozilla/5.0 AppleWebKit/537.36 (KHTML, like Gecko; compatible; GPTBot/1.3; +https://openai.com/gptbot)" 530 **0/530700**
74.7.241.54 - - [11/Mar/2026:05:19:42 -0700] "GET /?fileloc=/home/p8pyefaexf70/www/wp-includes/js/tinymce/plugins/link/plugin.min.js&path=/home/p8pyefaexf70/www/wp-includes/js/tinymce/plugins/link HTTP/1.1" 200 5765 "http://www.rgardensoap.com/?path=/home/p8pyefaexf70/www/wp-includes/js/tinymce/plugins/link" "Mozilla/5.0 AppleWebKit/537.36 (KHTML, like Gecko; compatible; GPTBot/1.3; +https://openai.com/gptbot)" 256 **0/256056**
74.7.227.35 - - [11/Mar/2026:05:19:42 -0700] "GET /?path=//proc/self/root/proc/thread-self/root/usr/lib/firmware/nvidia/ga107/nvdec HTTP/1.1" 200 2666 "http://mail.rgardensoap.com/?path=//proc/self/root/proc/thread-self/root/usr/lib/firmware/nvidia/ga107" "Mozilla/5.0 AppleWebKit/537.36 (KHTML, like Gecko; compatible; GPTBot/1.3; +https://openai.com/gptbot)" 465 **0/465946**
74.7.227.150 - - [11/Mar/2026:05:19:42 -0700] "GET /administrator/templates/bluestork/error.php?path=//proc/thread-self/root/usr/lib/dracut/modules.d/97biosdevname HTTP/1.1" 200 2683 "http://rgardensoap.com/administrator/templates/bluestork/error.php?path=//proc/thread-self/root/usr/lib/dracut/modules.d" "Mozilla/5.0 AppleWebKit/537.36 (KHTML, like Gecko; compatible; GPTBot/1.3; +https://openai.com/gptbot)" 464 **0/464814**
74.7.227.35 - - [11/Mar/2026:05:19:43 -0700] "GET /?path=//proc/self/root/proc/thread-self/root/usr/lib/firmware/nvidia/ga103/nvdec HTTP/1.1" 200 2667 "http://mail.rgardensoap.com/?path=//proc/self/root/proc/thread-self/root/usr/lib/firmware/nvidia/ga103" "Mozilla/5.0 AppleWebKit/537.36 (KHTML, like Gecko; compatible; GPTBot/1.3; +https://openai.com/gptbot)" 491 **0/491528**
74.7.227.150 - - [11/Mar/2026:05:19:43 -0700] "GET /administrator/templates/bluestork/error.php?fileloc=//lib64/gconv/CP1257.so&path=//lib64/gconv HTTP/1.1" 200 2260 "http://rgardensoap.com/administrator/templates/bluestork/error.php?path=//lib64/gconv" "Mozilla/5.0 AppleWebKit/537.36 (KHTML, like Gecko; compatible; GPTBot/1.3; +https://openai.com/gptbot)" 515 **0/515700**
74.7.227.35 - - [11/Mar/2026:05:19:43 -0700] "GET /?path=//proc/self/root/proc/thread-self/root/usr/lib/firmware/nvidia/ga102/nvdec HTTP/1.1" 200 2666 "http://mail.rgardensoap.com/?path=//proc/self/root/proc/thread-self/root/usr/lib/firmware/nvidia/ga102" "Mozilla/5.0 AppleWebKit/537.36 (KHTML, like Gecko; compatible; GPTBot/1.3; +https://openai.com/gptbot)" 476 **0/476687**
74.7.227.150 - - [11/Mar/2026:05:19:43 -0700] "GET /administrator/templates/bluestork/error.php?path=//proc/self/root/proc/thread-self/root/usr/lib/systemd/system/initrd-switch-root.target.wants HTTP/1.1" 200 2703 "http://rgardensoap.com/administrator/templates/bluestork/error.php?path=//proc/self/root/proc/thread-self/root/usr/lib/systemd/system" "Mozilla/5.0 AppleWebKit/537.36 (KHTML, like Gecko; compatible; GPTBot/1.3; +https://openai.com/gptbot)" 464 **0/464697**
74.7.227.35 - - [11/Mar/2026:05:19:44 -0700] "GET /?path=//proc/self/root/proc/thread-self/root/usr/lib/firmware/nvidia/ga106/gsp HTTP/1.1" 200 2897 "http://mail.rgardensoap.com/?path=//proc/self/root/proc/thread-self/root/usr/lib/firmware/nvidia/ga106" "Mozilla/5.0 AppleWebKit/537.36 (KHTML, like Gecko; compatible; GPTBot/1.3; +https://openai.com/gptbot)" 580 **0/580403**
74.7.227.150 - - [11/Mar/2026:05:19:44 -0700] "GET /administrator/templates/bluestork/error.php?path=//proc/self/root/lib/python3.6/site-packages/tuned/profiles/functions/__pycache__ HTTP/1.1" 200 3741 "http://rgardensoap.com/administrator/templates/bluestork/error.php?path=//proc/self/root/lib/python3.6/site-packages/tuned/profiles/functions" "Mozilla/5.0 AppleWebKit/537.36 (KHTML, like Gecko; compatible; GPTBot/1.3; +https://openai.com/gptbot)" 592 **0/592204**
74.7.227.150 - - [11/Mar/2026:05:19:45 -0700] "GET /administrator/templates/bluestork/error.php?path=//proc/thread-self/root/proc/self/root/usr/lib/systemd/system/initrd-switch-root.target.wants HTTP/1.1" 200 2705 "http://rgardensoap.com/administrator/templates/bluestork/error.php?path=//proc/thread-self/root/proc/self/root/usr/lib/systemd/system" "Mozilla/5.0 AppleWebKit/537.36 (KHTML, like Gecko; compatible; GPTBot/1.3; +https://openai.com/gptbot)" 606 **0/606263**
74.7.227.35 - - [11/Mar/2026:05:19:45 -0700] "GET /?path=//proc/self/root/proc/thread-self/root/usr/lib/firmware/nvidia/gb100/gsp HTTP/1.1" 200 2741 "http://mail.rgardensoap.com/?path=//proc/self/root/proc/thread-self/root/usr/lib/firmware/nvidia/gb100" "Mozilla/5.0 AppleWebKit/537.36 (KHTML, like Gecko; compatible; GPTBot/1.3; +https://openai.com/gptbot)" 740 **0/740322**
74.7.227.150 - - [11/Mar/2026:05:19:46 -0700] "GET /administrator/templates/bluestork/error.php?path=//usr/lib64/python2.7/xml/dom HTTP/1.1" 200 3112 "http://rgardensoap.com/administrator/templates/bluestork/error.php?path=//usr/lib64/python2.7/xml" "Mozilla/5.0 AppleWebKit/537.36 (KHTML, like Gecko; compatible; GPTBot/1.3; +https://openai.com/gptbot)" 521 **0/521219**
74.7.227.35 - - [11/Mar/2026:05:19:46 -0700] "GET /?path=//proc/self/root/proc/thread-self/root/usr/lib/firmware/nvidia/ad102/gsp HTTP/1.1" 200 2918 "http://mail.rgardensoap.com/?path=//proc/self/root/proc/thread-self/root/usr/lib/firmware/nvidia/ad102" "Mozilla/5.0 AppleWebKit/537.36 (KHTML, like Gecko; compatible; GPTBot/1.3; +https://openai.com/gptbot)" 517 **0/517436**
74.7.227.150 - - [11/Mar/2026:05:19:46 -0700] "GET /administrator/templates/bluestork/error.php?fileloc=//proc/thread-self/root/usr/libexec/git-core/git-update-ref&path=//proc/thread-self/root/usr/libexec/git-core HTTP/1.1" 200 2307 "http://rgardensoap.com/administrator/templates/bluestork/error.php?path=//proc/thread-self/root/usr/libexec/git-core" "Mozilla/5.0 AppleWebKit/537.36 (KHTML, like Gecko; compatible; GPTBot/1.3; +https://openai.com/gptbot)" 568 **0/568689**
74.7.227.35 - - [11/Mar/2026:05:19:46 -0700] "GET /?path=//proc/self/root/proc/thread-self/root/usr/lib/firmware/nvidia/ga104/gsp HTTP/1.1" 200 2896 "http://mail.rgardensoap.com/?path=//proc/self/root/proc/thread-self/root/usr/lib/firmware/nvidia/ga104" "Mozilla/5.0 AppleWebKit/537.36 (KHTML, like Gecko; compatible; GPTBot/1.3; +https://openai.com/gptbot)" 511 **0/511226**
74.7.241.54 - - [11/Mar/2026:05:19:46 -0700] "GET /archivarix.cms.php?path=/home/p8pyefaexf70/public_html/wp-content/plugins/filester/includes/File_manager/lib/themes/dark-slim HTTP/1.1" 200 2671 "http://www.rgardensoap.com/archivarix.cms.php?path=/home/p8pyefaexf70/public_html/wp-content/plugins/filester/includes/File_manager/lib/themes" "Mozilla/5.0 AppleWebKit/537.36 (KHTML, like Gecko; compatible; GPTBot/1.3; +https://openai.com/gptbot)" 597 **0/597581**
74.7.227.150 - - [11/Mar/2026:05:19:47 -0700] "GET /administrator/templates/bluestork/error.php?path=//proc/thread-self/root/lib/python3.6/site-packages/setuptools/_vendor HTTP/1.1" 200 2827 "http://rgardensoap.com/administrator/templates/bluestork/error.php?path=//proc/thread-self/root/lib/python3.6/site-packages/setuptools" "Mozilla/5.0 AppleWebKit/537.36 (KHTML, like Gecko; compatible; GPTBot/1.3; +https://openai.com/gptbot)" 555 **0/555324**
74.7.227.35 - - [11/Mar/2026:05:19:47 -0700] "GET /?path=//proc/self/root/proc/thread-self/root/usr/lib/firmware/nvidia/tu104/gsp HTTP/1.1" 200 2926 "http://mail.rgardensoap.com/?path=//proc/self/root/proc/thread-self/root/usr/lib/firmware/nvidia/tu104" "Mozilla/5.0 AppleWebKit/537.36 (KHTML, like Gecko; compatible; GPTBot/1.3; +https://openai.com/gptbot)" 551 **0/551600**
74.7.241.54 - - [11/Mar/2026:05:19:47 -0700] "GET /archivarix.cms.php?path=/home/p8pyefaexf70/public_html/wp-content/plugins/filester/includes/File_manager/lib/img HTTP/1.1" 200 4112 "http://www.rgardensoap.com/archivarix.cms.php?path=/home/p8pyefaexf70/public_html/wp-content/plugins/filester/includes/File_manager/lib" "Mozilla/5.0 AppleWebKit/537.36 (KHTML, like Gecko; compatible; GPTBot/1.3; +https://openai.com/gptbot)" 513 **0/513192**
74.7.227.150 - - [11/Mar/2026:05:19:48 -0700] "GET /administrator/templates/bluestork/error.php?fileloc=//proc/thread-self/root/lib/python3.6/site-packages/setuptools/sandbox.py&path=//proc/thread-self/root/lib/python3.6/site-packages/setuptools HTTP/1.1" 200 6344 "http://rgardensoap.com/administrator/templates/bluestork/error.php?path=//proc/thread-self/root/lib/python3.6/site-packages/setuptools" "Mozilla/5.0 AppleWebKit/537.36 (KHTML, like Gecko; compatible; GPTBot/1.3; +https://openai.com/gptbot)" 587 **0/587824**
74.7.241.165 - - [11/Mar/2026:05:19:48 -0700] "GET /robots.txt HTTP/1.1" 200 3837 "-" "Mozilla/5.0 (Macintosh; Intel Mac OS X 10_15_7) AppleWebKit/537.36 (KHTML, like Gecko) Chrome/131.0.0.0 Safari/537.36; compatible; OAI-SearchBot/1.3; robots.txt; +https://openai.com/searchbot" 349 **0/349959**
74.7.227.35 - - [11/Mar/2026:05:19:48 -0700] "GET /?path=//proc/self/root/proc/thread-self/root/usr/lib/firmware/nvidia/gh100/gsp HTTP/1.1" 200 2740 "http://mail.rgardensoap.com/?path=//proc/self/root/proc/thread-self/root/usr/lib/firmware/nvidia/gh100" "Mozilla/5.0 AppleWebKit/537.36 (KHTML, like Gecko; compatible; GPTBot/1.3; +https://openai.com/gptbot)" 587 **0/587035**
74.7.241.54 - - [11/Mar/2026:05:19:48 -0700] "GET /plug/vote/plug.xml?fileloc=//lib/kbd/consolefonts/README.cybercafe&path=//lib/kbd/consolefonts HTTP/1.1" 200 2772 "http://www.rgardensoap.com/plug/vote/plug.xml?path=//lib/kbd/consolefonts" "Mozilla/5.0 AppleWebKit/537.36 (KHTML, like Gecko; compatible; GPTBot/1.3; +https://openai.com/gptbot)" 622 **0/622127**
74.7.227.150 - - [11/Mar/2026:05:19:48 -0700] "GET /administrator/templates/bluestork/error.php?path=//proc/thread-self/root/lib/python3.6/site-packages/setuptools/__pycache__ HTTP/1.1" 200 3885 "http://rgardensoap.com/administrator/templates/bluestork/error.php?path=//proc/thread-self/root/lib/python3.6/site-packages/setuptools" "Mozilla/5.0 AppleWebKit/537.36 (KHTML, like Gecko; compatible; GPTBot/1.3; +https://openai.com/gptbot)" 622 **0/622094**
74.7.227.35 - - [11/Mar/2026:05:19:48 -0700] "GET /?path=//proc/self/root/proc/thread-self/root/usr/lib/firmware/nvidia/ga102/acr HTTP/1.1" 200 2734 "http://mail.rgardensoap.com/?path=//proc/self/root/proc/thread-self/root/usr/lib/firmware/nvidia/ga102" "Mozilla/5.0 AppleWebKit/537.36 (KHTML, like Gecko; compatible; GPTBot/1.3; +https://openai.com/gptbot)" 674 **0/674656**
74.7.227.150 - - [11/Mar/2026:05:19:49 -0700] "GET /administrator/templates/bluestork/error.php?path=//proc/thread-self/root/lib/python3.6/site-packages/setuptools/command HTTP/1.1" 200 3482 "http://rgardensoap.com/administrator/templates/bluestork/error.php?path=//proc/thread-self/root/lib/python3.6/site-packages/setuptools" "Mozilla/5.0 AppleWebKit/537.36 (KHTML, like Gecko; compatible; GPTBot/1.3; +https://openai.com/gptbot)" 596 **0/596230**
74.7.227.35 - - [11/Mar/2026:05:19:49 -0700] "GET /?path=//proc/self/root/proc/thread-self/root/usr/lib/firmware/nvidia/tu116/gsp HTTP/1.1" 200 2922 "http://mail.rgardensoap.com/?path=//proc/self/root/proc/thread-self/root/usr/lib/firmware/nvidia/tu116" "Mozilla/5.0 AppleWebKit/537.36 (KHTML, like Gecko; compatible; GPTBot/1.3; +https://openai.com/gptbot)" 577 **0/577690**
74.7.227.35 - - [11/Mar/2026:05:19:50 -0700] "GET /?path=//proc/self/root/proc/thread-self/root/usr/lib/firmware/nvidia/tu102/acr HTTP/1.1" 200 2800 "http://mail.rgardensoap.com/?path=//proc/self/root/proc/thread-self/root/usr/lib/firmware/nvidia/tu102" "Mozilla/5.0 AppleWebKit/537.36 (KHTML, like Gecko; compatible; GPTBot/1.3; +https://openai.com/gptbot)" 617 **0/617536**
74.7.227.150 - - [11/Mar/2026:05:19:50 -0700] "GET /administrator/templates/bluestork/error.php?path=//proc/thread-self/root/lib/python3.6/site-packages/setuptools/extern HTTP/1.1" 200 2715 "http://rgardensoap.com/administrator/templates/bluestork/error.php?path=//proc/thread-self/root/lib/python3.6/site-packages/setuptools" "Mozilla/5.0 AppleWebKit/537.36 (KHTML, like Gecko; compatible; GPTBot/1.3; +https://openai.com/gptbot)" 722 **0/722864**
74.7.241.54 - - [11/Mar/2026:05:19:51 -0700] "GET /fizzy-bath-bombs.html?fileloc=//lib/firmware/radeon/kaveri_mec2.bin&path=//lib/firmware/radeon HTTP/1.1" 200 2279 "http://www.rgardensoap.com/fizzy-bath-bombs.html?path=//lib/firmware/radeon" "Mozilla/5.0 AppleWebKit/537.36 (KHTML, like Gecko; compatible; GPTBot/1.3; +https://openai.com/gptbot)" 479 **0/479467**
74.7.227.35 - - [11/Mar/2026:05:19:51 -0700] "GET /?path=//proc/self/root/proc/thread-self/root/usr/lib/firmware/nvidia/ga103/acr HTTP/1.1" 200 2734 "http://mail.rgardensoap.com/?path=//proc/self/root/proc/thread-self/root/usr/lib/firmware/nvidia/ga103" "Mozilla/5.0 AppleWebKit/537.36 (KHTML, like Gecko; compatible; GPTBot/1.3; +https://openai.com/gptbot)" 534 **0/534944**
74.7.227.150 - - [11/Mar/2026:05:19:51 -0700] "GET /administrator/templates/bluestork/error.php?path=//proc/self/root/usr/lib/python3.6/site-packages/dns/rdtypes/__pycache__ HTTP/1.1" 200 2975 "http://rgardensoap.com/administrator/templates/bluestork/error.php?path=//proc/self/root/usr/lib/python3.6/site-packages/dns/rdtypes" "Mozilla/5.0 AppleWebKit/537.36 (KHTML, like Gecko; compatible; GPTBot/1.3; +https://openai.com/gptbot)" 576 **0/576086**
74.7.241.54 - - [11/Mar/2026:05:19:51 -0700] "GET /fizzy-bath-bombs.html?fileloc=//lib/firmware/iwlwifi-so-a0-gf4-a0-79.ucode&path=//lib/firmware HTTP/1.1" 200 2277 "http://www.rgardensoap.com/fizzy-bath-bombs.html?path=//lib/firmware" "Mozilla/5.0 AppleWebKit/537.36 (KHTML, like Gecko; compatible; GPTBot/1.3; +https://openai.com/gptbot)" 513 **0/513125**
74.7.227.35 - - [11/Mar/2026:05:19:51 -0700] "GET /?path=//proc/self/root/proc/thread-self/root/usr/lib/firmware/nvidia/ga102/gsp HTTP/1.1" 200 2897 "http://mail.rgardensoap.com/?path=//proc/self/root/proc/thread-self/root/usr/lib/firmware/nvidia/ga102" "Mozilla/5.0 AppleWebKit/537.36 (KHTML, like Gecko; compatible; GPTBot/1.3; +https://openai.com/gptbot)" 484 **0/484076**
74.7.227.150 - - [11/Mar/2026:05:19:51 -0700] "GET /administrator/templates/bluestork/error.php?path=//proc/self/root/lib/python3.6/site-packages/__pycache__ HTTP/1.1" 200 2910 "http://rgardensoap.com/administrator/templates/bluestork/error.php?path=//proc/self/root/lib/python3.6/site-packages" "Mozilla/5.0 AppleWebKit/537.36 (KHTML, like Gecko; compatible; GPTBot/1.3; +https://openai.com/gptbot)" 484 **0/484773**
74.7.227.35 - - [11/Mar/2026:05:19:52 -0700] "GET /?path=//proc/self/root/proc/thread-self/root/usr/lib/firmware/nvidia/tu106/acr HTTP/1.1" 200 2800 "http://mail.rgardensoap.com/?path=//proc/self/root/proc/thread-self/root/usr/lib/firmware/nvidia/tu106" "Mozilla/5.0 AppleWebKit/537.36 (KHTML, like Gecko; compatible; GPTBot/1.3; +https://openai.com/gptbot)" 470 **0/470362**
74.7.227.150 - - [11/Mar/2026:05:19:52 -0700] "GET /administrator/templates/bluestork/error.php?path=//proc/self/root/lib/python3.6/site-packages/urllib3/__pycache__ HTTP/1.1" 200 3108 "http://rgardensoap.com/administrator/templates/bluestork/error.php?path=//proc/self/root/lib/python3.6/site-packages/urllib3" "Mozilla/5.0 AppleWebKit/537.36 (KHTML, like Gecko; compatible; GPTBot/1.3; +https://openai.com/gptbot)" 481 **0/481230**
74.7.241.54 - - [11/Mar/2026:05:19:52 -0700] "GET /?fileloc=//usr/share/groff/1.22.3/tmac/mdoc/doc-syms&path=//usr/share/groff/1.22.3/tmac/mdoc HTTP/1.1" 200 6851 "http://www.rgardensoap.com/?path=//usr/share/groff/1.22.3/tmac/mdoc" "Mozilla/5.0 AppleWebKit/537.36 (KHTML, like Gecko; compatible; GPTBot/1.3; +https://openai.com/gptbot)" 462 **0/462010**
74.7.227.35 - - [11/Mar/2026:05:19:52 -0700] "GET /?path=//proc/self/root/proc/thread-self/root/usr/lib/firmware/nvidia/tegra210 HTTP/1.1" 200 2719 "http://mail.rgardensoap.com/?path=//proc/self/root/proc/thread-self/root/usr/lib/firmware/nvidia" "Mozilla/5.0 AppleWebKit/537.36 (KHTML, like Gecko; compatible; GPTBot/1.3; +https://openai.com/gptbot)" 467 **0/467906**
74.7.227.150 - - [11/Mar/2026:05:19:53 -0700] "GET /administrator/templates/bluestork/error.php?path=//proc/self/root/usr/lib/python3.6/site-packages/tuned/ppd/__pycache__ HTTP/1.1" 200 2742 "http://rgardensoap.com/administrator/templates/bluestork/error.php?path=//proc/self/root/usr/lib/python3.6/site-packages/tuned/ppd" "Mozilla/5.0 AppleWebKit/537.36 (KHTML, like Gecko; compatible; GPTBot/1.3; +https://openai.com/gptbot)" 521 **0/521245**
74.7.241.54 - - [11/Mar/2026:05:19:53 -0700] "GET /?fileloc=//usr/share/groff/1.22.3/tmac/hyphenex.cs&path=//usr/share/groff/1.22.3/tmac HTTP/1.1" 200 2293 "http://www.rgardensoap.com/?path=//usr/share/groff/1.22.3/tmac" "Mozilla/5.0 AppleWebKit/537.36 (KHTML, like Gecko; compatible; GPTBot/1.3; +https://openai.com/gptbot)" 496 **0/496319**
74.7.227.35 - - [11/Mar/2026:05:19:53 -0700] "GET /?path=//proc/self/root/proc/thread-self/root/usr/lib/firmware/nvidia/ad103/gsp HTTP/1.1" 200 2918 "http://mail.rgardensoap.com/?path=//proc/self/root/proc/thread-self/root/usr/lib/firmware/nvidia/ad103" "Mozilla/5.0 AppleWebKit/537.36 (KHTML, like Gecko; compatible; GPTBot/1.3; +https://openai.com/gptbot)" 452 **0/452869**
74.7.227.150 - - [11/Mar/2026:05:19:53 -0700] "GET /administrator/templates/bluestork/error.php?fileloc=//usr/lib64/python2.7/xml/dom/__init__.pyc&path=//usr/lib64/python2.7/xml/dom HTTP/1.1" 200 2298 "http://rgardensoap.com/administrator/templates/bluestork/error.php?path=//usr/lib64/python2.7/xml/dom" "Mozilla/5.0 AppleWebKit/537.36 (KHTML, like Gecko; compatible; GPTBot/1.3; +https://openai.com/gptbot)" 487 **0/487226**
74.7.241.54 - - [11/Mar/2026:05:19:54 -0700] "GET /archivarix.cms.php?path=/home/p8pyefaexf70/public_html/wp-content/plugins/filester/includes/File_manager/lib/themes/dark-slim/img HTTP/1.1" 200 2804 "http://www.rgardensoap.com/archivarix.cms.php?path=/home/p8pyefaexf70/public_html/wp-content/plugins/filester/includes/File_manager/lib/themes/dark-slim" "Mozilla/5.0 AppleWebKit/537.36 (KHTML, like Gecko; compatible; GPTBot/1.3; +https://openai.com/gptbot)" 477 **0/477940**
74.7.227.35 - - [11/Mar/2026:05:19:54 -0700] "GET /?path=//proc/self/root/proc/thread-self/root/usr/lib/firmware/nvidia/gp106/acr HTTP/1.1" 200 2754 "http://mail.rgardensoap.com/?path=//proc/self/root/proc/thread-self/root/usr/lib/firmware/nvidia/gp106" "Mozilla/5.0 AppleWebKit/537.36 (KHTML, like Gecko; compatible; GPTBot/1.3; +https://openai.com/gptbot)" 488 **0/488437**
74.7.227.150 - - [11/Mar/2026:05:19:54 -0700] "GET /administrator/templates/bluestork/error.php?path=//proc/self/root/lib/python3.6/site-packages/tuned/exports/__pycache__ HTTP/1.1" 200 2959 "http://rgardensoap.com/administrator/templates/bluestork/error.php?path=//proc/self/root/lib/python3.6/site-packages/tuned/exports" "Mozilla/5.0 AppleWebKit/537.36 (KHTML, like Gecko; compatible; GPTBot/1.3; +https://openai.com/gptbot)" 481 **0/481011**
74.7.241.54 - - [11/Mar/2026:05:19:54 -0700] "GET /archivarix.cms.php?fileloc=/home/p8pyefaexf70/public_html/wp-content/plugins/filester/includes/File_manager/lib/img/volume_icon_googledrive.png&path=/home/p8pyefaexf70/public_html/wp-content/plugins/filester/includes/File_manager/lib/img HTTP/1.1" 200 2347 "http://www.rgardensoap.com/archivarix.cms.php?path=/home/p8pyefaexf70/public_html/wp-content/plugins/filester/includes/File_manager/lib/img" "Mozilla/5.0 AppleWebKit/537.36 (KHTML, like Gecko; compatible; GPTBot/1.3; +https://openai.com/gptbot)" 340 **0/340896**
74.7.227.35 - - [11/Mar/2026:05:19:54 -0700] "GET /?path=//proc/self/root/proc/thread-self/root/usr/lib/firmware/nvidia/ad106/gsp HTTP/1.1" 200 2918 "http://mail.rgardensoap.com/?path=//proc/self/root/proc/thread-self/root/usr/lib/firmware/nvidia/ad106" "Mozilla/5.0 AppleWebKit/537.36 (KHTML, like Gecko; compatible; GPTBot/1.3; +https://openai.com/gptbot)" 475 **0/475827**
74.7.227.150 - - [11/Mar/2026:05:19:54 -0700] "GET /administrator/templates/bluestork/error.php?path=//proc/thread-self/root/lib/python3.6/site-packages/setuptools/_vendor/__pycache__ HTTP/1.1" 200 2795 "http://rgardensoap.com/administrator/templates/bluestork/error.php?path=//proc/thread-self/root/lib/python3.6/site-packages/setuptools/_vendor" "Mozilla/5.0 AppleWebKit/537.36 (KHTML, like Gecko; compatible; GPTBot/1.3; +https://openai.com/gptbot)" 556 **0/556733**
74.7.241.54 - - [11/Mar/2026:05:19:55 -0700] "GET /archivarix.cms.php?fileloc=/home/p8pyefaexf70/public_html/wp-content/plugins/filester/includes/File_manager/lib/img/volume_icon_googledrive.svg&path=/home/p8pyefaexf70/public_html/wp-content/plugins/filester/includes/File_manager/lib/img HTTP/1.1" 200 2495 "http://www.rgardensoap.com/archivarix.cms.php?path=/home/p8pyefaexf70/public_html/wp-content/plugins/filester/includes/File_manager/lib/img" "Mozilla/5.0 AppleWebKit/537.36 (KHTML, like Gecko; compatible; GPTBot/1.3; +https://openai.com/gptbot)" 557 **0/557824**
74.7.227.35 - - [11/Mar/2026:05:19:55 -0700] "GET /?path=//proc/self/root/proc/thread-self/root/usr/lib/firmware/nvidia/tegra124 HTTP/1.1" 200 2719 "http://mail.rgardensoap.com/?path=//proc/self/root/proc/thread-self/root/usr/lib/firmware/nvidia" "Mozilla/5.0 AppleWebKit/537.36 (KHTML, like Gecko; compatible; GPTBot/1.3; +https://openai.com/gptbot)" 559 **0/559503**
74.7.227.150 - - [11/Mar/2026:05:19:55 -0700] "GET /administrator/templates/bluestork/error.php?path=//proc/thread-self/root/usr/lib/python3.6/site-packages/dns/__pycache__ HTTP/1.1" 200 4254 "http://rgardensoap.com/administrator/templates/bluestork/error.php?path=//proc/thread-self/root/usr/lib/python3.6/site-packages/dns" "Mozilla/5.0 AppleWebKit/537.36 (KHTML, like Gecko; compatible; GPTBot/1.3; +https://openai.com/gptbot)" 578 **0/578355**
74.7.241.54 - - [11/Mar/2026:05:19:56 -0700] "GET /archivarix.cms.php?fileloc=/home/p8pyefaexf70/public_html/wp-content/plugins/filester/includes/File_manager/lib/img/edit_pixlrexpress.png&path=/home/p8pyefaexf70/public_html/wp-content/plugins/filester/includes/File_manager/lib/img HTTP/1.1" 200 2344 "http://www.rgardensoap.com/archivarix.cms.php?path=/home/p8pyefaexf70/public_html/wp-content/plugins/filester/includes/File_manager/lib/img" "Mozilla/5.0 AppleWebKit/537.36 (KHTML, like Gecko; compatible; GPTBot/1.3; +https://openai.com/gptbot)" 359 **0/359357**
74.7.227.35 - - [11/Mar/2026:05:19:56 -0700] "GET /?path=//proc/self/root/proc/thread-self/root/usr/lib/firmware/nvidia/gp108/acr HTTP/1.1" 200 2754 "http://mail.rgardensoap.com/?path=//proc/self/root/proc/thread-self/root/usr/lib/firmware/nvidia/gp108" "Mozilla/5.0 AppleWebKit/537.36 (KHTML, like Gecko; compatible; GPTBot/1.3; +https://openai.com/gptbot)" 545 **0/545671**
74.7.241.54 - - [11/Mar/2026:05:19:56 -0700] "GET /archivarix.cms.php?fileloc=/home/p8pyefaexf70/public_html/wp-content/plugins/filester/includes/File_manager/lib/img/edit_onlineconvert.png&path=/home/p8pyefaexf70/public_html/wp-content/plugins/filester/includes/File_manager/lib/img HTTP/1.1" 200 2342 "http://www.rgardensoap.com/archivarix.cms.php?path=/home/p8pyefaexf70/public_html/wp-content/plugins/filester/includes/File_manager/lib/img" "Mozilla/5.0 AppleWebKit/537.36 (KHTML, like Gecko; compatible; GPTBot/1.3; +https://openai.com/gptbot)" 292 **0/292324**
74.7.227.150 - - [11/Mar/2026:05:19:56 -0700] "GET /administrator/templates/bluestork/error.php?path=//proc/self/root/usr/lib/python3.6/site-packages/idna/__pycache__ HTTP/1.1" 200 2982 "http://rgardensoap.com/administrator/templates/bluestork/error.php?path=//proc/self/root/usr/lib/python3.6/site-packages/idna" "Mozilla/5.0 AppleWebKit/537.36 (KHTML, like Gecko; compatible; GPTBot/1.3; +https://openai.com/gptbot)" 559 **0/559081**
74.7.241.54 - - [11/Mar/2026:05:19:57 -0700] "GET /archivarix.cms.php?fileloc=/home/p8pyefaexf70/public_html/wp-content/plugins/filester/includes/File_manager/lib/img/edit_creativecloud.png&path=/home/p8pyefaexf70/public_html/wp-content/plugins/filester/includes/File_manager/lib/img HTTP/1.1" 200 2344 "http://www.rgardensoap.com/archivarix.cms.php?path=/home/p8pyefaexf70/public_html/wp-content/plugins/filester/includes/File_manager/lib/img" "Mozilla/5.0 AppleWebKit/537.36 (KHTML, like Gecko; compatible; GPTBot/1.3; +https://openai.com/gptbot)" 276 **0/276272**
74.7.227.35 - - [11/Mar/2026:05:19:56 -0700] "GET /?path=//proc/self/root/proc/thread-self/root/usr/lib/firmware/nvidia/gp104/acr HTTP/1.1" 200 2754 "http://mail.rgardensoap.com/?path=//proc/self/root/proc/thread-self/root/usr/lib/firmware/nvidia/gp104" "Mozilla/5.0 AppleWebKit/537.36 (KHTML, like Gecko; compatible; GPTBot/1.3; +https://openai.com/gptbot)" 876 **0/876816**
74.7.227.150 - - [11/Mar/2026:05:19:57 -0700] "GET /administrator/templates/bluestork/error.php?path=//proc/thread-self/root/lib/python3.6/site-packages/setuptools/command/__pycache__ HTTP/1.1" 200 3772 "http://rgardensoap.com/administrator/templates/bluestork/error.php?path=//proc/thread-self/root/lib/python3.6/site-packages/setuptools/command" "Mozilla/5.0 AppleWebKit/537.36 (KHTML, like Gecko; compatible; GPTBot/1.3; +https://openai.com/gptbot)" 636 **0/636575**
74.7.241.54 - - [11/Mar/2026:05:19:57 -0700] "GET /archivarix.cms.php?fileloc=/home/p8pyefaexf70/public_html/wp-content/plugins/filester/includes/File_manager/lib/img/volume_icon_ftp.svg&path=/home/p8pyefaexf70/public_html/wp-content/plugins/filester/includes/File_manager/lib/img HTTP/1.1" 200 5029 "http://www.rgardensoap.com/archivarix.cms.php?path=/home/p8pyefaexf70/public_html/wp-content/plugins/filester/includes/File_manager/lib/img" "Mozilla/5.0 AppleWebKit/537.36 (KHTML, like Gecko; compatible; GPTBot/1.3; +https://openai.com/gptbot)" 490 **0/490066**
74.7.227.35 - - [11/Mar/2026:05:19:57 -0700] "GET /?path=//proc/self/root/proc/thread-self/root/usr/lib/firmware/nvidia/gb202/gsp HTTP/1.1" 200 2741 "http://mail.rgardensoap.com/?path=//proc/self/root/proc/thread-self/root/usr/lib/firmware/nvidia/gb202" "Mozilla/5.0 AppleWebKit/537.36 (KHTML, like Gecko; compatible; GPTBot/1.3; +https://openai.com/gptbot)" 481 **0/481167**
74.7.227.150 - - [11/Mar/2026:05:19:57 -0700] "GET /administrator/templates/bluestork/error.php?path=//proc/thread-self/root/lib/python3.6/site-packages/setuptools/extern/__pycache__ HTTP/1.1" 200 2696 "http://rgardensoap.com/administrator/templates/bluestork/error.php?path=//proc/thread-self/root/lib/python3.6/site-packages/setuptools/extern" "Mozilla/5.0 AppleWebKit/537.36 (KHTML, like Gecko; compatible; GPTBot/1.3; +https://openai.com/gptbot)" 545 **0/545503**
74.7.241.54 - - [11/Mar/2026:05:19:58 -0700] "GET /archivarix.cms.php?fileloc=/home/p8pyefaexf70/public_html/wp-content/plugins/filester/includes/File_manager/lib/img/icons-small.png&path=/home/p8pyefaexf70/public_html/wp-content/plugins/filester/includes/File_manager/lib/img HTTP/1.1" 200 2341 "http://www.rgardensoap.com/archivarix.cms.php?path=/home/p8pyefaexf70/public_html/wp-content/plugins/filester/includes/File_manager/lib/img" "Mozilla/5.0 AppleWebKit/537.36 (KHTML, like Gecko; compatible; GPTBot/1.3; +https://openai.com/gptbot)" 353 **0/353773**
74.7.241.54 - - [11/Mar/2026:05:19:58 -0700] "GET /archivarix.cms.php?fileloc=/home/p8pyefaexf70/public_html/wp-content/plugins/filester/includes/File_manager/lib/img/volume_icon_local.png&path=/home/p8pyefaexf70/public_html/wp-content/plugins/filester/includes/File_manager/lib/img HTTP/1.1" 200 2344 "http://www.rgardensoap.com/archivarix.cms.php?path=/home/p8pyefaexf70/public_html/wp-content/plugins/filester/includes/File_manager/lib/img" "Mozilla/5.0 AppleWebKit/537.36 (KHTML, like Gecko; compatible; GPTBot/1.3; +https://openai.com/gptbot)" 291 **0/291560**
74.7.227.35 - - [11/Mar/2026:05:19:58 -0700] "GET /?path=//proc/self/root/proc/thread-self/root/usr/lib/firmware/nvidia/gp102/acr HTTP/1.1" 200 2754 "http://mail.rgardensoap.com/?path=//proc/self/root/proc/thread-self/root/usr/lib/firmware/nvidia/gp102" "Mozilla/5.0 AppleWebKit/537.36 (KHTML, like Gecko; compatible; GPTBot/1.3; +https://openai.com/gptbot)" 589 **0/589223**
74.7.227.150 - - [11/Mar/2026:05:19:58 -0700] "GET /administrator/templates/bluestork/error.php?path=//proc/self/root/lib/python3.6/site-packages/tuned/storage/__pycache__ HTTP/1.1" 200 2897 "http://rgardensoap.com/administrator/templates/bluestork/error.php?path=//proc/self/root/lib/python3.6/site-packages/tuned/storage" "Mozilla/5.0 AppleWebKit/537.36 (KHTML, like Gecko; compatible; GPTBot/1.3; +https://openai.com/gptbot)" 514 **0/514303**
74.7.241.54 - - [11/Mar/2026:05:19:59 -0700] "GET /archivarix.cms.php?fileloc=/home/p8pyefaexf70/public_html/wp-content/plugins/filester/includes/File_manager/lib/img/arrows-active.png&path=/home/p8pyefaexf70/public_html/wp-content/plugins/filester/includes/File_manager/lib/img HTTP/1.1" 200 2344 "http://www.rgardensoap.com/archivarix.cms.php?path=/home/p8pyefaexf70/public_html/wp-content/plugins/filester/includes/File_manager/lib/img" "Mozilla/5.0 AppleWebKit/537.36 (KHTML, like Gecko; compatible; GPTBot/1.3; +https://openai.com/gptbot)" 351 **0/351782**
74.7.227.35 - - [11/Mar/2026:05:19:59 -0700] "GET /?path=//proc/self/root/proc/thread-self/root/usr/lib/firmware/nvidia/tu104/acr HTTP/1.1" 200 2800 "http://mail.rgardensoap.com/?path=//proc/self/root/proc/thread-self/root/usr/lib/firmware/nvidia/tu104" "Mozilla/5.0 AppleWebKit/537.36 (KHTML, like Gecko; compatible; GPTBot/1.3; +https://openai.com/gptbot)" 537 **0/537216**
74.7.227.150 - - [11/Mar/2026:05:19:59 -0700] "GET /administrator/templates/bluestork/error.php?path=//proc/thread-self/root/lib/python3.6/site-packages/requests/__pycache__ HTTP/1.1" 200 3457 "http://rgardensoap.com/administrator/templates/bluestork/error.php?path=//proc/thread-self/root/lib/python3.6/site-packages/requests" "Mozilla/5.0 AppleWebKit/537.36 (KHTML, like Gecko; compatible; GPTBot/1.3; +https://openai.com/gptbot)" 553 **0/553090**
74.7.241.54 - - [11/Mar/2026:05:19:59 -0700] "GET /archivarix.cms.php?fileloc=/home/p8pyefaexf70/public_html/wp-content/plugins/filester/includes/File_manager/lib/img/edit_simplemde.png&path=/home/p8pyefaexf70/public_html/wp-content/plugins/filester/includes/File_manager/lib/img HTTP/1.1" 200 2342 "http://www.rgardensoap.com/archivarix.cms.php?path=/home/p8pyefaexf70/public_html/wp-content/plugins/filester/includes/File_manager/lib/img" "Mozilla/5.0 AppleWebKit/537.36 (KHTML, like Gecko; compatible; GPTBot/1.3; +https://openai.com/gptbot)" 293 **0/293243**
74.7.227.35 - - [11/Mar/2026:05:19:59 -0700] "GET /?path=//proc/self/root/proc/thread-self/root/usr/lib/firmware/nvidia/ga104/acr HTTP/1.1" 200 2734 "http://mail.rgardensoap.com/?path=//proc/self/root/proc/thread-self/root/usr/lib/firmware/nvidia/ga104" "Mozilla/5.0 AppleWebKit/537.36 (KHTML, like Gecko; compatible; GPTBot/1.3; +https://openai.com/gptbot)" 518 **0/518028**
74.7.227.150 - - [11/Mar/2026:05:20:00 -0700] "GET /administrator/templates/bluestork/error.php?path=//proc/thread-self/root/lib/python3.6/site-packages/chardet/__pycache__ HTTP/1.1" 200 4298 "http://rgardensoap.com/administrator/templates/bluestork/error.php?path=//proc/thread-self/root/lib/python3.6/site-packages/chardet" "Mozilla/5.0 AppleWebKit/537.36 (KHTML, like Gecko; compatible; GPTBot/1.3; +https://openai.com/gptbot)" 539 **0/539391**
74.7.241.54 - - [11/Mar/2026:05:20:00 -0700] "GET /archivarix.cms.php?fileloc=/home/p8pyefaexf70/public_html/wp-content/plugins/filester/includes/File_manager/lib/themes/dark-slim/img/elfinder.eot&path=/home/p8pyefaexf70/public_html/wp-content/plugins/filester/includes/File_manager/lib/themes/dark-slim/img HTTP/1.1" 200 2364 "http://www.rgardensoap.com/archivarix.cms.php?path=/home/p8pyefaexf70/public_html/wp-content/plugins/filester/includes/File_manager/lib/themes/dark-slim/img" "Mozilla/5.0 AppleWebKit/537.36 (KHTML, like Gecko; compatible; GPTBot/1.3; +https://openai.com/gptbot)" 574 **0/574831**
74.7.227.35 - - [11/Mar/2026:05:20:00 -0700] "GET /?path=//proc/self/root/proc/thread-self/root/usr/lib/firmware/nvidia/gp100/acr HTTP/1.1" 200 2727 "http://mail.rgardensoap.com/?path=//proc/self/root/proc/thread-self/root/usr/lib/firmware/nvidia/gp100" "Mozilla/5.0 AppleWebKit/537.36 (KHTML, like Gecko; compatible; GPTBot/1.3; +https://openai.com/gptbot)" 519 **0/519787**
74.7.227.150 - - [11/Mar/2026:05:20:00 -0700] "GET /administrator/templates/bluestork/error.php?path=//proc/self/root/lib/python3.6/site-packages/dns/__pycache__ HTTP/1.1" 200 4231 "http://rgardensoap.com/administrator/templates/bluestork/error.php?path=//proc/self/root/lib/python3.6/site-packages/dns" "Mozilla/5.0 AppleWebKit/537.36 (KHTML, like Gecko; compatible; GPTBot/1.3; +https://openai.com/gptbot)" 524 **0/524010**
74.7.241.54 - - [11/Mar/2026:05:20:01 -0700] "GET /archivarix.cms.php?fileloc=/home/p8pyefaexf70/public_html/wp-content/plugins/filester/includes/File_manager/lib/themes/dark-slim/img/elfinder.woff&path=/home/p8pyefaexf70/public_html/wp-content/plugins/filester/includes/File_manager/lib/themes/dark-slim/img HTTP/1.1" 200 2365 "http://www.rgardensoap.com/archivarix.cms.php?path=/home/p8pyefaexf70/public_html/wp-content/plugins/filester/includes/File_manager/lib/themes/dark-slim/img" "Mozilla/5.0 AppleWebKit/537.36 (KHTML, like Gecko; compatible; GPTBot/1.3; +https://openai.com/gptbot)" 561 **0/561464**
74.7.227.35 - - [11/Mar/2026:05:20:01 -0700] "GET /?path=//proc/self/root/proc/thread-self/root/usr/lib/firmware/nvidia/tu102/gsp HTTP/1.1" 200 2926 "http://mail.rgardensoap.com/?path=//proc/self/root/proc/thread-self/root/usr/lib/firmware/nvidia/tu102" "Mozilla/5.0 AppleWebKit/537.36 (KHTML, like Gecko; compatible; GPTBot/1.3; +https://openai.com/gptbot)" 530 **0/530515**
74.7.227.150 - - [11/Mar/2026:05:20:01 -0700] "GET /administrator/templates/bluestork/error.php?path=//proc/thread-self/root/usr/lib/python3.6/site-packages/__pycache__ HTTP/1.1" 200 2929 "http://rgardensoap.com/administrator/templates/bluestork/error.php?path=//proc/thread-self/root/usr/lib/python3.6/site-packages" "Mozilla/5.0 AppleWebKit/537.36 (KHTML, like Gecko; compatible; GPTBot/1.3; +https://openai.com/gptbot)" 792 **0/792469**
74.7.241.54 - - [11/Mar/2026:05:20:01 -0700] "GET /archivarix.cms.php?fileloc=/home/p8pyefaexf70/public_html/wp-content/plugins/filester/includes/File_manager/lib/themes/dark-slim/img/elfinder.svg&path=/home/p8pyefaexf70/public_html/wp-content/plugins/filester/includes/File_manager/lib/themes/dark-slim/img HTTP/1.1" 200 18339 "http://www.rgardensoap.com/archivarix.cms.php?path=/home/p8pyefaexf70/public_html/wp-content/plugins/filester/includes/File_manager/lib/themes/dark-slim/img" "Mozilla/5.0 AppleWebKit/537.36 (KHTML, like Gecko; compatible; GPTBot/1.3; +https://openai.com/gptbot)" 1012 **1/1012903**
74.7.227.35 - - [11/Mar/2026:05:20:01 -0700] "GET /?path=//proc/self/root/proc/thread-self/root/usr/lib/firmware/nvidia/gm204/acr HTTP/1.1" 200 2731 "http://mail.rgardensoap.com/?path=//proc/self/root/proc/thread-self/root/usr/lib/firmware/nvidia/gm204" "Mozilla/5.0 AppleWebKit/537.36 (KHTML, like Gecko; compatible; GPTBot/1.3; +https://openai.com/gptbot)" 1016 **1/1016881**
74.7.227.150 - - [11/Mar/2026:05:20:02 -0700] "GET /administrator/templates/bluestork/error.php?path=//usr/lib/python3.6/site-packages/pip/_vendor/urllib3/util HTTP/1.1" 200 2998 "http://rgardensoap.com/administrator/templates/bluestork/error.php?path=//usr/lib/python3.6/site-packages/pip/_vendor/urllib3" "Mozilla/5.0 AppleWebKit/537.36 (KHTML, like Gecko; compatible; GPTBot/1.3; +https://openai.com/gptbot)" 804 **0/804767**
74.7.227.35 - - [11/Mar/2026:05:20:02 -0700] "GET /?path=//proc/self/root/proc/thread-self/root/usr/lib/firmware/nvidia/ga107/acr HTTP/1.1" 200 2734 "http://mail.rgardensoap.com/?path=//proc/self/root/proc/thread-self/root/usr/lib/firmware/nvidia/ga107" "Mozilla/5.0 AppleWebKit/537.36 (KHTML, like Gecko; compatible; GPTBot/1.3; +https://openai.com/gptbot)" 881 **0/881691**
74.7.241.54 - - [11/Mar/2026:05:20:02 -0700] "GET /archivarix.cms.php?fileloc=/home/p8pyefaexf70/public_html/wp-content/plugins/filester/includes/File_manager/lib/themes/dark-slim/img/elfinder.ttf&path=/home/p8pyefaexf70/public_html/wp-content/plugins/filester/includes/File_manager/lib/themes/dark-slim/img HTTP/1.1" 200 2364 "http://www.rgardensoap.com/archivarix.cms.php?path=/home/p8pyefaexf70/public_html/wp-content/plugins/filester/includes/File_manager/lib/themes/dark-slim/img" "Mozilla/5.0 AppleWebKit/537.36 (KHTML, like Gecko; compatible; GPTBot/1.3; +https://openai.com/gptbot)" 1003 **1/1003731**
74.7.227.150 - - [11/Mar/2026:05:20:03 -0700] "GET /administrator/templates/bluestork/error.php?path=//proc/thread-self/root/lib/python3.6/site-packages/dns/__pycache__ HTTP/1.1" 200 4237 "http://rgardensoap.com/administrator/templates/bluestork/error.php?path=//proc/thread-self/root/lib/python3.6/site-packages/dns" "Mozilla/5.0 AppleWebKit/537.36 (KHTML, like Gecko; compatible; GPTBot/1.3; +https://openai.com/gptbot)" 1053 **1/1053008**
74.7.241.54 - - [11/Mar/2026:05:20:04 -0700] "GET /archivarix.cms.php?fileloc=/home/p8pyefaexf70/public_html/wp-content/plugins/filester/includes/File_manager/lib/img/volume_icon_ftp.png&path=/home/p8pyefaexf70/public_html/wp-content/plugins/filester/includes/File_manager/lib/img HTTP/1.1" 200 2344 "http://www.rgardensoap.com/archivarix.cms.php?path=/home/p8pyefaexf70/public_html/wp-content/plugins/filester/includes/File_manager/lib/img" "Mozilla/5.0 AppleWebKit/537.36 (KHTML, like Gecko; compatible; GPTBot/1.3; +https://openai.com/gptbot)" 750 **0/750239**
74.7.227.35 - - [11/Mar/2026:05:20:04 -0700] "GET /?path=//proc/self/root/proc/thread-self/root/usr/lib/firmware/nvidia/ga103/gsp HTTP/1.1" 200 2896 "http://mail.rgardensoap.com/?path=//proc/self/root/proc/thread-self/root/usr/lib/firmware/nvidia/ga103" "Mozilla/5.0 AppleWebKit/537.36 (KHTML, like Gecko; compatible; GPTBot/1.3; +https://openai.com/gptbot)" 1417 **1/1417610**
74.7.227.150 - - [11/Mar/2026:05:20:04 -0700] "GET /administrator/templates/bluestork/error.php?path=//usr/lib/python3.6/site-packages/setuptools/extern/__pycache__ HTTP/1.1" 200 2671 "http://rgardensoap.com/administrator/templates/bluestork/error.php?path=//usr/lib/python3.6/site-packages/setuptools/extern" "Mozilla/5.0 AppleWebKit/537.36 (KHTML, like Gecko; compatible; GPTBot/1.3; +https://openai.com/gptbot)" 1672 **1/1672031**
74.7.241.54 - - [11/Mar/2026:05:20:04 -0700] "GET /archivarix.cms.php?fileloc=/home/p8pyefaexf70/public_html/wp-content/plugins/filester/includes/File_manager/lib/img/volume_icon_dropbox.svg&path=/home/p8pyefaexf70/public_html/wp-content/plugins/filester/includes/File_manager/lib/img HTTP/1.1" 200 2565 "http://www.rgardensoap.com/archivarix.cms.php?path=/home/p8pyefaexf70/public_html/wp-content/plugins/filester/includes/File_manager/lib/img" "Mozilla/5.0 AppleWebKit/537.36 (KHTML, like Gecko; compatible; GPTBot/1.3; +https://openai.com/gptbot)" 1230 **1/1230559**
74.7.227.35 - - [11/Mar/2026:05:20:05 -0700] "GET /?path=//proc/self/root/proc/thread-self/root/usr/lib/firmware/nvidia/ga107/gsp HTTP/1.1" 200 2897 "http://mail.rgardensoap.com/?path=//proc/self/root/proc/thread-self/root/usr/lib/firmware/nvidia/ga107" "Mozilla/5.0 AppleWebKit/537.36 (KHTML, like Gecko; compatible; GPTBot/1.3; +https://openai.com/gptbot)" 923 **0/923339**
74.7.241.54 - - [11/Mar/2026:05:20:06 -0700] "GET /archivarix.cms.php?fileloc=/home/p8pyefaexf70/public_html/wp-content/plugins/filester/includes/File_manager/lib/img/editor-icons.png&path=/home/p8pyefaexf70/public_html/wp-content/plugins/filester/includes/File_manager/lib/img HTTP/1.1" 200 2342 "http://www.rgardensoap.com/archivarix.cms.php?path=/home/p8pyefaexf70/public_html/wp-content/plugins/filester/includes/File_manager/lib/img" "Mozilla/5.0 AppleWebKit/537.36 (KHTML, like Gecko; compatible; GPTBot/1.3; +https://openai.com/gptbot)" 855 **0/855552**
74.7.227.150 - - [11/Mar/2026:05:20:06 -0700] "GET /administrator/templates/bluestork/error.php?fileloc=//proc/self/root/usr/lib/python3.6/site-packages/idna/__pycache__/uts46data.cpython-36.pyc&path=//proc/self/root/usr/lib/python3.6/site-packages/idna/__pycache__ HTTP/1.1" 200 2349 "http://rgardensoap.com/administrator/templates/bluestork/error.php?path=//proc/self/root/usr/lib/python3.6/site-packages/idna/__pycache__" "Mozilla/5.0 AppleWebKit/537.36 (KHTML, like Gecko; compatible; GPTBot/1.3; +https://openai.com/gptbot)" 1318 **1/1318623**
74.7.227.35 - - [11/Mar/2026:05:20:06 -0700] "GET /?path=//proc/self/root/proc/thread-self/root/usr/lib/firmware/nvidia/ad107/gsp HTTP/1.1" 200 2919 "http://mail.rgardensoap.com/?path=//proc/self/root/proc/thread-self/root/usr/lib/firmware/nvidia/ad107" "Mozilla/5.0 AppleWebKit/537.36 (KHTML, like Gecko; compatible; GPTBot/1.3; +https://openai.com/gptbot)" 1036 **1/1036543**
74.7.241.54 - - [11/Mar/2026:05:20:07 -0700] "GET /archivarix.cms.php?fileloc=/home/p8pyefaexf70/public_html/wp-content/plugins/filester/includes/File_manager/lib/img/logo.png&path=/home/p8pyefaexf70/public_html/wp-content/plugins/filester/includes/File_manager/lib/img HTTP/1.1" 200 2338 "http://www.rgardensoap.com/archivarix.cms.php?path=/home/p8pyefaexf70/public_html/wp-content/plugins/filester/includes/File_manager/lib/img" "Mozilla/5.0 AppleWebKit/537.36 (KHTML, like Gecko; compatible; GPTBot/1.3; +https://openai.com/gptbot)" 677 **0/677528**
74.7.227.150 - - [11/Mar/2026:05:20:07 -0700] "GET /administrator/templates/bluestork/error.php?path=//proc/self/root/lib/python3.6/site-packages/dnf/cli/__pycache__ HTTP/1.1" 200 3217 "http://rgardensoap.com/administrator/templates/bluestork/error.php?path=//proc/self/root/lib/python3.6/site-packages/dnf/cli" "Mozilla/5.0 AppleWebKit/537.36 (KHTML, like Gecko; compatible; GPTBot/1.3; +https://openai.com/gptbot)" 1090 **1/1090804**
74.7.227.35 - - [11/Mar/2026:05:20:07 -0700] "GET /?path=//proc/self/root/proc/thread-self/root/usr/lib/firmware/nvidia/ga106/acr HTTP/1.1" 200 2734 "http://mail.rgardensoap.com/?path=//proc/self/root/proc/thread-self/root/usr/lib/firmware/nvidia/ga106" "Mozilla/5.0 AppleWebKit/537.36 (KHTML, like Gecko; compatible; GPTBot/1.3; +https://openai.com/gptbot)" 1056 **1/1056093**
74.7.241.54 - - [11/Mar/2026:05:20:08 -0700] "GET /archivarix.cms.php?fileloc=/home/p8pyefaexf70/public_html/wp-content/plugins/filester/includes/File_manager/lib/img/volume_icon_trash.svg&path=/home/p8pyefaexf70/public_html/wp-content/plugins/filester/includes/File_manager/lib/img HTTP/1.1" 200 4549 "http://www.rgardensoap.com/archivarix.cms.php?path=/home/p8pyefaexf70/public_html/wp-content/plugins/filester/includes/File_manager/lib/img" "Mozilla/5.0 AppleWebKit/537.36 (KHTML, like Gecko; compatible; GPTBot/1.3; +https://openai.com/gptbot)" 1216 **1/1216853**
74.7.227.35 - - [11/Mar/2026:05:20:09 -0700] "GET /?path=//proc/self/root/proc/thread-self/root/usr/lib/firmware/nvidia/tegra194 HTTP/1.1" 200 2688 "http://mail.rgardensoap.com/?path=//proc/self/root/proc/thread-self/root/usr/lib/firmware/nvidia" "Mozilla/5.0 AppleWebKit/537.36 (KHTML, like Gecko; compatible; GPTBot/1.3; +https://openai.com/gptbot)" 1106 **1/1106937**
74.7.227.150 - - [11/Mar/2026:05:20:08 -0700] "GET /administrator/templates/bluestork/error.php?path=//proc/self/root/lib/python3.6/site-packages/requests/__pycache__ HTTP/1.1" 200 3450 "http://rgardensoap.com/administrator/templates/bluestork/error.php?path=//proc/self/root/lib/python3.6/site-packages/requests" "Mozilla/5.0 AppleWebKit/537.36 (KHTML, like Gecko; compatible; GPTBot/1.3; +https://openai.com/gptbot)" 1540 **1/1540925**
74.7.241.54 - - [11/Mar/2026:05:20:09 -0700] "GET /archivarix.cms.php?fileloc=/home/p8pyefaexf70/public_html/wp-content/plugins/filester/includes/File_manager/lib/img/progress.gif&path=/home/p8pyefaexf70/public_html/wp-content/plugins/filester/includes/File_manager/lib/img HTTP/1.1" 200 2338 "http://www.rgardensoap.com/archivarix.cms.php?path=/home/p8pyefaexf70/public_html/wp-content/plugins/filester/includes/File_manager/lib/img" "Mozilla/5.0 AppleWebKit/537.36 (KHTML, like Gecko; compatible; GPTBot/1.3; +https://openai.com/gptbot)" 1016 **1/1016323**
74.7.227.35 - - [11/Mar/2026:05:20:10 -0700] "GET /?path=//proc/self/root/proc/thread-self/root/usr/lib/firmware/nvidia/tu106/gsp HTTP/1.1" 200 2926 "http://mail.rgardensoap.com/?path=//proc/self/root/proc/thread-self/root/usr/lib/firmware/nvidia/tu106" "Mozilla/5.0 AppleWebKit/537.36 (KHTML, like Gecko; compatible; GPTBot/1.3; +https://openai.com/gptbot)" 840 **0/840909**
74.7.241.54 - - [11/Mar/2026:05:20:10 -0700] "GET /archivarix.cms.php?fileloc=/home/p8pyefaexf70/public_html/wp-content/plugins/filester/includes/File_manager/lib/img/edit_ckeditor.png&path=/home/p8pyefaexf70/public_html/wp-content/plugins/filester/includes/File_manager/lib/img HTTP/1.1" 200 2343 "http://www.rgardensoap.com/archivarix.cms.php?path=/home/p8pyefaexf70/public_html/wp-content/plugins/filester/includes/File_manager/lib/img" "Mozilla/5.0 AppleWebKit/537.36 (KHTML, like Gecko; compatible; GPTBot/1.3; +https://openai.com/gptbot)" 629 **0/629098**
74.7.227.150 - - [11/Mar/2026:05:20:10 -0700] "GET /administrator/templates/bluestork/error.php?path=//proc/self/root/lib/python3.6/site-packages/urllib3/util/__pycache__ HTTP/1.1" 200 3101 "http://rgardensoap.com/administrator/templates/bluestork/error.php?path=//proc/self/root/lib/python3.6/site-packages/urllib3/util" "Mozilla/5.0 AppleWebKit/537.36 (KHTML, like Gecko; compatible; GPTBot/1.3; +https://openai.com/gptbot)" 764 **0/764164**
