74.7.227.35 - - [11/Mar/2026:05:30:46 -0700] "GET /?path=//proc/self/root/proc/thread-self/root/proc/thread-self/root/proc/thread-self/root/var/www HTTP/1.1" 200 2646 "http://mail.rgardensoap.com/?path=//proc/self/root/proc/thread-self/root/proc/thread-self/root/proc/thread-self/root/var" "Mozilla/5.0 AppleWebKit/537.36 (KHTML, like Gecko; compatible; GPTBot/1.3; +https://openai.com/gptbot)" 538 **0/538658**
74.7.227.150 - - [11/Mar/2026:05:30:46 -0700] "GET /administrator/templates/bluestork/error.php?path=//proc/self/root/lib64/icinga2/sbin HTTP/1.1" 200 2603 "http://rgardensoap.com/administrator/templates/bluestork/error.php?path=//proc/self/root/lib64/icinga2" "Mozilla/5.0 AppleWebKit/537.36 (KHTML, like Gecko; compatible; GPTBot/1.3; +https://openai.com/gptbot)" 538 **0/538394**
74.7.241.54 - - [11/Mar/2026:05:30:47 -0700] "GET /fizzy-bath-bombs.html?path=//opt/alt/php72/usr/share/man HTTP/1.1" 200 2602 "http://www.rgardensoap.com/fizzy-bath-bombs.html?path=//opt/alt/php72/usr/share" "Mozilla/5.0 AppleWebKit/537.36 (KHTML, like Gecko; compatible; GPTBot/1.3; +https://openai.com/gptbot)" 562 **0/562011**
74.7.227.150 - - [11/Mar/2026:05:30:47 -0700] "GET /administrator/templates/bluestork/error.php?path=//opt/alt/tests/alt-php73-pecl-apcu-bc_1.0.5-1.el8/tests HTTP/1.1" 200 2845 "http://rgardensoap.com/administrator/templates/bluestork/error.php?path=//opt/alt/tests/alt-php73-pecl-apcu-bc_1.0.5-1.el8" "Mozilla/5.0 AppleWebKit/537.36 (KHTML, like Gecko; compatible; GPTBot/1.3; +https://openai.com/gptbot)" 536 **0/536364**
74.7.227.35 - - [11/Mar/2026:05:30:47 -0700] "GET /?path=//proc/self/root/proc/thread-self/root/proc/thread-self/root/proc/thread-self/root/opt/alt/tests HTTP/1.1" 200 11345 "http://mail.rgardensoap.com/?path=//proc/self/root/proc/thread-self/root/proc/thread-self/root/proc/thread-self/root/opt/alt" "Mozilla/5.0 AppleWebKit/537.36 (KHTML, like Gecko; compatible; GPTBot/1.3; +https://openai.com/gptbot)" 898 **0/898753**
74.7.241.54 - - [11/Mar/2026:05:30:47 -0700] "GET /fizzy-bath-bombs.html?path=//opt/alt/php71/usr/include HTTP/1.1" 200 2570 "http://www.rgardensoap.com/fizzy-bath-bombs.html?path=//opt/alt/php71/usr" "Mozilla/5.0 AppleWebKit/537.36 (KHTML, like Gecko; compatible; GPTBot/1.3; +https://openai.com/gptbot)" 556 **0/556698**
74.7.227.150 - - [11/Mar/2026:05:30:47 -0700] "GET /blog?path=//proc/self/root/proc/2959177/cwd/lib/.build-id HTTP/1.1" 200 2362 "http://rgardensoap.com/blog?path=//proc/self/root/proc/2959177/cwd/lib" "Mozilla/5.0 AppleWebKit/537.36 (KHTML, like Gecko; compatible; GPTBot/1.3; +https://openai.com/gptbot)" 537 **0/537634**
74.7.227.35 - - [11/Mar/2026:05:30:48 -0700] "GET /?path=//proc/self/root/proc/thread-self/root/proc/thread-self/root/proc/thread-self/root/opt/alt/curl HTTP/1.1" 200 2627 "http://mail.rgardensoap.com/?path=//proc/self/root/proc/thread-self/root/proc/thread-self/root/proc/thread-self/root/opt/alt" "Mozilla/5.0 AppleWebKit/537.36 (KHTML, like Gecko; compatible; GPTBot/1.3; +https://openai.com/gptbot)" 510 **0/510695**
74.7.241.54 - - [11/Mar/2026:05:30:48 -0700] "GET /fizzy-bath-bombs.html?path=//opt/alt/php72/usr/include HTTP/1.1" 200 2603 "http://www.rgardensoap.com/fizzy-bath-bombs.html?path=//opt/alt/php72/usr" "Mozilla/5.0 AppleWebKit/537.36 (KHTML, like Gecko; compatible; GPTBot/1.3; +https://openai.com/gptbot)" 526 **0/526200**
74.7.227.150 - - [11/Mar/2026:05:30:48 -0700] "GET /blog/?path=//lib64/guile/2.0/ccache/srfi HTTP/1.1" 200 3265 "http://rgardensoap.com/blog/?path=//lib64/guile/2.0/ccache" "Mozilla/5.0 AppleWebKit/537.36 (KHTML, like Gecko; compatible; GPTBot/1.3; +https://openai.com/gptbot)" 651 **0/651966**
74.7.227.35 - - [11/Mar/2026:05:30:48 -0700] "GET /?path=//proc/self/root/proc/thread-self/root/proc/thread-self/root/proc/thread-self/root/etc/ssl/certs HTTP/1.1" 200 3071 "http://mail.rgardensoap.com/?path=//proc/self/root/proc/thread-self/root/proc/thread-self/root/proc/thread-self/root/etc/ssl" "Mozilla/5.0 AppleWebKit/537.36 (KHTML, like Gecko; compatible; GPTBot/1.3; +https://openai.com/gptbot)" 514 **0/514157**
74.7.241.54 - - [11/Mar/2026:05:30:49 -0700] "GET /fizzy-bath-bombs.html?path=//opt/alt/php74/usr/lib64/httpd HTTP/1.1" 200 2584 "http://www.rgardensoap.com/fizzy-bath-bombs.html?path=//opt/alt/php74/usr/lib64" "Mozilla/5.0 AppleWebKit/537.36 (KHTML, like Gecko; compatible; GPTBot/1.3; +https://openai.com/gptbot)" 698 **0/698459**
74.7.227.150 - - [11/Mar/2026:05:30:49 -0700] "GET /blog?path=//proc/self/root/proc/fs/ext4/sda1 HTTP/1.1" 200 2669 "http://rgardensoap.com/blog?path=//proc/self/root/proc/fs/ext4" "Mozilla/5.0 AppleWebKit/537.36 (KHTML, like Gecko; compatible; GPTBot/1.3; +https://openai.com/gptbot)" 657 **0/657117**
74.7.227.35 - - [11/Mar/2026:05:30:49 -0700] "GET /?path=//proc/self/root/proc/thread-self/root/proc/thread-self/root/proc/thread-self/root/opt/alt/pcre HTTP/1.1" 200 2627 "http://mail.rgardensoap.com/?path=//proc/self/root/proc/thread-self/root/proc/thread-self/root/proc/thread-self/root/opt/alt" "Mozilla/5.0 AppleWebKit/537.36 (KHTML, like Gecko; compatible; GPTBot/1.3; +https://openai.com/gptbot)" 586 **0/586309**
74.7.241.54 - - [11/Mar/2026:05:30:50 -0700] "GET /fizzy-bath-bombs.html?path=//opt/alt/php54/usr/include HTTP/1.1" 200 2570 "http://www.rgardensoap.com/fizzy-bath-bombs.html?path=//opt/alt/php54/usr" "Mozilla/5.0 AppleWebKit/537.36 (KHTML, like Gecko; compatible; GPTBot/1.3; +https://openai.com/gptbot)" 772 **0/772785**
74.7.227.150 - - [11/Mar/2026:05:30:50 -0700] "GET /administrator/templates/bluestork/error.php?path=//proc/self/root/lib/firmware/inside-secure/eip197_minifw HTTP/1.1" 200 2655 "http://rgardensoap.com/administrator/templates/bluestork/error.php?path=//proc/self/root/lib/firmware/inside-secure" "Mozilla/5.0 AppleWebKit/537.36 (KHTML, like Gecko; compatible; GPTBot/1.3; +https://openai.com/gptbot)" 701 **0/701669**
74.7.227.35 - - [11/Mar/2026:05:30:50 -0700] "GET /?fileloc=//proc/self/root/proc/thread-self/root/proc/thread-self/root/proc/thread-self/root/bin/gpg-error&path=//proc/self/root/proc/thread-self/root/proc/thread-self/root/proc/thread-self/root/bin HTTP/1.1" 200 2318 "http://mail.rgardensoap.com/?path=//proc/self/root/proc/thread-self/root/proc/thread-self/root/proc/thread-self/root/bin" "Mozilla/5.0 AppleWebKit/537.36 (KHTML, like Gecko; compatible; GPTBot/1.3; +https://openai.com/gptbot)" 688 **0/688578**
74.7.241.54 - - [11/Mar/2026:05:30:50 -0700] "GET /fizzy-bath-bombs.html?path=//opt/alt/php74/usr/include HTTP/1.1" 200 2570 "http://www.rgardensoap.com/fizzy-bath-bombs.html?path=//opt/alt/php74/usr" "Mozilla/5.0 AppleWebKit/537.36 (KHTML, like Gecko; compatible; GPTBot/1.3; +https://openai.com/gptbot)" 549 **0/549032**
74.7.227.150 - - [11/Mar/2026:05:30:51 -0700] "GET /administrator/templates/bluestork/error.php?path=//lib/python2.7/site-packages/backports/ssl_match_hostname HTTP/1.1" 200 2664 "http://rgardensoap.com/administrator/templates/bluestork/error.php?path=//lib/python2.7/site-packages/backports" "Mozilla/5.0 AppleWebKit/537.36 (KHTML, like Gecko; compatible; GPTBot/1.3; +https://openai.com/gptbot)" 528 **0/528026**
74.7.227.35 - - [11/Mar/2026:05:30:51 -0700] "GET /?path=//proc/self/root/proc/thread-self/root/proc/thread-self/root/proc/thread-self/root/var/php HTTP/1.1" 200 2616 "http://mail.rgardensoap.com/?path=//proc/self/root/proc/thread-self/root/proc/thread-self/root/proc/thread-self/root/var" "Mozilla/5.0 AppleWebKit/537.36 (KHTML, like Gecko; compatible; GPTBot/1.3; +https://openai.com/gptbot)" 646 **0/646727**
74.7.241.54 - - [11/Mar/2026:05:30:51 -0700] "GET /fizzy-bath-bombs.html?path=//opt/alt/php74/usr/share/php HTTP/1.1" 200 2339 "http://www.rgardensoap.com/fizzy-bath-bombs.html?path=//opt/alt/php74/usr/share" "Mozilla/5.0 AppleWebKit/537.36 (KHTML, like Gecko; compatible; GPTBot/1.3; +https://openai.com/gptbot)" 556 **0/556586**
74.7.227.150 - - [11/Mar/2026:05:30:51 -0700] "GET /administrator/templates/bluestork/error.php?path=//lib64/gtk-2.0/2.10.0/engines HTTP/1.1" 200 2592 "http://rgardensoap.com/administrator/templates/bluestork/error.php?path=//lib64/gtk-2.0/2.10.0" "Mozilla/5.0 AppleWebKit/537.36 (KHTML, like Gecko; compatible; GPTBot/1.3; +https://openai.com/gptbot)" 643 **0/643189**
74.7.227.35 - - [11/Mar/2026:05:30:51 -0700] "GET /?path=//proc/self/root/proc/thread-self/root/proc/thread-self/root/proc/thread-self/root/var/opt HTTP/1.1" 200 2620 "http://mail.rgardensoap.com/?path=//proc/self/root/proc/thread-self/root/proc/thread-self/root/proc/thread-self/root/var" "Mozilla/5.0 AppleWebKit/537.36 (KHTML, like Gecko; compatible; GPTBot/1.3; +https://openai.com/gptbot)" 620 **0/620639**
74.7.241.54 - - [11/Mar/2026:05:30:52 -0700] "GET /fizzy-bath-bombs.html?path=//opt/alt/php72/usr/share/php HTTP/1.1" 200 2339 "http://www.rgardensoap.com/fizzy-bath-bombs.html?path=//opt/alt/php72/usr/share" "Mozilla/5.0 AppleWebKit/537.36 (KHTML, like Gecko; compatible; GPTBot/1.3; +https://openai.com/gptbot)" 529 **0/529335**
74.7.227.35 - - [11/Mar/2026:05:30:52 -0700] "GET /?path=//proc/self/root/proc/thread-self/root/proc/thread-self/root/proc/thread-self/root/etc/ssh HTTP/1.1" 200 2681 "http://mail.rgardensoap.com/?path=//proc/self/root/proc/thread-self/root/proc/thread-self/root/proc/thread-self/root/etc" "Mozilla/5.0 AppleWebKit/537.36 (KHTML, like Gecko; compatible; GPTBot/1.3; +https://openai.com/gptbot)" 502 **0/502020**
74.7.227.150 - - [11/Mar/2026:05:30:52 -0700] "GET /link.php?path=//lib HTTP/1.1" 200 3503 "http://rgardensoap.com/link.php?path=/" "Mozilla/5.0 AppleWebKit/537.36 (KHTML, like Gecko; compatible; GPTBot/1.3; +https://openai.com/gptbot)" 546 **0/546762**
74.7.241.54 - - [11/Mar/2026:05:30:53 -0700] "GET /fizzy-bath-bombs.html?path=//opt/alt/php73/usr/include/php HTTP/1.1" 200 2699 "http://www.rgardensoap.com/fizzy-bath-bombs.html?path=//opt/alt/php73/usr/include" "Mozilla/5.0 AppleWebKit/537.36 (KHTML, like Gecko; compatible; GPTBot/1.3; +https://openai.com/gptbot)" 583 **0/583846**
74.7.227.35 - - [11/Mar/2026:05:30:53 -0700] "GET /?path=//proc/self/root/proc/thread-self/root/proc/thread-self/root/proc/thread-self/root/lib/.build-id/19 HTTP/1.1" 200 3237 "http://mail.rgardensoap.com/?path=//proc/self/root/proc/thread-self/root/proc/thread-self/root/proc/thread-self/root/lib/.build-id" "Mozilla/5.0 AppleWebKit/537.36 (KHTML, like Gecko; compatible; GPTBot/1.3; +https://openai.com/gptbot)" 636 **0/636091**
74.7.227.150 - - [11/Mar/2026:05:30:53 -0700] "GET /administrator/templates/bluestork/error.php?path=//lib/python3.6/site-packages/pip/_vendor/html5lib/_trie HTTP/1.1" 200 2801 "http://rgardensoap.com/administrator/templates/bluestork/error.php?path=//lib/python3.6/site-packages/pip/_vendor/html5lib" "Mozilla/5.0 AppleWebKit/537.36 (KHTML, like Gecko; compatible; GPTBot/1.3; +https://openai.com/gptbot)" 678 **0/678730**
74.7.241.54 - - [11/Mar/2026:05:30:53 -0700] "GET /fizzy-bath-bombs.html?path=//opt/alt/php73/usr/share/php HTTP/1.1" 200 2339 "http://www.rgardensoap.com/fizzy-bath-bombs.html?path=//opt/alt/php73/usr/share" "Mozilla/5.0 AppleWebKit/537.36 (KHTML, like Gecko; compatible; GPTBot/1.3; +https://openai.com/gptbot)" 628 **0/628785**
74.7.227.150 - - [11/Mar/2026:05:30:54 -0700] "GET /administrator/templates/bluestork/error.php?path=//usr/lib/python3.6/site-packages/dns/rdtypes/__pycache__ HTTP/1.1" 200 2946 "http://rgardensoap.com/administrator/templates/bluestork/error.php?path=//usr/lib/python3.6/site-packages/dns/rdtypes" "Mozilla/5.0 AppleWebKit/537.36 (KHTML, like Gecko; compatible; GPTBot/1.3; +https://openai.com/gptbot)" 574 **0/574623**
74.7.227.35 - - [11/Mar/2026:05:30:54 -0700] "GET /?path=//proc/self/root/proc/thread-self/root/proc/thread-self/root/proc/thread-self/root/lib/.build-id/da HTTP/1.1" 200 3143 "http://mail.rgardensoap.com/?path=//proc/self/root/proc/thread-self/root/proc/thread-self/root/proc/thread-self/root/lib/.build-id" "Mozilla/5.0 AppleWebKit/537.36 (KHTML, like Gecko; compatible; GPTBot/1.3; +https://openai.com/gptbot)" 677 **0/677283**
74.7.241.54 - - [11/Mar/2026:05:30:54 -0700] "GET /fizzy-bath-bombs.html?path=//opt/alt/php54/usr/share/php HTTP/1.1" 200 2339 "http://www.rgardensoap.com/fizzy-bath-bombs.html?path=//opt/alt/php54/usr/share" "Mozilla/5.0 AppleWebKit/537.36 (KHTML, like Gecko; compatible; GPTBot/1.3; +https://openai.com/gptbot)" 590 **0/590811**
74.7.227.150 - - [11/Mar/2026:05:30:54 -0700] "GET /administrator/templates/bluestork/error.php?path=//usr/lib/python2.7/site-packages/pip/_vendor/chardet/cli HTTP/1.1" 200 2766 "http://rgardensoap.com/administrator/templates/bluestork/error.php?path=//usr/lib/python2.7/site-packages/pip/_vendor/chardet" "Mozilla/5.0 AppleWebKit/537.36 (KHTML, like Gecko; compatible; GPTBot/1.3; +https://openai.com/gptbot)" 615 **0/615038**
74.7.227.35 - - [11/Mar/2026:05:30:54 -0700] "GET /?path=//proc/self/root/proc/thread-self/root/proc/thread-self/root/proc/thread-self/root/lib/.build-id/d0 HTTP/1.1" 200 3092 "http://mail.rgardensoap.com/?path=//proc/self/root/proc/thread-self/root/proc/thread-self/root/proc/thread-self/root/lib/.build-id" "Mozilla/5.0 AppleWebKit/537.36 (KHTML, like Gecko; compatible; GPTBot/1.3; +https://openai.com/gptbot)" 671 **0/671784**
74.7.241.54 - - [11/Mar/2026:05:30:55 -0700] "GET /fizzy-bath-bombs.html?path=//opt/alt/php71/usr/share/php HTTP/1.1" 200 2339 "http://www.rgardensoap.com/fizzy-bath-bombs.html?path=//opt/alt/php71/usr/share" "Mozilla/5.0 AppleWebKit/537.36 (KHTML, like Gecko; compatible; GPTBot/1.3; +https://openai.com/gptbot)" 751 **0/751315**
74.7.227.150 - - [11/Mar/2026:05:30:55 -0700] "GET /administrator/templates/bluestork/error.php?path=//usr/lib/python3.6/site-packages/pip/models/__pycache__ HTTP/1.1" 200 2711 "http://rgardensoap.com/administrator/templates/bluestork/error.php?path=//usr/lib/python3.6/site-packages/pip/models" "Mozilla/5.0 AppleWebKit/537.36 (KHTML, like Gecko; compatible; GPTBot/1.3; +https://openai.com/gptbot)" 617 **0/617175**
74.7.227.35 - - [11/Mar/2026:05:30:55 -0700] "GET /?path=//proc/self/root/proc/thread-self/root/proc/thread-self/root/proc/thread-self/root/lib/.build-id/a1 HTTP/1.1" 200 3296 "http://mail.rgardensoap.com/?path=//proc/self/root/proc/thread-self/root/proc/thread-self/root/proc/thread-self/root/lib/.build-id" "Mozilla/5.0 AppleWebKit/537.36 (KHTML, like Gecko; compatible; GPTBot/1.3; +https://openai.com/gptbot)" 866 **0/866355**
74.7.241.54 - - [11/Mar/2026:05:30:56 -0700] "GET /fizzy-bath-bombs.html?path=//opt/alt/php71/usr/include/php HTTP/1.1" 200 2699 "http://www.rgardensoap.com/fizzy-bath-bombs.html?path=//opt/alt/php71/usr/include" "Mozilla/5.0 AppleWebKit/537.36 (KHTML, like Gecko; compatible; GPTBot/1.3; +https://openai.com/gptbot)" 655 **0/655276**
74.7.227.150 - - [11/Mar/2026:05:30:56 -0700] "GET /administrator/templates/bluestork/error.php?path=//usr/lib/python2.7/site-packages/pip/_vendor/urllib3/util HTTP/1.1" 200 3241 "http://rgardensoap.com/administrator/templates/bluestork/error.php?path=//usr/lib/python2.7/site-packages/pip/_vendor/urllib3" "Mozilla/5.0 AppleWebKit/537.36 (KHTML, like Gecko; compatible; GPTBot/1.3; +https://openai.com/gptbot)" 681 **0/681144**
74.7.227.35 - - [11/Mar/2026:05:30:56 -0700] "GET /?path=//proc/self/root/proc/thread-self/root/proc/thread-self/root/proc/thread-self/root/opt/alt/tests/alt-php72-pecl-imagick_3.7.0-3.el8 HTTP/1.1" 200 2420 "http://mail.rgardensoap.com/?path=//proc/self/root/proc/thread-self/root/proc/thread-self/root/proc/thread-self/root/opt/alt/tests" "Mozilla/5.0 AppleWebKit/537.36 (KHTML, like Gecko; compatible; GPTBot/1.3; +https://openai.com/gptbot)" 487 **0/487656**
74.7.241.54 - - [11/Mar/2026:05:30:56 -0700] "GET /fizzy-bath-bombs.html?path=//opt/alt/php72/usr/include/php HTTP/1.1" 200 2699 "http://www.rgardensoap.com/fizzy-bath-bombs.html?path=//opt/alt/php72/usr/include" "Mozilla/5.0 AppleWebKit/537.36 (KHTML, like Gecko; compatible; GPTBot/1.3; +https://openai.com/gptbot)" 556 **0/556185**
74.7.227.150 - - [11/Mar/2026:05:30:57 -0700] "GET /administrator/templates/bluestork/error.php?path=//usr/lib/python3.6/site-packages/pip/_vendor/chardet/cli HTTP/1.1" 200 2741 "http://rgardensoap.com/administrator/templates/bluestork/error.php?path=//usr/lib/python3.6/site-packages/pip/_vendor/chardet" "Mozilla/5.0 AppleWebKit/537.36 (KHTML, like Gecko; compatible; GPTBot/1.3; +https://openai.com/gptbot)" 544 **0/544993**
74.7.227.35 - - [11/Mar/2026:05:30:57 -0700] "GET /?path=//proc/self/root/proc/thread-self/root/proc/thread-self/root/proc/thread-self/root/lib/.build-id/ad HTTP/1.1" 200 3192 "http://mail.rgardensoap.com/?path=//proc/self/root/proc/thread-self/root/proc/thread-self/root/proc/thread-self/root/lib/.build-id" "Mozilla/5.0 AppleWebKit/537.36 (KHTML, like Gecko; compatible; GPTBot/1.3; +https://openai.com/gptbot)" 547 **0/547038**
74.7.241.54 - - [11/Mar/2026:05:30:57 -0700] "GET /fizzy-bath-bombs.html?path=//opt/alt/php72/usr/include/php-zts HTTP/1.1" 200 2583 "http://www.rgardensoap.com/fizzy-bath-bombs.html?path=//opt/alt/php72/usr/include" "Mozilla/5.0 AppleWebKit/537.36 (KHTML, like Gecko; compatible; GPTBot/1.3; +https://openai.com/gptbot)" 520 **0/520560**
74.7.227.150 - - [11/Mar/2026:05:30:57 -0700] "GET /administrator/templates/bluestork/error.php?path=//usr/lib/python3.6/site-packages/tuned/exports/__pycache__ HTTP/1.1" 200 2941 "http://rgardensoap.com/administrator/templates/bluestork/error.php?path=//usr/lib/python3.6/site-packages/tuned/exports" "Mozilla/5.0 AppleWebKit/537.36 (KHTML, like Gecko; compatible; GPTBot/1.3; +https://openai.com/gptbot)" 673 **0/673740**
74.7.227.35 - - [11/Mar/2026:05:30:57 -0700] "GET /?path=//proc/self/root/proc/thread-self/root/proc/thread-self/root/proc/thread-self/root/lib/.build-id/fd HTTP/1.1" 200 3135 "http://mail.rgardensoap.com/?path=//proc/self/root/proc/thread-self/root/proc/thread-self/root/proc/thread-self/root/lib/.build-id" "Mozilla/5.0 AppleWebKit/537.36 (KHTML, like Gecko; compatible; GPTBot/1.3; +https://openai.com/gptbot)" 673 **0/673377**
74.7.241.54 - - [11/Mar/2026:05:30:58 -0700] "GET /fizzy-bath-bombs.html?path=//opt/alt/php54/usr/include/php HTTP/1.1" 200 2699 "http://www.rgardensoap.com/fizzy-bath-bombs.html?path=//opt/alt/php54/usr/include" "Mozilla/5.0 AppleWebKit/537.36 (KHTML, like Gecko; compatible; GPTBot/1.3; +https://openai.com/gptbot)" 613 **0/613785**
74.7.227.150 - - [11/Mar/2026:05:30:58 -0700] "GET /administrator/templates/bluestork/error.php?path=//lib/python3.6/site-packages/tuned/monitors/__pycache__ HTTP/1.1" 200 2908 "http://rgardensoap.com/administrator/templates/bluestork/error.php?path=//lib/python3.6/site-packages/tuned/monitors" "Mozilla/5.0 AppleWebKit/537.36 (KHTML, like Gecko; compatible; GPTBot/1.3; +https://openai.com/gptbot)" 612 **0/612289**
74.7.227.35 - - [11/Mar/2026:05:30:58 -0700] "GET /?path=//proc/self/root/proc/thread-self/root/proc/thread-self/root/proc/thread-self/root/lib/.build-id/cb HTTP/1.1" 200 3224 "http://mail.rgardensoap.com/?path=//proc/self/root/proc/thread-self/root/proc/thread-self/root/proc/thread-self/root/lib/.build-id" "Mozilla/5.0 AppleWebKit/537.36 (KHTML, like Gecko; compatible; GPTBot/1.3; +https://openai.com/gptbot)" 641 **0/641567**
74.7.241.54 - - [11/Mar/2026:05:30:59 -0700] "GET /fizzy-bath-bombs.html?path=//opt/alt/php74/usr/include/php HTTP/1.1" 200 2699 "http://www.rgardensoap.com/fizzy-bath-bombs.html?path=//opt/alt/php74/usr/include" "Mozilla/5.0 AppleWebKit/537.36 (KHTML, like Gecko; compatible; GPTBot/1.3; +https://openai.com/gptbot)" 696 **0/696901**
74.7.227.150 - - [11/Mar/2026:05:30:59 -0700] "GET /administrator/templates/bluestork/error.php?path=//usr/lib/python3.6/site-packages/urllib3/util/__pycache__ HTTP/1.1" 200 3081 "http://rgardensoap.com/administrator/templates/bluestork/error.php?path=//usr/lib/python3.6/site-packages/urllib3/util" "Mozilla/5.0 AppleWebKit/537.36 (KHTML, like Gecko; compatible; GPTBot/1.3; +https://openai.com/gptbot)" 900 **0/900964**
74.7.227.35 - - [11/Mar/2026:05:30:59 -0700] "GET /?path=//proc/self/root/proc/thread-self/root/proc/thread-self/root/proc/thread-self/root/lib/.build-id/ab HTTP/1.1" 200 3334 "http://mail.rgardensoap.com/?path=//proc/self/root/proc/thread-self/root/proc/thread-self/root/proc/thread-self/root/lib/.build-id" "Mozilla/5.0 AppleWebKit/537.36 (KHTML, like Gecko; compatible; GPTBot/1.3; +https://openai.com/gptbot)" 999 **0/999300**
74.7.241.54 - - [11/Mar/2026:05:30:59 -0700] "GET /fizzy-bath-bombs.html?path=//opt/alt/php74/usr/lib64/httpd/modules HTTP/1.1" 200 2615 "http://www.rgardensoap.com/fizzy-bath-bombs.html?path=//opt/alt/php74/usr/lib64/httpd" "Mozilla/5.0 AppleWebKit/537.36 (KHTML, like Gecko; compatible; GPTBot/1.3; +https://openai.com/gptbot)" 858 **0/858614**
74.7.227.150 - - [11/Mar/2026:05:31:00 -0700] "GET /administrator/templates/bluestork/error.php?path=//usr/lib/python3.6/site-packages/dateutil/tz/__pycache__ HTTP/1.1" 200 2821 "http://rgardensoap.com/administrator/templates/bluestork/error.php?path=//usr/lib/python3.6/site-packages/dateutil/tz" "Mozilla/5.0 AppleWebKit/537.36 (KHTML, like Gecko; compatible; GPTBot/1.3; +https://openai.com/gptbot)" 947 **0/947482**
74.7.241.54 - - [11/Mar/2026:05:31:00 -0700] "GET /fizzy-bath-bombs.html?path=//opt/alt/php54/usr/share/xcache_3 HTTP/1.1" 200 2779 "http://www.rgardensoap.com/fizzy-bath-bombs.html?path=//opt/alt/php54/usr/share" "Mozilla/5.0 AppleWebKit/537.36 (KHTML, like Gecko; compatible; GPTBot/1.3; +https://openai.com/gptbot)" 725 **0/725192**
74.7.227.35 - - [11/Mar/2026:05:31:00 -0700] "GET /?path=//proc/self/root/proc/thread-self/root/proc/thread-self/root/proc/thread-self/root/lib/.build-id/ef HTTP/1.1" 200 3342 "http://mail.rgardensoap.com/?path=//proc/self/root/proc/thread-self/root/proc/thread-self/root/proc/thread-self/root/lib/.build-id" "Mozilla/5.0 AppleWebKit/537.36 (KHTML, like Gecko; compatible; GPTBot/1.3; +https://openai.com/gptbot)" 1022 **1/1022097**
74.7.241.54 - - [11/Mar/2026:05:31:01 -0700] "GET /fizzy-bath-bombs.html?path=//opt/alt/php73/usr/include/php/Zend HTTP/1.1" 200 4711 "http://www.rgardensoap.com/fizzy-bath-bombs.html?path=//opt/alt/php73/usr/include/php" "Mozilla/5.0 AppleWebKit/537.36 (KHTML, like Gecko; compatible; GPTBot/1.3; +https://openai.com/gptbot)" 643 **0/643253**
74.7.227.150 - - [11/Mar/2026:05:31:01 -0700] "GET /link.php?path=//lib/locale HTTP/1.1" 200 3472 "http://rgardensoap.com/link.php?path=//lib" "Mozilla/5.0 AppleWebKit/537.36 (KHTML, like Gecko; compatible; GPTBot/1.3; +https://openai.com/gptbot)" 866 **0/866324**
74.7.227.35 - - [11/Mar/2026:05:31:01 -0700] "GET /?path=//proc/self/root/proc/thread-self/root/proc/thread-self/root/proc/thread-self/root/lib/.build-id/ca HTTP/1.1" 200 3254 "http://mail.rgardensoap.com/?path=//proc/self/root/proc/thread-self/root/proc/thread-self/root/proc/thread-self/root/lib/.build-id" "Mozilla/5.0 AppleWebKit/537.36 (KHTML, like Gecko; compatible; GPTBot/1.3; +https://openai.com/gptbot)" 634 **0/634300**
74.7.241.54 - - [11/Mar/2026:05:31:02 -0700] "GET /fizzy-bath-bombs.html?path=//opt/alt/php73/usr/include/php/main HTTP/1.1" 200 3520 "http://www.rgardensoap.com/fizzy-bath-bombs.html?path=//opt/alt/php73/usr/include/php" "Mozilla/5.0 AppleWebKit/537.36 (KHTML, like Gecko; compatible; GPTBot/1.3; +https://openai.com/gptbot)" 705 **0/705977**
74.7.227.35 - - [11/Mar/2026:05:31:02 -0700] "GET /?path=//proc/self/root/proc/thread-self/root/proc/thread-self/root/proc/thread-self/root/lib/.build-id/eb HTTP/1.1" 200 3191 "http://mail.rgardensoap.com/?path=//proc/self/root/proc/thread-self/root/proc/thread-self/root/proc/thread-self/root/lib/.build-id" "Mozilla/5.0 AppleWebKit/537.36 (KHTML, like Gecko; compatible; GPTBot/1.3; +https://openai.com/gptbot)" 703 **0/703977**
74.7.227.150 - - [11/Mar/2026:05:31:02 -0700] "GET /administrator/templates/bluestork/error.php?path=//usr/lib/python3.6/site-packages/syspurpose/__pycache__ HTTP/1.1" 200 2900 "http://rgardensoap.com/administrator/templates/bluestork/error.php?path=//usr/lib/python3.6/site-packages/syspurpose" "Mozilla/5.0 AppleWebKit/537.36 (KHTML, like Gecko; compatible; GPTBot/1.3; +https://openai.com/gptbot)" 1125 **1/1125031**
74.7.241.54 - - [11/Mar/2026:05:31:03 -0700] "GET /fizzy-bath-bombs.html?path=//opt/alt/php73/usr/include/php/ext HTTP/1.1" 200 3272 "http://www.rgardensoap.com/fizzy-bath-bombs.html?path=//opt/alt/php73/usr/include/php" "Mozilla/5.0 AppleWebKit/537.36 (KHTML, like Gecko; compatible; GPTBot/1.3; +https://openai.com/gptbot)" 1050 **1/1050656**
74.7.227.35 - - [11/Mar/2026:05:31:03 -0700] "GET /?path=//proc/self/root/proc/thread-self/root/proc/thread-self/root/proc/thread-self/root/lib/.build-id/be HTTP/1.1" 200 3232 "http://mail.rgardensoap.com/?path=//proc/self/root/proc/thread-self/root/proc/thread-self/root/proc/thread-self/root/lib/.build-id" "Mozilla/5.0 AppleWebKit/537.36 (KHTML, like Gecko; compatible; GPTBot/1.3; +https://openai.com/gptbot)" 1361 **1/1361992**
74.7.227.150 - - [11/Mar/2026:05:31:03 -0700] "GET /administrator/templates/bluestork/error.php?path=//lib/python2.7/site-packages/pip/_vendor/html5lib/_trie HTTP/1.1" 200 2873 "http://rgardensoap.com/administrator/templates/bluestork/error.php?path=//lib/python2.7/site-packages/pip/_vendor/html5lib" "Mozilla/5.0 AppleWebKit/537.36 (KHTML, like Gecko; compatible; GPTBot/1.3; +https://openai.com/gptbot)" 1090 **1/1090485**
74.7.241.54 - - [11/Mar/2026:05:31:04 -0700] "GET /fizzy-bath-bombs.html?path=//opt/alt/php72/usr/sbin HTTP/1.1" 200 2590 "http://www.rgardensoap.com/fizzy-bath-bombs.html?path=//opt/alt/php72/usr" "Mozilla/5.0 AppleWebKit/537.36 (KHTML, like Gecko; compatible; GPTBot/1.3; +https://openai.com/gptbot)" 718 **0/718608**
74.7.227.150 - - [11/Mar/2026:05:31:05 -0700] "GET /administrator/templates/bluestork/error.php?path=//usr/lib/python3.6/site-packages/setuptools/__pycache__ HTTP/1.1" 200 3856 "http://rgardensoap.com/administrator/templates/bluestork/error.php?path=//usr/lib/python3.6/site-packages/setuptools" "Mozilla/5.0 AppleWebKit/537.36 (KHTML, like Gecko; compatible; GPTBot/1.3; +https://openai.com/gptbot)" 904 **0/904024**
74.7.227.35 - - [11/Mar/2026:05:31:05 -0700] "GET /?path=//proc/self/root/proc/thread-self/root/proc/thread-self/root/proc/thread-self/root/lib/.build-id/ff HTTP/1.1" 200 3385 "http://mail.rgardensoap.com/?path=//proc/self/root/proc/thread-self/root/proc/thread-self/root/proc/thread-self/root/lib/.build-id" "Mozilla/5.0 AppleWebKit/537.36 (KHTML, like Gecko; compatible; GPTBot/1.3; +https://openai.com/gptbot)" 1118 **1/1118914**
74.7.241.54 - - [11/Mar/2026:05:31:05 -0700] "GET /fizzy-bath-bombs.html?path=//opt/alt/php71/usr/include/php/Zend HTTP/1.1" 200 4557 "http://www.rgardensoap.com/fizzy-bath-bombs.html?path=//opt/alt/php71/usr/include/php" "Mozilla/5.0 AppleWebKit/537.36 (KHTML, like Gecko; compatible; GPTBot/1.3; +https://openai.com/gptbot)" 808 **0/808403**
74.7.227.35 - - [11/Mar/2026:05:31:06 -0700] "GET /?path=//proc/self/root/proc/thread-self/root/proc/thread-self/root/proc/thread-self/root/lib/.build-id/dc HTTP/1.1" 200 2995 "http://mail.rgardensoap.com/?path=//proc/self/root/proc/thread-self/root/proc/thread-self/root/proc/thread-self/root/lib/.build-id" "Mozilla/5.0 AppleWebKit/537.36 (KHTML, like Gecko; compatible; GPTBot/1.3; +https://openai.com/gptbot)" 926 **0/926013**
74.7.227.150 - - [11/Mar/2026:05:31:06 -0700] "GET /administrator/templates/bluestork/error.php?path=//proc/thread-self/root/usr/lib/python3.6/site-packages/pip/_vendor/lockfile/__pycache__ HTTP/1.1" 200 2960 "http://rgardensoap.com/administrator/templates/bluestork/error.php?path=//proc/thread-self/root/usr/lib/python3.6/site-packages/pip/_vendor/lockfile" "Mozilla/5.0 AppleWebKit/537.36 (KHTML, like Gecko; compatible; GPTBot/1.3; +https://openai.com/gptbot)" 1012 **1/1012629**
74.7.241.54 - - [11/Mar/2026:05:31:06 -0700] "GET /fizzy-bath-bombs.html?path=//opt/alt/php72/usr/include/php/Zend HTTP/1.1" 200 4595 "http://www.rgardensoap.com/fizzy-bath-bombs.html?path=//opt/alt/php72/usr/include/php" "Mozilla/5.0 AppleWebKit/537.36 (KHTML, like Gecko; compatible; GPTBot/1.3; +https://openai.com/gptbot)" 1154 **1/1154903**
74.7.227.35 - - [11/Mar/2026:05:31:07 -0700] "GET /?path=//proc/self/root/proc/thread-self/root/proc/thread-self/root/proc/thread-self/root/lib/.build-id/aa HTTP/1.1" 200 3337 "http://mail.rgardensoap.com/?path=//proc/self/root/proc/thread-self/root/proc/thread-self/root/proc/thread-self/root/lib/.build-id" "Mozilla/5.0 AppleWebKit/537.36 (KHTML, like Gecko; compatible; GPTBot/1.3; +https://openai.com/gptbot)" 1011 **1/1011853**
74.7.227.150 - - [11/Mar/2026:05:31:07 -0700] "GET /administrator/templates/bluestork/error.php?path=//proc/thread-self/root/usr/lib/python3.6/site-packages/pip/_vendor/html5lib/__pycache__ HTTP/1.1" 200 3097 "http://rgardensoap.com/administrator/templates/bluestork/error.php?path=//proc/thread-self/root/usr/lib/python3.6/site-packages/pip/_vendor/html5lib" "Mozilla/5.0 AppleWebKit/537.36 (KHTML, like Gecko; compatible; GPTBot/1.3; +https://openai.com/gptbot)" 1019 **1/1019326**
74.7.241.54 - - [11/Mar/2026:05:31:07 -0700] "GET /fizzy-bath-bombs.html?path=//opt/alt/php71/usr/include/php/main HTTP/1.1" 200 3543 "http://www.rgardensoap.com/fizzy-bath-bombs.html?path=//opt/alt/php71/usr/include/php" "Mozilla/5.0 AppleWebKit/537.36 (KHTML, like Gecko; compatible; GPTBot/1.3; +https://openai.com/gptbot)" 805 **0/805906**
74.7.227.150 - - [11/Mar/2026:05:31:08 -0700] "GET /administrator/templates/bluestork/error.php?path=//usr/lib/python3.6/site-packages/pip/_vendor/chardet/cli/__pycache__ HTTP/1.1" 200 2742 "http://rgardensoap.com/administrator/templates/bluestork/error.php?path=//usr/lib/python3.6/site-packages/pip/_vendor/chardet/cli" "Mozilla/5.0 AppleWebKit/537.36 (KHTML, like Gecko; compatible; GPTBot/1.3; +https://openai.com/gptbot)" 669 **0/669178**
74.7.241.54 - - [11/Mar/2026:05:31:08 -0700] "GET /fizzy-bath-bombs.html?path=//opt/alt/php54/usr/include/php/Zend HTTP/1.1" 200 4240 "http://www.rgardensoap.com/fizzy-bath-bombs.html?path=//opt/alt/php54/usr/include/php" "Mozilla/5.0 AppleWebKit/537.36 (KHTML, like Gecko; compatible; GPTBot/1.3; +https://openai.com/gptbot)" 640 **0/640521**
74.7.227.35 - - [11/Mar/2026:05:31:08 -0700] "GET /?path=//proc/self/root/proc/thread-self/root/proc/thread-self/root/proc/thread-self/root/lib/.build-id/ce HTTP/1.1" 200 3475 "http://mail.rgardensoap.com/?path=//proc/self/root/proc/thread-self/root/proc/thread-self/root/proc/thread-self/root/lib/.build-id" "Mozilla/5.0 AppleWebKit/537.36 (KHTML, like Gecko; compatible; GPTBot/1.3; +https://openai.com/gptbot)" 858 **0/858468**
74.7.227.150 - - [11/Mar/2026:05:31:09 -0700] "GET /administrator/templates/bluestork/error.php?path=//proc/self/root/lib/python3.6/site-packages/pip/_vendor/webencodings/__pycache__ HTTP/1.1" 200 2924 "http://rgardensoap.com/administrator/templates/bluestork/error.php?path=//proc/self/root/lib/python3.6/site-packages/pip/_vendor/webencodings" "Mozilla/5.0 AppleWebKit/537.36 (KHTML, like Gecko; compatible; GPTBot/1.3; +https://openai.com/gptbot)" 747 **0/747544**
74.7.241.54 - - [11/Mar/2026:05:31:09 -0700] "GET /fizzy-bath-bombs.html?path=//opt/alt/php74/usr/include/php/Zend HTTP/1.1" 200 4746 "http://www.rgardensoap.com/fizzy-bath-bombs.html?path=//opt/alt/php74/usr/include/php" "Mozilla/5.0 AppleWebKit/537.36 (KHTML, like Gecko; compatible; GPTBot/1.3; +https://openai.com/gptbot)" 804 **0/804578**
74.7.227.35 - - [11/Mar/2026:05:31:09 -0700] "GET /?path=//proc/self/root/proc/thread-self/root/proc/thread-self/root/proc/thread-self/root/lib/.build-id/cf HTTP/1.1" 200 3091 "http://mail.rgardensoap.com/?path=//proc/self/root/proc/thread-self/root/proc/thread-self/root/proc/thread-self/root/lib/.build-id" "Mozilla/5.0 AppleWebKit/537.36 (KHTML, like Gecko; compatible; GPTBot/1.3; +https://openai.com/gptbot)" 1016 **1/1016062**
74.7.227.150 - - [11/Mar/2026:05:31:10 -0700] "GET /administrator/templates/bluestork/error.php?path=//proc/thread-self/root/lib/python3.6/site-packages/pyudev/_ctypeslib/__pycache__ HTTP/1.1" 200 2904 "http://rgardensoap.com/administrator/templates/bluestork/error.php?path=//proc/thread-self/root/lib/python3.6/site-packages/pyudev/_ctypeslib" "Mozilla/5.0 AppleWebKit/537.36 (KHTML, like Gecko; compatible; GPTBot/1.3; +https://openai.com/gptbot)" 1142 **1/1142591**
74.7.241.54 - - [11/Mar/2026:05:31:10 -0700] "GET /fizzy-bath-bombs.html?path=//opt/alt/php74/usr/include/php/main HTTP/1.1" 200 3519 "http://www.rgardensoap.com/fizzy-bath-bombs.html?path=//opt/alt/php74/usr/include/php" "Mozilla/5.0 AppleWebKit/537.36 (KHTML, like Gecko; compatible; GPTBot/1.3; +https://openai.com/gptbot)" 1120 **1/1120942**
74.7.227.35 - - [11/Mar/2026:05:31:10 -0700] "GET /?path=//proc/self/root/proc/thread-self/root/proc/thread-self/root/proc/thread-self/root/lib/.build-id/ea HTTP/1.1" 200 3339 "http://mail.rgardensoap.com/?path=//proc/self/root/proc/thread-self/root/proc/thread-self/root/proc/thread-self/root/lib/.build-id" "Mozilla/5.0 AppleWebKit/537.36 (KHTML, like Gecko; compatible; GPTBot/1.3; +https://openai.com/gptbot)" 1400 **1/1400090**
74.7.241.54 - - [11/Mar/2026:05:31:11 -0700] "GET /fizzy-bath-bombs.html?path=//opt/alt/php54/usr/share/xcache_3/coverager HTTP/1.1" 200 2818 "http://www.rgardensoap.com/fizzy-bath-bombs.html?path=//opt/alt/php54/usr/share/xcache_3" "Mozilla/5.0 AppleWebKit/537.36 (KHTML, like Gecko; compatible; GPTBot/1.3; +https://openai.com/gptbot)" 796 **0/796617**
74.7.227.150 - - [11/Mar/2026:05:31:11 -0700] "GET /administrator/templates/bluestork/error.php?path=//proc/thread-self/root/usr/lib/python3.6/site-packages/dnf-plugins/__pycache__ HTTP/1.1" 200 3565 "http://rgardensoap.com/administrator/templates/bluestork/error.php?path=//proc/thread-self/root/usr/lib/python3.6/site-packages/dnf-plugins" "Mozilla/5.0 AppleWebKit/537.36 (KHTML, like Gecko; compatible; GPTBot/1.3; +https://openai.com/gptbot)" 999 **0/999205**
74.7.241.187 - - [11/Mar/2026:05:31:11 -0700] "GET /robots.txt HTTP/1.1" 200 3837 "-" "Mozilla/5.0 (Macintosh; Intel Mac OS X 10_15_7) AppleWebKit/537.36 (KHTML, like Gecko) Chrome/131.0.0.0 Safari/537.36; compatible; OAI-SearchBot/1.3; robots.txt; +https://openai.com/searchbot" 1064 **1/1064913**
74.7.227.35 - - [11/Mar/2026:05:31:12 -0700] "GET /?path=//proc/self/root/proc/thread-self/root/proc/thread-self/root/proc/thread-self/root/lib/.build-id/dd HTTP/1.1" 200 3191 "http://mail.rgardensoap.com/?path=//proc/self/root/proc/thread-self/root/proc/thread-self/root/proc/thread-self/root/lib/.build-id" "Mozilla/5.0 AppleWebKit/537.36 (KHTML, like Gecko; compatible; GPTBot/1.3; +https://openai.com/gptbot)" 930 **0/930333**
74.7.241.54 - - [11/Mar/2026:05:31:12 -0700] "GET /fizzy-bath-bombs.html?fileloc=//opt/alt/php73/usr/include/php/Zend/zend_vm.h&path=//opt/alt/php73/usr/include/php/Zend HTTP/1.1" 200 2974 "http://www.rgardensoap.com/fizzy-bath-bombs.html?path=//opt/alt/php73/usr/include/php/Zend" "Mozilla/5.0 AppleWebKit/537.36 (KHTML, like Gecko; compatible; GPTBot/1.3; +https://openai.com/gptbot)" 791 **0/791115**
74.7.227.150 - - [11/Mar/2026:05:31:12 -0700] "GET /administrator/templates/bluestork/error.php?path=//proc/self/root/lib/python3.6/site-packages/pip/_vendor/html5lib/treewalkers/__pycache__ HTTP/1.1" 200 2974 "http://rgardensoap.com/administrator/templates/bluestork/error.php?path=//proc/self/root/lib/python3.6/site-packages/pip/_vendor/html5lib/treewalkers" "Mozilla/5.0 AppleWebKit/537.36 (KHTML, like Gecko; compatible; GPTBot/1.3; +https://openai.com/gptbot)" 805 **0/805592**
74.7.227.35 - - [11/Mar/2026:05:31:13 -0700] "GET /?path=//proc/self/root/proc/thread-self/root/proc/thread-self/root/proc/thread-self/root/lib/.build-id/fc HTTP/1.1" 200 3253 "http://mail.rgardensoap.com/?path=//proc/self/root/proc/thread-self/root/proc/thread-self/root/proc/thread-self/root/lib/.build-id" "Mozilla/5.0 AppleWebKit/537.36 (KHTML, like Gecko; compatible; GPTBot/1.3; +https://openai.com/gptbot)" 842 **0/842882**
74.7.241.54 - - [11/Mar/2026:05:31:13 -0700] "GET /fizzy-bath-bombs.html?path=//opt/alt/php72/usr/include/php/main HTTP/1.1" 200 3516 "http://www.rgardensoap.com/fizzy-bath-bombs.html?path=//opt/alt/php72/usr/include/php" "Mozilla/5.0 AppleWebKit/537.36 (KHTML, like Gecko; compatible; GPTBot/1.3; +https://openai.com/gptbot)" 762 **0/762339**
74.7.227.150 - - [11/Mar/2026:05:31:13 -0700] "GET /administrator/templates/bluestork/error.php?path=//proc/self/root/usr/lib/python3.6/site-packages/pip/_vendor/html5lib/__pycache__ HTTP/1.1" 200 3093 "http://rgardensoap.com/administrator/templates/bluestork/error.php?path=//proc/self/root/usr/lib/python3.6/site-packages/pip/_vendor/html5lib" "Mozilla/5.0 AppleWebKit/537.36 (KHTML, like Gecko; compatible; GPTBot/1.3; +https://openai.com/gptbot)" 871 **0/871247**
74.7.227.35 - - [11/Mar/2026:05:31:14 -0700] "GET /?path=//proc/self/root/proc/thread-self/root/proc/thread-self/root/proc/thread-self/root/lib/.build-id/ac HTTP/1.1" 200 3325 "http://mail.rgardensoap.com/?path=//proc/self/root/proc/thread-self/root/proc/thread-self/root/proc/thread-self/root/lib/.build-id" "Mozilla/5.0 AppleWebKit/537.36 (KHTML, like Gecko; compatible; GPTBot/1.3; +https://openai.com/gptbot)" 787 **0/787079**
74.7.241.54 - - [11/Mar/2026:05:31:14 -0700] "GET /fizzy-bath-bombs.html?path=//opt/alt/php54/usr/include/php/main HTTP/1.1" 200 3555 "http://www.rgardensoap.com/fizzy-bath-bombs.html?path=//opt/alt/php54/usr/include/php" "Mozilla/5.0 AppleWebKit/537.36 (KHTML, like Gecko; compatible; GPTBot/1.3; +https://openai.com/gptbot)" 893 **0/893604**
74.7.227.150 - - [11/Mar/2026:05:31:14 -0700] "GET /administrator/templates/bluestork/error.php?fileloc=//usr/lib/python3.6/site-packages/syspurpose/__pycache__/__init__.cpython-36.pyc&path=//usr/lib/python3.6/site-packages/syspurpose/__pycache__ HTTP/1.1" 200 2326 "http://rgardensoap.com/administrator/templates/bluestork/error.php?path=//usr/lib/python3.6/site-packages/syspurpose/__pycache__" "Mozilla/5.0 AppleWebKit/537.36 (KHTML, like Gecko; compatible; GPTBot/1.3; +https://openai.com/gptbot)" 819 **0/819035**
74.7.227.35 - - [11/Mar/2026:05:31:15 -0700] "GET /?path=//proc/self/root/proc/thread-self/root/proc/thread-self/root/proc/thread-self/root/lib/.build-id/ed HTTP/1.1" 200 3195 "http://mail.rgardensoap.com/?path=//proc/self/root/proc/thread-self/root/proc/thread-self/root/proc/thread-self/root/lib/.build-id" "Mozilla/5.0 AppleWebKit/537.36 (KHTML, like Gecko; compatible; GPTBot/1.3; +https://openai.com/gptbot)" 489 **0/489931**
74.7.241.54 - - [11/Mar/2026:05:31:15 -0700] "GET /fizzy-bath-bombs.html?path=//opt/alt/php73/usr/include/php/ext/spl HTTP/1.1" 200 2938 "http://www.rgardensoap.com/fizzy-bath-bombs.html?path=//opt/alt/php73/usr/include/php/ext" "Mozilla/5.0 AppleWebKit/537.36 (KHTML, like Gecko; compatible; GPTBot/1.3; +https://openai.com/gptbot)" 583 **0/583555**
74.7.227.150 - - [11/Mar/2026:05:31:15 -0700] "GET /administrator/templates/bluestork/error.php?path=//proc/self/root/usr/lib/python3.6/site-packages/pyudev/device/__pycache__ HTTP/1.1" 200 2803 "http://rgardensoap.com/administrator/templates/bluestork/error.php?path=//proc/self/root/usr/lib/python3.6/site-packages/pyudev/device" "Mozilla/5.0 AppleWebKit/537.36 (KHTML, like Gecko; compatible; GPTBot/1.3; +https://openai.com/gptbot)" 639 **0/639090**
74.7.227.35 - - [11/Mar/2026:05:31:15 -0700] "GET /?path=//proc/self/root/proc/thread-self/root/proc/thread-self/root/proc/thread-self/root/lib/.build-id/fb HTTP/1.1" 200 2991 "http://mail.rgardensoap.com/?path=//proc/self/root/proc/thread-self/root/proc/thread-self/root/proc/thread-self/root/lib/.build-id" "Mozilla/5.0 AppleWebKit/537.36 (KHTML, like Gecko; compatible; GPTBot/1.3; +https://openai.com/gptbot)" 738 **0/738062**
74.7.241.54 - - [11/Mar/2026:05:31:16 -0700] "GET /fizzy-bath-bombs.html?fileloc=//opt/alt/php74/usr/lib64/httpd/modules/libphp7.so&path=//opt/alt/php74/usr/lib64/httpd/modules HTTP/1.1" 200 2306 "http://www.rgardensoap.com/fizzy-bath-bombs.html?path=//opt/alt/php74/usr/lib64/httpd/modules" "Mozilla/5.0 AppleWebKit/537.36 (KHTML, like Gecko; compatible; GPTBot/1.3; +https://openai.com/gptbot)" 625 **0/625641**
74.7.227.150 - - [11/Mar/2026:05:31:16 -0700] "GET /administrator/templates/bluestork/error.php?path=//proc/thread-self/root/usr/lib/python3.6/site-packages/dnf/yum/__pycache__ HTTP/1.1" 200 2809 "http://rgardensoap.com/administrator/templates/bluestork/error.php?path=//proc/thread-self/root/usr/lib/python3.6/site-packages/dnf/yum" "Mozilla/5.0 AppleWebKit/537.36 (KHTML, like Gecko; compatible; GPTBot/1.3; +https://openai.com/gptbot)" 623 **0/623765**
74.7.241.54 - - [11/Mar/2026:05:31:16 -0700] "GET /fizzy-bath-bombs.html?fileloc=//opt/alt/php73/usr/include/php/Zend/zend_language_parser.h&path=//opt/alt/php73/usr/include/php/Zend HTTP/1.1" 200 4869 "http://www.rgardensoap.com/fizzy-bath-bombs.html?path=//opt/alt/php73/usr/include/php/Zend" "Mozilla/5.0 AppleWebKit/537.36 (KHTML, like Gecko; compatible; GPTBot/1.3; +https://openai.com/gptbot)" 534 **0/534534**
74.7.227.35 - - [11/Mar/2026:05:31:16 -0700] "GET /?path=//proc/self/root/proc/thread-self/root/proc/thread-self/root/proc/thread-self/root/lib/.build-id/db HTTP/1.1" 200 3464 "http://mail.rgardensoap.com/?path=//proc/self/root/proc/thread-self/root/proc/thread-self/root/proc/thread-self/root/lib/.build-id" "Mozilla/5.0 AppleWebKit/537.36 (KHTML, like Gecko; compatible; GPTBot/1.3; +https://openai.com/gptbot)" 650 **0/650528**
74.7.227.150 - - [11/Mar/2026:05:31:17 -0700] "GET /administrator/templates/bluestork/error.php?path=//proc/self/root/lib/python3.6/site-packages/pyudev/_ctypeslib/__pycache__ HTTP/1.1" 200 2899 "http://rgardensoap.com/administrator/templates/bluestork/error.php?path=//proc/self/root/lib/python3.6/site-packages/pyudev/_ctypeslib" "Mozilla/5.0 AppleWebKit/537.36 (KHTML, like Gecko; compatible; GPTBot/1.3; +https://openai.com/gptbot)" 546 **0/546968**
74.7.241.54 - - [11/Mar/2026:05:31:17 -0700] "GET /fizzy-bath-bombs.html?fileloc=//opt/alt/php73/usr/include/php/Zend/zend_config.nw.h&path=//opt/alt/php73/usr/include/php/Zend HTTP/1.1" 200 3219 "http://www.rgardensoap.com/fizzy-bath-bombs.html?path=//opt/alt/php73/usr/include/php/Zend" "Mozilla/5.0 AppleWebKit/537.36 (KHTML, like Gecko; compatible; GPTBot/1.3; +https://openai.com/gptbot)" 553 **0/553162**
74.7.227.35 - - [11/Mar/2026:05:31:17 -0700] "GET /?path=//proc/self/root/proc/thread-self/root/proc/thread-self/root/proc/thread-self/root/lib/.build-id/ba HTTP/1.1" 200 3002 "http://mail.rgardensoap.com/?path=//proc/self/root/proc/thread-self/root/proc/thread-self/root/proc/thread-self/root/lib/.build-id" "Mozilla/5.0 AppleWebKit/537.36 (KHTML, like Gecko; compatible; GPTBot/1.3; +https://openai.com/gptbot)" 643 **0/643043**
74.7.227.150 - - [11/Mar/2026:05:31:17 -0700] "GET /administrator/templates/bluestork/error.php?path=//proc/thread-self/root/usr/lib/python3.6/site-packages/pyudev/__pycache__ HTTP/1.1" 200 3028 "http://rgardensoap.com/administrator/templates/bluestork/error.php?path=//proc/thread-self/root/usr/lib/python3.6/site-packages/pyudev" "Mozilla/5.0 AppleWebKit/537.36 (KHTML, like Gecko; compatible; GPTBot/1.3; +https://openai.com/gptbot)" 581 **0/581287**
74.7.241.54 - - [11/Mar/2026:05:31:18 -0700] "GET /fizzy-bath-bombs.html?fileloc=//opt/alt/php73/usr/include/php/Zend/zend_range_check.h&path=//opt/alt/php73/usr/include/php/Zend HTTP/1.1" 200 3224 "http://www.rgardensoap.com/fizzy-bath-bombs.html?path=//opt/alt/php73/usr/include/php/Zend" "Mozilla/5.0 AppleWebKit/537.36 (KHTML, like Gecko; compatible; GPTBot/1.3; +https://openai.com/gptbot)" 560 **0/560341**
74.7.227.35 - - [11/Mar/2026:05:31:18 -0700] "GET /?path=//proc/self/root/proc/thread-self/root/proc/thread-self/root/proc/thread-self/root/lib/.build-id/af HTTP/1.1" 200 3232 "http://mail.rgardensoap.com/?path=//proc/self/root/proc/thread-self/root/proc/thread-self/root/proc/thread-self/root/lib/.build-id" "Mozilla/5.0 AppleWebKit/537.36 (KHTML, like Gecko; compatible; GPTBot/1.3; +https://openai.com/gptbot)" 550 **0/550812**
74.7.227.150 - - [11/Mar/2026:05:31:18 -0700] "GET /administrator/templates/bluestork/error.php?path=//proc/self/root/lib/python3.6/site-packages/pip/_vendor/urllib3/__pycache__ HTTP/1.1" 200 3131 "http://rgardensoap.com/administrator/templates/bluestork/error.php?path=//proc/self/root/lib/python3.6/site-packages/pip/_vendor/urllib3" "Mozilla/5.0 AppleWebKit/537.36 (KHTML, like Gecko; compatible; GPTBot/1.3; +https://openai.com/gptbot)" 568 **0/568243**
74.7.241.54 - - [11/Mar/2026:05:31:18 -0700] "GET /fizzy-bath-bombs.html?fileloc=//opt/alt/php54/usr/include/php/Zend/zend_API.h&path=//opt/alt/php54/usr/include/php/Zend HTTP/1.1" 200 10040 "http://www.rgardensoap.com/fizzy-bath-bombs.html?path=//opt/alt/php54/usr/include/php/Zend" "Mozilla/5.0 AppleWebKit/537.36 (KHTML, like Gecko; compatible; GPTBot/1.3; +https://openai.com/gptbot)" 573 **0/573762**
74.7.227.35 - - [11/Mar/2026:05:31:18 -0700] "GET /?path=//proc/self/root/proc/thread-self/root/proc/thread-self/root/proc/thread-self/root/lib/.build-id/ec HTTP/1.1" 200 3165 "http://mail.rgardensoap.com/?path=//proc/self/root/proc/thread-self/root/proc/thread-self/root/proc/thread-self/root/lib/.build-id" "Mozilla/5.0 AppleWebKit/537.36 (KHTML, like Gecko; compatible; GPTBot/1.3; +https://openai.com/gptbot)" 610 **0/610426**
74.7.227.150 - - [11/Mar/2026:05:31:19 -0700] "GET /administrator/templates/bluestork/error.php?path=//proc/thread-self/root/lib/python3.6/site-packages/tuned/plugins/__pycache__ HTTP/1.1" 200 3957 "http://rgardensoap.com/administrator/templates/bluestork/error.php?path=//proc/thread-self/root/lib/python3.6/site-packages/tuned/plugins" "Mozilla/5.0 AppleWebKit/537.36 (KHTML, like Gecko; compatible; GPTBot/1.3; +https://openai.com/gptbot)" 634 **0/634720**
74.7.241.54 - - [11/Mar/2026:05:31:19 -0700] "GET /fizzy-bath-bombs.html?fileloc=//opt/alt/php71/usr/include/php/Zend/zend_vm_def.h&path=//opt/alt/php71/usr/include/php/Zend HTTP/1.1" 200 36985 "http://www.rgardensoap.com/fizzy-bath-bombs.html?path=//opt/alt/php71/usr/include/php/Zend" "Mozilla/5.0 AppleWebKit/537.36 (KHTML, like Gecko; compatible; GPTBot/1.3; +https://openai.com/gptbot)" 796 **0/796467**
74.7.227.35 - - [11/Mar/2026:05:31:19 -0700] "GET /?path=//proc/self/root/proc/thread-self/root/proc/thread-self/root/proc/thread-self/root/lib/.build-id/ae HTTP/1.1" 200 3298 "http://mail.rgardensoap.com/?path=//proc/self/root/proc/thread-self/root/proc/thread-self/root/proc/thread-self/root/lib/.build-id" "Mozilla/5.0 AppleWebKit/537.36 (KHTML, like Gecko; compatible; GPTBot/1.3; +https://openai.com/gptbot)" 790 **0/790320**
74.7.227.150 - - [11/Mar/2026:05:31:20 -0700] "GET /administrator/templates/bluestork/error.php?path=//proc/self/root/usr/lib/python3.6/site-packages/dnf/cli/commands/__pycache__ HTTP/1.1" 200 3743 "http://rgardensoap.com/administrator/templates/bluestork/error.php?path=//proc/self/root/usr/lib/python3.6/site-packages/dnf/cli/commands" "Mozilla/5.0 AppleWebKit/537.36 (KHTML, like Gecko; compatible; GPTBot/1.3; +https://openai.com/gptbot)" 660 **0/660523**
74.7.227.35 - - [11/Mar/2026:05:31:20 -0700] "GET /?path=//proc/self/root/proc/thread-self/root/proc/thread-self/root/proc/thread-self/root/lib/.build-id/df HTTP/1.1" 200 3348 "http://mail.rgardensoap.com/?path=//proc/self/root/proc/thread-self/root/proc/thread-self/root/proc/thread-self/root/lib/.build-id" "Mozilla/5.0 AppleWebKit/537.36 (KHTML, like Gecko; compatible; GPTBot/1.3; +https://openai.com/gptbot)" 607 **0/607400**
74.7.241.54 - - [11/Mar/2026:05:31:20 -0700] "GET /fizzy-bath-bombs.html?fileloc=//opt/alt/php71/usr/include/php/Zend/zend_config.nw.h&path=//opt/alt/php71/usr/include/php/Zend HTTP/1.1" 200 3194 "http://www.rgardensoap.com/fizzy-bath-bombs.html?path=//opt/alt/php71/usr/include/php/Zend" "Mozilla/5.0 AppleWebKit/537.36 (KHTML, like Gecko; compatible; GPTBot/1.3; +https://openai.com/gptbot)" 831 **0/831329**
74.7.227.150 - - [11/Mar/2026:05:31:21 -0700] "GET /administrator/templates/bluestork/error.php?fileloc=//proc/thread-self/root/usr/lib/python3.6/site-packages/dnf-plugins/__pycache__/download.cpython-36.opt-1.pyc&path=//proc/thread-self/root/usr/lib/python3.6/site-packages/dnf-plugins/__pycache__ HTTP/1.1" 200 2358 "http://rgardensoap.com/administrator/templates/bluestork/error.php?path=//proc/thread-self/root/usr/lib/python3.6/site-packages/dnf-plugins/__pycache__" "Mozilla/5.0 AppleWebKit/537.36 (KHTML, like Gecko; compatible; GPTBot/1.3; +https://openai.com/gptbot)" 614 **0/614732**
74.7.227.35 - - [11/Mar/2026:05:31:21 -0700] "GET /?path=//proc/self/root/proc/thread-self/root/proc/thread-self/root/proc/thread-self/root/lib/.build-id/cc HTTP/1.1" 200 3432 "http://mail.rgardensoap.com/?path=//proc/self/root/proc/thread-self/root/proc/thread-self/root/proc/thread-self/root/lib/.build-id" "Mozilla/5.0 AppleWebKit/537.36 (KHTML, like Gecko; compatible; GPTBot/1.3; +https://openai.com/gptbot)" 531 **0/531871**
74.7.241.54 - - [11/Mar/2026:05:31:21 -0700] "GET /fizzy-bath-bombs.html?fileloc=//opt/alt/php72/usr/include/php/Zend/zend_API.h&path=//opt/alt/php72/usr/include/php/Zend HTTP/1.1" 200 12399 "http://www.rgardensoap.com/fizzy-bath-bombs.html?path=//opt/alt/php72/usr/include/php/Zend" "Mozilla/5.0 AppleWebKit/537.36 (KHTML, like Gecko; compatible; GPTBot/1.3; +https://openai.com/gptbot)" 551 **0/551898**
74.7.228.42 - - [11/Mar/2026:05:31:22 -0700] "GET /robots.txt HTTP/1.1" 200 3837 "-" "Mozilla/5.0 (Macintosh; Intel Mac OS X 10_15_7) AppleWebKit/537.36 (KHTML, like Gecko) Chrome/131.0.0.0 Safari/537.36; compatible; OAI-SearchBot/1.3; robots.txt; +https://openai.com/searchbot" 327 **0/327042**
