74.7.241.54 - - [11/Mar/2026:05:24:59 -0700] "GET /fizzy-bath-bombs.html?path=//opt/alt/php82/usr/include/php/ext/gd HTTP/1.1" 200 2691 "http://www.rgardensoap.com/fizzy-bath-bombs.html?path=//opt/alt/php82/usr/include/php/ext" "Mozilla/5.0 AppleWebKit/537.36 (KHTML, like Gecko; compatible; GPTBot/1.3; +https://openai.com/gptbot)" 537 **0/537620**
74.7.227.150 - - [11/Mar/2026:05:24:59 -0700] "GET /administrator/templates/bluestork/error.php?fileloc=//proc/thread-self/root/lib/python3.6/site-packages/pip/_vendor/html5lib/filters/alphabeticalattributes.py&path=//proc/thread-self/root/lib/python3.6/site-packages/pip/_vendor/html5lib/filters HTTP/1.1" 200 2618 "http://rgardensoap.com/administrator/templates/bluestork/error.php?path=//proc/thread-self/root/lib/python3.6/site-packages/pip/_vendor/html5lib/filters" "Mozilla/5.0 AppleWebKit/537.36 (KHTML, like Gecko; compatible; GPTBot/1.3; +https://openai.com/gptbot)" 580 **0/580501**
74.7.227.35 - - [11/Mar/2026:05:24:59 -0700] "GET /?path=//proc/self/root/proc/self/root/opt/cpanel/ea-ruby27/root/var/run/passenger-instreg/passenger.ai7y6y7/apps.s HTTP/1.1" 200 2419 "http://mail.rgardensoap.com/?path=//proc/self/root/proc/self/root/opt/cpanel/ea-ruby27/root/var/run/passenger-instreg/passenger.ai7y6y7" "Mozilla/5.0 AppleWebKit/537.36 (KHTML, like Gecko; compatible; GPTBot/1.3; +https://openai.com/gptbot)" 534 **0/534250**
74.7.241.54 - - [11/Mar/2026:05:25:00 -0700] "GET /fizzy-bath-bombs.html?path=//opt/alt/php81/usr/include/php/ext/swoole/thirdparty/hiredis HTTP/1.1" 200 2837 "http://www.rgardensoap.com/fizzy-bath-bombs.html?path=//opt/alt/php81/usr/include/php/ext/swoole/thirdparty" "Mozilla/5.0 AppleWebKit/537.36 (KHTML, like Gecko; compatible; GPTBot/1.3; +https://openai.com/gptbot)" 750 **0/750271**
74.7.227.150 - - [11/Mar/2026:05:25:00 -0700] "GET /administrator/templates/bluestork/error.php?path=//proc/thread-self/root/lib/python3.6/site-packages/pip/_vendor/html5lib/filters/__pycache__ HTTP/1.1" 200 3081 "http://rgardensoap.com/administrator/templates/bluestork/error.php?path=//proc/thread-self/root/lib/python3.6/site-packages/pip/_vendor/html5lib/filters" "Mozilla/5.0 AppleWebKit/537.36 (KHTML, like Gecko; compatible; GPTBot/1.3; +https://openai.com/gptbot)" 875 **0/875518**
74.7.227.35 - - [11/Mar/2026:05:25:00 -0700] "GET /?path=//proc/self/root/proc/self/root/opt/cpanel/ea-ruby27/root/var/run/passenger-instreg/passenger.ai7y6y7/agents.s HTTP/1.1" 200 2429 "http://mail.rgardensoap.com/?path=//proc/self/root/proc/self/root/opt/cpanel/ea-ruby27/root/var/run/passenger-instreg/passenger.ai7y6y7" "Mozilla/5.0 AppleWebKit/537.36 (KHTML, like Gecko; compatible; GPTBot/1.3; +https://openai.com/gptbot)" 867 **0/867650**
74.7.241.54 - - [11/Mar/2026:05:25:01 -0700] "GET /fizzy-bath-bombs.html?path=//opt/alt/php82/usr/include/php/ext/swoole/thirdparty/hiredis HTTP/1.1" 200 2837 "http://www.rgardensoap.com/fizzy-bath-bombs.html?path=//opt/alt/php82/usr/include/php/ext/swoole/thirdparty" "Mozilla/5.0 AppleWebKit/537.36 (KHTML, like Gecko; compatible; GPTBot/1.3; +https://openai.com/gptbot)" 882 **0/882710**
74.7.227.150 - - [11/Mar/2026:05:25:01 -0700] "GET /administrator/templates/bluestork/error.php?path=//proc/self/root/lib/python3.6/site-packages/pip/_vendor/urllib3/contrib HTTP/1.1" 200 2942 "http://rgardensoap.com/administrator/templates/bluestork/error.php?path=//proc/self/root/lib/python3.6/site-packages/pip/_vendor/urllib3" "Mozilla/5.0 AppleWebKit/537.36 (KHTML, like Gecko; compatible; GPTBot/1.3; +https://openai.com/gptbot)" 1567 **1/1567330**
74.7.241.54 - - [11/Mar/2026:05:25:02 -0700] "GET /fizzy-bath-bombs.html?path=//opt/alt/php82/usr/include/php/ext/xml HTTP/1.1" 200 2701 "http://www.rgardensoap.com/fizzy-bath-bombs.html?path=//opt/alt/php82/usr/include/php/ext" "Mozilla/5.0 AppleWebKit/537.36 (KHTML, like Gecko; compatible; GPTBot/1.3; +https://openai.com/gptbot)" 1264 **1/1264729**
74.7.227.35 - - [11/Mar/2026:05:25:01 -0700] "GET /?path=//proc/self/root/proc/self/root/opt/cpanel/ea-ruby27/root/var/run/passenger-instreg/passenger.0ha9odl/agents.s HTTP/1.1" 200 2429 "http://mail.rgardensoap.com/?path=//proc/self/root/proc/self/root/opt/cpanel/ea-ruby27/root/var/run/passenger-instreg/passenger.0ha9odl" "Mozilla/5.0 AppleWebKit/537.36 (KHTML, like Gecko; compatible; GPTBot/1.3; +https://openai.com/gptbot)" 1807 **1/1807646**
74.7.227.150 - - [11/Mar/2026:05:25:03 -0700] "GET /administrator/templates/bluestork/error.php?path=//proc/self/root/lib/python3.6/site-packages/pip/_vendor/html5lib/treebuilders/__pycache__ HTTP/1.1" 200 2928 "http://rgardensoap.com/administrator/templates/bluestork/error.php?path=//proc/self/root/lib/python3.6/site-packages/pip/_vendor/html5lib/treebuilders" "Mozilla/5.0 AppleWebKit/537.36 (KHTML, like Gecko; compatible; GPTBot/1.3; +https://openai.com/gptbot)" 1517 **1/1517378**
74.7.241.54 - - [11/Mar/2026:05:25:03 -0700] "GET /fizzy-bath-bombs.html?fileloc=//opt/alt/php83/usr/include/php/ext/mysqlnd/mysqlnd_result.h&path=//opt/alt/php83/usr/include/php/ext/mysqlnd HTTP/1.1" 200 2828 "http://www.rgardensoap.com/fizzy-bath-bombs.html?path=//opt/alt/php83/usr/include/php/ext/mysqlnd" "Mozilla/5.0 AppleWebKit/537.36 (KHTML, like Gecko; compatible; GPTBot/1.3; +https://openai.com/gptbot)" 1568 **1/1568738**
74.7.227.35 - - [11/Mar/2026:05:25:03 -0700] "GET /?path=//proc/self/root/proc/self/root/opt/cpanel/alt-php70/root/usr/var HTTP/1.1" 503 3837 "http://mail.rgardensoap.com/?path=//proc/self/root/proc/self/root/opt/cpanel/alt-php70/root/usr" "Mozilla/5.0 AppleWebKit/537.36 (KHTML, like Gecko; compatible; GPTBot/1.3; +https://openai.com/gptbot)" 2177 **2/2177074**
74.7.227.150 - - [11/Mar/2026:05:25:04 -0700] "GET /administrator/templates/bluestork/error.php?path=//usr/lib/python3.6/site-packages/pip/_vendor/pkg_resources HTTP/1.1" 200 2703 "http://rgardensoap.com/administrator/templates/bluestork/error.php?path=//usr/lib/python3.6/site-packages/pip/_vendor" "Mozilla/5.0 AppleWebKit/537.36 (KHTML, like Gecko; compatible; GPTBot/1.3; +https://openai.com/gptbot)" 1463 **1/1463993**
74.7.241.54 - - [11/Mar/2026:05:25:05 -0700] "GET /fizzy-bath-bombs.html?fileloc=//opt/alt/php83/usr/include/php/ext/mysqlnd/mysqlnd_structs.h&path=//opt/alt/php83/usr/include/php/ext/mysqlnd HTTP/1.1" 200 12527 "http://www.rgardensoap.com/fizzy-bath-bombs.html?path=//opt/alt/php83/usr/include/php/ext/mysqlnd" "Mozilla/5.0 AppleWebKit/537.36 (KHTML, like Gecko; compatible; GPTBot/1.3; +https://openai.com/gptbot)" 975 **0/975658**
74.7.227.35 - - [11/Mar/2026:05:25:06 -0700] "GET /?path=//proc/self/root/proc/thread-self/root/opt/alt/tests/alt-php72-pecl-lzf_1.7.0-1.el8/tests HTTP/1.1" 200 2799 "http://mail.rgardensoap.com/?path=//proc/self/root/proc/thread-self/root/opt/alt/tests/alt-php72-pecl-lzf_1.7.0-1.el8" "Mozilla/5.0 AppleWebKit/537.36 (KHTML, like Gecko; compatible; GPTBot/1.3; +https://openai.com/gptbot)" 840 **0/840000**
74.7.241.54 - - [11/Mar/2026:05:25:06 -0700] "GET /fizzy-bath-bombs.html?fileloc=//opt/alt/php83/usr/include/php/ext/mysqlnd/mysqlnd_connection.h&path=//opt/alt/php83/usr/include/php/ext/mysqlnd HTTP/1.1" 200 3122 "http://www.rgardensoap.com/fizzy-bath-bombs.html?path=//opt/alt/php83/usr/include/php/ext/mysqlnd" "Mozilla/5.0 AppleWebKit/537.36 (KHTML, like Gecko; compatible; GPTBot/1.3; +https://openai.com/gptbot)" 900 **0/900805**
74.7.227.150 - - [11/Mar/2026:05:25:06 -0700] "GET /administrator/templates/bluestork/error.php?fileloc=//proc/thread-self/root/lib/python3.6/site-packages/pip/_vendor/html5lib/_trie/__pycache__/py.cpython-36.pyc&path=//proc/thread-self/root/lib/python3.6/site-packages/pip/_vendor/html5lib/_trie/__pycache__ HTTP/1.1" 200 2377 "http://rgardensoap.com/administrator/templates/bluestork/error.php?path=//proc/thread-self/root/lib/python3.6/site-packages/pip/_vendor/html5lib/_trie/__pycache__" "Mozilla/5.0 AppleWebKit/537.36 (KHTML, like Gecko; compatible; GPTBot/1.3; +https://openai.com/gptbot)" 1021 **1/1021611**
74.7.241.54 - - [11/Mar/2026:05:25:07 -0700] "GET /fizzy-bath-bombs.html?path=//opt/alt/php80/usr/include/php/ext/xml HTTP/1.1" 200 2701 "http://www.rgardensoap.com/fizzy-bath-bombs.html?path=//opt/alt/php80/usr/include/php/ext" "Mozilla/5.0 AppleWebKit/537.36 (KHTML, like Gecko; compatible; GPTBot/1.3; +https://openai.com/gptbot)" 797 **0/797078**
74.7.227.150 - - [11/Mar/2026:05:25:07 -0700] "GET /administrator/templates/bluestork/error.php?path=//proc/self/root/usr/lib/python3.6/site-packages/pyudev/_ctypeslib HTTP/1.1" 200 2863 "http://rgardensoap.com/administrator/templates/bluestork/error.php?path=//proc/self/root/usr/lib/python3.6/site-packages/pyudev" "Mozilla/5.0 AppleWebKit/537.36 (KHTML, like Gecko; compatible; GPTBot/1.3; +https://openai.com/gptbot)" 729 **0/729475**
74.7.227.35 - - [11/Mar/2026:05:25:07 -0700] "GET /?path=//proc/self/root/proc/thread-self/root/opt/alt/tests/alt-php73-pecl-lzf_1.7.0-1.el8/tests HTTP/1.1" 200 2800 "http://mail.rgardensoap.com/?path=//proc/self/root/proc/thread-self/root/opt/alt/tests/alt-php73-pecl-lzf_1.7.0-1.el8" "Mozilla/5.0 AppleWebKit/537.36 (KHTML, like Gecko; compatible; GPTBot/1.3; +https://openai.com/gptbot)" 724 **0/724886**
74.7.241.54 - - [11/Mar/2026:05:25:08 -0700] "GET /fizzy-bath-bombs.html?path=//opt/alt/php70/usr/include/php/ext/xml HTTP/1.1" 200 2664 "http://www.rgardensoap.com/fizzy-bath-bombs.html?path=//opt/alt/php70/usr/include/php/ext" "Mozilla/5.0 AppleWebKit/537.36 (KHTML, like Gecko; compatible; GPTBot/1.3; +https://openai.com/gptbot)" 593 **0/593318**
74.7.227.150 - - [11/Mar/2026:05:25:08 -0700] "GET /administrator/templates/bluestork/error.php?path=//proc/thread-self/root/opt/cloudlinux/venv/lib/python3.11 HTTP/1.1" 200 2623 "http://rgardensoap.com/administrator/templates/bluestork/error.php?path=//proc/thread-self/root/opt/cloudlinux/venv/lib" "Mozilla/5.0 AppleWebKit/537.36 (KHTML, like Gecko; compatible; GPTBot/1.3; +https://openai.com/gptbot)" 779 **0/779492**
74.7.227.35 - - [11/Mar/2026:05:25:08 -0700] "GET /?path=//proc/self/root/proc/self/root/opt/cpanel/alt-php71/root/usr/var HTTP/1.1" 200 2625 "http://mail.rgardensoap.com/?path=//proc/self/root/proc/self/root/opt/cpanel/alt-php71/root/usr" "Mozilla/5.0 AppleWebKit/537.36 (KHTML, like Gecko; compatible; GPTBot/1.3; +https://openai.com/gptbot)" 967 **0/967420**
74.7.241.54 - - [11/Mar/2026:05:25:08 -0700] "GET /fizzy-bath-bombs.html?path=//opt/alt/php83/usr/include/php/ext/xml HTTP/1.1" 200 2701 "http://www.rgardensoap.com/fizzy-bath-bombs.html?path=//opt/alt/php83/usr/include/php/ext" "Mozilla/5.0 AppleWebKit/537.36 (KHTML, like Gecko; compatible; GPTBot/1.3; +https://openai.com/gptbot)" 916 **0/916532**
74.7.227.150 - - [11/Mar/2026:05:25:09 -0700] "GET /administrator/templates/bluestork/error.php?path=//proc/self/root/lib/python3.6/site-packages/pip/_vendor/html5lib/_trie/__pycache__ HTTP/1.1" 200 2856 "http://rgardensoap.com/administrator/templates/bluestork/error.php?path=//proc/self/root/lib/python3.6/site-packages/pip/_vendor/html5lib/_trie" "Mozilla/5.0 AppleWebKit/537.36 (KHTML, like Gecko; compatible; GPTBot/1.3; +https://openai.com/gptbot)" 873 **0/873121**
74.7.241.54 - - [11/Mar/2026:05:25:10 -0700] "GET /fizzy-bath-bombs.html?path=//opt/alt/php81/usr/include/php/ext/xml HTTP/1.1" 200 2701 "http://www.rgardensoap.com/fizzy-bath-bombs.html?path=//opt/alt/php81/usr/include/php/ext" "Mozilla/5.0 AppleWebKit/537.36 (KHTML, like Gecko; compatible; GPTBot/1.3; +https://openai.com/gptbot)" 695 **0/695019**
74.7.227.35 - - [11/Mar/2026:05:25:10 -0700] "GET /?path=//proc/self/root/proc/thread-self/root/opt/alt/tests/alt-php71-pecl-rrd_2.0.3-1.el8/tests HTTP/1.1" 200 3187 "http://mail.rgardensoap.com/?path=//proc/self/root/proc/thread-self/root/opt/alt/tests/alt-php71-pecl-rrd_2.0.3-1.el8" "Mozilla/5.0 AppleWebKit/537.36 (KHTML, like Gecko; compatible; GPTBot/1.3; +https://openai.com/gptbot)" 1249 **1/1249240**
74.7.227.150 - - [11/Mar/2026:05:25:10 -0700] "GET /administrator/templates/bluestork/error.php?path=//proc/self/root/usr/lib/python3.6/site-packages/pyudev/device HTTP/1.1" 200 2785 "http://rgardensoap.com/administrator/templates/bluestork/error.php?path=//proc/self/root/usr/lib/python3.6/site-packages/pyudev" "Mozilla/5.0 AppleWebKit/537.36 (KHTML, like Gecko; compatible; GPTBot/1.3; +https://openai.com/gptbot)" 1297 **1/1297597**
74.7.241.54 - - [11/Mar/2026:05:25:10 -0700] "GET /fizzy-bath-bombs.html?path=//opt/alt/php70/usr/include/php/ext/propro HTTP/1.1" 200 2659 "http://www.rgardensoap.com/fizzy-bath-bombs.html?path=//opt/alt/php70/usr/include/php/ext" "Mozilla/5.0 AppleWebKit/537.36 (KHTML, like Gecko; compatible; GPTBot/1.3; +https://openai.com/gptbot)" 799 **0/799631**
74.7.227.35 - - [11/Mar/2026:05:25:11 -0700] "GET /?path=//proc/self/root/proc/thread-self/root/opt/alt/tests/alt-php84-pecl-lzf_1.7.0-1.el8/tests HTTP/1.1" 200 2800 "http://mail.rgardensoap.com/?path=//proc/self/root/proc/thread-self/root/opt/alt/tests/alt-php84-pecl-lzf_1.7.0-1.el8" "Mozilla/5.0 AppleWebKit/537.36 (KHTML, like Gecko; compatible; GPTBot/1.3; +https://openai.com/gptbot)" 755 **0/755466**
74.7.227.150 - - [11/Mar/2026:05:25:11 -0700] "GET /administrator/templates/bluestork/error.php?path=//proc/thread-self/root/lib/kbd/keymaps/legacy/i386/qwerty HTTP/1.1" 200 5524 "http://rgardensoap.com/administrator/templates/bluestork/error.php?path=//proc/thread-self/root/lib/kbd/keymaps/legacy/i386" "Mozilla/5.0 AppleWebKit/537.36 (KHTML, like Gecko; compatible; GPTBot/1.3; +https://openai.com/gptbot)" 1386 **1/1386093**
74.7.241.54 - - [11/Mar/2026:05:25:11 -0700] "GET /fizzy-bath-bombs.html?fileloc=//opt/alt/php81/usr/include/php/ext/swoole/thirdparty/hiredis/net.h&path=//opt/alt/php81/usr/include/php/ext/swoole/thirdparty/hiredis HTTP/1.1" 200 3549 "http://www.rgardensoap.com/fizzy-bath-bombs.html?path=//opt/alt/php81/usr/include/php/ext/swoole/thirdparty/hiredis" "Mozilla/5.0 AppleWebKit/537.36 (KHTML, like Gecko; compatible; GPTBot/1.3; +https://openai.com/gptbot)" 1279 **1/1279808**
74.7.227.35 - - [11/Mar/2026:05:25:12 -0700] "GET /?path=//proc/self/root/proc/thread-self/root/opt/alt/tests/alt-php56-pecl-rar_4.2.0-3.el8/tests HTTP/1.1" 200 5059 "http://mail.rgardensoap.com/?path=//proc/self/root/proc/thread-self/root/opt/alt/tests/alt-php56-pecl-rar_4.2.0-3.el8" "Mozilla/5.0 AppleWebKit/537.36 (KHTML, like Gecko; compatible; GPTBot/1.3; +https://openai.com/gptbot)" 924 **0/924401**
74.7.227.150 - - [11/Mar/2026:05:25:13 -0700] "GET /administrator/templates/bluestork/error.php?fileloc=//proc/thread-self/root/usr/lib64/python3.6/encodings/__pycache__/mac_greek.cpython-36.opt-1.pyc&path=//proc/thread-self/root/usr/lib64/python3.6/encodings/__pycache__ HTTP/1.1" 200 2349 "http://rgardensoap.com/administrator/templates/bluestork/error.php?path=//proc/thread-self/root/usr/lib64/python3.6/encodings/__pycache__" "Mozilla/5.0 AppleWebKit/537.36 (KHTML, like Gecko; compatible; GPTBot/1.3; +https://openai.com/gptbot)" 820 **0/820736**
74.7.227.35 - - [11/Mar/2026:05:25:13 -0700] "GET /?path=//proc/self/root/proc/thread-self/root/opt/alt/tests/alt-php70-pecl-lzf_1.6.8-1.el8/tests HTTP/1.1" 200 2783 "http://mail.rgardensoap.com/?path=//proc/self/root/proc/thread-self/root/opt/alt/tests/alt-php70-pecl-lzf_1.6.8-1.el8" "Mozilla/5.0 AppleWebKit/537.36 (KHTML, like Gecko; compatible; GPTBot/1.3; +https://openai.com/gptbot)" 674 **0/674823**
74.7.241.54 - - [11/Mar/2026:05:25:13 -0700] "GET /fizzy-bath-bombs.html?fileloc=//opt/alt/php82/usr/include/php/ext/swoole/thirdparty/hiredis/net.h&path=//opt/alt/php82/usr/include/php/ext/swoole/thirdparty/hiredis HTTP/1.1" 200 3549 "http://www.rgardensoap.com/fizzy-bath-bombs.html?path=//opt/alt/php82/usr/include/php/ext/swoole/thirdparty/hiredis" "Mozilla/5.0 AppleWebKit/537.36 (KHTML, like Gecko; compatible; GPTBot/1.3; +https://openai.com/gptbot)" 1070 **1/1070412**
74.7.227.150 - - [11/Mar/2026:05:25:13 -0700] "GET /administrator/templates/bluestork/error.php?fileloc=//proc/self/root/lib64/python3.6/site-packages/libdnf/__pycache__/common_types.cpython-36.opt-1.pyc&path=//proc/self/root/lib64/python3.6/site-packages/libdnf/__pycache__ HTTP/1.1" 200 2347 "http://rgardensoap.com/administrator/templates/bluestork/error.php?path=//proc/self/root/lib64/python3.6/site-packages/libdnf/__pycache__" "Mozilla/5.0 AppleWebKit/537.36 (KHTML, like Gecko; compatible; GPTBot/1.3; +https://openai.com/gptbot)" 658 **0/658782**
74.7.227.35 - - [11/Mar/2026:05:25:14 -0700] "GET /?path=//proc/self/root/proc/thread-self/root/opt/alt/tests/alt-php82-pecl-lzf_1.7.0-1.el8/tests HTTP/1.1" 200 2799 "http://mail.rgardensoap.com/?path=//proc/self/root/proc/thread-self/root/opt/alt/tests/alt-php82-pecl-lzf_1.7.0-1.el8" "Mozilla/5.0 AppleWebKit/537.36 (KHTML, like Gecko; compatible; GPTBot/1.3; +https://openai.com/gptbot)" 658 **0/658269**
74.7.241.54 - - [11/Mar/2026:05:25:14 -0700] "GET /fizzy-bath-bombs.html?fileloc=//opt/alt/php81/usr/include/php/ext/swoole/thirdparty/hiredis/alloc.h&path=//opt/alt/php81/usr/include/php/ext/swoole/thirdparty/hiredis HTTP/1.1" 200 3556 "http://www.rgardensoap.com/fizzy-bath-bombs.html?path=//opt/alt/php81/usr/include/php/ext/swoole/thirdparty/hiredis" "Mozilla/5.0 AppleWebKit/537.36 (KHTML, like Gecko; compatible; GPTBot/1.3; +https://openai.com/gptbot)" 689 **0/689962**
74.7.227.150 - - [11/Mar/2026:05:25:14 -0700] "GET /administrator/templates/bluestork/error.php?path=//proc/self/root/lib/python3.6/site-packages/pip/_vendor/urllib3/contrib/_securetransport HTTP/1.1" 200 2818 "http://rgardensoap.com/administrator/templates/bluestork/error.php?path=//proc/self/root/lib/python3.6/site-packages/pip/_vendor/urllib3/contrib" "Mozilla/5.0 AppleWebKit/537.36 (KHTML, like Gecko; compatible; GPTBot/1.3; +https://openai.com/gptbot)" 900 **0/900844**
74.7.227.35 - - [11/Mar/2026:05:25:15 -0700] "GET /?path=//proc/self/root/proc/thread-self/root/opt/alt/tests/alt-php74-pecl-lzf_1.7.0-1.el8/tests HTTP/1.1" 200 2800 "http://mail.rgardensoap.com/?path=//proc/self/root/proc/thread-self/root/opt/alt/tests/alt-php74-pecl-lzf_1.7.0-1.el8" "Mozilla/5.0 AppleWebKit/537.36 (KHTML, like Gecko; compatible; GPTBot/1.3; +https://openai.com/gptbot)" 644 **0/644044**
74.7.241.54 - - [11/Mar/2026:05:25:15 -0700] "GET /fizzy-bath-bombs.html?fileloc=//opt/alt/php82/usr/include/php/ext/swoole/thirdparty/hiredis/alloc.h&path=//opt/alt/php82/usr/include/php/ext/swoole/thirdparty/hiredis HTTP/1.1" 200 3556 "http://www.rgardensoap.com/fizzy-bath-bombs.html?path=//opt/alt/php82/usr/include/php/ext/swoole/thirdparty/hiredis" "Mozilla/5.0 AppleWebKit/537.36 (KHTML, like Gecko; compatible; GPTBot/1.3; +https://openai.com/gptbot)" 818 **0/818005**
74.7.227.150 - - [11/Mar/2026:05:25:15 -0700] "GET /main?fileloc=//lib64/libidn.so&path=//lib64 HTTP/1.1" 200 2248 "http://rgardensoap.com/main?path=//lib64" "Mozilla/5.0 AppleWebKit/537.36 (KHTML, like Gecko; compatible; GPTBot/1.3; +https://openai.com/gptbot)" 685 **0/685107**
74.7.227.35 - - [11/Mar/2026:05:25:16 -0700] "GET /?path=//proc/self/root/proc/thread-self/root/opt/alt/tests/alt-php54-pecl-eio_3.1.3-1.el8/tests HTTP/1.1" 200 3488 "http://mail.rgardensoap.com/?path=//proc/self/root/proc/thread-self/root/opt/alt/tests/alt-php54-pecl-eio_3.1.3-1.el8" "Mozilla/5.0 AppleWebKit/537.36 (KHTML, like Gecko; compatible; GPTBot/1.3; +https://openai.com/gptbot)" 682 **0/682192**
74.7.241.54 - - [11/Mar/2026:05:25:16 -0700] "GET /fizzy-bath-bombs.html?fileloc=//opt/alt/php81/usr/include/php/ext/swoole/thirdparty/hiredis/read.h&path=//opt/alt/php81/usr/include/php/ext/swoole/thirdparty/hiredis HTTP/1.1" 200 4329 "http://www.rgardensoap.com/fizzy-bath-bombs.html?path=//opt/alt/php81/usr/include/php/ext/swoole/thirdparty/hiredis" "Mozilla/5.0 AppleWebKit/537.36 (KHTML, like Gecko; compatible; GPTBot/1.3; +https://openai.com/gptbot)" 1270 **1/1270116**
74.7.227.150 - - [11/Mar/2026:05:25:16 -0700] "GET /administrator/templates/bluestork/error.php?path=//usr/lib/python3.6/site-packages/pip/_vendor/pkg_resources/__pycache__ HTTP/1.1" 200 2687 "http://rgardensoap.com/administrator/templates/bluestork/error.php?path=//usr/lib/python3.6/site-packages/pip/_vendor/pkg_resources" "Mozilla/5.0 AppleWebKit/537.36 (KHTML, like Gecko; compatible; GPTBot/1.3; +https://openai.com/gptbot)" 943 **0/943915**
74.7.227.35 - - [11/Mar/2026:05:25:16 -0700] "GET /?path=//proc/self/root/proc/thread-self/root/opt/alt/tests/alt-php83-pecl-yaml_2.2.3-1.el8/tests HTTP/1.1" 200 4357 "http://mail.rgardensoap.com/?path=//proc/self/root/proc/thread-self/root/opt/alt/tests/alt-php83-pecl-yaml_2.2.3-1.el8" "Mozilla/5.0 AppleWebKit/537.36 (KHTML, like Gecko; compatible; GPTBot/1.3; +https://openai.com/gptbot)" 981 **0/981695**
74.7.241.54 - - [11/Mar/2026:05:25:17 -0700] "GET /fizzy-bath-bombs.html?fileloc=//opt/alt/php82/usr/include/php/ext/swoole/thirdparty/hiredis/read.h&path=//opt/alt/php82/usr/include/php/ext/swoole/thirdparty/hiredis HTTP/1.1" 200 4329 "http://www.rgardensoap.com/fizzy-bath-bombs.html?path=//opt/alt/php82/usr/include/php/ext/swoole/thirdparty/hiredis" "Mozilla/5.0 AppleWebKit/537.36 (KHTML, like Gecko; compatible; GPTBot/1.3; +https://openai.com/gptbot)" 1109 **1/1109053**
74.7.227.35 - - [11/Mar/2026:05:25:17 -0700] "GET /?path=//proc/self/root/proc/thread-self/root/opt/alt/tests/alt-php70-pecl-rrd_2.0.3-1.el8/tests HTTP/1.1" 200 3187 "http://mail.rgardensoap.com/?path=//proc/self/root/proc/thread-self/root/opt/alt/tests/alt-php70-pecl-rrd_2.0.3-1.el8" "Mozilla/5.0 AppleWebKit/537.36 (KHTML, like Gecko; compatible; GPTBot/1.3; +https://openai.com/gptbot)" 939 **0/939265**
74.7.227.150 - - [11/Mar/2026:05:25:17 -0700] "GET /main?fileloc=//lib64/librt.so&path=//lib64 HTTP/1.1" 200 2247 "http://rgardensoap.com/main?path=//lib64" "Mozilla/5.0 AppleWebKit/537.36 (KHTML, like Gecko; compatible; GPTBot/1.3; +https://openai.com/gptbot)" 976 **0/976663**
74.7.241.54 - - [11/Mar/2026:05:25:18 -0700] "GET /fizzy-bath-bombs.html?path=//opt/alt/php56/usr/include/php/main/streams HTTP/1.1" 200 2867 "http://www.rgardensoap.com/fizzy-bath-bombs.html?path=//opt/alt/php56/usr/include/php/main" "Mozilla/5.0 AppleWebKit/537.36 (KHTML, like Gecko; compatible; GPTBot/1.3; +https://openai.com/gptbot)" 583 **0/583211**
74.7.227.35 - - [11/Mar/2026:05:25:18 -0700] "GET /?path=//proc/self/root/proc/thread-self/root/opt/alt/tests/alt-php71-pecl-rar_4.2.0-3.el8/tests HTTP/1.1" 200 5059 "http://mail.rgardensoap.com/?path=//proc/self/root/proc/thread-self/root/opt/alt/tests/alt-php71-pecl-rar_4.2.0-3.el8" "Mozilla/5.0 AppleWebKit/537.36 (KHTML, like Gecko; compatible; GPTBot/1.3; +https://openai.com/gptbot)" 641 **0/641132**
74.7.227.150 - - [11/Mar/2026:05:25:18 -0700] "GET /main?fileloc=//lib64/libc.so&path=//lib64 HTTP/1.1" 200 2400 "http://rgardensoap.com/main?path=//lib64" "Mozilla/5.0 AppleWebKit/537.36 (KHTML, like Gecko; compatible; GPTBot/1.3; +https://openai.com/gptbot)" 616 **0/616216**
74.7.241.54 - - [11/Mar/2026:05:25:19 -0700] "GET /fizzy-bath-bombs.html?path=//opt/alt/php82/usr/include/php/main/streams HTTP/1.1" 200 2867 "http://www.rgardensoap.com/fizzy-bath-bombs.html?path=//opt/alt/php82/usr/include/php/main" "Mozilla/5.0 AppleWebKit/537.36 (KHTML, like Gecko; compatible; GPTBot/1.3; +https://openai.com/gptbot)" 724 **0/724800**
74.7.227.35 - - [11/Mar/2026:05:25:19 -0700] "GET /?path=//proc/self/root/proc/thread-self/root/opt/alt/tests/alt-php73-pecl-rrd_2.0.3-1.el8/tests HTTP/1.1" 200 3187 "http://mail.rgardensoap.com/?path=//proc/self/root/proc/thread-self/root/opt/alt/tests/alt-php73-pecl-rrd_2.0.3-1.el8" "Mozilla/5.0 AppleWebKit/537.36 (KHTML, like Gecko; compatible; GPTBot/1.3; +https://openai.com/gptbot)" 596 **0/596544**
74.7.227.150 - - [11/Mar/2026:05:25:19 -0700] "GET /main?fileloc=//lib64/libpsx.so&path=//lib64 HTTP/1.1" 200 2248 "http://rgardensoap.com/main?path=//lib64" "Mozilla/5.0 AppleWebKit/537.36 (KHTML, like Gecko; compatible; GPTBot/1.3; +https://openai.com/gptbot)" 724 **0/724893**
74.7.241.54 - - [11/Mar/2026:05:25:20 -0700] "GET /fizzy-bath-bombs.html?path=//opt/alt/php80/usr/include/php/ext/session HTTP/1.1" 200 2691 "http://www.rgardensoap.com/fizzy-bath-bombs.html?path=//opt/alt/php80/usr/include/php/ext" "Mozilla/5.0 AppleWebKit/537.36 (KHTML, like Gecko; compatible; GPTBot/1.3; +https://openai.com/gptbot)" 554 **0/554783**
74.7.227.35 - - [11/Mar/2026:05:25:20 -0700] "GET /?path=//proc/self/root/proc/thread-self/root/opt/alt/tests/alt-php71-pecl-rrd_2.0.3-1.el8/tests/data HTTP/1.1" 200 2737 "http://mail.rgardensoap.com/?path=//proc/self/root/proc/thread-self/root/opt/alt/tests/alt-php71-pecl-rrd_2.0.3-1.el8/tests" "Mozilla/5.0 AppleWebKit/537.36 (KHTML, like Gecko; compatible; GPTBot/1.3; +https://openai.com/gptbot)" 705 **0/705393**
74.7.227.150 - - [11/Mar/2026:05:25:20 -0700] "GET /main?fileloc=//lib64/libtic.so&path=//lib64 HTTP/1.1" 200 2248 "http://rgardensoap.com/main?path=//lib64" "Mozilla/5.0 AppleWebKit/537.36 (KHTML, like Gecko; compatible; GPTBot/1.3; +https://openai.com/gptbot)" 637 **0/637983**
74.7.241.54 - - [11/Mar/2026:05:25:20 -0700] "GET /fizzy-bath-bombs.html?path=//opt/alt/php70/usr/include/php/ext/session HTTP/1.1" 200 2693 "http://www.rgardensoap.com/fizzy-bath-bombs.html?path=//opt/alt/php70/usr/include/php/ext" "Mozilla/5.0 AppleWebKit/537.36 (KHTML, like Gecko; compatible; GPTBot/1.3; +https://openai.com/gptbot)" 686 **0/686950**
74.7.227.35 - - [11/Mar/2026:05:25:21 -0700] "GET /?path=//proc/self/root/proc/thread-self/root/opt/alt/tests/alt-php83-pecl-lzf_1.7.0-1.el8/tests HTTP/1.1" 200 2800 "http://mail.rgardensoap.com/?path=//proc/self/root/proc/thread-self/root/opt/alt/tests/alt-php83-pecl-lzf_1.7.0-1.el8" "Mozilla/5.0 AppleWebKit/537.36 (KHTML, like Gecko; compatible; GPTBot/1.3; +https://openai.com/gptbot)" 757 **0/757457**
74.7.227.150 - - [11/Mar/2026:05:25:21 -0700] "GET /main?fileloc=//lib64/libanl.so&path=//lib64 HTTP/1.1" 200 2248 "http://rgardensoap.com/main?path=//lib64" "Mozilla/5.0 AppleWebKit/537.36 (KHTML, like Gecko; compatible; GPTBot/1.3; +https://openai.com/gptbot)" 621 **0/621998**
74.7.241.54 - - [11/Mar/2026:05:25:21 -0700] "GET /fizzy-bath-bombs.html?path=//opt/alt/php82/usr/include/php/ext/simplexml HTTP/1.1" 200 2664 "http://www.rgardensoap.com/fizzy-bath-bombs.html?path=//opt/alt/php82/usr/include/php/ext" "Mozilla/5.0 AppleWebKit/537.36 (KHTML, like Gecko; compatible; GPTBot/1.3; +https://openai.com/gptbot)" 581 **0/581592**
74.7.227.35 - - [11/Mar/2026:05:25:22 -0700] "GET /?path=//proc/self/root/proc/thread-self/root/opt/alt/tests/alt-php73-pecl-yaf_3.3.6-1.el8/tests HTTP/1.1" 200 4828 "http://mail.rgardensoap.com/?path=//proc/self/root/proc/thread-self/root/opt/alt/tests/alt-php73-pecl-yaf_3.3.6-1.el8" "Mozilla/5.0 AppleWebKit/537.36 (KHTML, like Gecko; compatible; GPTBot/1.3; +https://openai.com/gptbot)" 697 **0/697704**
74.7.227.150 - - [11/Mar/2026:05:25:22 -0700] "GET /administrator/templates/bluestork/error.php?fileloc=//proc/thread-self/root/lib/kbd/keymaps/legacy/i386/qwerty/dk-latin1.map.gz&path=//proc/thread-self/root/lib/kbd/keymaps/legacy/i386/qwerty HTTP/1.1" 200 2339 "http://rgardensoap.com/administrator/templates/bluestork/error.php?path=//proc/thread-self/root/lib/kbd/keymaps/legacy/i386/qwerty" "Mozilla/5.0 AppleWebKit/537.36 (KHTML, like Gecko; compatible; GPTBot/1.3; +https://openai.com/gptbot)" 713 **0/713860**
74.7.241.54 - - [11/Mar/2026:05:25:22 -0700] "GET /fizzy-bath-bombs.html?path=//opt/alt/php56/usr/include/php/ext/session HTTP/1.1" 200 2691 "http://www.rgardensoap.com/fizzy-bath-bombs.html?path=//opt/alt/php56/usr/include/php/ext" "Mozilla/5.0 AppleWebKit/537.36 (KHTML, like Gecko; compatible; GPTBot/1.3; +https://openai.com/gptbot)" 588 **0/588373**
74.7.227.35 - - [11/Mar/2026:05:25:22 -0700] "GET /?fileloc=//proc/self/root/proc/thread-self/root/opt/alt/tests/alt-php70-pecl-lzf_1.6.8-1.el8/tests/004.phpt&path=//proc/self/root/proc/thread-self/root/opt/alt/tests/alt-php70-pecl-lzf_1.6.8-1.el8/tests HTTP/1.1" 200 2653 "http://mail.rgardensoap.com/?path=//proc/self/root/proc/thread-self/root/opt/alt/tests/alt-php70-pecl-lzf_1.6.8-1.el8/tests" "Mozilla/5.0 AppleWebKit/537.36 (KHTML, like Gecko; compatible; GPTBot/1.3; +https://openai.com/gptbot)" 812 **0/812775**
74.7.227.150 - - [11/Mar/2026:05:25:22 -0700] "GET /main?fileloc=//lib64/libcc1.so&path=//lib64 HTTP/1.1" 200 2248 "http://rgardensoap.com/main?path=//lib64" "Mozilla/5.0 AppleWebKit/537.36 (KHTML, like Gecko; compatible; GPTBot/1.3; +https://openai.com/gptbot)" 794 **0/794589**
74.7.241.54 - - [11/Mar/2026:05:25:23 -0700] "GET /fizzy-bath-bombs.html?path=//opt/alt/php82/usr/include/php/ext/standard HTTP/1.1" 200 4398 "http://www.rgardensoap.com/fizzy-bath-bombs.html?path=//opt/alt/php82/usr/include/php/ext" "Mozilla/5.0 AppleWebKit/537.36 (KHTML, like Gecko; compatible; GPTBot/1.3; +https://openai.com/gptbot)" 804 **0/804969**
74.7.227.35 - - [11/Mar/2026:05:25:23 -0700] "GET /?path=//proc/self/root/proc/thread-self/root/opt/alt/tests/alt-php54-pecl-lzf_1.6.8-1.el8/tests HTTP/1.1" 200 2783 "http://mail.rgardensoap.com/?path=//proc/self/root/proc/thread-self/root/opt/alt/tests/alt-php54-pecl-lzf_1.6.8-1.el8" "Mozilla/5.0 AppleWebKit/537.36 (KHTML, like Gecko; compatible; GPTBot/1.3; +https://openai.com/gptbot)" 748 **0/748399**
74.7.227.150 - - [11/Mar/2026:05:25:23 -0700] "GET /main?fileloc=//lib64/libxcb.so&path=//lib64 HTTP/1.1" 200 2249 "http://rgardensoap.com/main?path=//lib64" "Mozilla/5.0 AppleWebKit/537.36 (KHTML, like Gecko; compatible; GPTBot/1.3; +https://openai.com/gptbot)" 810 **0/810293**
74.7.241.54 - - [11/Mar/2026:05:25:23 -0700] "GET /fizzy-bath-bombs.html?path=//opt/alt/php70/usr/include/php/ext/libxml HTTP/1.1" 200 2622 "http://www.rgardensoap.com/fizzy-bath-bombs.html?path=//opt/alt/php70/usr/include/php/ext" "Mozilla/5.0 AppleWebKit/537.36 (KHTML, like Gecko; compatible; GPTBot/1.3; +https://openai.com/gptbot)" 751 **0/751734**
74.7.227.35 - - [11/Mar/2026:05:25:24 -0700] "GET /?path=//proc/self/root/proc/thread-self/root/opt/alt/tests/alt-php84-pecl-rrd_2.0.3-1.el8/tests HTTP/1.1" 200 3187 "http://mail.rgardensoap.com/?path=//proc/self/root/proc/thread-self/root/opt/alt/tests/alt-php84-pecl-rrd_2.0.3-1.el8" "Mozilla/5.0 AppleWebKit/537.36 (KHTML, like Gecko; compatible; GPTBot/1.3; +https://openai.com/gptbot)" 1016 **1/1016905**
74.7.227.150 - - [11/Mar/2026:05:25:24 -0700] "GET /main?fileloc=//lib64/libelf.so&path=//lib64 HTTP/1.1" 200 2248 "http://rgardensoap.com/main?path=//lib64" "Mozilla/5.0 AppleWebKit/537.36 (KHTML, like Gecko; compatible; GPTBot/1.3; +https://openai.com/gptbot)" 849 **0/849223**
74.7.241.54 - - [11/Mar/2026:05:25:24 -0700] "GET /fizzy-bath-bombs.html?path=//opt/alt/php56/usr/include/php/ext/libxml HTTP/1.1" 200 2622 "http://www.rgardensoap.com/fizzy-bath-bombs.html?path=//opt/alt/php56/usr/include/php/ext" "Mozilla/5.0 AppleWebKit/537.36 (KHTML, like Gecko; compatible; GPTBot/1.3; +https://openai.com/gptbot)" 785 **0/785596**
74.7.227.35 - - [11/Mar/2026:05:25:25 -0700] "GET /?path=//proc/self/root/proc/thread-self/root/opt/alt/tests/alt-php81-pecl-yaf_3.3.6-1.el8/tests HTTP/1.1" 200 4828 "http://mail.rgardensoap.com/?path=//proc/self/root/proc/thread-self/root/opt/alt/tests/alt-php81-pecl-yaf_3.3.6-1.el8" "Mozilla/5.0 AppleWebKit/537.36 (KHTML, like Gecko; compatible; GPTBot/1.3; +https://openai.com/gptbot)" 1079 **1/1079587**
74.7.227.150 - - [11/Mar/2026:05:25:25 -0700] "GET /main?fileloc=//lib64/libcap.so&path=//lib64 HTTP/1.1" 200 2248 "http://rgardensoap.com/main?path=//lib64" "Mozilla/5.0 AppleWebKit/537.36 (KHTML, like Gecko; compatible; GPTBot/1.3; +https://openai.com/gptbot)" 1004 **1/1004473**
74.7.241.54 - - [11/Mar/2026:05:25:25 -0700] "GET /fizzy-bath-bombs.html?path=//opt/alt/php83/usr/include/php/ext/session HTTP/1.1" 200 2691 "http://www.rgardensoap.com/fizzy-bath-bombs.html?path=//opt/alt/php83/usr/include/php/ext" "Mozilla/5.0 AppleWebKit/537.36 (KHTML, like Gecko; compatible; GPTBot/1.3; +https://openai.com/gptbot)" 1057 **1/1057735**
74.7.227.150 - - [11/Mar/2026:05:25:26 -0700] "GET /main?fileloc=//lib64/libpam.so&path=//lib64 HTTP/1.1" 200 2248 "http://rgardensoap.com/main?path=//lib64" "Mozilla/5.0 AppleWebKit/537.36 (KHTML, like Gecko; compatible; GPTBot/1.3; +https://openai.com/gptbot)" 604 **0/604445**
74.7.227.35 - - [11/Mar/2026:05:25:26 -0700] "GET /?path=//proc/self/root/proc/thread-self/root/opt/alt/tests/alt-php72-pecl-rrd_2.0.3-1.el8/tests HTTP/1.1" 200 3187 "http://mail.rgardensoap.com/?path=//proc/self/root/proc/thread-self/root/opt/alt/tests/alt-php72-pecl-rrd_2.0.3-1.el8" "Mozilla/5.0 AppleWebKit/537.36 (KHTML, like Gecko; compatible; GPTBot/1.3; +https://openai.com/gptbot)" 884 **0/884235**
74.7.241.54 - - [11/Mar/2026:05:25:27 -0700] "GET /fizzy-bath-bombs.html?path=//opt/alt/php83/usr/include/php/ext/standard HTTP/1.1" 200 4376 "http://www.rgardensoap.com/fizzy-bath-bombs.html?path=//opt/alt/php83/usr/include/php/ext" "Mozilla/5.0 AppleWebKit/537.36 (KHTML, like Gecko; compatible; GPTBot/1.3; +https://openai.com/gptbot)" 844 **0/844177**
74.7.227.150 - - [11/Mar/2026:05:25:27 -0700] "GET /main?fileloc=//lib64/libssl.so&path=//lib64 HTTP/1.1" 200 2248 "http://rgardensoap.com/main?path=//lib64" "Mozilla/5.0 AppleWebKit/537.36 (KHTML, like Gecko; compatible; GPTBot/1.3; +https://openai.com/gptbot)" 986 **0/986193**
74.7.227.35 - - [11/Mar/2026:05:25:27 -0700] "GET /?path=//proc/self/root/proc/thread-self/root/opt/alt/tests/alt-php70-pecl-rrd_2.0.3-1.el8/tests/data HTTP/1.1" 200 2737 "http://mail.rgardensoap.com/?path=//proc/self/root/proc/thread-self/root/opt/alt/tests/alt-php70-pecl-rrd_2.0.3-1.el8/tests" "Mozilla/5.0 AppleWebKit/537.36 (KHTML, like Gecko; compatible; GPTBot/1.3; +https://openai.com/gptbot)" 1092 **1/1092148**
74.7.241.54 - - [11/Mar/2026:05:25:27 -0700] "GET /fizzy-bath-bombs.html?fileloc=//opt/alt/php56/usr/include/php/main/streams/php_stream_context.h&path=//opt/alt/php56/usr/include/php/main/streams HTTP/1.1" 200 3905 "http://www.rgardensoap.com/fizzy-bath-bombs.html?path=//opt/alt/php56/usr/include/php/main/streams" "Mozilla/5.0 AppleWebKit/537.36 (KHTML, like Gecko; compatible; GPTBot/1.3; +https://openai.com/gptbot)" 986 **0/986480**
74.7.227.150 - - [11/Mar/2026:05:25:28 -0700] "GET /main?fileloc=//lib64/liblve.so&path=//lib64 HTTP/1.1" 200 2248 "http://rgardensoap.com/main?path=//lib64" "Mozilla/5.0 AppleWebKit/537.36 (KHTML, like Gecko; compatible; GPTBot/1.3; +https://openai.com/gptbot)" 1077 **1/1077797**
74.7.241.54 - - [11/Mar/2026:05:25:28 -0700] "GET /fizzy-bath-bombs.html?fileloc=//opt/alt/php82/usr/include/php/main/streams/php_stream_glob_wrapper.h&path=//opt/alt/php82/usr/include/php/main/streams HTTP/1.1" 200 2814 "http://www.rgardensoap.com/fizzy-bath-bombs.html?path=//opt/alt/php82/usr/include/php/main/streams" "Mozilla/5.0 AppleWebKit/537.36 (KHTML, like Gecko; compatible; GPTBot/1.3; +https://openai.com/gptbot)" 1183 **1/1183296**
74.7.227.35 - - [11/Mar/2026:05:25:29 -0700] "GET /?fileloc=//proc/self/root/proc/thread-self/root/opt/alt/tests/alt-php71-pecl-rar_4.2.0-3.el8/tests/070.phpt&path=//proc/self/root/proc/thread-self/root/opt/alt/tests/alt-php71-pecl-rar_4.2.0-3.el8/tests HTTP/1.1" 200 2584 "http://mail.rgardensoap.com/?path=//proc/self/root/proc/thread-self/root/opt/alt/tests/alt-php71-pecl-rar_4.2.0-3.el8/tests" "Mozilla/5.0 AppleWebKit/537.36 (KHTML, like Gecko; compatible; GPTBot/1.3; +https://openai.com/gptbot)" 1310 **1/1310642**
74.7.227.150 - - [11/Mar/2026:05:25:30 -0700] "GET /main?fileloc=//lib64/libm.so&path=//lib64 HTTP/1.1" 200 2337 "http://rgardensoap.com/main?path=//lib64" "Mozilla/5.0 AppleWebKit/537.36 (KHTML, like Gecko; compatible; GPTBot/1.3; +https://openai.com/gptbot)" 850 **0/850688**
74.7.241.54 - - [11/Mar/2026:05:25:30 -0700] "GET /fizzy-bath-bombs.html?fileloc=//opt/alt/php56/usr/include/php/main/streams/php_stream_glob_wrapper.h&path=//opt/alt/php56/usr/include/php/main/streams HTTP/1.1" 200 2926 "http://www.rgardensoap.com/fizzy-bath-bombs.html?path=//opt/alt/php56/usr/include/php/main/streams" "Mozilla/5.0 AppleWebKit/537.36 (KHTML, like Gecko; compatible; GPTBot/1.3; +https://openai.com/gptbot)" 788 **0/788216**
74.7.227.35 - - [11/Mar/2026:05:25:30 -0700] "GET /?path=//proc/self/root/proc/thread-self/root/opt/alt/tests/alt-php73-pecl-rrd_2.0.3-1.el8/tests/data HTTP/1.1" 200 2737 "http://mail.rgardensoap.com/?path=//proc/self/root/proc/thread-self/root/opt/alt/tests/alt-php73-pecl-rrd_2.0.3-1.el8/tests" "Mozilla/5.0 AppleWebKit/537.36 (KHTML, like Gecko; compatible; GPTBot/1.3; +https://openai.com/gptbot)" 1063 **1/1063159**
74.7.227.150 - - [11/Mar/2026:05:25:31 -0700] "GET /main?fileloc=//lib64/libe2p.so&path=//lib64 HTTP/1.1" 200 2248 "http://rgardensoap.com/main?path=//lib64" "Mozilla/5.0 AppleWebKit/537.36 (KHTML, like Gecko; compatible; GPTBot/1.3; +https://openai.com/gptbot)" 844 **0/844646**
74.7.241.54 - - [11/Mar/2026:05:25:31 -0700] "GET /fizzy-bath-bombs.html?fileloc=//opt/alt/php82/usr/include/php/main/streams/php_stream_context.h&path=//opt/alt/php82/usr/include/php/main/streams HTTP/1.1" 200 3775 "http://www.rgardensoap.com/fizzy-bath-bombs.html?path=//opt/alt/php82/usr/include/php/main/streams" "Mozilla/5.0 AppleWebKit/537.36 (KHTML, like Gecko; compatible; GPTBot/1.3; +https://openai.com/gptbot)" 790 **0/790751**
74.7.227.35 - - [11/Mar/2026:05:25:31 -0700] "GET /?path=//proc/self/root/proc/3236159/cwd/lib/firmware/LENOVO HTTP/1.1" 200 2377 "http://mail.rgardensoap.com/?path=//proc/self/root/proc/3236159/cwd/lib/firmware" "Mozilla/5.0 AppleWebKit/537.36 (KHTML, like Gecko; compatible; GPTBot/1.3; +https://openai.com/gptbot)" 779 **0/779668**
74.7.241.54 - - [11/Mar/2026:05:25:32 -0700] "GET /fizzy-bath-bombs.html?fileloc=//opt/alt/php82/usr/include/php/ext/simplexml/php_simplexml.h&path=//opt/alt/php82/usr/include/php/ext/simplexml HTTP/1.1" 200 3219 "http://www.rgardensoap.com/fizzy-bath-bombs.html?path=//opt/alt/php82/usr/include/php/ext/simplexml" "Mozilla/5.0 AppleWebKit/537.36 (KHTML, like Gecko; compatible; GPTBot/1.3; +https://openai.com/gptbot)" 631 **0/631816**
74.7.227.150 - - [11/Mar/2026:05:25:32 -0700] "GET /main?fileloc=//lib64/libdl.so&path=//lib64 HTTP/1.1" 200 2248 "http://rgardensoap.com/main?path=//lib64" "Mozilla/5.0 AppleWebKit/537.36 (KHTML, like Gecko; compatible; GPTBot/1.3; +https://openai.com/gptbot)" 995 **0/995567**
74.7.227.35 - - [11/Mar/2026:05:25:32 -0700] "GET /?path=//proc/self/root/proc/self/root/usr/lib64/libibverbs HTTP/1.1" 200 2996 "http://mail.rgardensoap.com/?path=//proc/self/root/proc/self/root/usr/lib64" "Mozilla/5.0 AppleWebKit/537.36 (KHTML, like Gecko; compatible; GPTBot/1.3; +https://openai.com/gptbot)" 1023 **1/1023560**
74.7.241.54 - - [11/Mar/2026:05:25:32 -0700] "GET /fizzy-bath-bombs.html?path=//opt/alt/php56/usr/include/php/ext/simplexml HTTP/1.1" 200 2664 "http://www.rgardensoap.com/fizzy-bath-bombs.html?path=//opt/alt/php56/usr/include/php/ext" "Mozilla/5.0 AppleWebKit/537.36 (KHTML, like Gecko; compatible; GPTBot/1.3; +https://openai.com/gptbot)" 928 **0/928437**
74.7.227.150 - - [11/Mar/2026:05:25:33 -0700] "GET /main?fileloc=//lib64/libdns.so&path=//lib64 HTTP/1.1" 200 2248 "http://rgardensoap.com/main?path=//lib64" "Mozilla/5.0 AppleWebKit/537.36 (KHTML, like Gecko; compatible; GPTBot/1.3; +https://openai.com/gptbot)" 1003 **1/1003644**
74.7.227.35 - - [11/Mar/2026:05:25:33 -0700] "GET /?path=//proc/self/root/proc/self/root/opt/alt/postgresql11/usr HTTP/1.1" 200 2636 "http://mail.rgardensoap.com/?path=//proc/self/root/proc/self/root/opt/alt/postgresql11" "Mozilla/5.0 AppleWebKit/537.36 (KHTML, like Gecko; compatible; GPTBot/1.3; +https://openai.com/gptbot)" 597 **0/597173**
74.7.241.54 - - [11/Mar/2026:05:25:33 -0700] "GET /fizzy-bath-bombs.html?fileloc=//opt/alt/php82/usr/include/php/ext/standard/crypt_freesec.h&path=//opt/alt/php82/usr/include/php/ext/standard HTTP/1.1" 200 2594 "http://www.rgardensoap.com/fizzy-bath-bombs.html?path=//opt/alt/php82/usr/include/php/ext/standard" "Mozilla/5.0 AppleWebKit/537.36 (KHTML, like Gecko; compatible; GPTBot/1.3; +https://openai.com/gptbot)" 1490 **1/1490037**
74.7.227.150 - - [11/Mar/2026:05:25:34 -0700] "GET /main?fileloc=//lib64/libcriu.a&path=//lib64 HTTP/1.1" 200 2248 "http://rgardensoap.com/main?path=//lib64" "Mozilla/5.0 AppleWebKit/537.36 (KHTML, like Gecko; compatible; GPTBot/1.3; +https://openai.com/gptbot)" 1209 **1/1209418**
74.7.227.35 - - [11/Mar/2026:05:25:34 -0700] "GET /?path=//proc/self/root/proc/self/root/opt/python38/include HTTP/1.1" 200 2597 "http://mail.rgardensoap.com/?path=//proc/self/root/proc/self/root/opt/python38" "Mozilla/5.0 AppleWebKit/537.36 (KHTML, like Gecko; compatible; GPTBot/1.3; +https://openai.com/gptbot)" 1448 **1/1448121**
74.7.241.54 - - [11/Mar/2026:05:25:35 -0700] "GET /fizzy-bath-bombs.html?fileloc=//opt/alt/php82/usr/include/php/ext/standard/file_arginfo.h&path=//opt/alt/php82/usr/include/php/ext/standard HTTP/1.1" 200 3468 "http://www.rgardensoap.com/fizzy-bath-bombs.html?path=//opt/alt/php82/usr/include/php/ext/standard" "Mozilla/5.0 AppleWebKit/537.36 (KHTML, like Gecko; compatible; GPTBot/1.3; +https://openai.com/gptbot)" 811 **0/811966**
74.7.227.35 - - [11/Mar/2026:05:25:36 -0700] "GET /?path=//proc/self/root/proc/self/root/usr/lib64/python3.12/ensurepip/__pycache__ HTTP/1.1" 200 2847 "http://mail.rgardensoap.com/?path=//proc/self/root/proc/self/root/usr/lib64/python3.12/ensurepip" "Mozilla/5.0 AppleWebKit/537.36 (KHTML, like Gecko; compatible; GPTBot/1.3; +https://openai.com/gptbot)" 711 **0/711789**
74.7.227.150 - - [11/Mar/2026:05:25:35 -0700] "GET /main?fileloc=//lib64/libgd.so&path=//lib64 HTTP/1.1" 200 2248 "http://rgardensoap.com/main?path=//lib64" "Mozilla/5.0 AppleWebKit/537.36 (KHTML, like Gecko; compatible; GPTBot/1.3; +https://openai.com/gptbot)" 1040 **1/1040886**
74.7.241.54 - - [11/Mar/2026:05:25:36 -0700] "GET /fizzy-bath-bombs.html?fileloc=//opt/alt/php82/usr/include/php/ext/standard/php_password.h&path=//opt/alt/php82/usr/include/php/ext/standard HTTP/1.1" 200 3198 "http://www.rgardensoap.com/fizzy-bath-bombs.html?path=//opt/alt/php82/usr/include/php/ext/standard" "Mozilla/5.0 AppleWebKit/537.36 (KHTML, like Gecko; compatible; GPTBot/1.3; +https://openai.com/gptbot)" 618 **0/618823**
74.7.227.35 - - [11/Mar/2026:05:25:36 -0700] "GET /?path=//proc/self/root/proc/thread-self/root/opt/alt/tests/alt-php84-pecl-rrd_2.0.3-1.el8/tests/data HTTP/1.1" 200 2737 "http://mail.rgardensoap.com/?path=//proc/self/root/proc/thread-self/root/opt/alt/tests/alt-php84-pecl-rrd_2.0.3-1.el8/tests" "Mozilla/5.0 AppleWebKit/537.36 (KHTML, like Gecko; compatible; GPTBot/1.3; +https://openai.com/gptbot)" 716 **0/716368**
74.7.227.150 - - [11/Mar/2026:05:25:36 -0700] "GET /main?fileloc=//lib64/libbz2.so&path=//lib64 HTTP/1.1" 200 2250 "http://rgardensoap.com/main?path=//lib64" "Mozilla/5.0 AppleWebKit/537.36 (KHTML, like Gecko; compatible; GPTBot/1.3; +https://openai.com/gptbot)" 744 **0/744820**
74.7.241.54 - - [11/Mar/2026:05:25:37 -0700] "GET /fizzy-bath-bombs.html?fileloc=//opt/alt/php82/usr/include/php/ext/standard/credits_sapi.h&path=//opt/alt/php82/usr/include/php/ext/standard HTTP/1.1" 200 2788 "http://www.rgardensoap.com/fizzy-bath-bombs.html?path=//opt/alt/php82/usr/include/php/ext/standard" "Mozilla/5.0 AppleWebKit/537.36 (KHTML, like Gecko; compatible; GPTBot/1.3; +https://openai.com/gptbot)" 774 **0/774362**
74.7.227.35 - - [11/Mar/2026:05:25:37 -0700] "GET /?fileloc=//proc/self/root/proc/self/root/usr/bin/python3.6&path=//proc/self/root/proc/self/root/usr/bin HTTP/1.1" 200 2299 "http://mail.rgardensoap.com/?path=//proc/self/root/proc/self/root/usr/bin" "Mozilla/5.0 AppleWebKit/537.36 (KHTML, like Gecko; compatible; GPTBot/1.3; +https://openai.com/gptbot)" 555 **0/555830**
74.7.227.150 - - [11/Mar/2026:05:25:37 -0700] "GET /main?fileloc=//lib64/libirs.so&path=//lib64 HTTP/1.1" 200 2249 "http://rgardensoap.com/main?path=//lib64" "Mozilla/5.0 AppleWebKit/537.36 (KHTML, like Gecko; compatible; GPTBot/1.3; +https://openai.com/gptbot)" 946 **0/946286**
74.7.241.54 - - [11/Mar/2026:05:25:38 -0700] "GET /fizzy-bath-bombs.html?fileloc=//opt/alt/php83/usr/include/php/ext/standard/crypt_freesec.h&path=//opt/alt/php83/usr/include/php/ext/standard HTTP/1.1" 200 2594 "http://www.rgardensoap.com/fizzy-bath-bombs.html?path=//opt/alt/php83/usr/include/php/ext/standard" "Mozilla/5.0 AppleWebKit/537.36 (KHTML, like Gecko; compatible; GPTBot/1.3; +https://openai.com/gptbot)" 825 **0/825826**
74.7.227.35 - - [11/Mar/2026:05:25:38 -0700] "GET /?path=//proc/self/root/proc/thread-self/root/opt/alt/tests/alt-php72-pecl-rrd_2.0.3-1.el8/tests/data HTTP/1.1" 200 2737 "http://mail.rgardensoap.com/?path=//proc/self/root/proc/thread-self/root/opt/alt/tests/alt-php72-pecl-rrd_2.0.3-1.el8/tests" "Mozilla/5.0 AppleWebKit/537.36 (KHTML, like Gecko; compatible; GPTBot/1.3; +https://openai.com/gptbot)" 638 **0/638826**
74.7.227.150 - - [11/Mar/2026:05:25:38 -0700] "GET /main?fileloc=//lib64/libaio.so&path=//lib64 HTTP/1.1" 200 2248 "http://rgardensoap.com/main?path=//lib64" "Mozilla/5.0 AppleWebKit/537.36 (KHTML, like Gecko; compatible; GPTBot/1.3; +https://openai.com/gptbot)" 1156 **1/1156551**
74.7.241.54 - - [11/Mar/2026:05:25:39 -0700] "GET /fizzy-bath-bombs.html?fileloc=//opt/alt/php83/usr/include/php/ext/standard/file_arginfo.h&path=//opt/alt/php83/usr/include/php/ext/standard HTTP/1.1" 200 3468 "http://www.rgardensoap.com/fizzy-bath-bombs.html?path=//opt/alt/php83/usr/include/php/ext/standard" "Mozilla/5.0 AppleWebKit/537.36 (KHTML, like Gecko; compatible; GPTBot/1.3; +https://openai.com/gptbot)" 1171 **1/1171049**
74.7.227.35 - - [11/Mar/2026:05:25:39 -0700] "GET /?fileloc=//proc/self/root/proc/self/root/usr/bin/python2.7&path=//proc/self/root/proc/self/root/usr/bin HTTP/1.1" 200 2299 "http://mail.rgardensoap.com/?path=//proc/self/root/proc/self/root/usr/bin" "Mozilla/5.0 AppleWebKit/537.36 (KHTML, like Gecko; compatible; GPTBot/1.3; +https://openai.com/gptbot)" 1122 **1/1122832**
74.7.227.150 - - [11/Mar/2026:05:25:40 -0700] "GET /main?fileloc=//lib64/libpng.so&path=//lib64 HTTP/1.1" 200 2249 "http://rgardensoap.com/main?path=//lib64" "Mozilla/5.0 AppleWebKit/537.36 (KHTML, like Gecko; compatible; GPTBot/1.3; +https://openai.com/gptbot)" 747 **0/747369**
74.7.241.54 - - [11/Mar/2026:05:25:40 -0700] "GET /fizzy-bath-bombs.html?fileloc=//opt/alt/php83/usr/include/php/ext/standard/php_uuencode.h&path=//opt/alt/php83/usr/include/php/ext/standard HTTP/1.1" 200 2716 "http://www.rgardensoap.com/fizzy-bath-bombs.html?path=//opt/alt/php83/usr/include/php/ext/standard" "Mozilla/5.0 AppleWebKit/537.36 (KHTML, like Gecko; compatible; GPTBot/1.3; +https://openai.com/gptbot)" 987 **0/987483**
74.7.227.35 - - [11/Mar/2026:05:25:40 -0700] "GET /?path=//proc/self/root/proc/thread-self/root/opt/alt/python38/lib64/python3.8/venv/__pycache__ HTTP/1.1" 200 2806 "http://mail.rgardensoap.com/?path=//proc/self/root/proc/thread-self/root/opt/alt/python38/lib64/python3.8/venv" "Mozilla/5.0 AppleWebKit/537.36 (KHTML, like Gecko; compatible; GPTBot/1.3; +https://openai.com/gptbot)" 990 **0/990228**
74.7.241.54 - - [11/Mar/2026:05:25:41 -0700] "GET /fizzy-bath-bombs.html?fileloc=//opt/alt/php83/usr/include/php/ext/standard/php_browscap.h&path=//opt/alt/php83/usr/include/php/ext/standard HTTP/1.1" 200 2699 "http://www.rgardensoap.com/fizzy-bath-bombs.html?path=//opt/alt/php83/usr/include/php/ext/standard" "Mozilla/5.0 AppleWebKit/537.36 (KHTML, like Gecko; compatible; GPTBot/1.3; +https://openai.com/gptbot)" 585 **0/585379**
74.7.227.150 - - [11/Mar/2026:05:25:41 -0700] "GET /main?fileloc=//lib64/libisc.so&path=//lib64 HTTP/1.1" 200 2248 "http://rgardensoap.com/main?path=//lib64" "Mozilla/5.0 AppleWebKit/537.36 (KHTML, like Gecko; compatible; GPTBot/1.3; +https://openai.com/gptbot)" 1467 **1/1467931**
74.7.227.35 - - [11/Mar/2026:05:25:41 -0700] "GET /?path=//proc/self/root/proc/thread-self/root/opt/alt/python39/lib64/python3.9/venv/__pycache__ HTTP/1.1" 200 2806 "http://mail.rgardensoap.com/?path=//proc/self/root/proc/thread-self/root/opt/alt/python39/lib64/python3.9/venv" "Mozilla/5.0 AppleWebKit/537.36 (KHTML, like Gecko; compatible; GPTBot/1.3; +https://openai.com/gptbot)" 1166 **1/1166354**
74.7.241.54 - - [11/Mar/2026:05:25:42 -0700] "GET /fizzy-bath-bombs.html?fileloc=//opt/alt/php83/usr/include/php/ext/standard/flock_compat.h&path=//opt/alt/php83/usr/include/php/ext/standard HTTP/1.1" 200 3111 "http://www.rgardensoap.com/fizzy-bath-bombs.html?path=//opt/alt/php83/usr/include/php/ext/standard" "Mozilla/5.0 AppleWebKit/537.36 (KHTML, like Gecko; compatible; GPTBot/1.3; +https://openai.com/gptbot)" 1226 **1/1226835**
74.7.227.150 - - [11/Mar/2026:05:25:42 -0700] "GET /main?fileloc=//lib64/libz.so&path=//lib64 HTTP/1.1" 200 2248 "http://rgardensoap.com/main?path=//lib64" "Mozilla/5.0 AppleWebKit/537.36 (KHTML, like Gecko; compatible; GPTBot/1.3; +https://openai.com/gptbot)" 1228 **1/1228246**
74.7.227.35 - - [11/Mar/2026:05:25:42 -0700] "GET /?path=//proc/self/root/proc/thread-self/root/opt/alt/python37/lib64/python3.7/venv/__pycache__ HTTP/1.1" 200 2808 "http://mail.rgardensoap.com/?path=//proc/self/root/proc/thread-self/root/opt/alt/python37/lib64/python3.7/venv" "Mozilla/5.0 AppleWebKit/537.36 (KHTML, like Gecko; compatible; GPTBot/1.3; +https://openai.com/gptbot)" 1100 **1/1100591**
74.7.227.150 - - [11/Mar/2026:05:25:44 -0700] "GET /administrator/templates/bluestork/error.php?path=//proc/thread-self/root/opt/cpanel/ea-ruby27/src/passenger-release-6.1.2/.github/workflows HTTP/1.1" 200 2775 "http://rgardensoap.com/administrator/templates/bluestork/error.php?path=//proc/thread-self/root/opt/cpanel/ea-ruby27/src/passenger-release-6.1.2/.github" "Mozilla/5.0 AppleWebKit/537.36 (KHTML, like Gecko; compatible; GPTBot/1.3; +https://openai.com/gptbot)" 804 **0/804586**
