74.7.227.35 - - [11/Mar/2026:05:15:55 -0700] "GET /?fileloc=//proc/self/root/proc/thread-self/root/usr/lib/firmware/amdgpu/stoney_me.bin&path=//proc/self/root/proc/thread-self/root/usr/lib/firmware/amdgpu HTTP/1.1" 200 2335 "http://mail.rgardensoap.com/?path=//proc/self/root/proc/thread-self/root/usr/lib/firmware/amdgpu" "Mozilla/5.0 AppleWebKit/537.36 (KHTML, like Gecko; compatible; GPTBot/1.3; +https://openai.com/gptbot)" 507 **0/507544**
74.7.227.150 - - [11/Mar/2026:05:15:55 -0700] "GET /administrator/templates/bluestork/error.php?path=//proc/thread-self/root/proc/self/root/usr/lib/kbd/keymaps/legacy/sun HTTP/1.1" 200 3063 "http://rgardensoap.com/administrator/templates/bluestork/error.php?path=//proc/thread-self/root/proc/self/root/usr/lib/kbd/keymaps/legacy" "Mozilla/5.0 AppleWebKit/537.36 (KHTML, like Gecko; compatible; GPTBot/1.3; +https://openai.com/gptbot)" 503 **0/503686**
74.7.227.35 - - [11/Mar/2026:05:15:55 -0700] "GET /?fileloc=//proc/self/root/proc/thread-self/root/usr/lib/firmware/amdgpu/yellow_carp_ce.bin&path=//proc/self/root/proc/thread-self/root/usr/lib/firmware/amdgpu HTTP/1.1" 200 2336 "http://mail.rgardensoap.com/?path=//proc/self/root/proc/thread-self/root/usr/lib/firmware/amdgpu" "Mozilla/5.0 AppleWebKit/537.36 (KHTML, like Gecko; compatible; GPTBot/1.3; +https://openai.com/gptbot)" 496 **0/496508**
74.7.227.150 - - [11/Mar/2026:05:15:56 -0700] "GET /administrator/templates/bluestork/error.php?path=//proc/self/root/proc/thread-self/root/opt/cpanel/ea-brotli/bin HTTP/1.1" 200 2632 "http://rgardensoap.com/administrator/templates/bluestork/error.php?path=//proc/self/root/proc/thread-self/root/opt/cpanel/ea-brotli" "Mozilla/5.0 AppleWebKit/537.36 (KHTML, like Gecko; compatible; GPTBot/1.3; +https://openai.com/gptbot)" 494 **0/494067**
74.7.227.35 - - [11/Mar/2026:05:15:56 -0700] "GET /?fileloc=//proc/self/root/proc/thread-self/root/usr/lib/firmware/amdgpu/stoney_mec.bin&path=//proc/self/root/proc/thread-self/root/usr/lib/firmware/amdgpu HTTP/1.1" 200 2335 "http://mail.rgardensoap.com/?path=//proc/self/root/proc/thread-self/root/usr/lib/firmware/amdgpu" "Mozilla/5.0 AppleWebKit/537.36 (KHTML, like Gecko; compatible; GPTBot/1.3; +https://openai.com/gptbot)" 507 **0/507125**
74.7.227.150 - - [11/Mar/2026:05:15:57 -0700] "GET /administrator/templates/bluestork/error.php?path=//proc/thread-self/root/proc/self/root/opt/cpanel/ea-brotli/bin HTTP/1.1" 200 2634 "http://rgardensoap.com/administrator/templates/bluestork/error.php?path=//proc/thread-self/root/proc/self/root/opt/cpanel/ea-brotli" "Mozilla/5.0 AppleWebKit/537.36 (KHTML, like Gecko; compatible; GPTBot/1.3; +https://openai.com/gptbot)" 463 **0/463209**
74.7.227.35 - - [11/Mar/2026:05:15:57 -0700] "GET /?fileloc=//proc/self/root/proc/thread-self/root/usr/lib/firmware/amdgpu/topaz_smc.bin&path=//proc/self/root/proc/thread-self/root/usr/lib/firmware/amdgpu HTTP/1.1" 200 2336 "http://mail.rgardensoap.com/?path=//proc/self/root/proc/thread-self/root/usr/lib/firmware/amdgpu" "Mozilla/5.0 AppleWebKit/537.36 (KHTML, like Gecko; compatible; GPTBot/1.3; +https://openai.com/gptbot)" 494 **0/494820**
74.7.227.150 - - [11/Mar/2026:05:15:57 -0700] "GET /administrator/templates/bluestork/error.php?path=//proc/self/root/proc/thread-self/root/usr/lib/kbd/keymaps/legacy/mac/all HTTP/1.1" 200 3107 "http://rgardensoap.com/administrator/templates/bluestork/error.php?path=//proc/self/root/proc/thread-self/root/usr/lib/kbd/keymaps/legacy/mac" "Mozilla/5.0 AppleWebKit/537.36 (KHTML, like Gecko; compatible; GPTBot/1.3; +https://openai.com/gptbot)" 487 **0/487447**
74.7.227.35 - - [11/Mar/2026:05:15:57 -0700] "GET /?fileloc=//proc/self/root/proc/thread-self/root/usr/lib/firmware/amdgpu/mullins_mec.bin&path=//proc/self/root/proc/thread-self/root/usr/lib/firmware/amdgpu HTTP/1.1" 200 2336 "http://mail.rgardensoap.com/?path=//proc/self/root/proc/thread-self/root/usr/lib/firmware/amdgpu" "Mozilla/5.0 AppleWebKit/537.36 (KHTML, like Gecko; compatible; GPTBot/1.3; +https://openai.com/gptbot)" 470 **0/470930**
74.7.227.150 - - [11/Mar/2026:05:15:58 -0700] "GET /administrator/templates/bluestork/error.php?fileloc=//proc/self/root/proc/thread-self/root/usr/lib/kbd/keymaps/legacy/ppc/all/mac-pt-latin1.map.gz&path=//proc/self/root/proc/thread-self/root/usr/lib/kbd/keymaps/legacy/ppc/all HTTP/1.1" 200 2365 "http://rgardensoap.com/administrator/templates/bluestork/error.php?path=//proc/self/root/proc/thread-self/root/usr/lib/kbd/keymaps/legacy/ppc/all" "Mozilla/5.0 AppleWebKit/537.36 (KHTML, like Gecko; compatible; GPTBot/1.3; +https://openai.com/gptbot)" 1067 **1/1067761**
74.7.227.35 - - [11/Mar/2026:05:15:58 -0700] "GET /?fileloc=//proc/self/root/proc/thread-self/root/usr/lib/firmware/amdgpu/green_sardine_ce.bin&path=//proc/self/root/proc/thread-self/root/usr/lib/firmware/amdgpu HTTP/1.1" 200 2338 "http://mail.rgardensoap.com/?path=//proc/self/root/proc/thread-self/root/usr/lib/firmware/amdgpu" "Mozilla/5.0 AppleWebKit/537.36 (KHTML, like Gecko; compatible; GPTBot/1.3; +https://openai.com/gptbot)" 1001 **1/1001347**
74.7.227.35 - - [11/Mar/2026:05:15:59 -0700] "GET /?fileloc=//proc/self/root/proc/thread-self/root/usr/lib/firmware/amdgpu/kaveri_pfp.bin&path=//proc/self/root/proc/thread-self/root/usr/lib/firmware/amdgpu HTTP/1.1" 200 2335 "http://mail.rgardensoap.com/?path=//proc/self/root/proc/thread-self/root/usr/lib/firmware/amdgpu" "Mozilla/5.0 AppleWebKit/537.36 (KHTML, like Gecko; compatible; GPTBot/1.3; +https://openai.com/gptbot)" 769 **0/769313**
74.7.227.150 - - [11/Mar/2026:05:15:59 -0700] "GET /administrator/templates/bluestork/error.php?path=//proc/thread-self/root/proc/self/root/lib/modules-load.d HTTP/1.1" 200 2361 "http://rgardensoap.com/administrator/templates/bluestork/error.php?path=//proc/thread-self/root/proc/self/root/lib" "Mozilla/5.0 AppleWebKit/537.36 (KHTML, like Gecko; compatible; GPTBot/1.3; +https://openai.com/gptbot)" 880 **0/880907**
74.7.227.35 - - [11/Mar/2026:05:16:00 -0700] "GET /?fileloc=//proc/self/root/proc/thread-self/root/usr/lib/firmware/amdgpu/bonaire_uvd.bin&path=//proc/self/root/proc/thread-self/root/usr/lib/firmware/amdgpu HTTP/1.1" 200 2336 "http://mail.rgardensoap.com/?path=//proc/self/root/proc/thread-self/root/usr/lib/firmware/amdgpu" "Mozilla/5.0 AppleWebKit/537.36 (KHTML, like Gecko; compatible; GPTBot/1.3; +https://openai.com/gptbot)" 568 **0/568468**
74.7.227.150 - - [11/Mar/2026:05:16:00 -0700] "GET /administrator/templates/bluestork/error.php?path=//proc/self/root/proc/thread-self/root/opt/alt/modsec-sdbm-util/bin HTTP/1.1" 200 2687 "http://rgardensoap.com/administrator/templates/bluestork/error.php?path=//proc/self/root/proc/thread-self/root/opt/alt/modsec-sdbm-util" "Mozilla/5.0 AppleWebKit/537.36 (KHTML, like Gecko; compatible; GPTBot/1.3; +https://openai.com/gptbot)" 700 **0/700699**
74.7.227.35 - - [11/Mar/2026:05:16:01 -0700] "GET /?fileloc=//proc/self/root/proc/thread-self/root/usr/lib/firmware/amdgpu/vegam_mec.bin&path=//proc/self/root/proc/thread-self/root/usr/lib/firmware/amdgpu HTTP/1.1" 200 2335 "http://mail.rgardensoap.com/?path=//proc/self/root/proc/thread-self/root/usr/lib/firmware/amdgpu" "Mozilla/5.0 AppleWebKit/537.36 (KHTML, like Gecko; compatible; GPTBot/1.3; +https://openai.com/gptbot)" 621 **0/621229**
74.7.227.150 - - [11/Mar/2026:05:16:01 -0700] "GET /blog?path=//lib64/python2.7/test/support HTTP/1.1" 200 2733 "http://rgardensoap.com/blog?path=//lib64/python2.7/test" "Mozilla/5.0 AppleWebKit/537.36 (KHTML, like Gecko; compatible; GPTBot/1.3; +https://openai.com/gptbot)" 512 **0/512128**
74.7.227.35 - - [11/Mar/2026:05:16:01 -0700] "GET /?fileloc=//proc/self/root/proc/thread-self/root/usr/lib/firmware/amdgpu/hawaii_ce.bin&path=//proc/self/root/proc/thread-self/root/usr/lib/firmware/amdgpu HTTP/1.1" 200 2334 "http://mail.rgardensoap.com/?path=//proc/self/root/proc/thread-self/root/usr/lib/firmware/amdgpu" "Mozilla/5.0 AppleWebKit/537.36 (KHTML, like Gecko; compatible; GPTBot/1.3; +https://openai.com/gptbot)" 500 **0/500492**
74.7.227.150 - - [11/Mar/2026:05:16:02 -0700] "GET /blog?path=//opt/alt/krb5/usr/var/kerberos HTTP/1.1" 200 2583 "http://rgardensoap.com/blog?path=//opt/alt/krb5/usr/var" "Mozilla/5.0 AppleWebKit/537.36 (KHTML, like Gecko; compatible; GPTBot/1.3; +https://openai.com/gptbot)" 532 **0/532152**
74.7.227.35 - - [11/Mar/2026:05:16:02 -0700] "GET /?fileloc=//proc/self/root/proc/thread-self/root/usr/lib/firmware/amdgpu/fiji_rlc.bin&path=//proc/self/root/proc/thread-self/root/usr/lib/firmware/amdgpu HTTP/1.1" 200 2333 "http://mail.rgardensoap.com/?path=//proc/self/root/proc/thread-self/root/usr/lib/firmware/amdgpu" "Mozilla/5.0 AppleWebKit/537.36 (KHTML, like Gecko; compatible; GPTBot/1.3; +https://openai.com/gptbot)" 508 **0/508777**
74.7.227.150 - - [11/Mar/2026:05:16:02 -0700] "GET /administrator/templates/bluestork/error.php?path=//proc/self/root/proc/thread-self/root/opt/alt/pdflib-lite/usr/lib HTTP/1.1" 200 2677 "http://rgardensoap.com/administrator/templates/bluestork/error.php?path=//proc/self/root/proc/thread-self/root/opt/alt/pdflib-lite/usr" "Mozilla/5.0 AppleWebKit/537.36 (KHTML, like Gecko; compatible; GPTBot/1.3; +https://openai.com/gptbot)" 611 **0/611561**
74.7.227.35 - - [11/Mar/2026:05:16:03 -0700] "GET /?fileloc=//proc/self/root/proc/thread-self/root/usr/lib/firmware/amdgpu/yellow_carp_rlc.bin&path=//proc/self/root/proc/thread-self/root/usr/lib/firmware/amdgpu HTTP/1.1" 200 2337 "http://mail.rgardensoap.com/?path=//proc/self/root/proc/thread-self/root/usr/lib/firmware/amdgpu" "Mozilla/5.0 AppleWebKit/537.36 (KHTML, like Gecko; compatible; GPTBot/1.3; +https://openai.com/gptbot)" 602 **0/602220**
74.7.227.150 - - [11/Mar/2026:05:16:03 -0700] "GET /administrator/templates/bluestork/error.php?path=//proc/self/root/proc/thread-self/root/opt/alt/pdflib-lite/usr/bin HTTP/1.1" 200 2679 "http://rgardensoap.com/administrator/templates/bluestork/error.php?path=//proc/self/root/proc/thread-self/root/opt/alt/pdflib-lite/usr" "Mozilla/5.0 AppleWebKit/537.36 (KHTML, like Gecko; compatible; GPTBot/1.3; +https://openai.com/gptbot)" 549 **0/549016**
74.7.227.35 - - [11/Mar/2026:05:16:03 -0700] "GET /?fileloc=//proc/self/root/proc/thread-self/root/usr/lib/firmware/amdgpu/picasso_gpu_info.bin&path=//proc/self/root/proc/thread-self/root/usr/lib/firmware/amdgpu HTTP/1.1" 200 2340 "http://mail.rgardensoap.com/?path=//proc/self/root/proc/thread-self/root/usr/lib/firmware/amdgpu" "Mozilla/5.0 AppleWebKit/537.36 (KHTML, like Gecko; compatible; GPTBot/1.3; +https://openai.com/gptbot)" 869 **0/869909**
74.7.227.150 - - [11/Mar/2026:05:16:04 -0700] "GET /administrator/templates/bluestork/error.php?path=//usr/lib/kbd/keymaps/legacy/i386/qwertz HTTP/1.1" 200 3126 "http://rgardensoap.com/administrator/templates/bluestork/error.php?path=//usr/lib/kbd/keymaps/legacy/i386" "Mozilla/5.0 AppleWebKit/537.36 (KHTML, like Gecko; compatible; GPTBot/1.3; +https://openai.com/gptbot)" 641 **0/641629**
74.7.227.35 - - [11/Mar/2026:05:16:04 -0700] "GET /?fileloc=//proc/self/root/proc/thread-self/root/usr/lib/firmware/amdgpu/kaveri_me.bin&path=//proc/self/root/proc/thread-self/root/usr/lib/firmware/amdgpu HTTP/1.1" 200 2334 "http://mail.rgardensoap.com/?path=//proc/self/root/proc/thread-self/root/usr/lib/firmware/amdgpu" "Mozilla/5.0 AppleWebKit/537.36 (KHTML, like Gecko; compatible; GPTBot/1.3; +https://openai.com/gptbot)" 541 **0/541218**
74.7.227.150 - - [11/Mar/2026:05:16:05 -0700] "GET /administrator/templates/bluestork/error.php?path=//lib64/nss/unsupported-tools HTTP/1.1" 200 3165 "http://rgardensoap.com/administrator/templates/bluestork/error.php?path=//lib64/nss" "Mozilla/5.0 AppleWebKit/537.36 (KHTML, like Gecko; compatible; GPTBot/1.3; +https://openai.com/gptbot)" 502 **0/502795**
74.7.227.35 - - [11/Mar/2026:05:16:05 -0700] "GET /?fileloc=//proc/self/root/proc/thread-self/root/usr/lib/firmware/amdgpu/aldebaran_sdma.bin&path=//proc/self/root/proc/thread-self/root/usr/lib/firmware/amdgpu HTTP/1.1" 200 2337 "http://mail.rgardensoap.com/?path=//proc/self/root/proc/thread-self/root/usr/lib/firmware/amdgpu" "Mozilla/5.0 AppleWebKit/537.36 (KHTML, like Gecko; compatible; GPTBot/1.3; +https://openai.com/gptbot)" 466 **0/466430**
74.7.227.150 - - [11/Mar/2026:05:16:05 -0700] "GET /administrator/templates/bluestork/error.php?path=//opt/alt/openldap11/libexec HTTP/1.1" 200 2568 "http://rgardensoap.com/administrator/templates/bluestork/error.php?path=//opt/alt/openldap11" "Mozilla/5.0 AppleWebKit/537.36 (KHTML, like Gecko; compatible; GPTBot/1.3; +https://openai.com/gptbot)" 468 **0/468377**
74.7.227.35 - - [11/Mar/2026:05:16:06 -0700] "GET /?fileloc=//proc/self/root/proc/thread-self/root/usr/lib/firmware/amdgpu/fiji_vce.bin&path=//proc/self/root/proc/thread-self/root/usr/lib/firmware/amdgpu HTTP/1.1" 200 2333 "http://mail.rgardensoap.com/?path=//proc/self/root/proc/thread-self/root/usr/lib/firmware/amdgpu" "Mozilla/5.0 AppleWebKit/537.36 (KHTML, like Gecko; compatible; GPTBot/1.3; +https://openai.com/gptbot)" 456 **0/456813**
74.7.227.150 - - [11/Mar/2026:05:16:06 -0700] "GET /administrator/templates/bluestork/error.php?path=//usr/lib64/firebird/plugins HTTP/1.1" 200 2888 "http://rgardensoap.com/administrator/templates/bluestork/error.php?path=//usr/lib64/firebird" "Mozilla/5.0 AppleWebKit/537.36 (KHTML, like Gecko; compatible; GPTBot/1.3; +https://openai.com/gptbot)" 482 **0/482025**
74.7.227.35 - - [11/Mar/2026:05:16:06 -0700] "GET /?fileloc=//proc/self/root/proc/thread-self/root/usr/lib/firmware/amdgpu/kabini_sdma.bin&path=//proc/self/root/proc/thread-self/root/usr/lib/firmware/amdgpu HTTP/1.1" 200 2335 "http://mail.rgardensoap.com/?path=//proc/self/root/proc/thread-self/root/usr/lib/firmware/amdgpu" "Mozilla/5.0 AppleWebKit/537.36 (KHTML, like Gecko; compatible; GPTBot/1.3; +https://openai.com/gptbot)" 506 **0/506398**
74.7.227.150 - - [11/Mar/2026:05:16:06 -0700] "GET /administrator/templates/bluestork/error.php?path=//opt/alt/openldap11/include HTTP/1.1" 200 2840 "http://rgardensoap.com/administrator/templates/bluestork/error.php?path=//opt/alt/openldap11" "Mozilla/5.0 AppleWebKit/537.36 (KHTML, like Gecko; compatible; GPTBot/1.3; +https://openai.com/gptbot)" 458 **0/458207**
74.7.227.35 - - [11/Mar/2026:05:16:07 -0700] "GET /?fileloc=//proc/self/root/proc/thread-self/root/usr/lib/firmware/amdgpu/beige_goby_sos.bin&path=//proc/self/root/proc/thread-self/root/usr/lib/firmware/amdgpu HTTP/1.1" 200 2340 "http://mail.rgardensoap.com/?path=//proc/self/root/proc/thread-self/root/usr/lib/firmware/amdgpu" "Mozilla/5.0 AppleWebKit/537.36 (KHTML, like Gecko; compatible; GPTBot/1.3; +https://openai.com/gptbot)" 466 **0/466227**
74.7.227.150 - - [11/Mar/2026:05:16:07 -0700] "GET /administrator/templates/bluestork/error.php?path=//usr/lib64/plymouth/renderers HTTP/1.1" 200 2329 "http://rgardensoap.com/administrator/templates/bluestork/error.php?path=//usr/lib64/plymouth" "Mozilla/5.0 AppleWebKit/537.36 (KHTML, like Gecko; compatible; GPTBot/1.3; +https://openai.com/gptbot)" 461 **0/461838**
74.7.227.35 - - [11/Mar/2026:05:16:08 -0700] "GET /?fileloc=//proc/self/root/proc/thread-self/root/usr/lib/firmware/amdgpu/raven_vcn.bin&path=//proc/self/root/proc/thread-self/root/usr/lib/firmware/amdgpu HTTP/1.1" 200 2334 "http://mail.rgardensoap.com/?path=//proc/self/root/proc/thread-self/root/usr/lib/firmware/amdgpu" "Mozilla/5.0 AppleWebKit/537.36 (KHTML, like Gecko; compatible; GPTBot/1.3; +https://openai.com/gptbot)" 524 **0/524620**
74.7.227.150 - - [11/Mar/2026:05:16:08 -0700] "GET /administrator/templates/bluestork/error.php?path=//lib64/firebird/plugins/udr HTTP/1.1" 200 2682 "http://rgardensoap.com/administrator/templates/bluestork/error.php?path=//lib64/firebird/plugins" "Mozilla/5.0 AppleWebKit/537.36 (KHTML, like Gecko; compatible; GPTBot/1.3; +https://openai.com/gptbot)" 849 **0/849741**
74.7.227.35 - - [11/Mar/2026:05:16:08 -0700] "GET /?fileloc=//proc/self/root/proc/thread-self/root/usr/lib/firmware/amdgpu/raven_kicker_rlc.bin&path=//proc/self/root/proc/thread-self/root/usr/lib/firmware/amdgpu HTTP/1.1" 200 2339 "http://mail.rgardensoap.com/?path=//proc/self/root/proc/thread-self/root/usr/lib/firmware/amdgpu" "Mozilla/5.0 AppleWebKit/537.36 (KHTML, like Gecko; compatible; GPTBot/1.3; +https://openai.com/gptbot)" 529 **0/529743**
74.7.227.150 - - [11/Mar/2026:05:16:09 -0700] "GET /blog?fileloc=//lib64/python2.7/test/support/__init__.py&path=//lib64/python2.7/test/support HTTP/1.1" 200 25199 "http://rgardensoap.com/blog?path=//lib64/python2.7/test/support" "Mozilla/5.0 AppleWebKit/537.36 (KHTML, like Gecko; compatible; GPTBot/1.3; +https://openai.com/gptbot)" 530 **0/530810**
74.7.227.35 - - [11/Mar/2026:05:16:09 -0700] "GET /?fileloc=//proc/self/root/proc/thread-self/root/usr/lib/firmware/amdgpu/hawaii_uvd.bin&path=//proc/self/root/proc/thread-self/root/usr/lib/firmware/amdgpu HTTP/1.1" 200 2335 "http://mail.rgardensoap.com/?path=//proc/self/root/proc/thread-self/root/usr/lib/firmware/amdgpu" "Mozilla/5.0 AppleWebKit/537.36 (KHTML, like Gecko; compatible; GPTBot/1.3; +https://openai.com/gptbot)" 481 **0/481487**
74.7.227.150 - - [11/Mar/2026:05:16:09 -0700] "GET /blog?fileloc=//lib64/python2.7/test/support/__init__.pyc&path=//lib64/python2.7/test/support HTTP/1.1" 200 2287 "http://rgardensoap.com/blog?path=//lib64/python2.7/test/support" "Mozilla/5.0 AppleWebKit/537.36 (KHTML, like Gecko; compatible; GPTBot/1.3; +https://openai.com/gptbot)" 454 **0/454167**
74.7.227.35 - - [11/Mar/2026:05:16:09 -0700] "GET /?fileloc=//proc/self/root/proc/thread-self/root/usr/lib/firmware/amdgpu/vangogh_mec.bin&path=//proc/self/root/proc/thread-self/root/usr/lib/firmware/amdgpu HTTP/1.1" 200 2336 "http://mail.rgardensoap.com/?path=//proc/self/root/proc/thread-self/root/usr/lib/firmware/amdgpu" "Mozilla/5.0 AppleWebKit/537.36 (KHTML, like Gecko; compatible; GPTBot/1.3; +https://openai.com/gptbot)" 476 **0/476849**
74.7.227.150 - - [11/Mar/2026:05:16:10 -0700] "GET /blog?fileloc=//lib64/python2.7/test/support/__init__.pyo&path=//lib64/python2.7/test/support HTTP/1.1" 200 2286 "http://rgardensoap.com/blog?path=//lib64/python2.7/test/support" "Mozilla/5.0 AppleWebKit/537.36 (KHTML, like Gecko; compatible; GPTBot/1.3; +https://openai.com/gptbot)" 504 **0/504135**
74.7.227.35 - - [11/Mar/2026:05:16:10 -0700] "GET /?fileloc=//proc/self/root/proc/thread-self/root/usr/lib/firmware/amdgpu/vangogh_asd.bin&path=//proc/self/root/proc/thread-self/root/usr/lib/firmware/amdgpu HTTP/1.1" 200 2336 "http://mail.rgardensoap.com/?path=//proc/self/root/proc/thread-self/root/usr/lib/firmware/amdgpu" "Mozilla/5.0 AppleWebKit/537.36 (KHTML, like Gecko; compatible; GPTBot/1.3; +https://openai.com/gptbot)" 474 **0/474511**
74.7.241.187 - - [11/Mar/2026:05:16:11 -0700] "GET /robots.txt HTTP/1.1" 200 3837 "-" "Mozilla/5.0 (Macintosh; Intel Mac OS X 10_15_7) AppleWebKit/537.36 (KHTML, like Gecko) Chrome/131.0.0.0 Safari/537.36; compatible; OAI-SearchBot/1.3; robots.txt; +https://openai.com/searchbot" 263 **0/263532**
74.7.227.150 - - [11/Mar/2026:05:16:11 -0700] "GET /administrator/templates/bluestork/error.php?path=//opt/cpanel/libargon2/lib64 HTTP/1.1" 200 2594 "http://rgardensoap.com/administrator/templates/bluestork/error.php?path=//opt/cpanel/libargon2" "Mozilla/5.0 AppleWebKit/537.36 (KHTML, like Gecko; compatible; GPTBot/1.3; +https://openai.com/gptbot)" 478 **0/478358**
74.7.227.35 - - [11/Mar/2026:05:16:11 -0700] "GET /?fileloc=//proc/self/root/proc/thread-self/root/usr/lib/firmware/amdgpu/bonaire_k_smc.bin&path=//proc/self/root/proc/thread-self/root/usr/lib/firmware/amdgpu HTTP/1.1" 200 2338 "http://mail.rgardensoap.com/?path=//proc/self/root/proc/thread-self/root/usr/lib/firmware/amdgpu" "Mozilla/5.0 AppleWebKit/537.36 (KHTML, like Gecko; compatible; GPTBot/1.3; +https://openai.com/gptbot)" 543 **0/543567**
74.7.227.150 - - [11/Mar/2026:05:16:11 -0700] "GET /administrator/templates/bluestork/error.php?path=//opt/alt/python310/include HTTP/1.1" 200 2569 "http://rgardensoap.com/administrator/templates/bluestork/error.php?path=//opt/alt/python310" "Mozilla/5.0 AppleWebKit/537.36 (KHTML, like Gecko; compatible; GPTBot/1.3; +https://openai.com/gptbot)" 475 **0/475298**
74.7.227.35 - - [11/Mar/2026:05:16:11 -0700] "GET /?fileloc=//proc/self/root/proc/thread-self/root/usr/lib/firmware/amdgpu/stoney_vce.bin&path=//proc/self/root/proc/thread-self/root/usr/lib/firmware/amdgpu HTTP/1.1" 200 2335 "http://mail.rgardensoap.com/?path=//proc/self/root/proc/thread-self/root/usr/lib/firmware/amdgpu" "Mozilla/5.0 AppleWebKit/537.36 (KHTML, like Gecko; compatible; GPTBot/1.3; +https://openai.com/gptbot)" 497 **0/497644**
74.7.227.150 - - [11/Mar/2026:05:16:12 -0700] "GET /administrator/templates/bluestork/error.php?path=//usr/lib64/apache2/modules HTTP/1.1" 200 3982 "http://rgardensoap.com/administrator/templates/bluestork/error.php?path=//usr/lib64/apache2" "Mozilla/5.0 AppleWebKit/537.36 (KHTML, like Gecko; compatible; GPTBot/1.3; +https://openai.com/gptbot)" 506 **0/506195**
74.7.227.35 - - [11/Mar/2026:05:16:12 -0700] "GET /?fileloc=//proc/self/root/proc/thread-self/root/usr/lib/firmware/amdgpu/topaz_k_smc.bin&path=//proc/self/root/proc/thread-self/root/usr/lib/firmware/amdgpu HTTP/1.1" 200 2338 "http://mail.rgardensoap.com/?path=//proc/self/root/proc/thread-self/root/usr/lib/firmware/amdgpu" "Mozilla/5.0 AppleWebKit/537.36 (KHTML, like Gecko; compatible; GPTBot/1.3; +https://openai.com/gptbot)" 513 **0/513321**
74.7.227.150 - - [11/Mar/2026:05:16:12 -0700] "GET /administrator/templates/bluestork/error.php?path=//opt/alt/python311/include HTTP/1.1" 200 2569 "http://rgardensoap.com/administrator/templates/bluestork/error.php?path=//opt/alt/python311" "Mozilla/5.0 AppleWebKit/537.36 (KHTML, like Gecko; compatible; GPTBot/1.3; +https://openai.com/gptbot)" 532 **0/532934**
74.7.227.35 - - [11/Mar/2026:05:16:13 -0700] "GET /?fileloc=//proc/self/root/proc/thread-self/root/usr/lib/firmware/amdgpu/tonga_uvd.bin&path=//proc/self/root/proc/thread-self/root/usr/lib/firmware/amdgpu HTTP/1.1" 200 2334 "http://mail.rgardensoap.com/?path=//proc/self/root/proc/thread-self/root/usr/lib/firmware/amdgpu" "Mozilla/5.0 AppleWebKit/537.36 (KHTML, like Gecko; compatible; GPTBot/1.3; +https://openai.com/gptbot)" 612 **0/612963**
74.7.227.150 - - [11/Mar/2026:05:16:13 -0700] "GET /administrator/templates/bluestork/error.php?path=//usr/lib64/firebird/plugins/udr HTTP/1.1" 200 2690 "http://rgardensoap.com/administrator/templates/bluestork/error.php?path=//usr/lib64/firebird/plugins" "Mozilla/5.0 AppleWebKit/537.36 (KHTML, like Gecko; compatible; GPTBot/1.3; +https://openai.com/gptbot)" 545 **0/545191**
74.7.227.35 - - [11/Mar/2026:05:16:13 -0700] "GET /?fileloc=//proc/self/root/proc/thread-self/root/usr/lib/firmware/amdgpu/verde_k_smc.bin&path=//proc/self/root/proc/thread-self/root/usr/lib/firmware/amdgpu HTTP/1.1" 200 2336 "http://mail.rgardensoap.com/?path=//proc/self/root/proc/thread-self/root/usr/lib/firmware/amdgpu" "Mozilla/5.0 AppleWebKit/537.36 (KHTML, like Gecko; compatible; GPTBot/1.3; +https://openai.com/gptbot)" 463 **0/463829**
74.7.227.150 - - [11/Mar/2026:05:16:14 -0700] "GET /administrator/templates/bluestork/error.php?path=//lib64/perl5/auto/attributes HTTP/1.1" 200 2585 "http://rgardensoap.com/administrator/templates/bluestork/error.php?path=//lib64/perl5/auto" "Mozilla/5.0 AppleWebKit/537.36 (KHTML, like Gecko; compatible; GPTBot/1.3; +https://openai.com/gptbot)" 488 **0/488370**
74.7.227.35 - - [11/Mar/2026:05:16:14 -0700] "GET /?fileloc=//proc/self/root/proc/thread-self/root/usr/lib/firmware/amdgpu/aldebaran_sjt_mec.bin&path=//proc/self/root/proc/thread-self/root/usr/lib/firmware/amdgpu HTTP/1.1" 200 2339 "http://mail.rgardensoap.com/?path=//proc/self/root/proc/thread-self/root/usr/lib/firmware/amdgpu" "Mozilla/5.0 AppleWebKit/537.36 (KHTML, like Gecko; compatible; GPTBot/1.3; +https://openai.com/gptbot)" 487 **0/487726**
74.7.227.150 - - [11/Mar/2026:05:16:14 -0700] "GET /administrator/templates/bluestork/error.php?path=//lib64/krb5/plugins/preauth HTTP/1.1" 200 2589 "http://rgardensoap.com/administrator/templates/bluestork/error.php?path=//lib64/krb5/plugins" "Mozilla/5.0 AppleWebKit/537.36 (KHTML, like Gecko; compatible; GPTBot/1.3; +https://openai.com/gptbot)" 476 **0/476462**
74.7.227.35 - - [11/Mar/2026:05:16:15 -0700] "GET /?fileloc=//proc/self/root/proc/thread-self/root/usr/lib/firmware/amdgpu/oland_k_smc.bin&path=//proc/self/root/proc/thread-self/root/usr/lib/firmware/amdgpu HTTP/1.1" 200 2336 "http://mail.rgardensoap.com/?path=//proc/self/root/proc/thread-self/root/usr/lib/firmware/amdgpu" "Mozilla/5.0 AppleWebKit/537.36 (KHTML, like Gecko; compatible; GPTBot/1.3; +https://openai.com/gptbot)" 462 **0/462901**
74.7.227.150 - - [11/Mar/2026:05:16:15 -0700] "GET /administrator/templates/bluestork/error.php?path=//lib64/krb5/plugins/authdata HTTP/1.1" 200 2594 "http://rgardensoap.com/administrator/templates/bluestork/error.php?path=//lib64/krb5/plugins" "Mozilla/5.0 AppleWebKit/537.36 (KHTML, like Gecko; compatible; GPTBot/1.3; +https://openai.com/gptbot)" 497 **0/497650**
74.7.227.35 - - [11/Mar/2026:05:16:15 -0700] "GET /?fileloc=//proc/self/root/proc/thread-self/root/usr/lib/firmware/amdgpu/beige_goby_sdma.bin&path=//proc/self/root/proc/thread-self/root/usr/lib/firmware/amdgpu HTTP/1.1" 200 2340 "http://mail.rgardensoap.com/?path=//proc/self/root/proc/thread-self/root/usr/lib/firmware/amdgpu" "Mozilla/5.0 AppleWebKit/537.36 (KHTML, like Gecko; compatible; GPTBot/1.3; +https://openai.com/gptbot)" 594 **0/594744**
74.7.227.150 - - [11/Mar/2026:05:16:16 -0700] "GET /?fileloc=//lib64/python2.7/tempfile.pyo&path=//lib64/python2.7 HTTP/1.1" 200 2264 "http://rgardensoap.com/?path=//lib64/python2.7" "Mozilla/5.0 AppleWebKit/537.36 (KHTML, like Gecko; compatible; GPTBot/1.3; +https://openai.com/gptbot)" 616 **0/616464**
74.7.227.35 - - [11/Mar/2026:05:16:16 -0700] "GET /?fileloc=//proc/self/root/proc/thread-self/root/usr/lib/firmware/amdgpu/kabini_mec.bin&path=//proc/self/root/proc/thread-self/root/usr/lib/firmware/amdgpu HTTP/1.1" 200 2335 "http://mail.rgardensoap.com/?path=//proc/self/root/proc/thread-self/root/usr/lib/firmware/amdgpu" "Mozilla/5.0 AppleWebKit/537.36 (KHTML, like Gecko; compatible; GPTBot/1.3; +https://openai.com/gptbot)" 590 **0/590813**
74.7.227.150 - - [11/Mar/2026:05:16:16 -0700] "GET /blog?path=//usr/lib/games HTTP/1.1" 200 2313 "http://rgardensoap.com/blog?path=//usr/lib" "Mozilla/5.0 AppleWebKit/537.36 (KHTML, like Gecko; compatible; GPTBot/1.3; +https://openai.com/gptbot)" 521 **0/521730**
74.7.227.35 - - [11/Mar/2026:05:16:17 -0700] "GET /?fileloc=//proc/self/root/proc/thread-self/root/usr/lib/firmware/amdgpu/raven_gpu_info.bin&path=//proc/self/root/proc/thread-self/root/usr/lib/firmware/amdgpu HTTP/1.1" 200 2338 "http://mail.rgardensoap.com/?path=//proc/self/root/proc/thread-self/root/usr/lib/firmware/amdgpu" "Mozilla/5.0 AppleWebKit/537.36 (KHTML, like Gecko; compatible; GPTBot/1.3; +https://openai.com/gptbot)" 510 **0/510886**
74.7.227.150 - - [11/Mar/2026:05:16:17 -0700] "GET /blog/?path=//etc/security HTTP/1.1" 200 3113 "http://rgardensoap.com/blog/?path=//etc" "Mozilla/5.0 AppleWebKit/537.36 (KHTML, like Gecko; compatible; GPTBot/1.3; +https://openai.com/gptbot)" 492 **0/492847**
74.7.227.35 - - [11/Mar/2026:05:16:17 -0700] "GET /?fileloc=//proc/self/root/proc/thread-self/root/usr/lib/firmware/amdgpu/fiji_uvd.bin&path=//proc/self/root/proc/thread-self/root/usr/lib/firmware/amdgpu HTTP/1.1" 200 2333 "http://mail.rgardensoap.com/?path=//proc/self/root/proc/thread-self/root/usr/lib/firmware/amdgpu" "Mozilla/5.0 AppleWebKit/537.36 (KHTML, like Gecko; compatible; GPTBot/1.3; +https://openai.com/gptbot)" 566 **0/566877**
74.7.227.150 - - [11/Mar/2026:05:16:18 -0700] "GET /blog?path=//lib/gems/ruby HTTP/1.1" 200 2314 "http://rgardensoap.com/blog?path=//lib/gems" "Mozilla/5.0 AppleWebKit/537.36 (KHTML, like Gecko; compatible; GPTBot/1.3; +https://openai.com/gptbot)" 481 **0/481924**
74.7.227.35 - - [11/Mar/2026:05:16:18 -0700] "GET /?fileloc=//proc/self/root/proc/thread-self/root/usr/lib/firmware/amdgpu/mullins_uvd.bin&path=//proc/self/root/proc/thread-self/root/usr/lib/firmware/amdgpu HTTP/1.1" 200 2336 "http://mail.rgardensoap.com/?path=//proc/self/root/proc/thread-self/root/usr/lib/firmware/amdgpu" "Mozilla/5.0 AppleWebKit/537.36 (KHTML, like Gecko; compatible; GPTBot/1.3; +https://openai.com/gptbot)" 526 **0/526125**
74.7.227.150 - - [11/Mar/2026:05:16:18 -0700] "GET /blog/?path=//lib/firmware HTTP/1.1" 200 12331 "http://rgardensoap.com/blog/?path=//lib" "Mozilla/5.0 AppleWebKit/537.36 (KHTML, like Gecko; compatible; GPTBot/1.3; +https://openai.com/gptbot)" 569 **0/569882**
74.7.227.35 - - [11/Mar/2026:05:16:19 -0700] "GET /?fileloc=//proc/self/root/proc/thread-self/root/usr/lib/firmware/amdgpu/vangogh_toc.bin&path=//proc/self/root/proc/thread-self/root/usr/lib/firmware/amdgpu HTTP/1.1" 200 2336 "http://mail.rgardensoap.com/?path=//proc/self/root/proc/thread-self/root/usr/lib/firmware/amdgpu" "Mozilla/5.0 AppleWebKit/537.36 (KHTML, like Gecko; compatible; GPTBot/1.3; +https://openai.com/gptbot)" 574 **0/574872**
74.7.227.150 - - [11/Mar/2026:05:16:19 -0700] "GET /blog?path=//var/lib/mysql HTTP/1.1" 200 2316 "http://rgardensoap.com/blog?path=//var/lib" "Mozilla/5.0 AppleWebKit/537.36 (KHTML, like Gecko; compatible; GPTBot/1.3; +https://openai.com/gptbot)" 477 **0/477904**
74.7.227.35 - - [11/Mar/2026:05:16:19 -0700] "GET /?fileloc=//proc/self/root/proc/thread-self/root/usr/lib/firmware/amdgpu/sienna_cichlid_sdma.bin&path=//proc/self/root/proc/thread-self/root/usr/lib/firmware/amdgpu HTTP/1.1" 200 2342 "http://mail.rgardensoap.com/?path=//proc/self/root/proc/thread-self/root/usr/lib/firmware/amdgpu" "Mozilla/5.0 AppleWebKit/537.36 (KHTML, like Gecko; compatible; GPTBot/1.3; +https://openai.com/gptbot)" 470 **0/470433**
74.7.227.150 - - [11/Mar/2026:05:16:20 -0700] "GET /blog/?path=//usr/lib64/perl5/auto/mro HTTP/1.1" 200 2593 "http://rgardensoap.com/blog/?path=//usr/lib64/perl5/auto" "Mozilla/5.0 AppleWebKit/537.36 (KHTML, like Gecko; compatible; GPTBot/1.3; +https://openai.com/gptbot)" 461 **0/461614**
74.7.228.42 - - [11/Mar/2026:05:16:20 -0700] "GET /robots.txt HTTP/1.1" 200 3837 "-" "Mozilla/5.0 (Macintosh; Intel Mac OS X 10_15_7) AppleWebKit/537.36 (KHTML, like Gecko) Chrome/131.0.0.0 Safari/537.36; compatible; OAI-SearchBot/1.3; robots.txt; +https://openai.com/searchbot" 283 **0/283287**
74.7.227.35 - - [11/Mar/2026:05:16:20 -0700] "GET /?fileloc=//proc/self/root/proc/thread-self/root/usr/lib/firmware/amdgpu/vangogh_sdma.bin&path=//proc/self/root/proc/thread-self/root/usr/lib/firmware/amdgpu HTTP/1.1" 200 2337 "http://mail.rgardensoap.com/?path=//proc/self/root/proc/thread-self/root/usr/lib/firmware/amdgpu" "Mozilla/5.0 AppleWebKit/537.36 (KHTML, like Gecko; compatible; GPTBot/1.3; +https://openai.com/gptbot)" 493 **0/493458**
74.7.227.150 - - [11/Mar/2026:05:16:20 -0700] "GET /administrator/templates/bluestork/error.php?fileloc=//proc/self/root/lib64/python3.6/test/support/__init__.py&path=//proc/self/root/lib64/python3.6/test/support HTTP/1.1" 200 32251 "http://rgardensoap.com/administrator/templates/bluestork/error.php?path=//proc/self/root/lib64/python3.6/test/support" "Mozilla/5.0 AppleWebKit/537.36 (KHTML, like Gecko; compatible; GPTBot/1.3; +https://openai.com/gptbot)" 590 **0/590389**
74.7.227.35 - - [11/Mar/2026:05:16:21 -0700] "GET /?fileloc=//proc/self/root/proc/thread-self/root/usr/lib/firmware/amdgpu/vangogh_rlc.bin&path=//proc/self/root/proc/thread-self/root/usr/lib/firmware/amdgpu HTTP/1.1" 200 2336 "http://mail.rgardensoap.com/?path=//proc/self/root/proc/thread-self/root/usr/lib/firmware/amdgpu" "Mozilla/5.0 AppleWebKit/537.36 (KHTML, like Gecko; compatible; GPTBot/1.3; +https://openai.com/gptbot)" 492 **0/492585**
74.7.227.150 - - [11/Mar/2026:05:16:21 -0700] "GET /old?path=//proc/irq/22 HTTP/1.1" 200 2835 "http://rgardensoap.com/old?path=//proc/irq" "Mozilla/5.0 AppleWebKit/537.36 (KHTML, like Gecko; compatible; GPTBot/1.3; +https://openai.com/gptbot)" 587 **0/587732**
74.7.227.35 - - [11/Mar/2026:05:16:21 -0700] "GET /?fileloc=//proc/self/root/proc/thread-self/root/usr/lib/firmware/amdgpu/beige_goby_mec.bin&path=//proc/self/root/proc/thread-self/root/usr/lib/firmware/amdgpu HTTP/1.1" 200 2340 "http://mail.rgardensoap.com/?path=//proc/self/root/proc/thread-self/root/usr/lib/firmware/amdgpu" "Mozilla/5.0 AppleWebKit/537.36 (KHTML, like Gecko; compatible; GPTBot/1.3; +https://openai.com/gptbot)" 541 **0/541016**
74.7.227.150 - - [11/Mar/2026:05:16:22 -0700] "GET /old?path=//proc/irq/33 HTTP/1.1" 200 2831 "http://rgardensoap.com/old?path=//proc/irq" "Mozilla/5.0 AppleWebKit/537.36 (KHTML, like Gecko; compatible; GPTBot/1.3; +https://openai.com/gptbot)" 480 **0/480607**
74.7.227.35 - - [11/Mar/2026:05:16:22 -0700] "GET /?fileloc=//proc/self/root/proc/thread-self/root/usr/lib/firmware/amdgpu/picasso_ip_discovery.bin&path=//proc/self/root/proc/thread-self/root/usr/lib/firmware/amdgpu HTTP/1.1" 200 2343 "http://mail.rgardensoap.com/?path=//proc/self/root/proc/thread-self/root/usr/lib/firmware/amdgpu" "Mozilla/5.0 AppleWebKit/537.36 (KHTML, like Gecko; compatible; GPTBot/1.3; +https://openai.com/gptbot)" 507 **0/507146**
74.7.227.150 - - [11/Mar/2026:05:16:22 -0700] "GET /old?path=//proc/irq/66 HTTP/1.1" 200 2807 "http://rgardensoap.com/old?path=//proc/irq" "Mozilla/5.0 AppleWebKit/537.36 (KHTML, like Gecko; compatible; GPTBot/1.3; +https://openai.com/gptbot)" 446 **0/446434**
74.7.227.35 - - [11/Mar/2026:05:16:22 -0700] "GET /?fileloc=//proc/self/root/proc/thread-self/root/usr/lib/firmware/amdgpu/sienna_cichlid_me.bin&path=//proc/self/root/proc/thread-self/root/usr/lib/firmware/amdgpu HTTP/1.1" 200 2339 "http://mail.rgardensoap.com/?path=//proc/self/root/proc/thread-self/root/usr/lib/firmware/amdgpu" "Mozilla/5.0 AppleWebKit/537.36 (KHTML, like Gecko; compatible; GPTBot/1.3; +https://openai.com/gptbot)" 460 **0/460529**
74.7.227.150 - - [11/Mar/2026:05:16:23 -0700] "GET /old?path=//proc/irq/77 HTTP/1.1" 200 2806 "http://rgardensoap.com/old?path=//proc/irq" "Mozilla/5.0 AppleWebKit/537.36 (KHTML, like Gecko; compatible; GPTBot/1.3; +https://openai.com/gptbot)" 558 **0/558313**
74.7.227.35 - - [11/Mar/2026:05:16:23 -0700] "GET /?fileloc=//proc/self/root/proc/thread-self/root/usr/lib/firmware/amdgpu/stoney_uvd.bin&path=//proc/self/root/proc/thread-self/root/usr/lib/firmware/amdgpu HTTP/1.1" 200 2335 "http://mail.rgardensoap.com/?path=//proc/self/root/proc/thread-self/root/usr/lib/firmware/amdgpu" "Mozilla/5.0 AppleWebKit/537.36 (KHTML, like Gecko; compatible; GPTBot/1.3; +https://openai.com/gptbot)" 512 **0/512864**
74.7.227.150 - - [11/Mar/2026:05:16:24 -0700] "GET /old?path=//proc/irq/88 HTTP/1.1" 200 2805 "http://rgardensoap.com/old?path=//proc/irq" "Mozilla/5.0 AppleWebKit/537.36 (KHTML, like Gecko; compatible; GPTBot/1.3; +https://openai.com/gptbot)" 484 **0/484156**
74.7.227.35 - - [11/Mar/2026:05:16:24 -0700] "GET /?fileloc=//proc/self/root/proc/thread-self/root/usr/lib/firmware/amdgpu/tahiti_k_smc.bin&path=//proc/self/root/proc/thread-self/root/usr/lib/firmware/amdgpu HTTP/1.1" 200 2337 "http://mail.rgardensoap.com/?path=//proc/self/root/proc/thread-self/root/usr/lib/firmware/amdgpu" "Mozilla/5.0 AppleWebKit/537.36 (KHTML, like Gecko; compatible; GPTBot/1.3; +https://openai.com/gptbot)" 510 **0/510955**
74.7.227.150 - - [11/Mar/2026:05:16:24 -0700] "GET /old?path=//proc/irq/11 HTTP/1.1" 200 2743 "http://rgardensoap.com/old?path=//proc/irq" "Mozilla/5.0 AppleWebKit/537.36 (KHTML, like Gecko; compatible; GPTBot/1.3; +https://openai.com/gptbot)" 472 **0/472050**
74.7.227.35 - - [11/Mar/2026:05:16:24 -0700] "GET /?fileloc=//proc/self/root/proc/thread-self/root/usr/lib/firmware/amdgpu/tonga_k_smc.bin&path=//proc/self/root/proc/thread-self/root/usr/lib/firmware/amdgpu HTTP/1.1" 200 2336 "http://mail.rgardensoap.com/?path=//proc/self/root/proc/thread-self/root/usr/lib/firmware/amdgpu" "Mozilla/5.0 AppleWebKit/537.36 (KHTML, like Gecko; compatible; GPTBot/1.3; +https://openai.com/gptbot)" 497 **0/497039**
74.7.227.35 - - [11/Mar/2026:05:16:25 -0700] "GET /?fileloc=//proc/self/root/proc/thread-self/root/usr/lib/firmware/amdgpu/green_sardine_vcn.bin&path=//proc/self/root/proc/thread-self/root/usr/lib/firmware/amdgpu HTTP/1.1" 200 2338 "http://mail.rgardensoap.com/?path=//proc/self/root/proc/thread-self/root/usr/lib/firmware/amdgpu" "Mozilla/5.0 AppleWebKit/537.36 (KHTML, like Gecko; compatible; GPTBot/1.3; +https://openai.com/gptbot)" 631 **0/631363**
74.7.227.150 - - [11/Mar/2026:05:16:25 -0700] "GET /old?path=//proc/irq/55 HTTP/1.1" 200 2807 "http://rgardensoap.com/old?path=//proc/irq" "Mozilla/5.0 AppleWebKit/537.36 (KHTML, like Gecko; compatible; GPTBot/1.3; +https://openai.com/gptbot)" 983 **0/983244**
74.7.227.35 - - [11/Mar/2026:05:16:26 -0700] "GET /?fileloc=//proc/self/root/proc/thread-self/root/usr/lib/firmware/amdgpu/sienna_cichlid_sos.bin&path=//proc/self/root/proc/thread-self/root/usr/lib/firmware/amdgpu HTTP/1.1" 200 2341 "http://mail.rgardensoap.com/?path=//proc/self/root/proc/thread-self/root/usr/lib/firmware/amdgpu" "Mozilla/5.0 AppleWebKit/537.36 (KHTML, like Gecko; compatible; GPTBot/1.3; +https://openai.com/gptbot)" 854 **0/854424**
74.7.227.150 - - [11/Mar/2026:05:16:26 -0700] "GET /blog/?path=//lib/firmware/moxa HTTP/1.1" 200 2801 "http://rgardensoap.com/blog/?path=//lib/firmware" "Mozilla/5.0 AppleWebKit/537.36 (KHTML, like Gecko; compatible; GPTBot/1.3; +https://openai.com/gptbot)" 649 **0/649570**
74.7.227.35 - - [11/Mar/2026:05:16:27 -0700] "GET /?fileloc=//proc/self/root/proc/thread-self/root/usr/lib/firmware/amdgpu/arcturus_ip_discovery.bin&path=//proc/self/root/proc/thread-self/root/usr/lib/firmware/amdgpu HTTP/1.1" 200 2344 "http://mail.rgardensoap.com/?path=//proc/self/root/proc/thread-self/root/usr/lib/firmware/amdgpu" "Mozilla/5.0 AppleWebKit/537.36 (KHTML, like Gecko; compatible; GPTBot/1.3; +https://openai.com/gptbot)" 501 **0/501730**
74.7.227.150 - - [11/Mar/2026:05:16:27 -0700] "GET /blog/?fileloc=//lib/firmware/iwlwifi-cc-a0-72.ucode&path=//lib/firmware HTTP/1.1" 200 2273 "http://rgardensoap.com/blog/?path=//lib/firmware" "Mozilla/5.0 AppleWebKit/537.36 (KHTML, like Gecko; compatible; GPTBot/1.3; +https://openai.com/gptbot)" 514 **0/514090**
74.7.227.35 - - [11/Mar/2026:05:16:27 -0700] "GET /?fileloc=//proc/self/root/proc/thread-self/root/usr/lib/firmware/amdgpu/kaveri_sdma.bin&path=//proc/self/root/proc/thread-self/root/usr/lib/firmware/amdgpu HTTP/1.1" 200 2335 "http://mail.rgardensoap.com/?path=//proc/self/root/proc/thread-self/root/usr/lib/firmware/amdgpu" "Mozilla/5.0 AppleWebKit/537.36 (KHTML, like Gecko; compatible; GPTBot/1.3; +https://openai.com/gptbot)" 536 **0/536855**
74.7.227.150 - - [11/Mar/2026:05:16:27 -0700] "GET /blog/?fileloc=//lib/firmware/qat_420xx.bin&path=//lib/firmware HTTP/1.1" 200 2267 "http://rgardensoap.com/blog/?path=//lib/firmware" "Mozilla/5.0 AppleWebKit/537.36 (KHTML, like Gecko; compatible; GPTBot/1.3; +https://openai.com/gptbot)" 643 **0/643659**
74.7.227.35 - - [11/Mar/2026:05:16:28 -0700] "GET /?fileloc=//proc/self/root/proc/thread-self/root/usr/lib/firmware/amdgpu/beige_goby_ce.bin&path=//proc/self/root/proc/thread-self/root/usr/lib/firmware/amdgpu HTTP/1.1" 200 2339 "http://mail.rgardensoap.com/?path=//proc/self/root/proc/thread-self/root/usr/lib/firmware/amdgpu" "Mozilla/5.0 AppleWebKit/537.36 (KHTML, like Gecko; compatible; GPTBot/1.3; +https://openai.com/gptbot)" 528 **0/528077**
74.7.227.150 - - [11/Mar/2026:05:16:28 -0700] "GET /blog/?path=//lib/firmware/go7007 HTTP/1.1" 200 2800 "http://rgardensoap.com/blog/?path=//lib/firmware" "Mozilla/5.0 AppleWebKit/537.36 (KHTML, like Gecko; compatible; GPTBot/1.3; +https://openai.com/gptbot)" 590 **0/590715**
74.7.227.150 - - [11/Mar/2026:05:16:29 -0700] "GET /blog/?path=//lib/firmware/av7110 HTTP/1.1" 200 2580 "http://rgardensoap.com/blog/?path=//lib/firmware" "Mozilla/5.0 AppleWebKit/537.36 (KHTML, like Gecko; compatible; GPTBot/1.3; +https://openai.com/gptbot)" 524 **0/524064**
74.7.227.35 - - [11/Mar/2026:05:16:29 -0700] "GET /?fileloc=//proc/self/root/proc/thread-self/root/usr/lib/firmware/amdgpu/vangogh_ce.bin&path=//proc/self/root/proc/thread-self/root/usr/lib/firmware/amdgpu HTTP/1.1" 200 2335 "http://mail.rgardensoap.com/?path=//proc/self/root/proc/thread-self/root/usr/lib/firmware/amdgpu" "Mozilla/5.0 AppleWebKit/537.36 (KHTML, like Gecko; compatible; GPTBot/1.3; +https://openai.com/gptbot)" 777 **0/777309**
74.7.227.150 - - [11/Mar/2026:05:16:30 -0700] "GET /blog/?fileloc=//lib/firmware/iwlwifi-gl-c0-fm-c0.pnvm&path=//lib/firmware HTTP/1.1" 200 2276 "http://rgardensoap.com/blog/?path=//lib/firmware" "Mozilla/5.0 AppleWebKit/537.36 (KHTML, like Gecko; compatible; GPTBot/1.3; +https://openai.com/gptbot)" 629 **0/629806**
74.7.227.35 - - [11/Mar/2026:05:16:30 -0700] "GET /?fileloc=//proc/self/root/proc/thread-self/root/usr/lib/firmware/amdgpu/sienna_cichlid_ce.bin&path=//proc/self/root/proc/thread-self/root/usr/lib/firmware/amdgpu HTTP/1.1" 200 2339 "http://mail.rgardensoap.com/?path=//proc/self/root/proc/thread-self/root/usr/lib/firmware/amdgpu" "Mozilla/5.0 AppleWebKit/537.36 (KHTML, like Gecko; compatible; GPTBot/1.3; +https://openai.com/gptbot)" 671 **0/671482**
74.7.227.150 - - [11/Mar/2026:05:16:30 -0700] "GET /blog/?path=//lib/firmware/r128 HTTP/1.1" 200 2573 "http://rgardensoap.com/blog/?path=//lib/firmware" "Mozilla/5.0 AppleWebKit/537.36 (KHTML, like Gecko; compatible; GPTBot/1.3; +https://openai.com/gptbot)" 715 **0/715836**
74.7.227.35 - - [11/Mar/2026:05:16:30 -0700] "GET /?fileloc=//proc/self/root/proc/thread-self/root/usr/lib/firmware/amdgpu/pitcairn_k_smc.bin&path=//proc/self/root/proc/thread-self/root/usr/lib/firmware/amdgpu HTTP/1.1" 200 2338 "http://mail.rgardensoap.com/?path=//proc/self/root/proc/thread-self/root/usr/lib/firmware/amdgpu" "Mozilla/5.0 AppleWebKit/537.36 (KHTML, like Gecko; compatible; GPTBot/1.3; +https://openai.com/gptbot)" 855 **0/855763**
74.7.227.150 - - [11/Mar/2026:05:16:31 -0700] "GET /blog/?path=//lib/firmware/i915 HTTP/1.1" 200 5460 "http://rgardensoap.com/blog/?path=//lib/firmware" "Mozilla/5.0 AppleWebKit/537.36 (KHTML, like Gecko; compatible; GPTBot/1.3; +https://openai.com/gptbot)" 635 **0/635115**
74.7.227.35 - - [11/Mar/2026:05:16:31 -0700] "GET /?fileloc=//proc/self/root/proc/thread-self/root/usr/lib/firmware/amdgpu/beige_goby_smc.bin&path=//proc/self/root/proc/thread-self/root/usr/lib/firmware/amdgpu HTTP/1.1" 200 2340 "http://mail.rgardensoap.com/?path=//proc/self/root/proc/thread-self/root/usr/lib/firmware/amdgpu" "Mozilla/5.0 AppleWebKit/537.36 (KHTML, like Gecko; compatible; GPTBot/1.3; +https://openai.com/gptbot)" 567 **0/567901**
74.7.227.150 - - [11/Mar/2026:05:16:32 -0700] "GET /blog/?path=//lib/firmware/e100 HTTP/1.1" 200 2622 "http://rgardensoap.com/blog/?path=//lib/firmware" "Mozilla/5.0 AppleWebKit/537.36 (KHTML, like Gecko; compatible; GPTBot/1.3; +https://openai.com/gptbot)" 629 **0/629497**
74.7.227.35 - - [11/Mar/2026:05:16:32 -0700] "GET /?fileloc=//proc/self/root/proc/thread-self/root/usr/lib/firmware/amdgpu/sienna_cichlid_dmcub.bin&path=//proc/self/root/proc/thread-self/root/usr/lib/firmware/amdgpu HTTP/1.1" 200 2343 "http://mail.rgardensoap.com/?path=//proc/self/root/proc/thread-self/root/usr/lib/firmware/amdgpu" "Mozilla/5.0 AppleWebKit/537.36 (KHTML, like Gecko; compatible; GPTBot/1.3; +https://openai.com/gptbot)" 625 **0/625848**
74.7.227.150 - - [11/Mar/2026:05:16:33 -0700] "GET /blog/?path=//lib/firmware/rtw88 HTTP/1.1" 200 2858 "http://rgardensoap.com/blog/?path=//lib/firmware" "Mozilla/5.0 AppleWebKit/537.36 (KHTML, like Gecko; compatible; GPTBot/1.3; +https://openai.com/gptbot)" 773 **0/773193**
74.7.227.35 - - [11/Mar/2026:05:16:33 -0700] "GET /?fileloc=//proc/self/root/proc/thread-self/root/usr/lib/firmware/amdgpu/aldebaran_vcn.bin&path=//proc/self/root/proc/thread-self/root/usr/lib/firmware/amdgpu HTTP/1.1" 200 2337 "http://mail.rgardensoap.com/?path=//proc/self/root/proc/thread-self/root/usr/lib/firmware/amdgpu" "Mozilla/5.0 AppleWebKit/537.36 (KHTML, like Gecko; compatible; GPTBot/1.3; +https://openai.com/gptbot)" 794 **0/794700**
74.7.227.35 - - [11/Mar/2026:05:16:34 -0700] "GET /?fileloc=//proc/self/root/proc/thread-self/root/usr/lib/firmware/amdgpu/hawaii_k_smc.bin&path=//proc/self/root/proc/thread-self/root/usr/lib/firmware/amdgpu HTTP/1.1" 200 2337 "http://mail.rgardensoap.com/?path=//proc/self/root/proc/thread-self/root/usr/lib/firmware/amdgpu" "Mozilla/5.0 AppleWebKit/537.36 (KHTML, like Gecko; compatible; GPTBot/1.3; +https://openai.com/gptbot)" 640 **0/640670**
74.7.227.150 - - [11/Mar/2026:05:16:34 -0700] "GET /blog/?path=//lib/firmware/cxgb4 HTTP/1.1" 200 2986 "http://rgardensoap.com/blog/?path=//lib/firmware" "Mozilla/5.0 AppleWebKit/537.36 (KHTML, like Gecko; compatible; GPTBot/1.3; +https://openai.com/gptbot)" 966 **0/966027**
74.7.227.35 - - [11/Mar/2026:05:16:35 -0700] "GET /?fileloc=//proc/self/root/proc/thread-self/root/usr/lib/firmware/amdgpu/vangogh_me.bin&path=//proc/self/root/proc/thread-self/root/usr/lib/firmware/amdgpu HTTP/1.1" 200 2336 "http://mail.rgardensoap.com/?path=//proc/self/root/proc/thread-self/root/usr/lib/firmware/amdgpu" "Mozilla/5.0 AppleWebKit/537.36 (KHTML, like Gecko; compatible; GPTBot/1.3; +https://openai.com/gptbot)" 473 **0/473348**
74.7.227.150 - - [11/Mar/2026:05:16:35 -0700] "GET /blog/?path=//lib/firmware/rtw89 HTTP/1.1" 200 2877 "http://rgardensoap.com/blog/?path=//lib/firmware" "Mozilla/5.0 AppleWebKit/537.36 (KHTML, like Gecko; compatible; GPTBot/1.3; +https://openai.com/gptbot)" 484 **0/484344**
74.7.227.35 - - [11/Mar/2026:05:16:35 -0700] "GET /?fileloc=//proc/self/root/proc/thread-self/root/usr/lib/firmware/amdgpu/sienna_cichlid_mec.bin&path=//proc/self/root/proc/thread-self/root/usr/lib/firmware/amdgpu HTTP/1.1" 200 2341 "http://mail.rgardensoap.com/?path=//proc/self/root/proc/thread-self/root/usr/lib/firmware/amdgpu" "Mozilla/5.0 AppleWebKit/537.36 (KHTML, like Gecko; compatible; GPTBot/1.3; +https://openai.com/gptbot)" 498 **0/498656**
74.7.227.150 - - [11/Mar/2026:05:16:35 -0700] "GET /blog/?path=//lib/firmware/cpia2 HTTP/1.1" 200 2582 "http://rgardensoap.com/blog/?path=//lib/firmware" "Mozilla/5.0 AppleWebKit/537.36 (KHTML, like Gecko; compatible; GPTBot/1.3; +https://openai.com/gptbot)" 547 **0/547986**
74.7.227.35 - - [11/Mar/2026:05:16:36 -0700] "GET /?fileloc=//proc/self/root/proc/thread-self/root/usr/lib/firmware/amdgpu/beige_goby_rlc.bin&path=//proc/self/root/proc/thread-self/root/usr/lib/firmware/amdgpu HTTP/1.1" 200 2340 "http://mail.rgardensoap.com/?path=//proc/self/root/proc/thread-self/root/usr/lib/firmware/amdgpu" "Mozilla/5.0 AppleWebKit/537.36 (KHTML, like Gecko; compatible; GPTBot/1.3; +https://openai.com/gptbot)" 496 **0/496652**
74.7.227.150 - - [11/Mar/2026:05:16:36 -0700] "GET /blog/?path=//lib/firmware/emi62 HTTP/1.1" 200 2683 "http://rgardensoap.com/blog/?path=//lib/firmware" "Mozilla/5.0 AppleWebKit/537.36 (KHTML, like Gecko; compatible; GPTBot/1.3; +https://openai.com/gptbot)" 597 **0/597646**
74.7.227.35 - - [11/Mar/2026:05:16:36 -0700] "GET /?fileloc=//proc/self/root/proc/thread-self/root/usr/lib/firmware/amdgpu/kaveri_vce.bin&path=//proc/self/root/proc/thread-self/root/usr/lib/firmware/amdgpu HTTP/1.1" 200 2335 "http://mail.rgardensoap.com/?path=//proc/self/root/proc/thread-self/root/usr/lib/firmware/amdgpu" "Mozilla/5.0 AppleWebKit/537.36 (KHTML, like Gecko; compatible; GPTBot/1.3; +https://openai.com/gptbot)" 540 **0/540868**
74.7.227.150 - - [11/Mar/2026:05:16:37 -0700] "GET /blog/?path=//lib/firmware/emi26 HTTP/1.1" 200 2648 "http://rgardensoap.com/blog/?path=//lib/firmware" "Mozilla/5.0 AppleWebKit/537.36 (KHTML, like Gecko; compatible; GPTBot/1.3; +https://openai.com/gptbot)" 680 **0/680638**
74.7.227.35 - - [11/Mar/2026:05:16:37 -0700] "GET /?fileloc=//proc/self/root/proc/thread-self/root/usr/lib/firmware/amdgpu/sienna_cichlid_ta.bin&path=//proc/self/root/proc/thread-self/root/usr/lib/firmware/amdgpu HTTP/1.1" 200 2339 "http://mail.rgardensoap.com/?path=//proc/self/root/proc/thread-self/root/usr/lib/firmware/amdgpu" "Mozilla/5.0 AppleWebKit/537.36 (KHTML, like Gecko; compatible; GPTBot/1.3; +https://openai.com/gptbot)" 681 **0/681390**
74.7.227.150 - - [11/Mar/2026:05:16:37 -0700] "GET /blog/?path=//lib/firmware/3com HTTP/1.1" 200 2579 "http://rgardensoap.com/blog/?path=//lib/firmware" "Mozilla/5.0 AppleWebKit/537.36 (KHTML, like Gecko; compatible; GPTBot/1.3; +https://openai.com/gptbot)" 578 **0/578224**
74.7.227.35 - - [11/Mar/2026:05:16:38 -0700] "GET /?fileloc=//proc/self/root/proc/thread-self/root/usr/lib/firmware/amdgpu/kaveri_uvd.bin&path=//proc/self/root/proc/thread-self/root/usr/lib/firmware/amdgpu HTTP/1.1" 200 2335 "http://mail.rgardensoap.com/?path=//proc/self/root/proc/thread-self/root/usr/lib/firmware/amdgpu" "Mozilla/5.0 AppleWebKit/537.36 (KHTML, like Gecko; compatible; GPTBot/1.3; +https://openai.com/gptbot)" 557 **0/557553**
74.7.227.150 - - [11/Mar/2026:05:16:38 -0700] "GET /blog/?path=//lib/firmware/ti HTTP/1.1" 200 2642 "http://rgardensoap.com/blog/?path=//lib/firmware" "Mozilla/5.0 AppleWebKit/537.36 (KHTML, like Gecko; compatible; GPTBot/1.3; +https://openai.com/gptbot)" 568 **0/568266**
74.7.227.35 - - [11/Mar/2026:05:16:39 -0700] "GET /?fileloc=//proc/self/root/proc/thread-self/root/usr/lib/firmware/amdgpu/sienna_cichlid_pfp.bin&path=//proc/self/root/proc/thread-self/root/usr/lib/firmware/amdgpu HTTP/1.1" 200 2341 "http://mail.rgardensoap.com/?path=//proc/self/root/proc/thread-self/root/usr/lib/firmware/amdgpu" "Mozilla/5.0 AppleWebKit/537.36 (KHTML, like Gecko; compatible; GPTBot/1.3; +https://openai.com/gptbot)" 575 **0/575815**
74.7.227.150 - - [11/Mar/2026:05:16:39 -0700] "GET /blog/?fileloc=//lib/firmware/iwlwifi-Qu-c0-hr-b0-59.ucode&path=//lib/firmware HTTP/1.1" 200 2276 "http://rgardensoap.com/blog/?path=//lib/firmware" "Mozilla/5.0 AppleWebKit/537.36 (KHTML, like Gecko; compatible; GPTBot/1.3; +https://openai.com/gptbot)" 774 **0/774441**
